77.88.55.201 - - [03/Jul/2026:16:04:33 +0000] "GET /favicon.ico HTTP/1.1" 200 2344 "-" "Mozilla/5.0 (iPhone; CPU iPhone OS 17_4 like Mac OS X) AppleWebKit/605.1.15 Version/17.4 Mobile/15E148 Safari/604.1"
203.0.113.77 - - [03/Jul/2026:16:04:33 +0000] "GET /sitemap.xml HTTP/1.1" 200 967 "-" "Mozilla/5.0 (Windows NT 10.0; Win64; rv:124.0) Gecko/20100101 Firefox/124.0"
171.25.193.20 - - [03/Jul/2026:16:04:33 +0000] "GET /manage/login.asp HTTP/1.1" 404 2518 "-" "feroxbuster/2.11.0"
212.76.133.14 - - [03/Jul/2026:16:04:34 +0000] "GET / HTTP/1.1" 200 84144 "/metrics" "Mozilla/5.0 (Linux; Android 13; SM-S918B) AppleWebKit/537.36 SamsungBrowser/24.0 Chrome/120.0 Mobile Safari/537.36"
212.76.133.14 - - [03/Jul/2026:16:04:35 +0000] "GET /robots.txt HTTP/1.1" 200 63798 "/articles/2026/q2" "Mozilla/5.0 (Macintosh; Intel Mac OS X 14_5) AppleWebKit/605.1.15 Version/17.4 Safari/605.1.15"
66.249.75.10 - - [03/Jul/2026:16:04:36 +0000] "GET /assets/logo.svg HTTP/1.1" 200 27516 "-" "Mozilla/5.0 (compatible; bingbot/2.0; +http://www.bing.com/bingbot.htm)"
194.26.29.89 - - [03/Jul/2026:16:04:36 +0000] "HEAD /_WEB_INF/ HTTP/1.1" 405 1108 "-" "python-requests/2.31.0"
77.88.55.201 - - [03/Jul/2026:16:04:37 +0000] "GET /metrics HTTP/1.1" 200 30812 "-" "Mozilla/5.0 (iPhone; CPU iPhone OS 17_4 like Mac OS X) AppleWebKit/605.1.15 Version/17.4 Mobile/15E148 Safari/604.1"
157.55.39.7 - - [03/Jul/2026:16:04:38 +0000] "GET / HTTP/1.1" 200 60381 "/favicon.ico" "Mozilla/5.0 (Windows NT 10.0; Win64; x64) AppleWebKit/537.36 Chrome/123.0.0.0 Safari/537.36"
46.188.19.142 - - [03/Jul/2026:16:04:39 +0000] "GET /metrics HTTP/1.1" 200 81663 "-" "Mozilla/5.0 (Windows NT 10.0; Win64; rv:124.0) Gecko/20100101 Firefox/124.0"
77.88.55.201 - - [03/Jul/2026:16:04:40 +0000] "GET /products HTTP/1.1" 200 32059 "-" "Mozilla/5.0 (Windows NT 10.0; Win64; rv:124.0) Gecko/20100101 Firefox/124.0"
104.244.72.115 - - [03/Jul/2026:16:04:40 +0000] "HEAD /admin.mdb HTTP/1.1" 301 377 "-" "ffuf/2.1.0"
40.77.167.21 - - [03/Jul/2026:16:04:42 +0000] "GET /contacts HTTP/1.1" 200 8393 "/healthz" "DuckDuckBot/1.0; (+http://duckduckgo.com/duckduckbot)"
141.8.153.222 - - [03/Jul/2026:16:04:42 +0000] "GET /api/news HTTP/1.1" 200 69995 "-" "Mozilla/5.0 (Macintosh; Intel Mac OS X 14_5) AppleWebKit/537.36 Chrome/124.0.0.0 Safari/537.36"
247.251.139.31 - - [03/Jul/2026:16:04:43 +0000] "GET /assets/site.css HTTP/1.1" 200 46701 "/products" "Mozilla/5.0 (Windows NT 10.0; Win64; x64) AppleWebKit/537.36 Edg/124.0.0.0"
194.26.29.89 - - [03/Jul/2026:16:04:43 +0000] "HEAD /httpd/logs/access.log HTTP/1.1" 404 497 "-" "Wfuzz/3.1.0"
91.198.174.22 - - [03/Jul/2026:16:04:44 +0000] "GET / HTTP/1.1" 200 76399 "/" "Mozilla/5.0 (compatible; bingbot/2.0; +http://www.bing.com/bingbot.htm)"
194.26.29.89 - - [03/Jul/2026:16:04:44 +0000] "GET /phpMyAdmin-2.6.4-pl2/ HTTP/1.1" 403 2322 "-" "python-requests/2.31.0"
198.51.100.45 - - [03/Jul/2026:16:04:45 +0000] "GET /products HTTP/1.1" 200 8511 "-" "Mozilla/5.0 (Windows NT 10.0; Win64; x64) AppleWebKit/537.36 Chrome/123.0.0.0 Safari/537.36"
217.77.250.72 - - [03/Jul/2026:16:04:46 +0000] "OPTIONS /.thumbs HTTP/1.1" 301 552 "-" "feroxbuster/2.11.0"
188.18.77.220 - - [03/Jul/2026:16:04:46 +0000] "GET /assets/logo.svg HTTP/1.1" 200 56159 "-" "Mozilla/5.0 (Windows NT 10.0; Win64; rv:124.0) Gecko/20100101 Firefox/124.0"
141.8.153.222 - - [03/Jul/2026:16:04:46 +0000] "GET /sitemap.xml HTTP/1.1" 200 20615 "/products" "Mozilla/5.0 (Windows NT 10.0; Win64; x64) AppleWebKit/537.36 Chrome/123.0.0.0 Safari/537.36"
185.193.88.77 - - [03/Jul/2026:16:04:46 +0000] "GET /adminer/ HTTP/1.1" 404 2382 "-" "dirsearch/0.4.3"
198.51.100.45 - - [03/Jul/2026:16:04:46 +0000] "GET /robots.txt HTTP/1.1" 200 66793 "-" "Mozilla/5.0 (Windows NT 10.0; Win64; rv:124.0) Gecko/20100101 Firefox/124.0"
141.8.153.222 - - [03/Jul/2026:16:04:47 +0000] "GET /about HTTP/1.1" 200 9513 "/products" "Mozilla/5.0 (iPhone; CPU iPhone OS 17_4 like Mac OS X) AppleWebKit/605.1.15 Version/17.4 Mobile/15E148 Safari/604.1"
23.129.64.112 - - [03/Jul/2026:16:04:47 +0000] "OPTIONS /editor-4.3.1.php HTTP/1.1" 302 655 "-" "Wfuzz/3.1.0"
10.42.2.151 - - [03/Jul/2026:16:04:48 +0000] "GET /healthz HTTP/1.1" 200 1209 "-" "curl/8.6.0"
212.76.133.14 - - [03/Jul/2026:16:04:49 +0000] "GET /favicon.ico HTTP/1.1" 200 49298 "-" "Mozilla/5.0 (Windows NT 10.0; Win64; rv:124.0) Gecko/20100101 Firefox/124.0"
185.193.88.77 - - [03/Jul/2026:16:04:49 +0000] "GET /db.sql HTTP/1.1" 301 606 "-" "gobuster/3.6"
72.74.19.123 - - [03/Jul/2026:16:04:49 +0000] "GET / HTTP/1.1" 200 82296 "/healthz" "Mozilla/5.0 (Windows NT 10.0; Win64; x64) AppleWebKit/537.36 Chrome/123.0.0.0 Safari/537.36"
23.129.64.112 - - [03/Jul/2026:16:04:49 +0000] "GET /.nrepl-port HTTP/1.1" 404 732 "-" "Wfuzz/3.1.0"
77.35.232.132 - - [03/Jul/2026:16:04:50 +0000] "GET /api/products HTTP/1.1" 200 62249 "-" "Mozilla/5.0 (Windows NT 10.0; Win64; x64) AppleWebKit/537.36 Edg/124.0.0.0"
77.88.55.201 - - [03/Jul/2026:16:04:50 +0000] "GET /products HTTP/1.1" 200 23936 "-" "Mozilla/5.0 (compatible; bingbot/2.0; +http://www.bing.com/bingbot.htm)"
188.18.77.220 - - [03/Jul/2026:16:04:50 +0000] "GET /assets/site.css HTTP/1.1" 200 36054 "-" "Mozilla/5.0 (X11; Linux x86_64) AppleWebKit/537.36 Chrome/122.0.0.0 Safari/537.36"
46.188.19.142 - - [03/Jul/2026:16:04:50 +0000] "GET / HTTP/1.1" 200 69060 "-" "DuckDuckBot/1.0; (+http://duckduckgo.com/duckduckbot)"
188.18.77.220 - - [03/Jul/2026:16:04:50 +0000] "GET /assets/app.js HTTP/1.1" 200 64857 "-" "Mozilla/5.0 (iPhone; CPU iPhone OS 17_4 like Mac OS X) AppleWebKit/605.1.15 Version/17.4 Mobile/15E148 Safari/604.1"
77.88.55.201 - - [03/Jul/2026:16:04:51 +0000] "GET /sitemap.xml HTTP/1.1" 200 48202 "/products" "Mozilla/5.0 (iPad; CPU OS 17_4 like Mac OS X) AppleWebKit/605.1.15 Version/17.4 Mobile/15E148 Safari/604.1"
23.129.64.112 - - [03/Jul/2026:16:04:51 +0000] "GET /services/ HTTP/1.1" 404 626 "-" "Go-http-client/1.1"
198.51.100.45 - - [03/Jul/2026:16:04:51 +0000] "GET /assets/app.js HTTP/1.1" 200 26469 "-" "Mozilla/5.0 (X11; Linux x86_64) AppleWebKit/537.36 Chrome/122.0.0.0 Safari/537.36"
198.51.100.45 - - [03/Jul/2026:16:04:51 +0000] "HEAD /assets/logo.svg HTTP/1.1" 200 16247 "-" "Mozilla/5.0 (Macintosh; Intel Mac OS X 14_5) AppleWebKit/605.1.15 Version/17.4 Safari/605.1.15"
91.198.174.22 - - [03/Jul/2026:16:04:53 +0000] "GET / HTTP/1.1" 200 32638 "-" "Mozilla/5.0 (iPhone; CPU iPhone OS 17_4 like Mac OS X) AppleWebKit/605.1.15 Version/17.4 Mobile/15E148 Safari/604.1"
157.55.39.7 - - [03/Jul/2026:16:04:53 +0000] "GET /assets/site.css HTTP/1.1" 200 55959 "-" "Mozilla/5.0 (Windows NT 10.0; Win64; x64) AppleWebKit/537.36 Edg/124.0.0.0"
246.105.73.78 - - [03/Jul/2026:16:04:53 +0000] "GET /assets/site.css HTTP/1.1" 200 80268 "-" "Mozilla/5.0 (X11; Linux x86_64) AppleWebKit/537.36 Chrome/122.0.0.0 Safari/537.36"
141.8.153.222 - - [03/Jul/2026:16:04:54 +0000] "GET /assets/app.js HTTP/1.1" 200 61402 "/articles/2026/q2" "Mozilla/5.0 (compatible; bingbot/2.0; +http://www.bing.com/bingbot.htm)"
198.51.100.45 - - [03/Jul/2026:16:04:55 +0000] "GET /api/news HTTP/1.1" 200 73401 "/assets/site.css" "Mozilla/5.0 (Windows NT 10.0; Win64; rv:124.0) Gecko/20100101 Firefox/124.0"
45.9.148.77 - - [03/Jul/2026:16:04:56 +0000] "HEAD /captures/ HTTP/1.1" 403 1124 "-" "sqlmap/1.8.4#stable"
188.18.77.220 - - [03/Jul/2026:16:04:57 +0000] "GET /healthz HTTP/1.1" 200 9783 "-" "Mozilla/5.0 (Macintosh; Intel Mac OS X 14_5) AppleWebKit/537.36 Chrome/124.0.0.0 Safari/537.36"
91.198.174.22 - - [03/Jul/2026:16:04:57 +0000] "GET / HTTP/1.1" 200 27152 "-" "Mozilla/5.0 (X11; Linux x86_64) AppleWebKit/537.36 Chrome/122.0.0.0 Safari/537.36"
188.18.77.220 - - [03/Jul/2026:16:04:57 +0000] "GET /metrics HTTP/1.1" 200 16714 "-" "Mozilla/5.0 (Macintosh; Intel Mac OS X 14_5) AppleWebKit/537.36 Chrome/124.0.0.0 Safari/537.36"
203.0.113.77 - - [03/Jul/2026:16:04:57 +0000] "GET /contacts HTTP/1.1" 200 44659 "/assets/site.css" "Mozilla/5.0 (iPad; CPU OS 17_4 like Mac OS X) AppleWebKit/605.1.15 Version/17.4 Mobile/15E148 Safari/604.1"
198.51.100.45 - - [03/Jul/2026:16:04:58 +0000] "GET /api/news HTTP/1.1" 200 7103 "/api/products" "Mozilla/5.0 (iPad; CPU OS 17_4 like Mac OS X) AppleWebKit/605.1.15 Version/17.4 Mobile/15E148 Safari/604.1"
188.18.77.220 - - [03/Jul/2026:16:04:59 +0000] "GET /api/products HTTP/1.1" 200 84404 "/products" "Mozilla/5.0 (Macintosh; Intel Mac OS X 14_5) AppleWebKit/605.1.15 Version/17.4 Safari/605.1.15"
188.18.77.220 - - [03/Jul/2026:16:05:00 +0000] "GET /about HTTP/1.1" 200 64999 "/metrics" "Mozilla/5.0 (compatible; Googlebot/2.1; +http://www.google.com/bot.html)"
46.188.19.142 - - [03/Jul/2026:16:05:00 +0000] "GET /favicon.ico HTTP/1.1" 200 62562 "/api/news" "Mozilla/5.0 (Linux; Android 13; SM-S918B) AppleWebKit/537.36 SamsungBrowser/24.0 Chrome/120.0 Mobile Safari/537.36"
227.58.215.126 - - [03/Jul/2026:16:05:00 +0000] "HEAD /krblog.txt HTTP/1.1" 301 1873 "-" "Wfuzz/3.1.0"
194.26.29.89 - - [03/Jul/2026:16:05:00 +0000] "HEAD /nginx-access.log HTTP/1.1" 404 2001 "-" "DirBuster-1.0-RC1"
185.220.101.54 - - [03/Jul/2026:16:05:01 +0000] "GET /js/tiny_mce/ HTTP/1.1" 405 1892 "-" "Wfuzz/3.1.0"
157.55.39.7 - - [03/Jul/2026:16:05:02 +0000] "GET /sitemap.xml HTTP/1.1" 200 44236 "/assets/app.js" "Mozilla/5.0 (iPad; CPU OS 17_4 like Mac OS X) AppleWebKit/605.1.15 Version/17.4 Mobile/15E148 Safari/604.1"
213.24.11.146 - - [03/Jul/2026:16:05:02 +0000] "GET /metrics HTTP/1.1" 200 49716 "-" "Mozilla/5.0 (iPhone; CPU iPhone OS 17_4 like Mac OS X) AppleWebKit/605.1.15 Version/17.4 Mobile/15E148 Safari/604.1"
35.6.129.250 - - [03/Jul/2026:16:05:02 +0000] "GET /products HTTP/1.1" 200 70409 "-" "Mozilla/5.0 (Windows NT 10.0; Win64; x64) AppleWebKit/537.36 Chrome/123.0.0.0 Safari/537.36"
203.0.113.77 - - [03/Jul/2026:16:05:02 +0000] "GET /assets/site.css HTTP/1.1" 200 38113 "-" "Mozilla/5.0 (Macintosh; Intel Mac OS X 14_5) AppleWebKit/537.36 Chrome/124.0.0.0 Safari/537.36"
10.42.1.217 - - [03/Jul/2026:16:05:03 +0000] "GET /metrics HTTP/1.1" 200 4576 "-" "curl/8.6.0"
194.26.29.89 - - [03/Jul/2026:16:05:04 +0000] "OPTIONS /controlpanel HTTP/1.1" 404 2309 "-" "Nmap Scripting Engine"
66.249.75.10 - - [03/Jul/2026:16:05:04 +0000] "GET / HTTP/1.1" 304 3498 "/" "Mozilla/5.0 (Windows NT 10.0; Win64; rv:124.0) Gecko/20100101 Firefox/124.0"
185.220.101.54 - - [03/Jul/2026:16:05:04 +0000] "OPTIONS /exploded-archives/ HTTP/1.1" 500 2264 "-" "python-requests/2.31.0"
188.18.77.220 - - [03/Jul/2026:16:05:04 +0000] "GET /api/products HTTP/1.1" 304 740 "/contacts" "Mozilla/5.0 (Linux; Android 13; SM-S918B) AppleWebKit/537.36 SamsungBrowser/24.0 Chrome/120.0 Mobile Safari/537.36"
141.8.153.222 - - [03/Jul/2026:16:05:05 +0000] "GET /assets/app.js HTTP/1.1" 200 41169 "-" "Mozilla/5.0 (compatible; bingbot/2.0; +http://www.bing.com/bingbot.htm)"
198.51.100.45 - - [03/Jul/2026:16:05:05 +0000] "GET /robots.txt HTTP/1.1" 200 41416 "-" "Mozilla/5.0 (Windows NT 10.0; Win64; rv:124.0) Gecko/20100101 Firefox/124.0"
66.249.75.10 - - [03/Jul/2026:16:05:05 +0000] "GET /robots.txt HTTP/1.1" 200 63945 "/metrics" "Mozilla/5.0 (Windows NT 10.0; Win64; x64) AppleWebKit/537.36 Chrome/123.0.0.0 Safari/537.36"
77.88.55.201 - - [03/Jul/2026:16:05:06 +0000] "GET /favicon.ico HTTP/1.1" 304 1951 "-" "Mozilla/5.0 (Windows NT 10.0; Win64; rv:124.0) Gecko/20100101 Firefox/124.0"
213.24.11.146 - - [03/Jul/2026:16:05:06 +0000] "GET /api/news HTTP/1.1" 200 54199 "-" "Mozilla/5.0 (Windows NT 10.0; Win64; x64) AppleWebKit/537.36 Chrome/123.0.0.0 Safari/537.36"
171.25.193.20 - - [03/Jul/2026:16:05:07 +0000] "GET /_logs/access.log HTTP/1.1" 404 508 "-" "dirsearch/0.4.3"
77.88.55.201 - - [03/Jul/2026:16:05:07 +0000] "GET /assets/logo.svg HTTP/1.1" 200 56245 "/assets/app.js" "Mozilla/5.0 (Macintosh; Intel Mac OS X 14_5) AppleWebKit/537.36 Chrome/124.0.0.0 Safari/537.36"
46.188.19.142 - - [03/Jul/2026:16:05:10 +0000] "GET /healthz HTTP/1.1" 200 46364 "-" "Mozilla/5.0 (Linux; Android 13; SM-S918B) AppleWebKit/537.36 SamsungBrowser/24.0 Chrome/120.0 Mobile Safari/537.36"
188.18.77.220 - - [03/Jul/2026:16:05:11 +0000] "GET /articles/2026/q2 HTTP/1.1" 304 1430 "-" "Mozilla/5.0 (Windows NT 10.0; Win64; x64) AppleWebKit/537.36 Edg/124.0.0.0"
198.51.100.45 - - [03/Jul/2026:16:05:11 +0000] "GET /api/news HTTP/1.1" 200 9209 "/articles/2026/q2" "Mozilla/5.0 (Linux; Android 13; SM-S918B) AppleWebKit/537.36 SamsungBrowser/24.0 Chrome/120.0 Mobile Safari/537.36"
91.198.174.22 - - [03/Jul/2026:16:05:11 +0000] "GET /robots.txt HTTP/1.1" 304 1147 "/assets/logo.svg" "Mozilla/5.0 (iPad; CPU OS 17_4 like Mac OS X) AppleWebKit/605.1.15 Version/17.4 Mobile/15E148 Safari/604.1"
194.26.29.89 - - [03/Jul/2026:16:05:11 +0000] "GET /swagger/swagger-ui.htm HTTP/1.1" 404 2315 "-" "DirBuster-1.0-RC1"
198.51.100.45 - - [03/Jul/2026:16:05:12 +0000] "GET /healthz HTTP/1.1" 200 56977 "-" "Mozilla/5.0 (iPhone; CPU iPhone OS 17_4 like Mac OS X) AppleWebKit/605.1.15 Version/17.4 Mobile/15E148 Safari/604.1"
77.88.55.201 - - [03/Jul/2026:16:05:12 +0000] "GET /assets/app.js HTTP/1.1" 200 28256 "-" "Mozilla/5.0 (Windows NT 10.0; Win64; x64) AppleWebKit/537.36 Edg/124.0.0.0"
66.249.75.10 - - [03/Jul/2026:16:05:12 +0000] "GET /robots.txt HTTP/1.1" 200 22802 "-" "Mozilla/5.0 (compatible; YandexBot/3.0; +http://yandex.com/bots)"
77.88.55.201 - - [03/Jul/2026:16:05:14 +0000] "GET /assets/app.js HTTP/1.1" 200 62458 "-" "Mozilla/5.0 (Macintosh; Intel Mac OS X 14_5) AppleWebKit/537.36 Chrome/124.0.0.0 Safari/537.36"
40.77.167.21 - - [03/Jul/2026:16:05:15 +0000] "GET /api/news HTTP/1.1" 200 59033 "-" "Mozilla/5.0 (Windows NT 10.0; Win64; rv:124.0) Gecko/20100101 Firefox/124.0"
40.77.167.21 - - [03/Jul/2026:16:05:15 +0000] "GET /metrics HTTP/1.1" 200 11256 "-" "Mozilla/5.0 (Windows NT 10.0; Win64; x64) AppleWebKit/537.36 Edg/124.0.0.0"
203.0.113.77 - - [03/Jul/2026:16:05:15 +0000] "GET /favicon.ico HTTP/1.1" 304 1165 "/assets/app.js" "Mozilla/5.0 (iPad; CPU OS 17_4 like Mac OS X) AppleWebKit/605.1.15 Version/17.4 Mobile/15E148 Safari/604.1"
141.8.153.222 - - [03/Jul/2026:16:05:16 +0000] "GET /assets/app.js HTTP/1.1" 200 28546 "/products" "Mozilla/5.0 (Macintosh; Intel Mac OS X 14_5) AppleWebKit/605.1.15 Version/17.4 Safari/605.1.15"
212.76.133.14 - - [03/Jul/2026:16:05:16 +0000] "GET /articles/2026/q2 HTTP/1.1" 304 3648 "-" "Mozilla/5.0 (Macintosh; Intel Mac OS X 14_5) AppleWebKit/605.1.15 Version/17.4 Safari/605.1.15"
9.246.97.34 - - [03/Jul/2026:16:05:18 +0000] "GET /contacts HTTP/1.1" 200 39771 "-" "Mozilla/5.0 (iPad; CPU OS 17_4 like Mac OS X) AppleWebKit/605.1.15 Version/17.4 Mobile/15E148 Safari/604.1"
198.51.100.45 - - [03/Jul/2026:16:05:19 +0000] "GET /assets/site.css HTTP/1.1" 200 82985 "-" "Mozilla/5.0 (iPhone; CPU iPhone OS 17_4 like Mac OS X) AppleWebKit/605.1.15 Version/17.4 Mobile/15E148 Safari/604.1"
40.176.78.128 - - [03/Jul/2026:16:05:19 +0000] "OPTIONS /statsd/ HTTP/1.1" 404 762 "-" "Go-http-client/1.1"
66.249.75.10 - - [03/Jul/2026:16:05:19 +0000] "GET /assets/site.css HTTP/1.1" 200 68804 "-" "Mozilla/5.0 (Windows NT 10.0; Win64; x64) AppleWebKit/537.36 Edg/124.0.0.0"
46.188.19.142 - - [03/Jul/2026:16:05:20 +0000] "GET /about HTTP/1.1" 200 76837 "-" "Mozilla/5.0 (Windows NT 10.0; Win64; x64) AppleWebKit/537.36 Chrome/123.0.0.0 Safari/537.36"
46.188.19.142 - - [03/Jul/2026:16:05:20 +0000] "GET /api/products HTTP/1.1" 200 32427 "-" "Mozilla/5.0 (iPhone; CPU iPhone OS 17_4 like Mac OS X) AppleWebKit/605.1.15 Version/17.4 Mobile/15E148 Safari/604.1"
80.85.246.17 - - [03/Jul/2026:16:05:21 +0000] "HEAD /.pwd HTTP/1.1" 403 998 "-" "feroxbuster/2.11.0"
203.0.113.77 - - [03/Jul/2026:16:05:23 +0000] "GET /assets/app.js HTTP/1.1" 200 19718 "/favicon.ico" "Mozilla/5.0 (Linux; Android 13; SM-S918B) AppleWebKit/537.36 SamsungBrowser/24.0 Chrome/120.0 Mobile Safari/537.36"
23.129.64.112 - - [03/Jul/2026:16:05:23 +0000] "GET /settings.php.swp HTTP/1.1" 404 2424 "-" "DirBuster-1.0-RC1"
188.18.77.220 - - [03/Jul/2026:16:05:24 +0000] "GET /metrics HTTP/1.1" 200 6488 "/favicon.ico" "Mozilla/5.0 (X11; Linux x86_64) AppleWebKit/537.36 Chrome/122.0.0.0 Safari/537.36"
198.51.100.45 - - [03/Jul/2026:16:05:25 +0000] "HEAD /assets/app.js HTTP/1.1" 304 964 "-" "Mozilla/5.0 (Macintosh; Intel Mac OS X 14_5) AppleWebKit/605.1.15 Version/17.4 Safari/605.1.15"
130.185.42.165 - - [03/Jul/2026:16:05:26 +0000] "GET /api/products HTTP/1.1" 200 82150 "-" "Mozilla/5.0 (Windows NT 10.0; Win64; x64) AppleWebKit/537.36 Chrome/123.0.0.0 Safari/537.36"
40.77.167.21 - - [03/Jul/2026:16:05:26 +0000] "HEAD /about HTTP/1.1" 200 36412 "/assets/app.js" "Mozilla/5.0 (iPad; CPU OS 17_4 like Mac OS X) AppleWebKit/605.1.15 Version/17.4 Mobile/15E148 Safari/604.1"
89.22.30.199 - - [03/Jul/2026:16:05:26 +0000] "GET /healthz HTTP/1.1" 200 40081 "/api/products" "Mozilla/5.0 (Windows NT 10.0; Win64; rv:124.0) Gecko/20100101 Firefox/124.0"
157.55.39.7 - - [03/Jul/2026:16:05:27 +0000] "GET /favicon.ico HTTP/1.1" 200 27919 "-" "Mozilla/5.0 (compatible; YandexBot/3.0; +http://yandex.com/bots)"
225.184.121.81 - - [03/Jul/2026:16:05:27 +0000] "GET /download/history.csv HTTP/1.1" 404 1213 "-" "gobuster/3.6"
188.18.77.220 - - [03/Jul/2026:16:05:27 +0000] "GET /api/news HTTP/1.1" 200 73675 "-" "Mozilla/5.0 (iPhone; CPU iPhone OS 17_4 like Mac OS X) AppleWebKit/605.1.15 Version/17.4 Mobile/15E148 Safari/604.1"
193.142.147.55 - - [03/Jul/2026:16:05:27 +0000] "GET /Rakefile HTTP/1.1" 405 2437 "-" "feroxbuster/2.11.0"
157.55.39.7 - - [03/Jul/2026:16:05:28 +0000] "GET /products HTTP/1.1" 304 770 "/sitemap.xml" "Mozilla/5.0 (Macintosh; Intel Mac OS X 14_5) AppleWebKit/605.1.15 Version/17.4 Safari/605.1.15"
77.88.55.201 - - [03/Jul/2026:16:05:28 +0000] "GET /assets/site.css HTTP/1.1" 200 7012 "-" "Mozilla/5.0 (Windows NT 10.0; Win64; x64) AppleWebKit/537.36 Chrome/123.0.0.0 Safari/537.36"
66.249.75.10 - - [03/Jul/2026:16:05:28 +0000] "GET /assets/logo.svg HTTP/1.1" 304 3872 "-" "Mozilla/5.0 (Windows NT 10.0; Win64; x64) AppleWebKit/537.36 Edg/124.0.0.0"
77.88.55.201 - - [03/Jul/2026:16:05:29 +0000] "GET /metrics HTTP/1.1" 200 68054 "-" "DuckDuckBot/1.0; (+http://duckduckgo.com/duckduckbot)"
156.146.62.11 - - [03/Jul/2026:16:05:29 +0000] "GET /phpMyAdmin-2.7.0-pl1/ HTTP/1.1" 405 2078 "-" "Go-http-client/1.1"
213.24.11.146 - - [03/Jul/2026:16:05:31 +0000] "GET /articles/2026/q2 HTTP/1.1" 200 37979 "-" "Mozilla/5.0 (Macintosh; Intel Mac OS X 14_5) AppleWebKit/605.1.15 Version/17.4 Safari/605.1.15"
141.8.153.222 - - [03/Jul/2026:16:05:31 +0000] "GET /api/news HTTP/1.1" 200 5677 "/assets/site.css" "Mozilla/5.0 (Macintosh; Intel Mac OS X 14_5) AppleWebKit/605.1.15 Version/17.4 Safari/605.1.15"
106.167.211.201 - - [03/Jul/2026:16:05:31 +0000] "GET /metrics HTTP/1.1" 200 84390 "/sitemap.xml" "Mozilla/5.0 (Windows NT 10.0; Win64; rv:124.0) Gecko/20100101 Firefox/124.0"
46.188.19.142 - - [03/Jul/2026:16:05:32 +0000] "GET /favicon.ico HTTP/1.1" 200 71472 "/favicon.ico" "Mozilla/5.0 (iPad; CPU OS 17_4 like Mac OS X) AppleWebKit/605.1.15 Version/17.4 Mobile/15E148 Safari/604.1"
198.51.100.45 - - [03/Jul/2026:16:05:33 +0000] "GET /assets/site.css HTTP/1.1" 200 62846 "-" "Mozilla/5.0 (iPad; CPU OS 17_4 like Mac OS X) AppleWebKit/605.1.15 Version/17.4 Mobile/15E148 Safari/604.1"
188.18.77.220 - - [03/Jul/2026:16:05:34 +0000] "GET /healthz HTTP/1.1" 200 72616 "-" "Mozilla/5.0 (X11; Linux x86_64) AppleWebKit/537.36 Chrome/122.0.0.0 Safari/537.36"
123.7.211.92 - - [03/Jul/2026:16:05:35 +0000] "GET / HTTP/1.1" 200 54375 "/healthz" "Mozilla/5.0 (Windows NT 10.0; Win64; rv:124.0) Gecko/20100101 Firefox/124.0"
185.220.101.54 - - [03/Jul/2026:16:05:35 +0000] "GET /download/users.csv HTTP/1.1" 302 1662 "-" "ffuf/2.1.0"
10.42.2.139 - - [03/Jul/2026:16:05:35 +0000] "GET /healthz HTTP/1.1" 200 5481 "-" "curl/8.6.0"
80.85.246.17 - - [03/Jul/2026:16:05:37 +0000] "GET /tmp/access.log HTTP/1.1" 404 1740 "-" "Nmap Scripting Engine"
10.42.3.209 - - [03/Jul/2026:16:05:37 +0000] "GET /metrics HTTP/1.1" 200 4919 "-" "curl/8.6.0"
40.77.167.21 - - [03/Jul/2026:16:05:37 +0000] "GET /favicon.ico HTTP/1.1" 304 2640 "-" "Mozilla/5.0 (Macintosh; Intel Mac OS X 14_5) AppleWebKit/537.36 Chrome/124.0.0.0 Safari/537.36"
66.249.75.10 - - [03/Jul/2026:16:05:38 +0000] "GET /assets/site.css HTTP/1.1" 200 14468 "/articles/2026/q2" "Mozilla/5.0 (X11; Linux x86_64) AppleWebKit/537.36 Chrome/122.0.0.0 Safari/537.36"
77.88.55.201 - - [03/Jul/2026:16:05:38 +0000] "GET /about HTTP/1.1" 200 50720 "/healthz" "Mozilla/5.0 (Windows NT 10.0; Win64; rv:124.0) Gecko/20100101 Firefox/124.0"
212.76.133.14 - - [03/Jul/2026:16:05:39 +0000] "GET /api/products HTTP/1.1" 200 74013 "-" "Mozilla/5.0 (Windows NT 10.0; Win64; x64) AppleWebKit/537.36 Edg/124.0.0.0"
212.76.133.14 - - [03/Jul/2026:16:05:39 +0000] "GET /contacts HTTP/1.1" 200 81221 "-" "Mozilla/5.0 (Windows NT 10.0; Win64; rv:124.0) Gecko/20100101 Firefox/124.0"
157.55.39.7 - - [03/Jul/2026:16:05:40 +0000] "GET /articles/2026/q2 HTTP/1.1" 200 48679 "-" "Mozilla/5.0 (compatible; YandexBot/3.0; +http://yandex.com/bots)"
91.198.174.22 - - [03/Jul/2026:16:05:41 +0000] "GET /contacts HTTP/1.1" 200 25668 "-" "DuckDuckBot/1.0; (+http://duckduckgo.com/duckduckbot)"
236.65.32.65 - - [03/Jul/2026:16:05:41 +0000] "GET /jolokia/ HTTP/1.1" 404 564 "-" "gobuster/3.6"
203.0.113.77 - - [03/Jul/2026:16:05:42 +0000] "GET /assets/logo.svg HTTP/1.1" 200 74643 "-" "Mozilla/5.0 (Windows NT 10.0; Win64; rv:124.0) Gecko/20100101 Firefox/124.0"
10.42.0.21 - - [03/Jul/2026:16:05:42 +0000] "GET /metrics HTTP/1.1" 200 2248 "-" "kube-probe/1.30"
171.25.193.20 - - [03/Jul/2026:16:05:43 +0000] "OPTIONS /lib/flex/uploader/.project HTTP/1.1" 404 2019 "-" "dirsearch/0.4.3"
141.8.153.222 - - [03/Jul/2026:16:05:43 +0000] "GET /about HTTP/1.1" 200 57581 "-" "Mozilla/5.0 (Macintosh; Intel Mac OS X 14_5) AppleWebKit/537.36 Chrome/124.0.0.0 Safari/537.36"
10.42.2.119 - - [03/Jul/2026:16:05:44 +0000] "GET /healthz HTTP/1.1" 200 3028 "-" "kube-probe/1.30"
198.51.100.45 - - [03/Jul/2026:16:05:45 +0000] "GET /api/news HTTP/1.1" 200 23367 "-" "Mozilla/5.0 (Windows NT 10.0; Win64; x64) AppleWebKit/537.36 Edg/124.0.0.0"
188.18.77.220 - - [03/Jul/2026:16:05:47 +0000] "GET /assets/site.css HTTP/1.1" 200 26222 "-" "Mozilla/5.0 (compatible; bingbot/2.0; +http://www.bing.com/bingbot.htm)"
10.42.3.75 - - [03/Jul/2026:16:05:48 +0000] "GET /healthz HTTP/1.1" 200 286 "-" "kube-probe/1.30"
156.146.62.11 - - [03/Jul/2026:16:05:48 +0000] "GET /mrtg.cfg HTTP/1.1" 404 2158 "-" "gobuster/3.6"
156.146.62.11 - - [03/Jul/2026:16:05:48 +0000] "HEAD /cpanel/ HTTP/1.1" 301 513 "-" "sqlmap/1.8.4#stable"
5.188.206.67 - - [03/Jul/2026:16:05:49 +0000] "GET /nginx-ssl.access.log HTTP/1.1" 404 1894 "-" "python-requests/2.31.0"
23.129.64.112 - - [03/Jul/2026:16:05:49 +0000] "OPTIONS /statsd/ HTTP/1.1" 404 2482 "-" "feroxbuster/2.11.0"
188.18.77.220 - - [03/Jul/2026:16:05:50 +0000] "HEAD / HTTP/1.1" 200 56157 "/api/news" "Mozilla/5.0 (Windows NT 10.0; Win64; x64) AppleWebKit/537.36 Chrome/123.0.0.0 Safari/537.36"
5.188.206.67 - - [03/Jul/2026:16:05:50 +0000] "GET /.eslintignore HTTP/1.1" 302 2458 "-" "dirsearch/0.4.3"
33.171.169.108 - - [03/Jul/2026:16:05:51 +0000] "OPTIONS /_logs/access.log HTTP/1.1" 301 2153 "-" "python-requests/2.31.0"
188.18.77.220 - - [03/Jul/2026:16:05:52 +0000] "GET /contacts HTTP/1.1" 304 1437 "/robots.txt" "Mozilla/5.0 (Windows NT 10.0; Win64; rv:124.0) Gecko/20100101 Firefox/124.0"
46.188.19.142 - - [03/Jul/2026:16:05:53 +0000] "GET /assets/site.css HTTP/1.1" 200 45862 "-" "Mozilla/5.0 (Linux; Android 13; SM-S918B) AppleWebKit/537.36 SamsungBrowser/24.0 Chrome/120.0 Mobile Safari/537.36"
157.55.39.7 - - [03/Jul/2026:16:05:53 +0000] "GET /articles/2026/q2 HTTP/1.1" 200 59594 "/metrics" "Mozilla/5.0 (Windows NT 10.0; Win64; x64) AppleWebKit/537.36 Edg/124.0.0.0"
139.64.57.188 - - [03/Jul/2026:16:05:54 +0000] "HEAD /about HTTP/1.1" 200 41803 "/healthz" "Mozilla/5.0 (Macintosh; Intel Mac OS X 14_5) AppleWebKit/537.36 Chrome/124.0.0.0 Safari/537.36"
77.88.55.201 - - [03/Jul/2026:16:05:54 +0000] "GET /assets/logo.svg HTTP/1.1" 200 8139 "-" "Mozilla/5.0 (Windows NT 10.0; Win64; x64) AppleWebKit/537.36 Chrome/123.0.0.0 Safari/537.36"
198.51.100.45 - - [03/Jul/2026:16:05:55 +0000] "GET /metrics HTTP/1.1" 200 68348 "-" "Mozilla/5.0 (Macintosh; Intel Mac OS X 14_5) AppleWebKit/605.1.15 Version/17.4 Safari/605.1.15"
66.249.75.10 - - [03/Jul/2026:16:05:55 +0000] "GET /api/news HTTP/1.1" 200 61980 "/favicon.ico" "Mozilla/5.0 (Windows NT 10.0; Win64; rv:124.0) Gecko/20100101 Firefox/124.0"
198.51.100.45 - - [03/Jul/2026:16:05:57 +0000] "GET /robots.txt HTTP/1.1" 200 33762 "/" "Mozilla/5.0 (X11; Linux x86_64) AppleWebKit/537.36 Chrome/122.0.0.0 Safari/537.36"
203.0.113.77 - - [03/Jul/2026:16:05:57 +0000] "GET /metrics HTTP/1.1" 200 69105 "/api/products" "Mozilla/5.0 (X11; Linux x86_64) AppleWebKit/537.36 Chrome/122.0.0.0 Safari/537.36"
45.146.164.12 - - [03/Jul/2026:16:05:58 +0000] "GET /nginx-access.log HTTP/1.1" 403 676 "-" "Wfuzz/3.1.0"
213.24.11.146 - - [03/Jul/2026:16:05:58 +0000] "HEAD /products HTTP/1.1" 200 78371 "/api/news" "Mozilla/5.0 (iPad; CPU OS 17_4 like Mac OS X) AppleWebKit/605.1.15 Version/17.4 Mobile/15E148 Safari/604.1"
198.51.100.45 - - [03/Jul/2026:16:05:58 +0000] "GET /assets/site.css HTTP/1.1" 200 46501 "-" "Mozilla/5.0 (Macintosh; Intel Mac OS X 14_5) AppleWebKit/537.36 Chrome/124.0.0.0 Safari/537.36"
10.42.1.238 - - [03/Jul/2026:16:05:58 +0000] "GET /healthz HTTP/1.1" 200 4232 "-" "kube-probe/1.30"
66.249.75.10 - - [03/Jul/2026:16:05:59 +0000] "GET /about HTTP/1.1" 200 61505 "/assets/logo.svg" "Mozilla/5.0 (Macintosh; Intel Mac OS X 14_5) AppleWebKit/605.1.15 Version/17.4 Safari/605.1.15"
198.51.100.45 - - [03/Jul/2026:16:05:59 +0000] "GET /api/news HTTP/1.1" 200 16004 "/articles/2026/q2" "Mozilla/5.0 (compatible; Googlebot/2.1; +http://www.google.com/bot.html)"
188.18.77.220 - - [03/Jul/2026:16:05:59 +0000] "GET /assets/app.js HTTP/1.1" 200 6940 "-" "Mozilla/5.0 (Linux; Android 13; SM-S918B) AppleWebKit/537.36 SamsungBrowser/24.0 Chrome/120.0 Mobile Safari/537.36"
157.55.39.7 - - [03/Jul/2026:16:06:00 +0000] "GET /articles/2026/q2 HTTP/1.1" 200 8178 "-" "Mozilla/5.0 (iPad; CPU OS 17_4 like Mac OS X) AppleWebKit/605.1.15 Version/17.4 Mobile/15E148 Safari/604.1"
212.76.133.14 - - [03/Jul/2026:16:06:01 +0000] "GET /products HTTP/1.1" 200 11848 "-" "Mozilla/5.0 (Windows NT 10.0; Win64; x64) AppleWebKit/537.36 Chrome/123.0.0.0 Safari/537.36"
45.9.148.77 - - [03/Jul/2026:16:06:01 +0000] "GET /test.aspx HTTP/1.1" 403 1241 "-" "ffuf/2.1.0"
203.0.113.77 - - [03/Jul/2026:16:06:01 +0000] "GET /sitemap.xml HTTP/1.1" 200 31570 "-" "Mozilla/5.0 (Windows NT 10.0; Win64; rv:124.0) Gecko/20100101 Firefox/124.0"
77.88.55.201 - - [03/Jul/2026:16:06:01 +0000] "GET /favicon.ico HTTP/1.1" 200 56051 "-" "Mozilla/5.0 (iPad; CPU OS 17_4 like Mac OS X) AppleWebKit/605.1.15 Version/17.4 Mobile/15E148 Safari/604.1"
203.0.113.77 - - [03/Jul/2026:16:06:01 +0000] "GET /sitemap.xml HTTP/1.1" 304 2860 "-" "Mozilla/5.0 (Linux; Android 13; SM-S918B) AppleWebKit/537.36 SamsungBrowser/24.0 Chrome/120.0 Mobile Safari/537.36"
188.18.77.220 - - [03/Jul/2026:16:06:01 +0000] "HEAD /assets/app.js HTTP/1.1" 200 14984 "-" "Mozilla/5.0 (iPhone; CPU iPhone OS 17_4 like Mac OS X) AppleWebKit/605.1.15 Version/17.4 Mobile/15E148 Safari/604.1"
5.188.206.67 - - [03/Jul/2026:16:06:01 +0000] "GET /LICENSE HTTP/1.1" 404 1280 "-" "sqlmap/1.8.4#stable"
188.18.77.220 - - [03/Jul/2026:16:06:02 +0000] "GET /metrics HTTP/1.1" 200 81420 "/sitemap.xml" "Mozilla/5.0 (Macintosh; Intel Mac OS X 14_5) AppleWebKit/537.36 Chrome/124.0.0.0 Safari/537.36"
157.55.39.7 - - [03/Jul/2026:16:06:02 +0000] "GET /articles/2026/q2 HTTP/1.1" 200 78689 "/about" "Mozilla/5.0 (compatible; YandexBot/3.0; +http://yandex.com/bots)"
185.220.101.54 - - [03/Jul/2026:16:06:03 +0000] "GET /administrator/phpMyAdmin/ HTTP/1.1" 404 2141 "-" "masscan/1.3 (https://github.com/robertdavidgraham/masscan)"
40.77.167.21 - - [03/Jul/2026:16:06:04 +0000] "GET /contacts HTTP/1.1" 304 3400 "/favicon.ico" "Mozilla/5.0 (Windows NT 10.0; Win64; x64) AppleWebKit/537.36 Chrome/123.0.0.0 Safari/537.36"
45.9.148.77 - - [03/Jul/2026:16:06:04 +0000] "OPTIONS /PMA2013/ HTTP/1.1" 500 274 "-" "Wfuzz/3.1.0"
227.119.195.145 - - [03/Jul/2026:16:06:04 +0000] "GET /uddi HTTP/1.1" 404 2189 "-" "gobuster/3.6"
46.188.19.142 - - [03/Jul/2026:16:06:05 +0000] "GET /assets/app.js HTTP/1.1" 200 51115 "-" "Mozilla/5.0 (Windows NT 10.0; Win64; x64) AppleWebKit/537.36 Chrome/123.0.0.0 Safari/537.36"
168.42.34.148 - - [03/Jul/2026:16:06:05 +0000] "HEAD /articles/2026/q2 HTTP/1.1" 200 9476 "-" "Mozilla/5.0 (Macintosh; Intel Mac OS X 14_5) AppleWebKit/537.36 Chrome/124.0.0.0 Safari/537.36"
40.77.167.21 - - [03/Jul/2026:16:06:05 +0000] "GET /products HTTP/1.1" 200 82866 "/healthz" "Mozilla/5.0 (X11; Linux x86_64) AppleWebKit/537.36 Chrome/122.0.0.0 Safari/537.36"
141.8.153.222 - - [03/Jul/2026:16:06:06 +0000] "GET /about HTTP/1.1" 200 8205 "/metrics" "Mozilla/5.0 (iPhone; CPU iPhone OS 17_4 like Mac OS X) AppleWebKit/605.1.15 Version/17.4 Mobile/15E148 Safari/604.1"
91.198.174.22 - - [03/Jul/2026:16:06:06 +0000] "GET / HTTP/1.1" 304 1908 "/assets/logo.svg" "Mozilla/5.0 (Windows NT 10.0; Win64; x64) AppleWebKit/537.36 Chrome/123.0.0.0 Safari/537.36"
213.24.11.146 - - [03/Jul/2026:16:06:06 +0000] "GET /healthz HTTP/1.1" 200 27641 "-" "Mozilla/5.0 (Linux; Android 13; SM-S918B) AppleWebKit/537.36 SamsungBrowser/24.0 Chrome/120.0 Mobile Safari/537.36"
141.8.153.222 - - [03/Jul/2026:16:06:07 +0000] "GET /assets/site.css HTTP/1.1" 200 18373 "-" "Mozilla/5.0 (iPad; CPU OS 17_4 like Mac OS X) AppleWebKit/605.1.15 Version/17.4 Mobile/15E148 Safari/604.1"
141.8.153.222 - - [03/Jul/2026:16:06:07 +0000] "GET /articles/2026/q2 HTTP/1.1" 200 78899 "/api/news" "Mozilla/5.0 (iPhone; CPU iPhone OS 17_4 like Mac OS X) AppleWebKit/605.1.15 Version/17.4 Mobile/15E148 Safari/604.1"
203.0.113.77 - - [03/Jul/2026:16:06:07 +0000] "GET /products HTTP/1.1" 200 27971 "/articles/2026/q2" "Mozilla/5.0 (X11; Linux x86_64) AppleWebKit/537.36 Chrome/122.0.0.0 Safari/537.36"
168.234.247.57 - - [03/Jul/2026:16:06:07 +0000] "GET /api/products HTTP/1.1" 200 70059 "/" "Mozilla/5.0 (Windows NT 10.0; Win64; x64) AppleWebKit/537.36 Edg/124.0.0.0"
182.2.203.67 - - [03/Jul/2026:16:06:08 +0000] "GET /about HTTP/1.1" 200 3908 "-" "Mozilla/5.0 (Macintosh; Intel Mac OS X 14_5) AppleWebKit/537.36 Chrome/124.0.0.0 Safari/537.36"
40.77.167.21 - - [03/Jul/2026:16:06:09 +0000] "HEAD /assets/site.css HTTP/1.1" 200 68163 "/favicon.ico" "Mozilla/5.0 (iPhone; CPU iPhone OS 17_4 like Mac OS X) AppleWebKit/605.1.15 Version/17.4 Mobile/15E148 Safari/604.1"
66.249.75.10 - - [03/Jul/2026:16:06:09 +0000] "GET /assets/logo.svg HTTP/1.1" 200 48707 "-" "Mozilla/5.0 (Linux; Android 13; SM-S918B) AppleWebKit/537.36 SamsungBrowser/24.0 Chrome/120.0 Mobile Safari/537.36"
46.188.19.142 - - [03/Jul/2026:16:06:10 +0000] "GET /robots.txt HTTP/1.1" 200 7326 "/sitemap.xml" "Mozilla/5.0 (compatible; YandexBot/3.0; +http://yandex.com/bots)"
188.18.77.220 - - [03/Jul/2026:16:06:11 +0000] "GET /products HTTP/1.1" 304 3051 "-" "Mozilla/5.0 (X11; Linux x86_64) AppleWebKit/537.36 Chrome/122.0.0.0 Safari/537.36"
46.188.19.142 - - [03/Jul/2026:16:06:13 +0000] "GET /api/products HTTP/1.1" 304 3463 "-" "Mozilla/5.0 (Macintosh; Intel Mac OS X 14_5) AppleWebKit/605.1.15 Version/17.4 Safari/605.1.15"
198.51.100.45 - - [03/Jul/2026:16:06:13 +0000] "GET / HTTP/1.1" 200 17790 "/healthz" "Mozilla/5.0 (compatible; YandexBot/3.0; +http://yandex.com/bots)"
141.8.153.222 - - [03/Jul/2026:16:06:14 +0000] "GET /healthz HTTP/1.1" 200 81951 "-" "Mozilla/5.0 (Linux; Android 13; SM-S918B) AppleWebKit/537.36 SamsungBrowser/24.0 Chrome/120.0 Mobile Safari/537.36"
34.85.67.224 - - [03/Jul/2026:16:06:14 +0000] "GET /products HTTP/1.1" 200 56488 "/articles/2026/q2" "Mozilla/5.0 (X11; Linux x86_64) AppleWebKit/537.36 Chrome/122.0.0.0 Safari/537.36"
23.129.64.112 - - [03/Jul/2026:16:06:14 +0000] "GET /out/ HTTP/1.1" 403 1635 "-" "DirBuster-1.0-RC1"
203.0.113.77 - - [03/Jul/2026:16:06:15 +0000] "GET /products HTTP/1.1" 200 84762 "-" "Mozilla/5.0 (Windows NT 10.0; Win64; x64) AppleWebKit/537.36 Edg/124.0.0.0"
40.77.167.21 - - [03/Jul/2026:16:06:16 +0000] "GET /sitemap.xml HTTP/1.1" 200 65883 "-" "Mozilla/5.0 (Macintosh; Intel Mac OS X 14_5) AppleWebKit/605.1.15 Version/17.4 Safari/605.1.15"
104.244.72.115 - - [03/Jul/2026:16:06:16 +0000] "HEAD /nginx-ssl.access.log HTTP/1.1" 404 1994 "-" "Go-http-client/1.1"
40.77.167.21 - - [03/Jul/2026:16:06:17 +0000] "GET /contacts HTTP/1.1" 304 587 "/" "Mozilla/5.0 (Macintosh; Intel Mac OS X 14_5) AppleWebKit/537.36 Chrome/124.0.0.0 Safari/537.36"
45.9.148.77 - - [03/Jul/2026:16:06:18 +0000] "GET /adminer/ HTTP/1.1" 404 1387 "-" "Wfuzz/3.1.0"
5.188.206.67 - - [03/Jul/2026:16:06:19 +0000] "GET /api/v1/api-docs HTTP/1.1" 404 2306 "-" "Nmap Scripting Engine"
203.0.113.77 - - [03/Jul/2026:16:06:22 +0000] "GET /assets/logo.svg HTTP/1.1" 200 48415 "-" "Mozilla/5.0 (Linux; Android 13; SM-S918B) AppleWebKit/537.36 SamsungBrowser/24.0 Chrome/120.0 Mobile Safari/537.36"
236.210.60.161 - - [03/Jul/2026:16:06:22 +0000] "GET / HTTP/1.1" 200 64342 "-" "Mozilla/5.0 (iPhone; CPU iPhone OS 17_4 like Mac OS X) AppleWebKit/605.1.15 Version/17.4 Mobile/15E148 Safari/604.1"
45.9.148.77 - - [03/Jul/2026:16:06:23 +0000] "OPTIONS /assets/pubspec.yaml HTTP/1.1" 302 2227 "-" "ffuf/2.1.0"
198.51.100.45 - - [03/Jul/2026:16:06:24 +0000] "GET /robots.txt HTTP/1.1" 304 604 "-" "Mozilla/5.0 (Linux; Android 13; SM-S918B) AppleWebKit/537.36 SamsungBrowser/24.0 Chrome/120.0 Mobile Safari/537.36"
10.42.1.7 - - [03/Jul/2026:16:06:24 +0000] "GET /healthz HTTP/1.1" 200 1170 "-" "curl/8.6.0"
45.9.148.77 - - [03/Jul/2026:16:06:25 +0000] "GET /Citrix/PNAgent/config.xml HTTP/1.1" 301 1817 "-" "python-requests/2.31.0"
102.120.87.168 - - [03/Jul/2026:16:06:25 +0000] "GET /contacts HTTP/1.1" 200 63992 "/metrics" "Mozilla/5.0 (Linux; Android 13; SM-S918B) AppleWebKit/537.36 SamsungBrowser/24.0 Chrome/120.0 Mobile Safari/537.36"
185.193.88.77 - - [03/Jul/2026:16:06:25 +0000] "GET /config.yml HTTP/1.1" 404 1034 "-" "python-requests/2.31.0"
40.77.167.21 - - [03/Jul/2026:16:06:25 +0000] "GET / HTTP/1.1" 200 46848 "/" "Mozilla/5.0 (Linux; Android 13; SM-S918B) AppleWebKit/537.36 SamsungBrowser/24.0 Chrome/120.0 Mobile Safari/537.36"
141.8.153.222 - - [03/Jul/2026:16:06:25 +0000] "GET /api/news HTTP/1.1" 200 77987 "-" "Mozilla/5.0 (X11; Linux x86_64) AppleWebKit/537.36 Chrome/122.0.0.0 Safari/537.36"
157.55.39.7 - - [03/Jul/2026:16:06:26 +0000] "GET /articles/2026/q2 HTTP/1.1" 200 20883 "/api/news" "Mozilla/5.0 (Windows NT 10.0; Win64; x64) AppleWebKit/537.36 Edg/124.0.0.0"
104.244.72.115 - - [03/Jul/2026:16:06:26 +0000] "GET /httpd/logs/access.log HTTP/1.1" 404 1546 "-" "gobuster/3.6"
60.11.206.137 - - [03/Jul/2026:16:06:26 +0000] "GET /api/news HTTP/1.1" 200 60599 "-" "Mozilla/5.0 (Macintosh; Intel Mac OS X 14_5) AppleWebKit/537.36 Chrome/124.0.0.0 Safari/537.36"
185.220.101.54 - - [03/Jul/2026:16:06:27 +0000] "GET /.rhosts HTTP/1.1" 403 2507 "-" "sqlmap/1.8.4#stable"
141.8.153.222 - - [03/Jul/2026:16:06:28 +0000] "GET / HTTP/1.1" 200 48864 "-" "Mozilla/5.0 (X11; Linux x86_64) AppleWebKit/537.36 Chrome/122.0.0.0 Safari/537.36"
10.42.1.120 - - [03/Jul/2026:16:06:28 +0000] "GET /metrics HTTP/1.1" 200 5116 "-" "curl/8.6.0"
177.7.126.225 - - [03/Jul/2026:16:06:28 +0000] "GET /assets/app.js HTTP/1.1" 200 24911 "-" "Mozilla/5.0 (X11; Linux x86_64) AppleWebKit/537.36 Chrome/122.0.0.0 Safari/537.36"
66.249.75.10 - - [03/Jul/2026:16:06:30 +0000] "GET /products HTTP/1.1" 200 28466 "-" "Mozilla/5.0 (Macintosh; Intel Mac OS X 14_5) AppleWebKit/537.36 Chrome/124.0.0.0 Safari/537.36"
91.198.174.22 - - [03/Jul/2026:16:06:31 +0000] "GET /assets/logo.svg HTTP/1.1" 200 51140 "-" "Mozilla/5.0 (Windows NT 10.0; Win64; x64) AppleWebKit/537.36 Chrome/123.0.0.0 Safari/537.36"
80.85.246.17 - - [03/Jul/2026:16:06:32 +0000] "GET /forum/ HTTP/1.1" 403 1119 "-" "feroxbuster/2.11.0"
10.42.3.155 - - [03/Jul/2026:16:06:32 +0000] "GET /healthz HTTP/1.1" 200 1740 "-" "kube-probe/1.30"
80.85.246.17 - - [03/Jul/2026:16:06:33 +0000] "GET /dbfix/ HTTP/1.1" 404 1903 "-" "python-requests/2.31.0"
141.8.153.222 - - [03/Jul/2026:16:06:34 +0000] "GET /api/news HTTP/1.1" 200 44146 "/favicon.ico" "Mozilla/5.0 (Macintosh; Intel Mac OS X 14_5) AppleWebKit/605.1.15 Version/17.4 Safari/605.1.15"
157.55.39.7 - - [03/Jul/2026:16:06:34 +0000] "GET /products HTTP/1.1" 200 15602 "-" "Mozilla/5.0 (Windows NT 10.0; Win64; rv:124.0) Gecko/20100101 Firefox/124.0"
198.51.100.45 - - [03/Jul/2026:16:06:34 +0000] "GET /assets/site.css HTTP/1.1" 200 51293 "/products" "Mozilla/5.0 (iPhone; CPU iPhone OS 17_4 like Mac OS X) AppleWebKit/605.1.15 Version/17.4 Mobile/15E148 Safari/604.1"
77.88.55.201 - - [03/Jul/2026:16:06:35 +0000] "GET /api/products HTTP/1.1" 200 75133 "/assets/app.js" "Mozilla/5.0 (Windows NT 10.0; Win64; x64) AppleWebKit/537.36 Edg/124.0.0.0"
3.179.116.245 - - [03/Jul/2026:16:06:35 +0000] "GET /healthz HTTP/1.1" 200 16124 "-" "Mozilla/5.0 (X11; Linux x86_64) AppleWebKit/537.36 Chrome/122.0.0.0 Safari/537.36"
125.151.244.167 - - [03/Jul/2026:16:06:35 +0000] "GET /common/config/api.ini HTTP/1.1" 301 1370 "-" "Go-http-client/1.1"
198.51.100.45 - - [03/Jul/2026:16:06:36 +0000] "GET / HTTP/1.1" 200 22837 "-" "Mozilla/5.0 (iPhone; CPU iPhone OS 17_4 like Mac OS X) AppleWebKit/605.1.15 Version/17.4 Mobile/15E148 Safari/604.1"
80.85.246.17 - - [03/Jul/2026:16:06:36 +0000] "OPTIONS /access.log HTTP/1.1" 301 2507 "-" "Nmap Scripting Engine"
5.188.206.67 - - [03/Jul/2026:16:06:36 +0000] "HEAD /admin.conf.default HTTP/1.1" 404 718 "-" "sqlmap/1.8.4#stable"
25.14.4.92 - - [03/Jul/2026:16:06:36 +0000] "GET /about HTTP/1.1" 200 73139 "/contacts" "Mozilla/5.0 (iPhone; CPU iPhone OS 17_4 like Mac OS X) AppleWebKit/605.1.15 Version/17.4 Mobile/15E148 Safari/604.1"
10.42.3.48 - - [03/Jul/2026:16:06:37 +0000] "GET /healthz HTTP/1.1" 200 4339 "-" "curl/8.6.0"
40.77.167.21 - - [03/Jul/2026:16:06:37 +0000] "GET /favicon.ico HTTP/1.1" 200 64998 "-" "Mozilla/5.0 (Windows NT 10.0; Win64; x64) AppleWebKit/537.36 Edg/124.0.0.0"
185.220.101.54 - - [03/Jul/2026:16:06:38 +0000] "HEAD /log/access.log HTTP/1.1" 404 664 "-" "Go-http-client/1.1"
66.249.75.10 - - [03/Jul/2026:16:06:38 +0000] "GET /metrics HTTP/1.1" 200 62871 "/sitemap.xml" "Mozilla/5.0 (iPad; CPU OS 17_4 like Mac OS X) AppleWebKit/605.1.15 Version/17.4 Mobile/15E148 Safari/604.1"
40.77.167.21 - - [03/Jul/2026:16:06:38 +0000] "GET /healthz HTTP/1.1" 200 84693 "-" "Mozilla/5.0 (iPad; CPU OS 17_4 like Mac OS X) AppleWebKit/605.1.15 Version/17.4 Mobile/15E148 Safari/604.1"
212.76.133.14 - - [03/Jul/2026:16:06:39 +0000] "GET /robots.txt HTTP/1.1" 200 5047 "-" "Mozilla/5.0 (Windows NT 10.0; Win64; rv:124.0) Gecko/20100101 Firefox/124.0"
188.18.77.220 - - [03/Jul/2026:16:06:40 +0000] "HEAD /api/news HTTP/1.1" 200 17249 "/sitemap.xml" "Mozilla/5.0 (Windows NT 10.0; Win64; x64) AppleWebKit/537.36 Chrome/123.0.0.0 Safari/537.36"
198.51.100.45 - - [03/Jul/2026:16:06:40 +0000] "GET /sitemap.xml HTTP/1.1" 200 16326 "/favicon.ico" "Mozilla/5.0 (Windows NT 10.0; Win64; x64) AppleWebKit/537.36 Chrome/123.0.0.0 Safari/537.36"
157.55.39.7 - - [03/Jul/2026:16:06:41 +0000] "GET /about HTTP/1.1" 200 5922 "/assets/logo.svg" "Mozilla/5.0 (Windows NT 10.0; Win64; rv:124.0) Gecko/20100101 Firefox/124.0"
157.55.39.7 - - [03/Jul/2026:16:06:42 +0000] "GET /metrics HTTP/1.1" 200 82136 "/assets/app.js" "Mozilla/5.0 (X11; Linux x86_64) AppleWebKit/537.36 Chrome/122.0.0.0 Safari/537.36"
66.249.75.10 - - [03/Jul/2026:16:06:42 +0000] "GET /metrics HTTP/1.1" 200 55970 "-" "Mozilla/5.0 (iPhone; CPU iPhone OS 17_4 like Mac OS X) AppleWebKit/605.1.15 Version/17.4 Mobile/15E148 Safari/604.1"
212.76.133.14 - - [03/Jul/2026:16:06:42 +0000] "GET /metrics HTTP/1.1" 200 14237 "/" "Mozilla/5.0 (Macintosh; Intel Mac OS X 14_5) AppleWebKit/605.1.15 Version/17.4 Safari/605.1.15"
80.85.246.17 - - [03/Jul/2026:16:06:43 +0000] "OPTIONS /www.tgz HTTP/1.1" 302 1477 "-" "ffuf/2.1.0"
66.249.75.10 - - [03/Jul/2026:16:06:43 +0000] "GET /articles/2026/q2 HTTP/1.1" 200 831 "/assets/app.js" "Mozilla/5.0 (X11; Linux x86_64) AppleWebKit/537.36 Chrome/122.0.0.0 Safari/537.36"
45.146.164.12 - - [03/Jul/2026:16:06:45 +0000] "GET /CHANGELOG HTTP/1.1" 404 273 "-" "sqlmap/1.8.4#stable"
171.25.193.20 - - [03/Jul/2026:16:06:45 +0000] "HEAD /install.sql HTTP/1.1" 404 2291 "-" "Go-http-client/1.1"
40.77.167.21 - - [03/Jul/2026:16:06:46 +0000] "GET /api/news HTTP/1.1" 304 2825 "/api/products" "Mozilla/5.0 (Linux; Android 13; SM-S918B) AppleWebKit/537.36 SamsungBrowser/24.0 Chrome/120.0 Mobile Safari/537.36"
91.198.174.22 - - [03/Jul/2026:16:06:48 +0000] "GET /sitemap.xml HTTP/1.1" 200 9122 "-" "Mozilla/5.0 (Windows NT 10.0; Win64; x64) AppleWebKit/537.36 Chrome/123.0.0.0 Safari/537.36"
213.24.11.146 - - [03/Jul/2026:16:06:48 +0000] "GET /assets/app.js HTTP/1.1" 200 36429 "-" "Mozilla/5.0 (iPad; CPU OS 17_4 like Mac OS X) AppleWebKit/605.1.15 Version/17.4 Mobile/15E148 Safari/604.1"
5.188.206.67 - - [03/Jul/2026:16:06:49 +0000] "GET /bitrix/dumper/ HTTP/1.1" 404 2395 "-" "python-requests/2.31.0"
157.55.39.7 - - [03/Jul/2026:16:06:49 +0000] "GET /robots.txt HTTP/1.1" 200 43619 "-" "Mozilla/5.0 (X11; Linux x86_64) AppleWebKit/537.36 Chrome/122.0.0.0 Safari/537.36"
80.85.246.17 - - [03/Jul/2026:16:06:49 +0000] "GET /swagger/swagger-ui.html HTTP/1.1" 405 657 "-" "ffuf/2.1.0"
46.188.19.142 - - [03/Jul/2026:16:06:49 +0000] "GET /favicon.ico HTTP/1.1" 200 60277 "/contacts" "Mozilla/5.0 (Windows NT 10.0; Win64; x64) AppleWebKit/537.36 Chrome/123.0.0.0 Safari/537.36"
203.0.113.77 - - [03/Jul/2026:16:06:50 +0000] "GET /api/news HTTP/1.1" 200 49567 "/sitemap.xml" "Mozilla/5.0 (Macintosh; Intel Mac OS X 14_5) AppleWebKit/605.1.15 Version/17.4 Safari/605.1.15"
203.0.113.77 - - [03/Jul/2026:16:06:50 +0000] "GET /favicon.ico HTTP/1.1" 200 48734 "-" "Mozilla/5.0 (Windows NT 10.0; Win64; x64) AppleWebKit/537.36 Edg/124.0.0.0"
23.129.64.112 - - [03/Jul/2026:16:06:50 +0000] "HEAD /.codekit-cache HTTP/1.1" 405 2035 "-" "gobuster/3.6"
66.249.75.10 - - [03/Jul/2026:16:06:51 +0000] "GET /api/products HTTP/1.1" 200 74072 "/articles/2026/q2" "Mozilla/5.0 (Linux; Android 13; SM-S918B) AppleWebKit/537.36 SamsungBrowser/24.0 Chrome/120.0 Mobile Safari/537.36"
194.26.29.89 - - [03/Jul/2026:16:06:53 +0000] "GET /phpMyAdmin-2.11.9/ HTTP/1.1" 301 807 "-" "Nmap Scripting Engine"
5.188.206.67 - - [03/Jul/2026:16:06:53 +0000] "GET /databases.yml HTTP/1.1" 404 1157 "-" "feroxbuster/2.11.0"
46.188.19.142 - - [03/Jul/2026:16:06:53 +0000] "GET /favicon.ico HTTP/1.1" 200 57599 "/healthz" "Mozilla/5.0 (Macintosh; Intel Mac OS X 14_5) AppleWebKit/605.1.15 Version/17.4 Safari/605.1.15"
212.76.133.14 - - [03/Jul/2026:16:06:54 +0000] "GET /products HTTP/1.1" 304 3555 "-" "Mozilla/5.0 (Windows NT 10.0; Win64; x64) AppleWebKit/537.36 Chrome/123.0.0.0 Safari/537.36"
35.83.125.26 - - [03/Jul/2026:16:06:55 +0000] "GET /debug.txt HTTP/1.1" 301 1805 "-" "Go-http-client/1.1"
141.8.153.222 - - [03/Jul/2026:16:06:55 +0000] "HEAD / HTTP/1.1" 200 70791 "-" "Mozilla/5.0 (iPhone; CPU iPhone OS 17_4 like Mac OS X) AppleWebKit/605.1.15 Version/17.4 Mobile/15E148 Safari/604.1"
77.88.55.201 - - [03/Jul/2026:16:06:56 +0000] "GET /assets/site.css HTTP/1.1" 200 5489 "-" "Mozilla/5.0 (Windows NT 10.0; Win64; x64) AppleWebKit/537.36 Edg/124.0.0.0"
212.76.133.14 - - [03/Jul/2026:16:06:56 +0000] "GET /api/products HTTP/1.1" 200 28565 "-" "Mozilla/5.0 (Linux; Android 13; SM-S918B) AppleWebKit/537.36 SamsungBrowser/24.0 Chrome/120.0 Mobile Safari/537.36"
10.42.3.120 - - [03/Jul/2026:16:06:56 +0000] "GET /metrics HTTP/1.1" 200 4927 "-" "curl/8.6.0"
188.18.77.220 - - [03/Jul/2026:16:06:57 +0000] "GET / HTTP/1.1" 200 69216 "-" "Mozilla/5.0 (Windows NT 10.0; Win64; x64) AppleWebKit/537.36 Chrome/123.0.0.0 Safari/537.36"
198.51.100.45 - - [03/Jul/2026:16:06:57 +0000] "GET / HTTP/1.1" 200 62487 "/sitemap.xml" "Mozilla/5.0 (Macintosh; Intel Mac OS X 14_5) AppleWebKit/537.36 Chrome/124.0.0.0 Safari/537.36"
91.198.174.22 - - [03/Jul/2026:16:06:57 +0000] "GET /assets/site.css HTTP/1.1" 200 18419 "-" "Mozilla/5.0 (X11; Linux x86_64) AppleWebKit/537.36 Chrome/122.0.0.0 Safari/537.36"
10.42.2.202 - - [03/Jul/2026:16:06:58 +0000] "GET /healthz HTTP/1.1" 200 4006 "-" "curl/8.6.0"
208.181.180.78 - - [03/Jul/2026:16:06:58 +0000] "GET /metrics HTTP/1.1" 200 30103 "/favicon.ico" "Mozilla/5.0 (iPhone; CPU iPhone OS 17_4 like Mac OS X) AppleWebKit/605.1.15 Version/17.4 Mobile/15E148 Safari/604.1"
154.141.12.43 - - [03/Jul/2026:16:06:59 +0000] "HEAD /forum.tar.gz HTTP/1.1" 500 893 "-" "Go-http-client/1.1"
216.204.36.139 - - [03/Jul/2026:16:06:59 +0000] "GET /robots.txt HTTP/1.1" 200 39037 "/healthz" "Mozilla/5.0 (iPad; CPU OS 17_4 like Mac OS X) AppleWebKit/605.1.15 Version/17.4 Mobile/15E148 Safari/604.1"
188.18.77.220 - - [03/Jul/2026:16:07:01 +0000] "GET /api/news HTTP/1.1" 200 35428 "/" "DuckDuckBot/1.0; (+http://duckduckgo.com/duckduckbot)"
91.198.174.22 - - [03/Jul/2026:16:07:01 +0000] "GET /healthz HTTP/1.1" 200 53493 "-" "Mozilla/5.0 (X11; Linux x86_64) AppleWebKit/537.36 Chrome/122.0.0.0 Safari/537.36"
251.246.178.150 - - [03/Jul/2026:16:07:01 +0000] "GET /SysAdmin2/ HTTP/1.1" 403 1003 "-" "DirBuster-1.0-RC1"
234.117.227.180 - - [03/Jul/2026:16:07:01 +0000] "GET /nginx-access.log HTTP/1.1" 403 2286 "-" "ffuf/2.1.0"
198.51.100.45 - - [03/Jul/2026:16:07:02 +0000] "GET /articles/2026/q2 HTTP/1.1" 200 36966 "-" "Mozilla/5.0 (Linux; Android 13; SM-S918B) AppleWebKit/537.36 SamsungBrowser/24.0 Chrome/120.0 Mobile Safari/537.36"
77.88.55.201 - - [03/Jul/2026:16:07:02 +0000] "GET /sitemap.xml HTTP/1.1" 200 3598 "-" "Mozilla/5.0 (Windows NT 10.0; Win64; x64) AppleWebKit/537.36 Edg/124.0.0.0"
46.188.19.142 - - [03/Jul/2026:16:07:02 +0000] "GET /assets/site.css HTTP/1.1" 200 82302 "/favicon.ico" "DuckDuckBot/1.0; (+http://duckduckgo.com/duckduckbot)"
10.42.3.105 - - [03/Jul/2026:16:07:03 +0000] "GET /healthz HTTP/1.1" 200 1957 "-" "curl/8.6.0"
66.249.75.10 - - [03/Jul/2026:16:07:03 +0000] "GET /favicon.ico HTTP/1.1" 200 48693 "-" "Mozilla/5.0 (iPad; CPU OS 17_4 like Mac OS X) AppleWebKit/605.1.15 Version/17.4 Mobile/15E148 Safari/604.1"
194.26.29.89 - - [03/Jul/2026:16:07:03 +0000] "GET /FCKeditor22/ HTTP/1.1" 302 1925 "-" "Go-http-client/1.1"
171.231.112.8 - - [03/Jul/2026:16:07:04 +0000] "HEAD / HTTP/1.1" 200 9626 "-" "Mozilla/5.0 (Windows NT 10.0; Win64; x64) AppleWebKit/537.36 Edg/124.0.0.0"
66.249.75.10 - - [03/Jul/2026:16:07:04 +0000] "GET /assets/logo.svg HTTP/1.1" 200 69337 "-" "Mozilla/5.0 (Linux; Android 13; SM-S918B) AppleWebKit/537.36 SamsungBrowser/24.0 Chrome/120.0 Mobile Safari/537.36"
104.244.72.115 - - [03/Jul/2026:16:07:04 +0000] "GET /powershell/ HTTP/1.1" 403 2282 "-" "gobuster/3.6"
45.146.164.12 - - [03/Jul/2026:16:07:05 +0000] "HEAD /Citrix/PNAgent/config.xml HTTP/1.1" 403 1815 "-" "python-requests/2.31.0"
91.198.174.22 - - [03/Jul/2026:16:07:05 +0000] "GET /assets/app.js HTTP/1.1" 200 50403 "-" "Mozilla/5.0 (X11; Linux x86_64) AppleWebKit/537.36 Chrome/122.0.0.0 Safari/537.36"
91.198.174.22 - - [03/Jul/2026:16:07:05 +0000] "GET /contacts HTTP/1.1" 200 81880 "-" "Mozilla/5.0 (Linux; Android 13; SM-S918B) AppleWebKit/537.36 SamsungBrowser/24.0 Chrome/120.0 Mobile Safari/537.36"
157.55.39.7 - - [03/Jul/2026:16:07:06 +0000] "GET /robots.txt HTTP/1.1" 200 19122 "/sitemap.xml" "Mozilla/5.0 (compatible; Googlebot/2.1; +http://www.google.com/bot.html)"
80.85.246.17 - - [03/Jul/2026:16:07:07 +0000] "HEAD /README.HTML HTTP/1.1" 404 1618 "-" "sqlmap/1.8.4#stable"
213.24.11.146 - - [03/Jul/2026:16:07:07 +0000] "GET /assets/logo.svg HTTP/1.1" 200 51424 "-" "Mozilla/5.0 (Linux; Android 13; SM-S918B) AppleWebKit/537.36 SamsungBrowser/24.0 Chrome/120.0 Mobile Safari/537.36"
157.55.39.7 - - [03/Jul/2026:16:07:07 +0000] "HEAD /about HTTP/1.1" 200 22844 "-" "Mozilla/5.0 (iPhone; CPU iPhone OS 17_4 like Mac OS X) AppleWebKit/605.1.15 Version/17.4 Mobile/15E148 Safari/604.1"
185.193.88.77 - - [03/Jul/2026:16:07:07 +0000] "GET /fcgi-bin/echo2.exe HTTP/1.1" 404 2247 "-" "Wfuzz/3.1.0"
212.76.133.14 - - [03/Jul/2026:16:07:07 +0000] "GET /healthz HTTP/1.1" 200 48677 "-" "Mozilla/5.0 (Windows NT 10.0; Win64; rv:124.0) Gecko/20100101 Firefox/124.0"
93.73.148.119 - - [03/Jul/2026:16:07:07 +0000] "GET /.buildpacks HTTP/1.1" 500 421 "-" "feroxbuster/2.11.0"
185.220.101.54 - - [03/Jul/2026:16:07:08 +0000] "OPTIONS /editor-4.7.3-en.php HTTP/1.1" 404 1302 "-" "sqlmap/1.8.4#stable"
212.76.133.14 - - [03/Jul/2026:16:07:09 +0000] "GET /assets/logo.svg HTTP/1.1" 200 53359 "/sitemap.xml" "Mozilla/5.0 (Macintosh; Intel Mac OS X 14_5) AppleWebKit/605.1.15 Version/17.4 Safari/605.1.15"
46.188.19.142 - - [03/Jul/2026:16:07:10 +0000] "GET /healthz HTTP/1.1" 200 4356 "-" "Mozilla/5.0 (X11; Linux x86_64) AppleWebKit/537.36 Chrome/122.0.0.0 Safari/537.36"
188.18.77.220 - - [03/Jul/2026:16:07:10 +0000] "GET /contacts HTTP/1.1" 200 18195 "-" "Mozilla/5.0 (Macintosh; Intel Mac OS X 14_5) AppleWebKit/537.36 Chrome/124.0.0.0 Safari/537.36"
66.249.75.10 - - [03/Jul/2026:16:07:10 +0000] "GET /assets/app.js HTTP/1.1" 200 20701 "-" "Mozilla/5.0 (Macintosh; Intel Mac OS X 14_5) AppleWebKit/605.1.15 Version/17.4 Safari/605.1.15"
46.188.19.142 - - [03/Jul/2026:16:07:11 +0000] "HEAD /assets/site.css HTTP/1.1" 304 1542 "-" "Mozilla/5.0 (Macintosh; Intel Mac OS X 14_5) AppleWebKit/605.1.15 Version/17.4 Safari/605.1.15"
194.26.29.89 - - [03/Jul/2026:16:07:11 +0000] "OPTIONS /htpasswd/htpasswd.bak HTTP/1.1" 500 931 "-" "masscan/1.3 (https://github.com/robertdavidgraham/masscan)"
157.55.39.7 - - [03/Jul/2026:16:07:11 +0000] "GET /metrics HTTP/1.1" 304 3866 "-" "Mozilla/5.0 (compatible; Googlebot/2.1; +http://www.google.com/bot.html)"
40.77.167.21 - - [03/Jul/2026:16:07:11 +0000] "GET /api/news HTTP/1.1" 200 50756 "-" "Mozilla/5.0 (compatible; YandexBot/3.0; +http://yandex.com/bots)"
157.55.39.7 - - [03/Jul/2026:16:07:11 +0000] "GET /favicon.ico HTTP/1.1" 200 53472 "-" "Mozilla/5.0 (Windows NT 10.0; Win64; x64) AppleWebKit/537.36 Chrome/123.0.0.0 Safari/537.36"
