46.188.19.142 - - [03/Jul/2026:16:23:24 +0000] "GET /sitemap.xml HTTP/1.1" 304 952 "-" "Mozilla/5.0 (Linux; Android 13; SM-S918B) AppleWebKit/537.36 SamsungBrowser/24.0 Chrome/120.0 Mobile Safari/537.36"
40.77.167.21 - - [03/Jul/2026:16:23:25 +0000] "GET /articles/2026/q2 HTTP/1.1" 200 4762 "-" "Mozilla/5.0 (compatible; bingbot/2.0; +http://www.bing.com/bingbot.htm)"
203.0.113.77 - - [03/Jul/2026:16:23:25 +0000] "GET / HTTP/1.1" 200 50569 "-" "Mozilla/5.0 (Macintosh; Intel Mac OS X 14_5) AppleWebKit/605.1.15 Version/17.4 Safari/605.1.15"
188.18.77.220 - - [03/Jul/2026:16:23:25 +0000] "HEAD /assets/app.js HTTP/1.1" 200 68078 "-" "Mozilla/5.0 (compatible; Googlebot/2.1; +http://www.google.com/bot.html)"
198.51.100.45 - - [03/Jul/2026:16:23:25 +0000] "GET /sitemap.xml HTTP/1.1" 200 14685 "/api/products" "DuckDuckBot/1.0; (+http://duckduckgo.com/duckduckbot)"
212.76.133.14 - - [03/Jul/2026:16:23:26 +0000] "GET /contacts HTTP/1.1" 200 76775 "-" "Mozilla/5.0 (Windows NT 10.0; Win64; rv:124.0) Gecko/20100101 Firefox/124.0"
171.25.193.20 - - [03/Jul/2026:16:23:26 +0000] "HEAD /privatekey.key HTTP/1.1" 404 1260 "-" "Wfuzz/3.1.0"
91.198.174.22 - - [03/Jul/2026:16:23:26 +0000] "GET /assets/app.js HTTP/1.1" 200 11928 "/" "Mozilla/5.0 (iPad; CPU OS 17_4 like Mac OS X) AppleWebKit/605.1.15 Version/17.4 Mobile/15E148 Safari/604.1"
10.42.3.169 - - [03/Jul/2026:16:23:27 +0000] "GET /metrics HTTP/1.1" 200 3104 "-" "kube-probe/1.30"
10.42.3.157 - - [03/Jul/2026:16:23:27 +0000] "GET /healthz HTTP/1.1" 503 2130 "-" "kube-probe/1.30"
35.188.158.35 - - [03/Jul/2026:16:23:28 +0000] "GET /api/products HTTP/1.1" 304 1935 "/" "Mozilla/5.0 (iPad; CPU OS 17_4 like Mac OS X) AppleWebKit/605.1.15 Version/17.4 Mobile/15E148 Safari/604.1"
185.220.101.54 - - [03/Jul/2026:16:23:28 +0000] "GET /control HTTP/1.1" 302 376 "-" "masscan/1.3 (https://github.com/robertdavidgraham/masscan)"
212.76.133.14 - - [03/Jul/2026:16:23:29 +0000] "GET /metrics HTTP/1.1" 304 2912 "/healthz" "Mozilla/5.0 (Linux; Android 13; SM-S918B) AppleWebKit/537.36 SamsungBrowser/24.0 Chrome/120.0 Mobile Safari/537.36"
10.42.3.100 - - [03/Jul/2026:16:23:29 +0000] "GET /healthz HTTP/1.1" 200 5212 "-" "curl/8.6.0"
40.77.167.21 - - [03/Jul/2026:16:23:30 +0000] "GET / HTTP/1.1" 200 78873 "/assets/site.css" "Mozilla/5.0 (Windows NT 10.0; Win64; x64) AppleWebKit/537.36 Edg/124.0.0.0"
203.0.113.77 - - [03/Jul/2026:16:23:31 +0000] "GET /assets/logo.svg HTTP/1.1" 200 21612 "/contacts" "Mozilla/5.0 (Windows NT 10.0; Win64; rv:124.0) Gecko/20100101 Firefox/124.0"
45.9.148.77 - - [03/Jul/2026:16:23:31 +0000] "GET /tmp/access.log HTTP/1.1" 301 130 "-" "Wfuzz/3.1.0"
66.249.75.10 - - [03/Jul/2026:16:23:31 +0000] "GET /contacts HTTP/1.1" 200 53103 "-" "Mozilla/5.0 (X11; Linux x86_64) AppleWebKit/537.36 Chrome/122.0.0.0 Safari/537.36"
10.42.3.137 - - [03/Jul/2026:16:23:31 +0000] "GET /healthz HTTP/1.1" 200 665 "-" "kube-probe/1.30"
91.198.174.22 - - [03/Jul/2026:16:23:32 +0000] "HEAD /metrics HTTP/1.1" 200 84864 "/metrics" "Mozilla/5.0 (Windows NT 10.0; Win64; x64) AppleWebKit/537.36 Chrome/123.0.0.0 Safari/537.36"
185.193.88.77 - - [03/Jul/2026:16:23:32 +0000] "OPTIONS /wp-content/backups/ HTTP/1.1" 302 413 "-" "python-requests/2.31.0"
157.55.39.7 - - [03/Jul/2026:16:23:33 +0000] "GET /healthz HTTP/1.1" 304 1368 "-" "Mozilla/5.0 (X11; Linux x86_64) AppleWebKit/537.36 Chrome/122.0.0.0 Safari/537.36"
46.188.19.142 - - [03/Jul/2026:16:23:34 +0000] "GET /assets/logo.svg HTTP/1.1" 304 1206 "/metrics" "Mozilla/5.0 (compatible; YandexBot/3.0; +http://yandex.com/bots)"
185.220.101.54 - - [03/Jul/2026:16:23:35 +0000] "OPTIONS /cni-conf.json HTTP/1.1" 403 1318 "-" "gobuster/3.6"
212.76.133.14 - - [03/Jul/2026:16:23:35 +0000] "GET /favicon.ico HTTP/1.1" 304 606 "-" "Mozilla/5.0 (Windows NT 10.0; Win64; rv:124.0) Gecko/20100101 Firefox/124.0"
80.85.246.17 - - [03/Jul/2026:16:23:35 +0000] "HEAD /nginx-ssl.access.log HTTP/1.1" 403 989 "-" "Nmap Scripting Engine"
41.135.213.152 - - [03/Jul/2026:16:23:36 +0000] "GET /assets/site.css HTTP/1.1" 200 4600 "-" "Mozilla/5.0 (Windows NT 10.0; Win64; x64) AppleWebKit/537.36 Chrome/123.0.0.0 Safari/537.36"
66.249.75.10 - - [03/Jul/2026:16:23:36 +0000] "GET /api/news HTTP/1.1" 200 28237 "-" "Mozilla/5.0 (iPad; CPU OS 17_4 like Mac OS X) AppleWebKit/605.1.15 Version/17.4 Mobile/15E148 Safari/604.1"
188.18.77.220 - - [03/Jul/2026:16:23:37 +0000] "GET /api/news HTTP/1.1" 304 2996 "-" "Mozilla/5.0 (Macintosh; Intel Mac OS X 14_5) AppleWebKit/537.36 Chrome/124.0.0.0 Safari/537.36"
10.42.1.207 - - [03/Jul/2026:16:23:38 +0000] "GET /healthz HTTP/1.1" 200 4746 "-" "curl/8.6.0"
203.0.113.77 - - [03/Jul/2026:16:23:38 +0000] "GET /assets/logo.svg HTTP/1.1" 200 72717 "/" "Mozilla/5.0 (iPad; CPU OS 17_4 like Mac OS X) AppleWebKit/605.1.15 Version/17.4 Mobile/15E148 Safari/604.1"
75.5.138.158 - - [03/Jul/2026:16:23:39 +0000] "GET /php.ini~ HTTP/1.1" 404 348 "-" "Nmap Scripting Engine"
45.146.164.12 - - [03/Jul/2026:16:23:41 +0000] "GET /exports.zip HTTP/1.1" 301 1651 "-" "dirsearch/0.4.3"
129.67.200.124 - - [03/Jul/2026:16:23:41 +0000] "GET /api/news HTTP/1.1" 200 8636 "-" "Mozilla/5.0 (Windows NT 10.0; Win64; rv:124.0) Gecko/20100101 Firefox/124.0"
185.220.101.54 - - [03/Jul/2026:16:23:42 +0000] "GET /logs/mail.log HTTP/1.1" 301 1694 "-" "python-requests/2.31.0"
171.25.193.20 - - [03/Jul/2026:16:23:42 +0000] "GET /explorer HTTP/1.1" 403 988 "-" "DirBuster-1.0-RC1"
91.198.174.22 - - [03/Jul/2026:16:23:42 +0000] "HEAD /healthz HTTP/1.1" 200 50703 "/contacts" "Mozilla/5.0 (Macintosh; Intel Mac OS X 14_5) AppleWebKit/537.36 Chrome/124.0.0.0 Safari/537.36"
45.9.148.77 - - [03/Jul/2026:16:23:43 +0000] "GET /.7z HTTP/1.1" 404 2453 "-" "python-requests/2.31.0"
91.198.174.22 - - [03/Jul/2026:16:23:43 +0000] "GET /assets/site.css HTTP/1.1" 200 27613 "-" "Mozilla/5.0 (compatible; YandexBot/3.0; +http://yandex.com/bots)"
212.76.133.14 - - [03/Jul/2026:16:23:43 +0000] "GET /articles/2026/q2 HTTP/1.1" 304 124 "-" "Mozilla/5.0 (X11; Linux x86_64) AppleWebKit/537.36 Chrome/122.0.0.0 Safari/537.36"
185.193.88.77 - - [03/Jul/2026:16:23:44 +0000] "OPTIONS /database.inc HTTP/1.1" 404 1036 "-" "ffuf/2.1.0"
203.0.113.77 - - [03/Jul/2026:16:23:44 +0000] "GET /api/news HTTP/1.1" 200 84280 "/favicon.ico" "Mozilla/5.0 (iPhone; CPU iPhone OS 17_4 like Mac OS X) AppleWebKit/605.1.15 Version/17.4 Mobile/15E148 Safari/604.1"
66.249.75.10 - - [03/Jul/2026:16:23:45 +0000] "GET /api/products HTTP/1.1" 200 2805 "-" "Mozilla/5.0 (Windows NT 10.0; Win64; x64) AppleWebKit/537.36 Chrome/123.0.0.0 Safari/537.36"
213.24.11.146 - - [03/Jul/2026:16:23:45 +0000] "GET /api/news HTTP/1.1" 200 79550 "-" "Mozilla/5.0 (Linux; Android 13; SM-S918B) AppleWebKit/537.36 SamsungBrowser/24.0 Chrome/120.0 Mobile Safari/537.36"
77.88.55.201 - - [03/Jul/2026:16:23:48 +0000] "GET /robots.txt HTTP/1.1" 200 75339 "/favicon.ico" "Mozilla/5.0 (Macintosh; Intel Mac OS X 14_5) AppleWebKit/537.36 Chrome/124.0.0.0 Safari/537.36"
40.77.167.21 - - [03/Jul/2026:16:23:49 +0000] "GET /products HTTP/1.1" 200 13355 "-" "Mozilla/5.0 (Linux; Android 13; SM-S918B) AppleWebKit/537.36 SamsungBrowser/24.0 Chrome/120.0 Mobile Safari/537.36"
185.193.88.77 - - [03/Jul/2026:16:23:50 +0000] "HEAD /access.log HTTP/1.1" 404 2238 "-" "python-requests/2.31.0"
46.188.19.142 - - [03/Jul/2026:16:23:51 +0000] "GET /api/news HTTP/1.1" 200 79415 "/robots.txt" "Mozilla/5.0 (iPad; CPU OS 17_4 like Mac OS X) AppleWebKit/605.1.15 Version/17.4 Mobile/15E148 Safari/604.1"
198.51.100.45 - - [03/Jul/2026:16:23:51 +0000] "GET /metrics HTTP/1.1" 200 47312 "-" "Mozilla/5.0 (X11; Linux x86_64) AppleWebKit/537.36 Chrome/122.0.0.0 Safari/537.36"
198.51.100.45 - - [03/Jul/2026:16:23:52 +0000] "GET /articles/2026/q2 HTTP/1.1" 200 73845 "-" "Mozilla/5.0 (compatible; YandexBot/3.0; +http://yandex.com/bots)"
66.249.75.10 - - [03/Jul/2026:16:23:52 +0000] "GET /assets/site.css HTTP/1.1" 200 50325 "/api/products" "Mozilla/5.0 (Linux; Android 13; SM-S918B) AppleWebKit/537.36 SamsungBrowser/24.0 Chrome/120.0 Mobile Safari/537.36"
141.8.153.222 - - [03/Jul/2026:16:23:53 +0000] "GET /products HTTP/1.1" 200 17185 "/assets/logo.svg" "Mozilla/5.0 (compatible; YandexBot/3.0; +http://yandex.com/bots)"
40.77.167.21 - - [03/Jul/2026:16:23:54 +0000] "GET /products HTTP/1.1" 200 76145 "/metrics" "Mozilla/5.0 (X11; Linux x86_64) AppleWebKit/537.36 Chrome/122.0.0.0 Safari/537.36"
104.244.72.115 - - [03/Jul/2026:16:23:54 +0000] "GET /user_guide_src/build/ HTTP/1.1" 403 536 "-" "feroxbuster/2.11.0"
213.24.11.146 - - [03/Jul/2026:16:23:54 +0000] "GET /healthz HTTP/1.1" 200 17098 "-" "Mozilla/5.0 (iPhone; CPU iPhone OS 17_4 like Mac OS X) AppleWebKit/605.1.15 Version/17.4 Mobile/15E148 Safari/604.1"
213.24.11.146 - - [03/Jul/2026:16:23:55 +0000] "GET /contacts HTTP/1.1" 200 48758 "-" "Mozilla/5.0 (Macintosh; Intel Mac OS X 14_5) AppleWebKit/605.1.15 Version/17.4 Safari/605.1.15"
91.198.174.22 - - [03/Jul/2026:16:23:55 +0000] "GET /assets/app.js HTTP/1.1" 200 38444 "/contacts" "Mozilla/5.0 (Windows NT 10.0; Win64; rv:124.0) Gecko/20100101 Firefox/124.0"
171.25.193.20 - - [03/Jul/2026:16:23:56 +0000] "GET /administrators.pwd HTTP/1.1" 404 1578 "-" "Go-http-client/1.1"
185.193.88.77 - - [03/Jul/2026:16:23:57 +0000] "OPTIONS /door.php HTTP/1.1" 404 987 "-" "DirBuster-1.0-RC1"
80.85.246.17 - - [03/Jul/2026:16:23:57 +0000] "GET /adminer-4.4.0-mysql-en.php HTTP/1.1" 301 1217 "-" "ffuf/2.1.0"
10.42.0.125 - - [03/Jul/2026:16:23:57 +0000] "GET /metrics HTTP/1.1" 200 1281 "-" "curl/8.6.0"
213.24.11.146 - - [03/Jul/2026:16:23:57 +0000] "GET /metrics HTTP/1.1" 200 47780 "-" "Mozilla/5.0 (iPad; CPU OS 17_4 like Mac OS X) AppleWebKit/605.1.15 Version/17.4 Mobile/15E148 Safari/604.1"
45.9.148.77 - - [03/Jul/2026:16:23:58 +0000] "GET /personal HTTP/1.1" 500 1573 "-" "Nmap Scripting Engine"
156.146.62.11 - - [03/Jul/2026:16:23:58 +0000] "GET /admrev/ HTTP/1.1" 404 159 "-" "masscan/1.3 (https://github.com/robertdavidgraham/masscan)"
80.85.246.17 - - [03/Jul/2026:16:23:58 +0000] "HEAD /api/tcp/routers HTTP/1.1" 404 2193 "-" "Go-http-client/1.1"
188.18.77.220 - - [03/Jul/2026:16:23:59 +0000] "GET /sitemap.xml HTTP/1.1" 200 36058 "-" "Mozilla/5.0 (X11; Linux x86_64) AppleWebKit/537.36 Chrome/122.0.0.0 Safari/537.36"
119.203.163.171 - - [03/Jul/2026:16:24:00 +0000] "HEAD /assets/site.css HTTP/1.1" 304 406 "-" "Mozilla/5.0 (iPhone; CPU iPhone OS 17_4 like Mac OS X) AppleWebKit/605.1.15 Version/17.4 Mobile/15E148 Safari/604.1"
171.25.193.20 - - [03/Jul/2026:16:24:00 +0000] "GET /file.php HTTP/1.1" 500 1918 "-" "python-requests/2.31.0"
157.55.39.7 - - [03/Jul/2026:16:24:00 +0000] "GET /robots.txt HTTP/1.1" 200 76705 "-" "Mozilla/5.0 (iPad; CPU OS 17_4 like Mac OS X) AppleWebKit/605.1.15 Version/17.4 Mobile/15E148 Safari/604.1"
193.142.147.55 - - [03/Jul/2026:16:24:01 +0000] "GET /log_in.php HTTP/1.1" 404 334 "-" "Go-http-client/1.1"
10.42.3.178 - - [03/Jul/2026:16:24:02 +0000] "GET /metrics HTTP/1.1" 200 4428 "-" "kube-probe/1.30"
212.76.133.14 - - [03/Jul/2026:16:24:03 +0000] "GET /about HTTP/1.1" 200 16062 "-" "Mozilla/5.0 (Macintosh; Intel Mac OS X 14_5) AppleWebKit/537.36 Chrome/124.0.0.0 Safari/537.36"
171.25.193.20 - - [03/Jul/2026:16:24:04 +0000] "OPTIONS /nginx-ssl.access.log HTTP/1.1" 404 1128 "-" "Nmap Scripting Engine"
193.142.147.55 - - [03/Jul/2026:16:24:04 +0000] "HEAD /phpMyAdmin-2.8.0-rc2/ HTTP/1.1" 405 934 "-" "Nmap Scripting Engine"
46.188.19.142 - - [03/Jul/2026:16:24:04 +0000] "GET / HTTP/1.1" 200 24196 "-" "Mozilla/5.0 (Windows NT 10.0; Win64; rv:124.0) Gecko/20100101 Firefox/124.0"
91.198.174.22 - - [03/Jul/2026:16:24:06 +0000] "GET /about HTTP/1.1" 200 43865 "-" "DuckDuckBot/1.0; (+http://duckduckgo.com/duckduckbot)"
113.71.74.163 - - [03/Jul/2026:16:24:06 +0000] "GET /assets/site.css HTTP/1.1" 200 26337 "-" "Mozilla/5.0 (Macintosh; Intel Mac OS X 14_5) AppleWebKit/537.36 Chrome/124.0.0.0 Safari/537.36"
141.8.153.222 - - [03/Jul/2026:16:24:06 +0000] "HEAD /assets/logo.svg HTTP/1.1" 304 314 "-" "Mozilla/5.0 (X11; Linux x86_64) AppleWebKit/537.36 Chrome/122.0.0.0 Safari/537.36"
185.193.88.77 - - [03/Jul/2026:16:24:07 +0000] "GET /webpack.mix.js HTTP/1.1" 404 2594 "-" "masscan/1.3 (https://github.com/robertdavidgraham/masscan)"
77.88.55.201 - - [03/Jul/2026:16:24:08 +0000] "HEAD / HTTP/1.1" 200 1913 "/healthz" "Mozilla/5.0 (Macintosh; Intel Mac OS X 14_5) AppleWebKit/605.1.15 Version/17.4 Safari/605.1.15"
194.26.29.89 - - [03/Jul/2026:16:24:08 +0000] "GET /t00.php HTTP/1.1" 405 1984 "-" "sqlmap/1.8.4#stable"
193.142.147.55 - - [03/Jul/2026:16:24:08 +0000] "GET /mysql/web/ HTTP/1.1" 405 1714 "-" "sqlmap/1.8.4#stable"
77.88.55.201 - - [03/Jul/2026:16:24:08 +0000] "GET /assets/app.js HTTP/1.1" 200 4136 "-" "Mozilla/5.0 (compatible; YandexBot/3.0; +http://yandex.com/bots)"
185.193.88.77 - - [03/Jul/2026:16:24:09 +0000] "GET /apache/logs/access.log HTTP/1.1" 403 241 "-" "masscan/1.3 (https://github.com/robertdavidgraham/masscan)"
198.51.100.45 - - [03/Jul/2026:16:24:09 +0000] "GET /about HTTP/1.1" 304 1345 "/sitemap.xml" "Mozilla/5.0 (X11; Linux x86_64) AppleWebKit/537.36 Chrome/122.0.0.0 Safari/537.36"
141.8.153.222 - - [03/Jul/2026:16:24:09 +0000] "GET /about HTTP/1.1" 200 5261 "-" "Mozilla/5.0 (X11; Linux x86_64) AppleWebKit/537.36 Chrome/122.0.0.0 Safari/537.36"
66.249.75.10 - - [03/Jul/2026:16:24:09 +0000] "GET /assets/app.js HTTP/1.1" 200 76891 "/api/products" "Mozilla/5.0 (Macintosh; Intel Mac OS X 14_5) AppleWebKit/605.1.15 Version/17.4 Safari/605.1.15"
40.77.167.21 - - [03/Jul/2026:16:24:10 +0000] "GET / HTTP/1.1" 304 2364 "/assets/app.js" "DuckDuckBot/1.0; (+http://duckduckgo.com/duckduckbot)"
193.142.147.55 - - [03/Jul/2026:16:24:10 +0000] "GET /df_main.sql HTTP/1.1" 403 2351 "-" "dirsearch/0.4.3"
157.55.39.7 - - [03/Jul/2026:16:24:10 +0000] "GET /api/products HTTP/1.1" 200 31902 "/products" "Mozilla/5.0 (Macintosh; Intel Mac OS X 14_5) AppleWebKit/537.36 Chrome/124.0.0.0 Safari/537.36"
157.55.39.7 - - [03/Jul/2026:16:24:11 +0000] "GET /assets/logo.svg HTTP/1.1" 200 79658 "/healthz" "Mozilla/5.0 (Windows NT 10.0; Win64; rv:124.0) Gecko/20100101 Firefox/124.0"
203.0.113.77 - - [03/Jul/2026:16:24:11 +0000] "GET /assets/site.css HTTP/1.1" 200 80596 "/articles/2026/q2" "Mozilla/5.0 (iPad; CPU OS 17_4 like Mac OS X) AppleWebKit/605.1.15 Version/17.4 Mobile/15E148 Safari/604.1"
237.161.41.17 - - [03/Jul/2026:16:24:11 +0000] "GET /articles/2026/q2 HTTP/1.1" 200 29180 "/api/news" "Mozilla/5.0 (Windows NT 10.0; Win64; x64) AppleWebKit/537.36 Chrome/123.0.0.0 Safari/537.36"
77.88.55.201 - - [03/Jul/2026:16:24:12 +0000] "GET /sitemap.xml HTTP/1.1" 304 1177 "/metrics" "Mozilla/5.0 (Macintosh; Intel Mac OS X 14_5) AppleWebKit/537.36 Chrome/124.0.0.0 Safari/537.36"
193.142.147.55 - - [03/Jul/2026:16:24:13 +0000] "HEAD /providers.json HTTP/1.1" 403 2141 "-" "dirsearch/0.4.3"
203.0.113.77 - - [03/Jul/2026:16:24:13 +0000] "GET /favicon.ico HTTP/1.1" 200 5779 "/articles/2026/q2" "Mozilla/5.0 (X11; Linux x86_64) AppleWebKit/537.36 Chrome/122.0.0.0 Safari/537.36"
185.193.88.77 - - [03/Jul/2026:16:24:14 +0000] "OPTIONS /_pkginfo.txt HTTP/1.1" 404 637 "-" "ffuf/2.1.0"
81.248.13.226 - - [03/Jul/2026:16:24:15 +0000] "GET /products HTTP/1.1" 200 71789 "-" "Mozilla/5.0 (Linux; Android 13; SM-S918B) AppleWebKit/537.36 SamsungBrowser/24.0 Chrome/120.0 Mobile Safari/537.36"
10.42.3.224 - - [03/Jul/2026:16:24:15 +0000] "GET /healthz HTTP/1.1" 200 638 "-" "curl/8.6.0"
212.76.133.14 - - [03/Jul/2026:16:24:15 +0000] "GET /products HTTP/1.1" 304 713 "/healthz" "Mozilla/5.0 (Linux; Android 13; SM-S918B) AppleWebKit/537.36 SamsungBrowser/24.0 Chrome/120.0 Mobile Safari/537.36"
77.88.55.201 - - [03/Jul/2026:16:24:15 +0000] "GET /about HTTP/1.1" 304 664 "-" "Mozilla/5.0 (Linux; Android 13; SM-S918B) AppleWebKit/537.36 SamsungBrowser/24.0 Chrome/120.0 Mobile Safari/537.36"
66.249.75.10 - - [03/Jul/2026:16:24:15 +0000] "GET /products HTTP/1.1" 200 36214 "/api/products" "Mozilla/5.0 (Linux; Android 13; SM-S918B) AppleWebKit/537.36 SamsungBrowser/24.0 Chrome/120.0 Mobile Safari/537.36"
104.244.72.115 - - [03/Jul/2026:16:24:15 +0000] "HEAD /.laravel.env HTTP/1.1" 404 1659 "-" "gobuster/3.6"
188.18.77.220 - - [03/Jul/2026:16:24:16 +0000] "GET /assets/site.css HTTP/1.1" 200 52537 "/assets/site.css" "Mozilla/5.0 (Windows NT 10.0; Win64; x64) AppleWebKit/537.36 Edg/124.0.0.0"
229.200.179.99 - - [03/Jul/2026:16:24:16 +0000] "GET /api/news HTTP/1.1" 200 73788 "-" "Mozilla/5.0 (compatible; bingbot/2.0; +http://www.bing.com/bingbot.htm)"
46.188.19.142 - - [03/Jul/2026:16:24:16 +0000] "GET /contacts HTTP/1.1" 304 2499 "-" "Mozilla/5.0 (compatible; Googlebot/2.1; +http://www.google.com/bot.html)"
188.18.77.220 - - [03/Jul/2026:16:24:16 +0000] "GET /articles/2026/q2 HTTP/1.1" 200 57172 "-" "DuckDuckBot/1.0; (+http://duckduckgo.com/duckduckbot)"
46.188.19.142 - - [03/Jul/2026:16:24:17 +0000] "HEAD /assets/logo.svg HTTP/1.1" 200 81937 "/healthz" "Mozilla/5.0 (Windows NT 10.0; Win64; x64) AppleWebKit/537.36 Chrome/123.0.0.0 Safari/537.36"
104.244.72.115 - - [03/Jul/2026:16:24:18 +0000] "GET /app/Config/database.php HTTP/1.1" 404 244 "-" "python-requests/2.31.0"
24.154.207.28 - - [03/Jul/2026:16:24:18 +0000] "GET /assets/logo.svg HTTP/1.1" 200 37528 "-" "Mozilla/5.0 (compatible; Googlebot/2.1; +http://www.google.com/bot.html)"
157.55.39.7 - - [03/Jul/2026:16:24:18 +0000] "GET /products HTTP/1.1" 200 16897 "/api/products" "Mozilla/5.0 (iPad; CPU OS 17_4 like Mac OS X) AppleWebKit/605.1.15 Version/17.4 Mobile/15E148 Safari/604.1"
91.198.174.22 - - [03/Jul/2026:16:24:18 +0000] "GET /sitemap.xml HTTP/1.1" 304 1358 "-" "Mozilla/5.0 (compatible; YandexBot/3.0; +http://yandex.com/bots)"
45.146.164.12 - - [03/Jul/2026:16:24:19 +0000] "OPTIONS /ServerList.xml HTTP/1.1" 404 1287 "-" "DirBuster-1.0-RC1"
80.85.246.17 - - [03/Jul/2026:16:24:19 +0000] "GET /bitrix/logs/ HTTP/1.1" 403 1313 "-" "Go-http-client/1.1"
5.188.206.67 - - [03/Jul/2026:16:24:19 +0000] "OPTIONS /2022.zip HTTP/1.1" 500 325 "-" "python-requests/2.31.0"
77.88.55.201 - - [03/Jul/2026:16:24:20 +0000] "GET /assets/app.js HTTP/1.1" 200 15771 "-" "Mozilla/5.0 (X11; Linux x86_64) AppleWebKit/537.36 Chrome/122.0.0.0 Safari/537.36"
40.77.167.21 - - [03/Jul/2026:16:24:21 +0000] "GET /about HTTP/1.1" 200 84895 "/articles/2026/q2" "Mozilla/5.0 (compatible; Googlebot/2.1; +http://www.google.com/bot.html)"
10.42.0.175 - - [03/Jul/2026:16:24:22 +0000] "GET /healthz HTTP/1.1" 200 2044 "-" "kube-probe/1.30"
188.18.77.220 - - [03/Jul/2026:16:24:23 +0000] "GET /sitemap.xml HTTP/1.1" 200 26940 "-" "Mozilla/5.0 (compatible; Googlebot/2.1; +http://www.google.com/bot.html)"
212.76.133.14 - - [03/Jul/2026:16:24:23 +0000] "GET /products HTTP/1.1" 200 82581 "-" "Mozilla/5.0 (iPad; CPU OS 17_4 like Mac OS X) AppleWebKit/605.1.15 Version/17.4 Mobile/15E148 Safari/604.1"
7.42.98.64 - - [03/Jul/2026:16:24:25 +0000] "GET /assets/app.js HTTP/1.1" 304 3733 "-" "Mozilla/5.0 (iPad; CPU OS 17_4 like Mac OS X) AppleWebKit/605.1.15 Version/17.4 Mobile/15E148 Safari/604.1"
188.18.77.220 - - [03/Jul/2026:16:24:25 +0000] "GET /api/news HTTP/1.1" 200 15877 "-" "Mozilla/5.0 (iPad; CPU OS 17_4 like Mac OS X) AppleWebKit/605.1.15 Version/17.4 Mobile/15E148 Safari/604.1"
80.85.246.17 - - [03/Jul/2026:16:24:27 +0000] "HEAD /log/access.log HTTP/1.1" 403 2192 "-" "python-requests/2.31.0"
212.76.133.14 - - [03/Jul/2026:16:24:28 +0000] "GET /assets/logo.svg HTTP/1.1" 304 2275 "-" "Mozilla/5.0 (iPhone; CPU iPhone OS 17_4 like Mac OS X) AppleWebKit/605.1.15 Version/17.4 Mobile/15E148 Safari/604.1"
40.77.167.21 - - [03/Jul/2026:16:24:28 +0000] "GET / HTTP/1.1" 200 44750 "/" "Mozilla/5.0 (Windows NT 10.0; Win64; rv:124.0) Gecko/20100101 Firefox/124.0"
188.18.77.220 - - [03/Jul/2026:16:24:29 +0000] "GET /assets/app.js HTTP/1.1" 200 84731 "-" "Mozilla/5.0 (compatible; bingbot/2.0; +http://www.bing.com/bingbot.htm)"
80.85.246.17 - - [03/Jul/2026:16:24:30 +0000] "HEAD /squid/ HTTP/1.1" 404 911 "-" "ffuf/2.1.0"
5.188.206.67 - - [03/Jul/2026:16:24:31 +0000] "OPTIONS /tmp/cgi.pl HTTP/1.1" 404 1241 "-" "Go-http-client/1.1"
10.42.3.129 - - [03/Jul/2026:16:24:31 +0000] "GET /healthz HTTP/1.1" 200 2797 "-" "kube-probe/1.30"
221.224.229.224 - - [03/Jul/2026:16:24:31 +0000] "GET /superuser/ HTTP/1.1" 302 2177 "-" "gobuster/3.6"
23.129.64.112 - - [03/Jul/2026:16:24:32 +0000] "HEAD /_logs/access.log HTTP/1.1" 403 2460 "-" "ffuf/2.1.0"
104.244.72.115 - - [03/Jul/2026:16:24:33 +0000] "GET /.joe_state HTTP/1.1" 405 2031 "-" "Nmap Scripting Engine"
104.244.72.115 - - [03/Jul/2026:16:24:33 +0000] "OPTIONS /tmp/cache/models/ HTTP/1.1" 302 1336 "-" "ffuf/2.1.0"
10.42.0.73 - - [03/Jul/2026:16:24:33 +0000] "GET /healthz HTTP/1.1" 200 216 "-" "kube-probe/1.30"
203.0.113.77 - - [03/Jul/2026:16:24:34 +0000] "GET /assets/site.css HTTP/1.1" 304 2951 "/" "Mozilla/5.0 (Macintosh; Intel Mac OS X 14_5) AppleWebKit/537.36 Chrome/124.0.0.0 Safari/537.36"
213.24.11.146 - - [03/Jul/2026:16:24:34 +0000] "GET /healthz HTTP/1.1" 200 35260 "-" "Mozilla/5.0 (Windows NT 10.0; Win64; rv:124.0) Gecko/20100101 Firefox/124.0"
157.55.39.7 - - [03/Jul/2026:16:24:34 +0000] "GET /assets/app.js HTTP/1.1" 200 57740 "-" "Mozilla/5.0 (iPad; CPU OS 17_4 like Mac OS X) AppleWebKit/605.1.15 Version/17.4 Mobile/15E148 Safari/604.1"
198.51.100.45 - - [03/Jul/2026:16:24:34 +0000] "GET /products HTTP/1.1" 200 75882 "/sitemap.xml" "DuckDuckBot/1.0; (+http://duckduckgo.com/duckduckbot)"
23.129.64.112 - - [03/Jul/2026:16:24:34 +0000] "GET /sftp-config.json HTTP/1.1" 404 245 "-" "sqlmap/1.8.4#stable"
191.10.203.126 - - [03/Jul/2026:16:24:35 +0000] "GET /api/v2/playground HTTP/1.1" 404 1466 "-" "masscan/1.3 (https://github.com/robertdavidgraham/masscan)"
10.42.2.62 - - [03/Jul/2026:16:24:36 +0000] "GET /healthz HTTP/1.1" 200 2130 "-" "kube-probe/1.30"
46.188.19.142 - - [03/Jul/2026:16:24:36 +0000] "GET /assets/logo.svg HTTP/1.1" 200 57658 "/" "Mozilla/5.0 (Macintosh; Intel Mac OS X 14_5) AppleWebKit/537.36 Chrome/124.0.0.0 Safari/537.36"
10.42.2.182 - - [03/Jul/2026:16:24:36 +0000] "GET /healthz HTTP/1.1" 200 4863 "-" "curl/8.6.0"
40.77.167.21 - - [03/Jul/2026:16:24:36 +0000] "GET /robots.txt HTTP/1.1" 304 1303 "/sitemap.xml" "Mozilla/5.0 (Macintosh; Intel Mac OS X 14_5) AppleWebKit/537.36 Chrome/124.0.0.0 Safari/537.36"
10.42.2.34 - - [03/Jul/2026:16:24:36 +0000] "GET /metrics HTTP/1.1" 200 1491 "-" "curl/8.6.0"
203.0.113.77 - - [03/Jul/2026:16:24:36 +0000] "GET /assets/app.js HTTP/1.1" 200 30671 "-" "Mozilla/5.0 (Windows NT 10.0; Win64; x64) AppleWebKit/537.36 Chrome/123.0.0.0 Safari/537.36"
188.18.77.220 - - [03/Jul/2026:16:24:37 +0000] "GET /assets/site.css HTTP/1.1" 304 471 "-" "Mozilla/5.0 (Macintosh; Intel Mac OS X 14_5) AppleWebKit/537.36 Chrome/124.0.0.0 Safari/537.36"
10.42.2.159 - - [03/Jul/2026:16:24:38 +0000] "GET /healthz HTTP/1.1" 200 239 "-" "curl/8.6.0"
45.146.164.12 - - [03/Jul/2026:16:24:39 +0000] "OPTIONS /firebase-debug.log HTTP/1.1" 403 2227 "-" "dirsearch/0.4.3"
47.61.12.169 - - [03/Jul/2026:16:24:39 +0000] "GET /metrics HTTP/1.1" 200 2974 "/healthz" "Mozilla/5.0 (Macintosh; Intel Mac OS X 14_5) AppleWebKit/537.36 Chrome/124.0.0.0 Safari/537.36"
198.51.100.45 - - [03/Jul/2026:16:24:39 +0000] "GET /api/news HTTP/1.1" 200 44450 "-" "Mozilla/5.0 (X11; Linux x86_64) AppleWebKit/537.36 Chrome/122.0.0.0 Safari/537.36"
104.244.72.115 - - [03/Jul/2026:16:24:41 +0000] "OPTIONS /moderator/admin.html HTTP/1.1" 404 1383 "-" "masscan/1.3 (https://github.com/robertdavidgraham/masscan)"
46.188.19.142 - - [03/Jul/2026:16:24:41 +0000] "GET /api/products HTTP/1.1" 304 829 "/articles/2026/q2" "Mozilla/5.0 (Macintosh; Intel Mac OS X 14_5) AppleWebKit/537.36 Chrome/124.0.0.0 Safari/537.36"
212.76.133.14 - - [03/Jul/2026:16:24:42 +0000] "GET /contacts HTTP/1.1" 200 52935 "-" "Mozilla/5.0 (iPad; CPU OS 17_4 like Mac OS X) AppleWebKit/605.1.15 Version/17.4 Mobile/15E148 Safari/604.1"
80.85.246.17 - - [03/Jul/2026:16:24:42 +0000] "GET /server/server.js HTTP/1.1" 403 582 "-" "Wfuzz/3.1.0"
10.42.3.212 - - [03/Jul/2026:16:24:42 +0000] "GET /healthz HTTP/1.1" 200 1304 "-" "curl/8.6.0"
10.42.3.221 - - [03/Jul/2026:16:24:43 +0000] "GET /healthz HTTP/1.1" 200 2135 "-" "kube-probe/1.30"
40.77.167.21 - - [03/Jul/2026:16:24:45 +0000] "GET /articles/2026/q2 HTTP/1.1" 200 33279 "-" "Mozilla/5.0 (Windows NT 10.0; Win64; x64) AppleWebKit/537.36 Edg/124.0.0.0"
45.146.164.12 - - [03/Jul/2026:16:24:45 +0000] "GET /_logs/access.log HTTP/1.1" 405 2206 "-" "feroxbuster/2.11.0"
104.244.72.115 - - [03/Jul/2026:16:24:47 +0000] "OPTIONS /.vimrc HTTP/1.1" 404 2597 "-" "DirBuster-1.0-RC1"
212.76.133.14 - - [03/Jul/2026:16:24:47 +0000] "GET /robots.txt HTTP/1.1" 200 25263 "-" "Mozilla/5.0 (Windows NT 10.0; Win64; x64) AppleWebKit/537.36 Edg/124.0.0.0"
66.249.75.10 - - [03/Jul/2026:16:24:47 +0000] "GET /assets/site.css HTTP/1.1" 200 52489 "-" "Mozilla/5.0 (Windows NT 10.0; Win64; x64) AppleWebKit/537.36 Edg/124.0.0.0"
198.51.100.45 - - [03/Jul/2026:16:24:48 +0000] "GET /api/products HTTP/1.1" 200 8312 "-" "Mozilla/5.0 (Linux; Android 13; SM-S918B) AppleWebKit/537.36 SamsungBrowser/24.0 Chrome/120.0 Mobile Safari/537.36"
46.188.19.142 - - [03/Jul/2026:16:24:48 +0000] "GET /metrics HTTP/1.1" 200 30022 "/robots.txt" "Mozilla/5.0 (compatible; bingbot/2.0; +http://www.bing.com/bingbot.htm)"
85.237.112.85 - - [03/Jul/2026:16:24:49 +0000] "GET /favicon.ico HTTP/1.1" 200 5886 "-" "Mozilla/5.0 (compatible; YandexBot/3.0; +http://yandex.com/bots)"
5.188.206.67 - - [03/Jul/2026:16:24:49 +0000] "GET /plugins/upload.php HTTP/1.1" 302 2180 "-" "Nmap Scripting Engine"
46.188.19.142 - - [03/Jul/2026:16:24:49 +0000] "HEAD /products HTTP/1.1" 200 60458 "/favicon.ico" "Mozilla/5.0 (compatible; Googlebot/2.1; +http://www.google.com/bot.html)"
40.77.167.21 - - [03/Jul/2026:16:24:49 +0000] "GET /assets/logo.svg HTTP/1.1" 200 73491 "/products" "Mozilla/5.0 (Windows NT 10.0; Win64; rv:124.0) Gecko/20100101 Firefox/124.0"
5.188.206.67 - - [03/Jul/2026:16:24:50 +0000] "GET /2021.tgz HTTP/1.1" 404 1157 "-" "masscan/1.3 (https://github.com/robertdavidgraham/masscan)"
141.127.219.248 - - [03/Jul/2026:16:24:52 +0000] "GET / HTTP/1.1" 200 26743 "-" "Mozilla/5.0 (X11; Linux x86_64) AppleWebKit/537.36 Chrome/122.0.0.0 Safari/537.36"
171.25.193.20 - - [03/Jul/2026:16:24:52 +0000] "GET /vqmod/vqcache/ HTTP/1.1" 500 2338 "-" "sqlmap/1.8.4#stable"
193.142.147.55 - - [03/Jul/2026:16:24:53 +0000] "GET /nbactions.xml HTTP/1.1" 302 2391 "-" "feroxbuster/2.11.0"
212.76.133.14 - - [03/Jul/2026:16:24:54 +0000] "GET /products HTTP/1.1" 200 70407 "/robots.txt" "Mozilla/5.0 (iPhone; CPU iPhone OS 17_4 like Mac OS X) AppleWebKit/605.1.15 Version/17.4 Mobile/15E148 Safari/604.1"
46.188.19.142 - - [03/Jul/2026:16:24:55 +0000] "HEAD /metrics HTTP/1.1" 200 61123 "-" "Mozilla/5.0 (iPad; CPU OS 17_4 like Mac OS X) AppleWebKit/605.1.15 Version/17.4 Mobile/15E148 Safari/604.1"
240.167.148.139 - - [03/Jul/2026:16:24:56 +0000] "HEAD /bb-admin/index.html HTTP/1.1" 403 1012 "-" "ffuf/2.1.0"
10.42.3.58 - - [03/Jul/2026:16:24:56 +0000] "GET /healthz HTTP/1.1" 200 262 "-" "kube-probe/1.30"
219.49.97.130 - - [03/Jul/2026:16:24:57 +0000] "GET /.filezilla/sitemanager.xml.xml HTTP/1.1" 404 790 "-" "Nmap Scripting Engine"
213.24.11.146 - - [03/Jul/2026:16:24:59 +0000] "GET / HTTP/1.1" 200 55508 "/articles/2026/q2" "Mozilla/5.0 (Windows NT 10.0; Win64; rv:124.0) Gecko/20100101 Firefox/124.0"
156.146.62.11 - - [03/Jul/2026:16:25:01 +0000] "GET /.ssh/id_rsa.pub HTTP/1.1" 403 1645 "-" "Nmap Scripting Engine"
45.9.148.77 - - [03/Jul/2026:16:25:02 +0000] "GET /config/database.yml HTTP/1.1" 405 227 "-" "Wfuzz/3.1.0"
113.164.3.158 - - [03/Jul/2026:16:25:02 +0000] "HEAD /assets/site.css HTTP/1.1" 304 1082 "-" "Mozilla/5.0 (Windows NT 10.0; Win64; x64) AppleWebKit/537.36 Edg/124.0.0.0"
91.198.174.22 - - [03/Jul/2026:16:25:03 +0000] "GET /contacts HTTP/1.1" 200 80178 "/" "Mozilla/5.0 (Windows NT 10.0; Win64; x64) AppleWebKit/537.36 Edg/124.0.0.0"
212.76.133.14 - - [03/Jul/2026:16:25:03 +0000] "GET /assets/app.js HTTP/1.1" 200 16488 "/healthz" "Mozilla/5.0 (Windows NT 10.0; Win64; x64) AppleWebKit/537.36 Chrome/123.0.0.0 Safari/537.36"
77.88.55.201 - - [03/Jul/2026:16:25:03 +0000] "GET /api/products HTTP/1.1" 200 41526 "/" "Mozilla/5.0 (Windows NT 10.0; Win64; x64) AppleWebKit/537.36 Edg/124.0.0.0"
157.55.39.7 - - [03/Jul/2026:16:25:04 +0000] "GET /api/products HTTP/1.1" 200 33481 "/assets/app.js" "Mozilla/5.0 (iPad; CPU OS 17_4 like Mac OS X) AppleWebKit/605.1.15 Version/17.4 Mobile/15E148 Safari/604.1"
212.76.133.14 - - [03/Jul/2026:16:25:05 +0000] "GET /about HTTP/1.1" 200 70570 "-" "Mozilla/5.0 (compatible; bingbot/2.0; +http://www.bing.com/bingbot.htm)"
171.25.193.20 - - [03/Jul/2026:16:25:05 +0000] "GET /painel/config/config.php.example HTTP/1.1" 404 1527 "-" "DirBuster-1.0-RC1"
203.0.113.77 - - [03/Jul/2026:16:25:05 +0000] "GET /assets/site.css HTTP/1.1" 200 66833 "/assets/logo.svg" "Mozilla/5.0 (Macintosh; Intel Mac OS X 14_5) AppleWebKit/605.1.15 Version/17.4 Safari/605.1.15"
23.129.64.112 - - [03/Jul/2026:16:25:05 +0000] "HEAD /includes/bootstrap.inc HTTP/1.1" 301 1737 "-" "DirBuster-1.0-RC1"
212.76.133.14 - - [03/Jul/2026:16:25:05 +0000] "HEAD /favicon.ico HTTP/1.1" 200 17706 "-" "Mozilla/5.0 (Linux; Android 13; SM-S918B) AppleWebKit/537.36 SamsungBrowser/24.0 Chrome/120.0 Mobile Safari/537.36"
157.55.39.7 - - [03/Jul/2026:16:25:06 +0000] "HEAD / HTTP/1.1" 200 73775 "/assets/logo.svg" "Mozilla/5.0 (Linux; Android 13; SM-S918B) AppleWebKit/537.36 SamsungBrowser/24.0 Chrome/120.0 Mobile Safari/537.36"
77.88.55.201 - - [03/Jul/2026:16:25:07 +0000] "GET /metrics HTTP/1.1" 200 46426 "-" "Mozilla/5.0 (Linux; Android 13; SM-S918B) AppleWebKit/537.36 SamsungBrowser/24.0 Chrome/120.0 Mobile Safari/537.36"
198.131.136.193 - - [03/Jul/2026:16:25:07 +0000] "GET /php/dev/ HTTP/1.1" 302 2589 "-" "ffuf/2.1.0"
203.0.113.77 - - [03/Jul/2026:16:25:10 +0000] "GET /assets/site.css HTTP/1.1" 200 26043 "/api/news" "Mozilla/5.0 (compatible; Googlebot/2.1; +http://www.google.com/bot.html)"
46.188.19.142 - - [03/Jul/2026:16:25:10 +0000] "GET /metrics HTTP/1.1" 200 29673 "-" "Mozilla/5.0 (Macintosh; Intel Mac OS X 14_5) AppleWebKit/537.36 Chrome/124.0.0.0 Safari/537.36"
5.188.206.67 - - [03/Jul/2026:16:25:11 +0000] "GET /.nsf HTTP/1.1" 404 1314 "-" "sqlmap/1.8.4#stable"
46.188.19.142 - - [03/Jul/2026:16:25:12 +0000] "GET /assets/site.css HTTP/1.1" 200 51454 "-" "Mozilla/5.0 (iPhone; CPU iPhone OS 17_4 like Mac OS X) AppleWebKit/605.1.15 Version/17.4 Mobile/15E148 Safari/604.1"
66.249.75.10 - - [03/Jul/2026:16:25:12 +0000] "GET /sitemap.xml HTTP/1.1" 304 2254 "-" "Mozilla/5.0 (Macintosh; Intel Mac OS X 14_5) AppleWebKit/605.1.15 Version/17.4 Safari/605.1.15"
10.42.1.13 - - [03/Jul/2026:16:25:12 +0000] "GET /healthz HTTP/1.1" 200 3224 "-" "curl/8.6.0"
193.142.147.55 - - [03/Jul/2026:16:25:12 +0000] "HEAD /2024.tar.gz HTTP/1.1" 301 1090 "-" "Wfuzz/3.1.0"
198.51.100.45 - - [03/Jul/2026:16:25:15 +0000] "GET /articles/2026/q2 HTTP/1.1" 200 37883 "-" "Mozilla/5.0 (Windows NT 10.0; Win64; x64) AppleWebKit/537.36 Chrome/123.0.0.0 Safari/537.36"
198.51.100.45 - - [03/Jul/2026:16:25:19 +0000] "GET /articles/2026/q2 HTTP/1.1" 200 59265 "/assets/app.js" "Mozilla/5.0 (compatible; bingbot/2.0; +http://www.bing.com/bingbot.htm)"
46.188.19.142 - - [03/Jul/2026:16:25:20 +0000] "GET /healthz HTTP/1.1" 200 72476 "/api/news" "Mozilla/5.0 (X11; Linux x86_64) AppleWebKit/537.36 Chrome/122.0.0.0 Safari/537.36"
77.88.55.201 - - [03/Jul/2026:16:25:20 +0000] "GET /sitemap.xml HTTP/1.1" 200 27889 "/sitemap.xml" "Mozilla/5.0 (X11; Linux x86_64) AppleWebKit/537.36 Chrome/122.0.0.0 Safari/537.36"
212.76.133.14 - - [03/Jul/2026:16:25:21 +0000] "GET /favicon.ico HTTP/1.1" 304 3398 "-" "Mozilla/5.0 (Windows NT 10.0; Win64; rv:124.0) Gecko/20100101 Firefox/124.0"
46.188.19.142 - - [03/Jul/2026:16:25:21 +0000] "GET /favicon.ico HTTP/1.1" 200 14538 "-" "Mozilla/5.0 (Windows NT 10.0; Win64; rv:124.0) Gecko/20100101 Firefox/124.0"
194.26.29.89 - - [03/Jul/2026:16:25:22 +0000] "GET /logs/error_log HTTP/1.1" 404 1412 "-" "dirsearch/0.4.3"
157.55.39.7 - - [03/Jul/2026:16:25:22 +0000] "GET /assets/logo.svg HTTP/1.1" 200 55817 "/api/products" "Mozilla/5.0 (Linux; Android 13; SM-S918B) AppleWebKit/537.36 SamsungBrowser/24.0 Chrome/120.0 Mobile Safari/537.36"
212.76.133.14 - - [03/Jul/2026:16:25:23 +0000] "GET /assets/logo.svg HTTP/1.1" 200 32932 "-" "Mozilla/5.0 (Windows NT 10.0; Win64; x64) AppleWebKit/537.36 Edg/124.0.0.0"
40.77.167.21 - - [03/Jul/2026:16:25:23 +0000] "GET /api/news HTTP/1.1" 200 41717 "-" "Mozilla/5.0 (iPad; CPU OS 17_4 like Mac OS X) AppleWebKit/605.1.15 Version/17.4 Mobile/15E148 Safari/604.1"
77.88.55.201 - - [03/Jul/2026:16:25:23 +0000] "GET / HTTP/1.1" 200 52692 "/contacts" "Mozilla/5.0 (compatible; Googlebot/2.1; +http://www.google.com/bot.html)"
23.129.64.112 - - [03/Jul/2026:16:25:23 +0000] "GET /files.7z HTTP/1.1" 403 2340 "-" "DirBuster-1.0-RC1"
104.244.72.115 - - [03/Jul/2026:16:25:23 +0000] "OPTIONS /nginx-access.log HTTP/1.1" 301 2578 "-" "python-requests/2.31.0"
171.25.193.20 - - [03/Jul/2026:16:25:24 +0000] "HEAD /compile HTTP/1.1" 403 1445 "-" "Nmap Scripting Engine"
10.42.1.11 - - [03/Jul/2026:16:25:24 +0000] "GET /healthz HTTP/1.1" 200 5366 "-" "curl/8.6.0"
157.55.39.7 - - [03/Jul/2026:16:25:25 +0000] "HEAD /articles/2026/q2 HTTP/1.1" 304 1235 "-" "Mozilla/5.0 (Windows NT 10.0; Win64; x64) AppleWebKit/537.36 Chrome/123.0.0.0 Safari/537.36"
66.249.75.10 - - [03/Jul/2026:16:25:25 +0000] "GET /robots.txt HTTP/1.1" 200 79279 "/metrics" "Mozilla/5.0 (iPad; CPU OS 17_4 like Mac OS X) AppleWebKit/605.1.15 Version/17.4 Mobile/15E148 Safari/604.1"
22.236.20.239 - - [03/Jul/2026:16:25:25 +0000] "HEAD /.project.xml HTTP/1.1" 301 762 "-" "Wfuzz/3.1.0"
46.188.19.142 - - [03/Jul/2026:16:25:26 +0000] "GET / HTTP/1.1" 200 83029 "/assets/site.css" "Mozilla/5.0 (compatible; bingbot/2.0; +http://www.bing.com/bingbot.htm)"
5.188.206.67 - - [03/Jul/2026:16:25:26 +0000] "HEAD /magmi/ HTTP/1.1" 301 2158 "-" "python-requests/2.31.0"
157.55.39.7 - - [03/Jul/2026:16:25:27 +0000] "GET /api/products HTTP/1.1" 200 9022 "-" "Mozilla/5.0 (compatible; bingbot/2.0; +http://www.bing.com/bingbot.htm)"
91.198.174.22 - - [03/Jul/2026:16:25:27 +0000] "GET /healthz HTTP/1.1" 200 84253 "/articles/2026/q2" "Mozilla/5.0 (Macintosh; Intel Mac OS X 14_5) AppleWebKit/537.36 Chrome/124.0.0.0 Safari/537.36"
5.188.206.67 - - [03/Jul/2026:16:25:28 +0000] "GET /apache/logs/access.log HTTP/1.1" 500 170 "-" "gobuster/3.6"
203.0.113.77 - - [03/Jul/2026:16:25:28 +0000] "HEAD /favicon.ico HTTP/1.1" 200 84925 "/favicon.ico" "Mozilla/5.0 (Macintosh; Intel Mac OS X 14_5) AppleWebKit/605.1.15 Version/17.4 Safari/605.1.15"
198.51.100.45 - - [03/Jul/2026:16:25:28 +0000] "HEAD /articles/2026/q2 HTTP/1.1" 200 32040 "-" "Mozilla/5.0 (Linux; Android 13; SM-S918B) AppleWebKit/537.36 SamsungBrowser/24.0 Chrome/120.0 Mobile Safari/537.36"
203.0.113.77 - - [03/Jul/2026:16:25:28 +0000] "GET / HTTP/1.1" 304 3135 "-" "Mozilla/5.0 (Macintosh; Intel Mac OS X 14_5) AppleWebKit/537.36 Chrome/124.0.0.0 Safari/537.36"
40.77.167.21 - - [03/Jul/2026:16:25:28 +0000] "GET /favicon.ico HTTP/1.1" 200 31926 "-" "Mozilla/5.0 (Macintosh; Intel Mac OS X 14_5) AppleWebKit/537.36 Chrome/124.0.0.0 Safari/537.36"
212.76.133.14 - - [03/Jul/2026:16:25:29 +0000] "GET /about HTTP/1.1" 304 645 "-" "Mozilla/5.0 (iPad; CPU OS 17_4 like Mac OS X) AppleWebKit/605.1.15 Version/17.4 Mobile/15E148 Safari/604.1"
106.5.69.156 - - [03/Jul/2026:16:25:29 +0000] "GET /healthz HTTP/1.1" 200 25976 "/assets/logo.svg" "Mozilla/5.0 (Linux; Android 13; SM-S918B) AppleWebKit/537.36 SamsungBrowser/24.0 Chrome/120.0 Mobile Safari/537.36"
156.146.62.11 - - [03/Jul/2026:16:25:29 +0000] "GET /assets/js/fckeditor HTTP/1.1" 404 1562 "-" "Wfuzz/3.1.0"
203.0.113.77 - - [03/Jul/2026:16:25:30 +0000] "GET /api/news HTTP/1.1" 200 19173 "-" "Mozilla/5.0 (compatible; bingbot/2.0; +http://www.bing.com/bingbot.htm)"
10.42.0.81 - - [03/Jul/2026:16:25:32 +0000] "GET /healthz HTTP/1.1" 200 5000 "-" "kube-probe/1.30"
10.42.3.94 - - [03/Jul/2026:16:25:32 +0000] "GET /healthz HTTP/1.1" 200 1991 "-" "curl/8.6.0"
66.249.75.10 - - [03/Jul/2026:16:25:33 +0000] "HEAD /assets/logo.svg HTTP/1.1" 200 66057 "-" "Mozilla/5.0 (Macintosh; Intel Mac OS X 14_5) AppleWebKit/537.36 Chrome/124.0.0.0 Safari/537.36"
185.220.101.54 - - [03/Jul/2026:16:25:36 +0000] "GET /manifest/logs/ HTTP/1.1" 404 269 "-" "DirBuster-1.0-RC1"
40.77.167.21 - - [03/Jul/2026:16:25:37 +0000] "GET /favicon.ico HTTP/1.1" 200 28764 "/favicon.ico" "Mozilla/5.0 (Windows NT 10.0; Win64; rv:124.0) Gecko/20100101 Firefox/124.0"
22.251.121.122 - - [03/Jul/2026:16:25:37 +0000] "GET /api/products HTTP/1.1" 200 34906 "-" "Mozilla/5.0 (X11; Linux x86_64) AppleWebKit/537.36 Chrome/122.0.0.0 Safari/537.36"
213.24.11.146 - - [03/Jul/2026:16:25:37 +0000] "GET /assets/app.js HTTP/1.1" 200 4439 "/sitemap.xml" "Mozilla/5.0 (Linux; Android 13; SM-S918B) AppleWebKit/537.36 SamsungBrowser/24.0 Chrome/120.0 Mobile Safari/537.36"
40.77.167.21 - - [03/Jul/2026:16:25:38 +0000] "GET /favicon.ico HTTP/1.1" 200 55833 "/assets/site.css" "Mozilla/5.0 (iPad; CPU OS 17_4 like Mac OS X) AppleWebKit/605.1.15 Version/17.4 Mobile/15E148 Safari/604.1"
5.188.206.67 - - [03/Jul/2026:16:25:38 +0000] "HEAD /ad_manage HTTP/1.1" 403 332 "-" "ffuf/2.1.0"
193.142.147.55 - - [03/Jul/2026:16:25:38 +0000] "OPTIONS /FCKeditor21/ HTTP/1.1" 500 1806 "-" "DirBuster-1.0-RC1"
77.88.55.201 - - [03/Jul/2026:16:25:38 +0000] "GET /contacts HTTP/1.1" 200 79991 "-" "Mozilla/5.0 (iPhone; CPU iPhone OS 17_4 like Mac OS X) AppleWebKit/605.1.15 Version/17.4 Mobile/15E148 Safari/604.1"
203.0.113.77 - - [03/Jul/2026:16:25:38 +0000] "GET /api/news HTTP/1.1" 200 43187 "-" "Mozilla/5.0 (Windows NT 10.0; Win64; x64) AppleWebKit/537.36 Edg/124.0.0.0"
203.0.113.77 - - [03/Jul/2026:16:25:39 +0000] "GET /assets/app.js HTTP/1.1" 200 28223 "-" "Mozilla/5.0 (Macintosh; Intel Mac OS X 14_5) AppleWebKit/537.36 Chrome/124.0.0.0 Safari/537.36"
66.249.75.10 - - [03/Jul/2026:16:25:41 +0000] "GET /metrics HTTP/1.1" 304 3825 "/assets/site.css" "Mozilla/5.0 (Windows NT 10.0; Win64; rv:124.0) Gecko/20100101 Firefox/124.0"
66.249.75.10 - - [03/Jul/2026:16:25:41 +0000] "GET /robots.txt HTTP/1.1" 200 74627 "-" "Mozilla/5.0 (Macintosh; Intel Mac OS X 14_5) AppleWebKit/605.1.15 Version/17.4 Safari/605.1.15"
40.77.167.21 - - [03/Jul/2026:16:25:42 +0000] "GET /contacts HTTP/1.1" 200 43565 "/api/news" "Mozilla/5.0 (Macintosh; Intel Mac OS X 14_5) AppleWebKit/537.36 Chrome/124.0.0.0 Safari/537.36"
212.76.133.14 - - [03/Jul/2026:16:25:42 +0000] "GET /sitemap.xml HTTP/1.1" 200 33807 "-" "Mozilla/5.0 (Windows NT 10.0; Win64; x64) AppleWebKit/537.36 Chrome/123.0.0.0 Safari/537.36"
213.24.11.146 - - [03/Jul/2026:16:25:42 +0000] "GET / HTTP/1.1" 200 84736 "-" "Mozilla/5.0 (Macintosh; Intel Mac OS X 14_5) AppleWebKit/537.36 Chrome/124.0.0.0 Safari/537.36"
141.8.153.222 - - [03/Jul/2026:16:25:43 +0000] "GET /assets/app.js HTTP/1.1" 304 2312 "-" "Mozilla/5.0 (iPad; CPU OS 17_4 like Mac OS X) AppleWebKit/605.1.15 Version/17.4 Mobile/15E148 Safari/604.1"
141.8.153.222 - - [03/Jul/2026:16:25:44 +0000] "GET /sitemap.xml HTTP/1.1" 304 1890 "/robots.txt" "Mozilla/5.0 (Macintosh; Intel Mac OS X 14_5) AppleWebKit/537.36 Chrome/124.0.0.0 Safari/537.36"
45.146.164.12 - - [03/Jul/2026:16:25:45 +0000] "OPTIONS /tar HTTP/1.1" 404 2012 "-" "gobuster/3.6"
104.244.72.115 - - [03/Jul/2026:16:25:47 +0000] "GET /logs.html HTTP/1.1" 404 2442 "-" "Wfuzz/3.1.0"
194.26.29.89 - - [03/Jul/2026:16:25:47 +0000] "OPTIONS /administrators/ HTTP/1.1" 404 576 "-" "Go-http-client/1.1"
193.142.147.55 - - [03/Jul/2026:16:25:47 +0000] "HEAD /editor-4.0.3-en.php HTTP/1.1" 500 1538 "-" "python-requests/2.31.0"
23.129.64.112 - - [03/Jul/2026:16:25:48 +0000] "GET /qql/ HTTP/1.1" 404 944 "-" "Wfuzz/3.1.0"
40.77.167.21 - - [03/Jul/2026:16:25:48 +0000] "GET /favicon.ico HTTP/1.1" 200 76310 "/assets/app.js" "Mozilla/5.0 (Windows NT 10.0; Win64; rv:124.0) Gecko/20100101 Firefox/124.0"
157.55.39.7 - - [03/Jul/2026:16:25:48 +0000] "GET /products HTTP/1.1" 200 38574 "/assets/site.css" "DuckDuckBot/1.0; (+http://duckduckgo.com/duckduckbot)"
46.188.19.142 - - [03/Jul/2026:16:25:48 +0000] "GET /products HTTP/1.1" 200 18990 "/healthz" "Mozilla/5.0 (Windows NT 10.0; Win64; x64) AppleWebKit/537.36 Edg/124.0.0.0"
198.51.100.45 - - [03/Jul/2026:16:25:48 +0000] "GET /metrics HTTP/1.1" 200 76459 "/favicon.ico" "Mozilla/5.0 (iPhone; CPU iPhone OS 17_4 like Mac OS X) AppleWebKit/605.1.15 Version/17.4 Mobile/15E148 Safari/604.1"
198.51.100.45 - - [03/Jul/2026:16:25:49 +0000] "GET /sitemap.xml HTTP/1.1" 200 20037 "-" "DuckDuckBot/1.0; (+http://duckduckgo.com/duckduckbot)"
117.161.144.167 - - [03/Jul/2026:16:25:52 +0000] "GET /.idea/WebServers.xml HTTP/1.1" 404 2392 "-" "gobuster/3.6"
212.76.133.14 - - [03/Jul/2026:16:25:52 +0000] "HEAD /metrics HTTP/1.1" 304 1295 "-" "Mozilla/5.0 (compatible; Googlebot/2.1; +http://www.google.com/bot.html)"
203.0.113.77 - - [03/Jul/2026:16:25:52 +0000] "GET /products HTTP/1.1" 200 37416 "-" "Mozilla/5.0 (Macintosh; Intel Mac OS X 14_5) AppleWebKit/537.36 Chrome/124.0.0.0 Safari/537.36"
77.88.55.201 - - [03/Jul/2026:16:25:53 +0000] "GET /articles/2026/q2 HTTP/1.1" 200 52545 "-" "Mozilla/5.0 (iPad; CPU OS 17_4 like Mac OS X) AppleWebKit/605.1.15 Version/17.4 Mobile/15E148 Safari/604.1"
23.129.64.112 - - [03/Jul/2026:16:25:53 +0000] "GET /httpd/logs/access.log HTTP/1.1" 500 1021 "-" "dirsearch/0.4.3"
46.188.19.142 - - [03/Jul/2026:16:25:53 +0000] "GET /api/products HTTP/1.1" 200 54395 "-" "Mozilla/5.0 (Macintosh; Intel Mac OS X 14_5) AppleWebKit/605.1.15 Version/17.4 Safari/605.1.15"
203.0.113.77 - - [03/Jul/2026:16:25:53 +0000] "GET /articles/2026/q2 HTTP/1.1" 200 80085 "/api/products" "Mozilla/5.0 (Windows NT 10.0; Win64; x64) AppleWebKit/537.36 Chrome/123.0.0.0 Safari/537.36"
194.26.29.89 - - [03/Jul/2026:16:25:55 +0000] "GET /administrator/account HTTP/1.1" 404 2152 "-" "masscan/1.3 (https://github.com/robertdavidgraham/masscan)"
203.0.113.77 - - [03/Jul/2026:16:25:55 +0000] "GET /assets/logo.svg HTTP/1.1" 200 54393 "/about" "Mozilla/5.0 (Macintosh; Intel Mac OS X 14_5) AppleWebKit/605.1.15 Version/17.4 Safari/605.1.15"
92.14.51.118 - - [03/Jul/2026:16:25:56 +0000] "GET /robots.txt HTTP/1.1" 200 65360 "/metrics" "Mozilla/5.0 (Linux; Android 13; SM-S918B) AppleWebKit/537.36 SamsungBrowser/24.0 Chrome/120.0 Mobile Safari/537.36"
91.198.174.22 - - [03/Jul/2026:16:25:56 +0000] "GET / HTTP/1.1" 200 34168 "-" "Mozilla/5.0 (Linux; Android 13; SM-S918B) AppleWebKit/537.36 SamsungBrowser/24.0 Chrome/120.0 Mobile Safari/537.36"
66.249.75.10 - - [03/Jul/2026:16:25:57 +0000] "GET /healthz HTTP/1.1" 200 70737 "-" "DuckDuckBot/1.0; (+http://duckduckgo.com/duckduckbot)"
213.24.11.146 - - [03/Jul/2026:16:25:57 +0000] "GET /assets/logo.svg HTTP/1.1" 200 66430 "-" "Mozilla/5.0 (iPhone; CPU iPhone OS 17_4 like Mac OS X) AppleWebKit/605.1.15 Version/17.4 Mobile/15E148 Safari/604.1"
185.193.88.77 - - [03/Jul/2026:16:25:58 +0000] "GET /control HTTP/1.1" 302 1924 "-" "feroxbuster/2.11.0"
212.76.133.14 - - [03/Jul/2026:16:25:59 +0000] "GET /assets/app.js HTTP/1.1" 200 16928 "-" "Mozilla/5.0 (Windows NT 10.0; Win64; x64) AppleWebKit/537.36 Edg/124.0.0.0"
198.51.100.45 - - [03/Jul/2026:16:25:59 +0000] "GET /metrics HTTP/1.1" 200 82441 "-" "DuckDuckBot/1.0; (+http://duckduckgo.com/duckduckbot)"
213.24.11.146 - - [03/Jul/2026:16:25:59 +0000] "GET /api/news HTTP/1.1" 200 31893 "-" "Mozilla/5.0 (Windows NT 10.0; Win64; x64) AppleWebKit/537.36 Chrome/123.0.0.0 Safari/537.36"
213.24.11.146 - - [03/Jul/2026:16:26:01 +0000] "GET /assets/app.js HTTP/1.1" 200 38698 "/assets/logo.svg" "Mozilla/5.0 (Linux; Android 13; SM-S918B) AppleWebKit/537.36 SamsungBrowser/24.0 Chrome/120.0 Mobile Safari/537.36"
177.68.76.166 - - [03/Jul/2026:16:26:01 +0000] "GET / HTTP/1.1" 200 26913 "/contacts" "Mozilla/5.0 (compatible; bingbot/2.0; +http://www.bing.com/bingbot.htm)"
80.85.246.17 - - [03/Jul/2026:16:26:02 +0000] "GET /config.yml HTTP/1.1" 403 1910 "-" "gobuster/3.6"
105.114.164.211 - - [03/Jul/2026:16:26:03 +0000] "GET /yarn-error.log HTTP/1.1" 403 506 "-" "sqlmap/1.8.4#stable"
23.129.64.112 - - [03/Jul/2026:16:26:03 +0000] "HEAD /containerLogs/ HTTP/1.1" 404 1451 "-" "Go-http-client/1.1"
194.26.29.89 - - [03/Jul/2026:16:26:03 +0000] "GET /t00.php HTTP/1.1" 404 783 "-" "ffuf/2.1.0"
77.88.55.201 - - [03/Jul/2026:16:26:03 +0000] "GET /api/products HTTP/1.1" 200 41135 "-" "Mozilla/5.0 (X11; Linux x86_64) AppleWebKit/537.36 Chrome/122.0.0.0 Safari/537.36"
212.76.133.14 - - [03/Jul/2026:16:26:06 +0000] "GET /assets/site.css HTTP/1.1" 304 2151 "-" "Mozilla/5.0 (compatible; Googlebot/2.1; +http://www.google.com/bot.html)"
23.129.64.112 - - [03/Jul/2026:16:26:06 +0000] "GET /pmamy2/index.php HTTP/1.1" 405 604 "-" "Nmap Scripting Engine"
66.249.75.10 - - [03/Jul/2026:16:26:07 +0000] "GET /sitemap.xml HTTP/1.1" 200 57488 "/about" "Mozilla/5.0 (Macintosh; Intel Mac OS X 14_5) AppleWebKit/605.1.15 Version/17.4 Safari/605.1.15"
91.198.174.22 - - [03/Jul/2026:16:26:07 +0000] "GET /api/products HTTP/1.1" 304 1802 "/robots.txt" "Mozilla/5.0 (X11; Linux x86_64) AppleWebKit/537.36 Chrome/122.0.0.0 Safari/537.36"
157.55.39.7 - - [03/Jul/2026:16:26:10 +0000] "GET /api/products HTTP/1.1" 304 174 "-" "Mozilla/5.0 (X11; Linux x86_64) AppleWebKit/537.36 Chrome/122.0.0.0 Safari/537.36"
157.55.39.7 - - [03/Jul/2026:16:26:10 +0000] "GET /articles/2026/q2 HTTP/1.1" 200 31130 "/contacts" "DuckDuckBot/1.0; (+http://duckduckgo.com/duckduckbot)"
198.51.100.45 - - [03/Jul/2026:16:26:11 +0000] "GET /healthz HTTP/1.1" 200 82954 "/about" "Mozilla/5.0 (compatible; YandexBot/3.0; +http://yandex.com/bots)"
188.18.77.220 - - [03/Jul/2026:16:26:11 +0000] "GET /products HTTP/1.1" 304 509 "-" "Mozilla/5.0 (Windows NT 10.0; Win64; x64) AppleWebKit/537.36 Edg/124.0.0.0"
188.18.77.220 - - [03/Jul/2026:16:26:11 +0000] "HEAD / HTTP/1.1" 200 8856 "-" "Mozilla/5.0 (Linux; Android 13; SM-S918B) AppleWebKit/537.36 SamsungBrowser/24.0 Chrome/120.0 Mobile Safari/537.36"
198.51.100.45 - - [03/Jul/2026:16:26:12 +0000] "GET /assets/app.js HTTP/1.1" 200 84279 "/articles/2026/q2" "Mozilla/5.0 (compatible; YandexBot/3.0; +http://yandex.com/bots)"
156.146.62.11 - - [03/Jul/2026:16:26:13 +0000] "GET /adminer-4.4.0-mysql.php HTTP/1.1" 500 1778 "-" "gobuster/3.6"
193.40.33.33 - - [03/Jul/2026:16:26:15 +0000] "GET /metrics HTTP/1.1" 200 39699 "/about" "Mozilla/5.0 (Windows NT 10.0; Win64; rv:124.0) Gecko/20100101 Firefox/124.0"
212.76.133.14 - - [03/Jul/2026:16:26:15 +0000] "GET /assets/logo.svg HTTP/1.1" 304 1268 "-" "Mozilla/5.0 (iPhone; CPU iPhone OS 17_4 like Mac OS X) AppleWebKit/605.1.15 Version/17.4 Mobile/15E148 Safari/604.1"
194.26.29.89 - - [03/Jul/2026:16:26:15 +0000] "GET /github/ HTTP/1.1" 404 867 "-" "masscan/1.3 (https://github.com/robertdavidgraham/masscan)"
46.188.19.142 - - [03/Jul/2026:16:26:16 +0000] "GET /assets/site.css HTTP/1.1" 304 1392 "-" "Mozilla/5.0 (Windows NT 10.0; Win64; x64) AppleWebKit/537.36 Edg/124.0.0.0"
188.18.77.220 - - [03/Jul/2026:16:26:16 +0000] "GET /contacts HTTP/1.1" 200 65550 "-" "Mozilla/5.0 (Macintosh; Intel Mac OS X 14_5) AppleWebKit/605.1.15 Version/17.4 Safari/605.1.15"
45.146.164.12 - - [03/Jul/2026:16:26:17 +0000] "OPTIONS /.memdump HTTP/1.1" 404 995 "-" "ffuf/2.1.0"
203.0.113.77 - - [03/Jul/2026:16:26:17 +0000] "GET /contacts HTTP/1.1" 200 72601 "/articles/2026/q2" "Mozilla/5.0 (Macintosh; Intel Mac OS X 14_5) AppleWebKit/605.1.15 Version/17.4 Safari/605.1.15"
203.0.113.77 - - [03/Jul/2026:16:26:17 +0000] "GET /metrics HTTP/1.1" 304 3873 "-" "DuckDuckBot/1.0; (+http://duckduckgo.com/duckduckbot)"
104.244.72.115 - - [03/Jul/2026:16:26:18 +0000] "HEAD /wordpress.tar.bz2 HTTP/1.1" 404 702 "-" "masscan/1.3 (https://github.com/robertdavidgraham/masscan)"
91.198.174.22 - - [03/Jul/2026:16:26:18 +0000] "GET /metrics HTTP/1.1" 200 76757 "-" "Mozilla/5.0 (X11; Linux x86_64) AppleWebKit/537.36 Chrome/122.0.0.0 Safari/537.36"
141.8.153.222 - - [03/Jul/2026:16:26:18 +0000] "GET / HTTP/1.1" 200 79565 "-" "Mozilla/5.0 (Macintosh; Intel Mac OS X 14_5) AppleWebKit/537.36 Chrome/124.0.0.0 Safari/537.36"
104.244.72.115 - - [03/Jul/2026:16:26:19 +0000] "HEAD /.git/config HTTP/1.1" 403 364 "-" "Nmap Scripting Engine"
157.55.39.7 - - [03/Jul/2026:16:26:19 +0000] "GET /articles/2026/q2 HTTP/1.1" 200 76262 "-" "Mozilla/5.0 (Windows NT 10.0; Win64; x64) AppleWebKit/537.36 Edg/124.0.0.0"
45.9.148.77 - - [03/Jul/2026:16:26:20 +0000] "GET /.phpstorm.meta.php HTTP/1.1" 403 1846 "-" "feroxbuster/2.11.0"
154.53.38.11 - - [03/Jul/2026:16:26:20 +0000] "GET /robots.txt HTTP/1.1" 200 878 "-" "Mozilla/5.0 (Windows NT 10.0; Win64; rv:124.0) Gecko/20100101 Firefox/124.0"
157.55.39.7 - - [03/Jul/2026:16:26:20 +0000] "GET /api/products HTTP/1.1" 200 11312 "/api/news" "DuckDuckBot/1.0; (+http://duckduckgo.com/duckduckbot)"
23.129.64.112 - - [03/Jul/2026:16:26:21 +0000] "GET /secret/ HTTP/1.1" 404 1161 "-" "Nmap Scripting Engine"
77.88.55.201 - - [03/Jul/2026:16:26:22 +0000] "GET /about HTTP/1.1" 200 32230 "/metrics" "Mozilla/5.0 (Windows NT 10.0; Win64; rv:124.0) Gecko/20100101 Firefox/124.0"
66.249.75.10 - - [03/Jul/2026:16:26:22 +0000] "GET /api/products HTTP/1.1" 200 22840 "-" "Mozilla/5.0 (compatible; bingbot/2.0; +http://www.bing.com/bingbot.htm)"
188.18.77.220 - - [03/Jul/2026:16:26:22 +0000] "GET /assets/site.css HTTP/1.1" 200 16158 "/favicon.ico" "Mozilla/5.0 (iPad; CPU OS 17_4 like Mac OS X) AppleWebKit/605.1.15 Version/17.4 Mobile/15E148 Safari/604.1"
212.76.133.14 - - [03/Jul/2026:16:26:22 +0000] "GET /contacts HTTP/1.1" 200 40197 "/api/products" "Mozilla/5.0 (Linux; Android 13; SM-S918B) AppleWebKit/537.36 SamsungBrowser/24.0 Chrome/120.0 Mobile Safari/537.36"
45.9.148.77 - - [03/Jul/2026:16:26:22 +0000] "GET /2022.tgz HTTP/1.1" 404 266 "-" "Nmap Scripting Engine"
212.76.133.14 - - [03/Jul/2026:16:26:22 +0000] "GET /sitemap.xml HTTP/1.1" 304 3069 "/assets/app.js" "Mozilla/5.0 (Macintosh; Intel Mac OS X 14_5) AppleWebKit/605.1.15 Version/17.4 Safari/605.1.15"
171.25.193.20 - - [03/Jul/2026:16:26:23 +0000] "GET /surgemail/ HTTP/1.1" 500 836 "-" "DirBuster-1.0-RC1"
80.85.246.17 - - [03/Jul/2026:16:26:23 +0000] "GET /wp-config.php.save HTTP/1.1" 404 910 "-" "Wfuzz/3.1.0"
