78.134.238.164 - - [03/Jul/2026:16:39:27 +0000] "GET /assets/site.css HTTP/1.1" 304 1641 "/articles/2026/q2" "Mozilla/5.0 (Macintosh; Intel Mac OS X 14_5) AppleWebKit/537.36 Chrome/124.0.0.0 Safari/537.36"
198.51.100.45 - - [03/Jul/2026:16:39:28 +0000] "GET /products HTTP/1.1" 200 35494 "-" "Mozilla/5.0 (Windows NT 10.0; Win64; x64) AppleWebKit/537.36 Chrome/123.0.0.0 Safari/537.36"
77.88.55.201 - - [03/Jul/2026:16:39:28 +0000] "HEAD /assets/logo.svg HTTP/1.1" 200 79434 "/products" "Mozilla/5.0 (Windows NT 10.0; Win64; rv:124.0) Gecko/20100101 Firefox/124.0"
40.77.167.21 - - [03/Jul/2026:16:39:28 +0000] "GET /metrics HTTP/1.1" 200 41391 "/assets/site.css" "Mozilla/5.0 (X11; Linux x86_64) AppleWebKit/537.36 Chrome/122.0.0.0 Safari/537.36"
10.42.3.14 - - [03/Jul/2026:16:39:29 +0000] "GET /healthz HTTP/1.1" 200 4072 "-" "kube-probe/1.30"
31.178.202.199 - - [03/Jul/2026:16:39:29 +0000] "GET /robots.txt HTTP/1.1" 200 79974 "/assets/logo.svg" "Mozilla/5.0 (compatible; Googlebot/2.1; +http://www.google.com/bot.html)"
10.42.3.158 - - [03/Jul/2026:16:39:30 +0000] "GET /healthz HTTP/1.1" 200 1173 "-" "kube-probe/1.30"
141.8.153.222 - - [03/Jul/2026:16:39:31 +0000] "GET /assets/app.js HTTP/1.1" 200 19694 "-" "Mozilla/5.0 (compatible; bingbot/2.0; +http://www.bing.com/bingbot.htm)"
203.0.113.77 - - [03/Jul/2026:16:39:31 +0000] "GET /products HTTP/1.1" 200 14613 "-" "Mozilla/5.0 (compatible; YandexBot/3.0; +http://yandex.com/bots)"
194.26.29.89 - - [03/Jul/2026:16:39:33 +0000] "GET /tripwire/ HTTP/1.1" 405 585 "-" "gobuster/3.6"
212.76.133.14 - - [03/Jul/2026:16:39:33 +0000] "GET /assets/logo.svg HTTP/1.1" 304 3998 "/assets/app.js" "Mozilla/5.0 (iPhone; CPU iPhone OS 17_4 like Mac OS X) AppleWebKit/605.1.15 Version/17.4 Mobile/15E148 Safari/604.1"
198.51.100.45 - - [03/Jul/2026:16:39:33 +0000] "GET /products HTTP/1.1" 200 18130 "-" "Mozilla/5.0 (iPhone; CPU iPhone OS 17_4 like Mac OS X) AppleWebKit/605.1.15 Version/17.4 Mobile/15E148 Safari/604.1"
77.88.55.201 - - [03/Jul/2026:16:39:34 +0000] "HEAD /assets/logo.svg HTTP/1.1" 200 14244 "-" "Mozilla/5.0 (iPhone; CPU iPhone OS 17_4 like Mac OS X) AppleWebKit/605.1.15 Version/17.4 Mobile/15E148 Safari/604.1"
185.220.101.54 - - [03/Jul/2026:16:39:34 +0000] "GET /login.asp HTTP/1.1" 403 2376 "-" "masscan/1.3 (https://github.com/robertdavidgraham/masscan)"
91.198.174.22 - - [03/Jul/2026:16:39:34 +0000] "GET /robots.txt HTTP/1.1" 200 33313 "/contacts" "Mozilla/5.0 (Macintosh; Intel Mac OS X 14_5) AppleWebKit/537.36 Chrome/124.0.0.0 Safari/537.36"
212.76.133.14 - - [03/Jul/2026:16:39:35 +0000] "GET / HTTP/1.1" 200 46634 "-" "Mozilla/5.0 (iPad; CPU OS 17_4 like Mac OS X) AppleWebKit/605.1.15 Version/17.4 Mobile/15E148 Safari/604.1"
91.198.174.22 - - [03/Jul/2026:16:39:36 +0000] "GET /metrics HTTP/1.1" 200 73147 "-" "Mozilla/5.0 (Windows NT 10.0; Win64; x64) AppleWebKit/537.36 Edg/124.0.0.0"
212.76.133.14 - - [03/Jul/2026:16:39:36 +0000] "GET /api/news HTTP/1.1" 200 61577 "-" "Mozilla/5.0 (Macintosh; Intel Mac OS X 14_5) AppleWebKit/537.36 Chrome/124.0.0.0 Safari/537.36"
185.193.88.77 - - [03/Jul/2026:16:39:37 +0000] "HEAD /services/ HTTP/1.1" 403 2176 "-" "Nmap Scripting Engine"
5.188.206.67 - - [03/Jul/2026:16:39:39 +0000] "GET /swagger/v1/swagger.json HTTP/1.1" 404 276 "-" "masscan/1.3 (https://github.com/robertdavidgraham/masscan)"
104.244.72.115 - - [03/Jul/2026:16:39:39 +0000] "GET /db HTTP/1.1" 404 219 "-" "Go-http-client/1.1"
203.0.113.77 - - [03/Jul/2026:16:39:39 +0000] "GET /favicon.ico HTTP/1.1" 200 79498 "-" "Mozilla/5.0 (iPad; CPU OS 17_4 like Mac OS X) AppleWebKit/605.1.15 Version/17.4 Mobile/15E148 Safari/604.1"
213.24.11.146 - - [03/Jul/2026:16:39:40 +0000] "GET /about HTTP/1.1" 200 54823 "-" "Mozilla/5.0 (iPad; CPU OS 17_4 like Mac OS X) AppleWebKit/605.1.15 Version/17.4 Mobile/15E148 Safari/604.1"
10.42.1.55 - - [03/Jul/2026:16:39:40 +0000] "GET /healthz HTTP/1.1" 200 1486 "-" "kube-probe/1.30"
77.88.55.201 - - [03/Jul/2026:16:39:41 +0000] "GET /assets/site.css HTTP/1.1" 200 74056 "/api/news" "Mozilla/5.0 (Windows NT 10.0; Win64; x64) AppleWebKit/537.36 Chrome/123.0.0.0 Safari/537.36"
10.42.3.251 - - [03/Jul/2026:16:39:41 +0000] "GET /healthz HTTP/1.1" 200 745 "-" "curl/8.6.0"
212.76.133.14 - - [03/Jul/2026:16:39:41 +0000] "GET /api/products HTTP/1.1" 200 15302 "-" "Mozilla/5.0 (Windows NT 10.0; Win64; x64) AppleWebKit/537.36 Edg/124.0.0.0"
171.25.193.20 - - [03/Jul/2026:16:39:41 +0000] "HEAD /httpd/logs/access.log HTTP/1.1" 302 1719 "-" "Wfuzz/3.1.0"
157.55.39.7 - - [03/Jul/2026:16:39:43 +0000] "GET /healthz HTTP/1.1" 304 1511 "/products" "Mozilla/5.0 (Windows NT 10.0; Win64; x64) AppleWebKit/537.36 Edg/124.0.0.0"
80.85.246.17 - - [03/Jul/2026:16:39:44 +0000] "GET /cgi-bin/login.cgi HTTP/1.1" 404 456 "-" "feroxbuster/2.11.0"
203.0.113.77 - - [03/Jul/2026:16:39:44 +0000] "GET / HTTP/1.1" 200 76310 "/assets/app.js" "Mozilla/5.0 (iPhone; CPU iPhone OS 17_4 like Mac OS X) AppleWebKit/605.1.15 Version/17.4 Mobile/15E148 Safari/604.1"
198.51.100.45 - - [03/Jul/2026:16:39:45 +0000] "GET / HTTP/1.1" 200 17503 "-" "Mozilla/5.0 (Windows NT 10.0; Win64; x64) AppleWebKit/537.36 Edg/124.0.0.0"
212.76.133.14 - - [03/Jul/2026:16:39:46 +0000] "GET /assets/logo.svg HTTP/1.1" 304 2536 "-" "Mozilla/5.0 (Linux; Android 13; SM-S918B) AppleWebKit/537.36 SamsungBrowser/24.0 Chrome/120.0 Mobile Safari/537.36"
91.198.174.22 - - [03/Jul/2026:16:39:46 +0000] "GET /healthz HTTP/1.1" 200 43294 "-" "Mozilla/5.0 (X11; Linux x86_64) AppleWebKit/537.36 Chrome/122.0.0.0 Safari/537.36"
77.88.55.201 - - [03/Jul/2026:16:39:46 +0000] "GET /about HTTP/1.1" 200 83730 "/articles/2026/q2" "Mozilla/5.0 (Windows NT 10.0; Win64; x64) AppleWebKit/537.36 Edg/124.0.0.0"
185.220.101.54 - - [03/Jul/2026:16:39:47 +0000] "OPTIONS /nginx-access.log HTTP/1.1" 301 1366 "-" "DirBuster-1.0-RC1"
192.107.173.20 - - [03/Jul/2026:16:39:48 +0000] "HEAD /favicon.ico HTTP/1.1" 200 84168 "-" "Mozilla/5.0 (iPhone; CPU iPhone OS 17_4 like Mac OS X) AppleWebKit/605.1.15 Version/17.4 Mobile/15E148 Safari/604.1"
157.55.39.7 - - [03/Jul/2026:16:39:49 +0000] "GET /contacts HTTP/1.1" 200 73715 "/about" "Mozilla/5.0 (Windows NT 10.0; Win64; rv:124.0) Gecko/20100101 Firefox/124.0"
77.88.55.201 - - [03/Jul/2026:16:39:49 +0000] "GET /about HTTP/1.1" 200 36555 "-" "Mozilla/5.0 (Linux; Android 13; SM-S918B) AppleWebKit/537.36 SamsungBrowser/24.0 Chrome/120.0 Mobile Safari/537.36"
80.85.246.17 - - [03/Jul/2026:16:39:50 +0000] "GET /.msi HTTP/1.1" 405 720 "-" "Wfuzz/3.1.0"
16.16.192.15 - - [03/Jul/2026:16:39:50 +0000] "GET /assets/site.css HTTP/1.1" 200 45989 "-" "Mozilla/5.0 (iPad; CPU OS 17_4 like Mac OS X) AppleWebKit/605.1.15 Version/17.4 Mobile/15E148 Safari/604.1"
156.146.62.11 - - [03/Jul/2026:16:39:52 +0000] "GET /joomla/administrator HTTP/1.1" 302 1920 "-" "Nmap Scripting Engine"
10.42.1.105 - - [03/Jul/2026:16:39:52 +0000] "GET /metrics HTTP/1.1" 503 400 "-" "kube-probe/1.30"
203.0.113.77 - - [03/Jul/2026:16:39:53 +0000] "GET /assets/app.js HTTP/1.1" 304 2434 "-" "Mozilla/5.0 (Windows NT 10.0; Win64; x64) AppleWebKit/537.36 Edg/124.0.0.0"
46.188.19.142 - - [03/Jul/2026:16:39:53 +0000] "GET /api/products HTTP/1.1" 200 45082 "-" "Mozilla/5.0 (Macintosh; Intel Mac OS X 14_5) AppleWebKit/605.1.15 Version/17.4 Safari/605.1.15"
45.9.148.77 - - [03/Jul/2026:16:39:54 +0000] "GET /.hg/dirstate HTTP/1.1" 403 1508 "-" "Go-http-client/1.1"
226.139.132.37 - - [03/Jul/2026:16:39:54 +0000] "GET /contacts HTTP/1.1" 304 626 "/contacts" "Mozilla/5.0 (Windows NT 10.0; Win64; rv:124.0) Gecko/20100101 Firefox/124.0"
23.129.64.112 - - [03/Jul/2026:16:39:54 +0000] "OPTIONS /jboss-net//happyaxis.jsp HTTP/1.1" 302 2500 "-" "masscan/1.3 (https://github.com/robertdavidgraham/masscan)"
40.77.167.21 - - [03/Jul/2026:16:39:55 +0000] "GET /api/news HTTP/1.1" 200 54042 "-" "Mozilla/5.0 (X11; Linux x86_64) AppleWebKit/537.36 Chrome/122.0.0.0 Safari/537.36"
203.0.113.77 - - [03/Jul/2026:16:39:55 +0000] "GET /contacts HTTP/1.1" 200 49349 "-" "Mozilla/5.0 (iPhone; CPU iPhone OS 17_4 like Mac OS X) AppleWebKit/605.1.15 Version/17.4 Mobile/15E148 Safari/604.1"
45.146.164.12 - - [03/Jul/2026:16:39:57 +0000] "OPTIONS /editor-4.6.3.php HTTP/1.1" 403 1717 "-" "DirBuster-1.0-RC1"
141.8.153.222 - - [03/Jul/2026:16:39:58 +0000] "GET /articles/2026/q2 HTTP/1.1" 304 3193 "-" "Mozilla/5.0 (Windows NT 10.0; Win64; rv:124.0) Gecko/20100101 Firefox/124.0"
157.55.39.7 - - [03/Jul/2026:16:39:58 +0000] "GET /about HTTP/1.1" 200 75238 "-" "Mozilla/5.0 (Macintosh; Intel Mac OS X 14_5) AppleWebKit/537.36 Chrome/124.0.0.0 Safari/537.36"
66.249.75.10 - - [03/Jul/2026:16:39:58 +0000] "GET /assets/logo.svg HTTP/1.1" 200 3609 "/assets/app.js" "Mozilla/5.0 (Macintosh; Intel Mac OS X 14_5) AppleWebKit/605.1.15 Version/17.4 Safari/605.1.15"
5.188.206.67 - - [03/Jul/2026:16:39:59 +0000] "GET /nginx-access.log HTTP/1.1" 404 1414 "-" "DirBuster-1.0-RC1"
34.11.7.189 - - [03/Jul/2026:16:39:59 +0000] "GET /contacts HTTP/1.1" 200 78001 "/sitemap.xml" "Mozilla/5.0 (iPhone; CPU iPhone OS 17_4 like Mac OS X) AppleWebKit/605.1.15 Version/17.4 Mobile/15E148 Safari/604.1"
10.42.0.216 - - [03/Jul/2026:16:40:00 +0000] "GET /metrics HTTP/1.1" 200 760 "-" "kube-probe/1.30"
157.55.39.7 - - [03/Jul/2026:16:40:00 +0000] "GET /robots.txt HTTP/1.1" 200 83377 "/articles/2026/q2" "Mozilla/5.0 (X11; Linux x86_64) AppleWebKit/537.36 Chrome/122.0.0.0 Safari/537.36"
91.198.174.22 - - [03/Jul/2026:16:40:00 +0000] "GET /sitemap.xml HTTP/1.1" 200 57504 "-" "Mozilla/5.0 (iPhone; CPU iPhone OS 17_4 like Mac OS X) AppleWebKit/605.1.15 Version/17.4 Mobile/15E148 Safari/604.1"
188.18.77.220 - - [03/Jul/2026:16:40:03 +0000] "GET /assets/site.css HTTP/1.1" 200 8745 "-" "Mozilla/5.0 (Windows NT 10.0; Win64; x64) AppleWebKit/537.36 Edg/124.0.0.0"
46.188.19.142 - - [03/Jul/2026:16:40:04 +0000] "HEAD /healthz HTTP/1.1" 200 58964 "-" "Mozilla/5.0 (Macintosh; Intel Mac OS X 14_5) AppleWebKit/537.36 Chrome/124.0.0.0 Safari/537.36"
202.242.17.90 - - [03/Jul/2026:16:40:04 +0000] "GET /assets/site.css HTTP/1.1" 304 2586 "/assets/logo.svg" "Mozilla/5.0 (Linux; Android 13; SM-S918B) AppleWebKit/537.36 SamsungBrowser/24.0 Chrome/120.0 Mobile Safari/537.36"
10.42.2.172 - - [03/Jul/2026:16:40:04 +0000] "GET /healthz HTTP/1.1" 200 420 "-" "kube-probe/1.30"
66.249.75.10 - - [03/Jul/2026:16:40:04 +0000] "GET /healthz HTTP/1.1" 200 61911 "/about" "Mozilla/5.0 (Linux; Android 13; SM-S918B) AppleWebKit/537.36 SamsungBrowser/24.0 Chrome/120.0 Mobile Safari/537.36"
141.8.153.222 - - [03/Jul/2026:16:40:05 +0000] "GET /assets/app.js HTTP/1.1" 200 36282 "/assets/site.css" "Mozilla/5.0 (iPad; CPU OS 17_4 like Mac OS X) AppleWebKit/605.1.15 Version/17.4 Mobile/15E148 Safari/604.1"
188.18.77.220 - - [03/Jul/2026:16:40:05 +0000] "HEAD /robots.txt HTTP/1.1" 200 19076 "-" "DuckDuckBot/1.0; (+http://duckduckgo.com/duckduckbot)"
194.26.29.89 - - [03/Jul/2026:16:40:05 +0000] "GET /phpMyAdmin-2.6.2-beta1/ HTTP/1.1" 403 575 "-" "feroxbuster/2.11.0"
160.150.57.20 - - [03/Jul/2026:16:40:06 +0000] "GET /robots.txt HTTP/1.1" 200 24414 "/api/products" "Mozilla/5.0 (X11; Linux x86_64) AppleWebKit/537.36 Chrome/122.0.0.0 Safari/537.36"
10.42.0.33 - - [03/Jul/2026:16:40:06 +0000] "GET /healthz HTTP/1.1" 200 3339 "-" "kube-probe/1.30"
212.76.133.14 - - [03/Jul/2026:16:40:06 +0000] "GET /products HTTP/1.1" 200 39577 "/sitemap.xml" "Mozilla/5.0 (iPhone; CPU iPhone OS 17_4 like Mac OS X) AppleWebKit/605.1.15 Version/17.4 Mobile/15E148 Safari/604.1"
66.249.75.10 - - [03/Jul/2026:16:40:06 +0000] "HEAD / HTTP/1.1" 200 55425 "-" "Mozilla/5.0 (Windows NT 10.0; Win64; rv:124.0) Gecko/20100101 Firefox/124.0"
212.76.133.14 - - [03/Jul/2026:16:40:07 +0000] "GET /assets/site.css HTTP/1.1" 200 58180 "/favicon.ico" "Mozilla/5.0 (Windows NT 10.0; Win64; x64) AppleWebKit/537.36 Chrome/123.0.0.0 Safari/537.36"
198.51.100.45 - - [03/Jul/2026:16:40:07 +0000] "GET /api/products HTTP/1.1" 200 25101 "-" "Mozilla/5.0 (Macintosh; Intel Mac OS X 14_5) AppleWebKit/537.36 Chrome/124.0.0.0 Safari/537.36"
193.142.147.55 - - [03/Jul/2026:16:40:08 +0000] "GET /editor-4.5.0-en.php HTTP/1.1" 301 2070 "-" "python-requests/2.31.0"
198.51.100.45 - - [03/Jul/2026:16:40:08 +0000] "HEAD / HTTP/1.1" 200 74670 "-" "Mozilla/5.0 (Macintosh; Intel Mac OS X 14_5) AppleWebKit/537.36 Chrome/124.0.0.0 Safari/537.36"
213.24.11.146 - - [03/Jul/2026:16:40:09 +0000] "GET /robots.txt HTTP/1.1" 200 11965 "/sitemap.xml" "Mozilla/5.0 (Macintosh; Intel Mac OS X 14_5) AppleWebKit/537.36 Chrome/124.0.0.0 Safari/537.36"
91.198.174.22 - - [03/Jul/2026:16:40:09 +0000] "GET /products HTTP/1.1" 304 2301 "/assets/site.css" "Mozilla/5.0 (iPad; CPU OS 17_4 like Mac OS X) AppleWebKit/605.1.15 Version/17.4 Mobile/15E148 Safari/604.1"
66.249.75.10 - - [03/Jul/2026:16:40:09 +0000] "GET /sitemap.xml HTTP/1.1" 200 9775 "-" "Mozilla/5.0 (Windows NT 10.0; Win64; rv:124.0) Gecko/20100101 Firefox/124.0"
153.109.116.224 - - [03/Jul/2026:16:40:09 +0000] "GET /error.log.0 HTTP/1.1" 404 1526 "-" "Wfuzz/3.1.0"
194.26.29.89 - - [03/Jul/2026:16:40:10 +0000] "GET /editor-4.2.3-en.php HTTP/1.1" 404 1739 "-" "sqlmap/1.8.4#stable"
212.76.133.14 - - [03/Jul/2026:16:40:10 +0000] "GET /api/news HTTP/1.1" 200 65911 "/contacts" "Mozilla/5.0 (iPad; CPU OS 17_4 like Mac OS X) AppleWebKit/605.1.15 Version/17.4 Mobile/15E148 Safari/604.1"
104.244.72.115 - - [03/Jul/2026:16:40:10 +0000] "OPTIONS /apache/logs/access.log HTTP/1.1" 405 690 "-" "dirsearch/0.4.3"
46.188.19.142 - - [03/Jul/2026:16:40:10 +0000] "GET /metrics HTTP/1.1" 200 61258 "/sitemap.xml" "Mozilla/5.0 (Macintosh; Intel Mac OS X 14_5) AppleWebKit/605.1.15 Version/17.4 Safari/605.1.15"
157.55.39.7 - - [03/Jul/2026:16:40:10 +0000] "GET /contacts HTTP/1.1" 200 2206 "/assets/site.css" "Mozilla/5.0 (Macintosh; Intel Mac OS X 14_5) AppleWebKit/537.36 Chrome/124.0.0.0 Safari/537.36"
91.198.174.22 - - [03/Jul/2026:16:40:10 +0000] "GET /about HTTP/1.1" 304 1902 "/assets/logo.svg" "Mozilla/5.0 (Windows NT 10.0; Win64; x64) AppleWebKit/537.36 Edg/124.0.0.0"
10.42.0.152 - - [03/Jul/2026:16:40:11 +0000] "GET /healthz HTTP/1.1" 200 576 "-" "kube-probe/1.30"
46.188.19.142 - - [03/Jul/2026:16:40:11 +0000] "GET /articles/2026/q2 HTTP/1.1" 200 8871 "/favicon.ico" "Mozilla/5.0 (compatible; bingbot/2.0; +http://www.bing.com/bingbot.htm)"
203.0.113.77 - - [03/Jul/2026:16:40:11 +0000] "GET /assets/app.js HTTP/1.1" 200 4459 "-" "Mozilla/5.0 (iPhone; CPU iPhone OS 17_4 like Mac OS X) AppleWebKit/605.1.15 Version/17.4 Mobile/15E148 Safari/604.1"
157.55.39.7 - - [03/Jul/2026:16:40:12 +0000] "GET /api/news HTTP/1.1" 200 25504 "/about" "DuckDuckBot/1.0; (+http://duckduckgo.com/duckduckbot)"
157.55.39.7 - - [03/Jul/2026:16:40:13 +0000] "GET /healthz HTTP/1.1" 304 461 "/sitemap.xml" "Mozilla/5.0 (Linux; Android 13; SM-S918B) AppleWebKit/537.36 SamsungBrowser/24.0 Chrome/120.0 Mobile Safari/537.36"
213.24.11.146 - - [03/Jul/2026:16:40:13 +0000] "HEAD /contacts HTTP/1.1" 200 22206 "/assets/site.css" "Mozilla/5.0 (iPhone; CPU iPhone OS 17_4 like Mac OS X) AppleWebKit/605.1.15 Version/17.4 Mobile/15E148 Safari/604.1"
91.198.174.22 - - [03/Jul/2026:16:40:13 +0000] "GET /metrics HTTP/1.1" 304 855 "-" "Mozilla/5.0 (Macintosh; Intel Mac OS X 14_5) AppleWebKit/537.36 Chrome/124.0.0.0 Safari/537.36"
213.24.11.146 - - [03/Jul/2026:16:40:13 +0000] "GET /assets/logo.svg HTTP/1.1" 200 69554 "-" "Mozilla/5.0 (X11; Linux x86_64) AppleWebKit/537.36 Chrome/122.0.0.0 Safari/537.36"
193.142.147.55 - - [03/Jul/2026:16:40:15 +0000] "GET /wp-admin/install.php HTTP/1.1" 500 1975 "-" "Nmap Scripting Engine"
185.220.101.54 - - [03/Jul/2026:16:40:15 +0000] "GET /tmp/access.log HTTP/1.1" 404 2600 "-" "Go-http-client/1.1"
46.188.19.142 - - [03/Jul/2026:16:40:15 +0000] "GET / HTTP/1.1" 200 41369 "/api/news" "Mozilla/5.0 (Windows NT 10.0; Win64; x64) AppleWebKit/537.36 Chrome/123.0.0.0 Safari/537.36"
156.146.62.11 - - [03/Jul/2026:16:40:15 +0000] "HEAD /bin/tmp HTTP/1.1" 404 2335 "-" "sqlmap/1.8.4#stable"
210.167.135.180 - - [03/Jul/2026:16:40:16 +0000] "GET /articles/2026/q2 HTTP/1.1" 200 72074 "/assets/app.js" "Mozilla/5.0 (compatible; bingbot/2.0; +http://www.bing.com/bingbot.htm)"
91.198.174.22 - - [03/Jul/2026:16:40:16 +0000] "GET / HTTP/1.1" 200 49604 "/contacts" "Mozilla/5.0 (X11; Linux x86_64) AppleWebKit/537.36 Chrome/122.0.0.0 Safari/537.36"
104.244.72.115 - - [03/Jul/2026:16:40:17 +0000] "HEAD /includes/fckeditor/editor/filemanager/connectors/asp/connector.asp HTTP/1.1" 404 213 "-" "gobuster/3.6"
141.8.153.222 - - [03/Jul/2026:16:40:17 +0000] "GET / HTTP/1.1" 200 67764 "-" "Mozilla/5.0 (Linux; Android 13; SM-S918B) AppleWebKit/537.36 SamsungBrowser/24.0 Chrome/120.0 Mobile Safari/537.36"
141.8.153.222 - - [03/Jul/2026:16:40:18 +0000] "GET /metrics HTTP/1.1" 304 3002 "-" "Mozilla/5.0 (X11; Linux x86_64) AppleWebKit/537.36 Chrome/122.0.0.0 Safari/537.36"
171.25.193.20 - - [03/Jul/2026:16:40:19 +0000] "OPTIONS /dbbackup/ HTTP/1.1" 405 2014 "-" "python-requests/2.31.0"
111.76.183.37 - - [03/Jul/2026:16:40:19 +0000] "GET /assets/site.css HTTP/1.1" 200 29006 "/articles/2026/q2" "Mozilla/5.0 (Windows NT 10.0; Win64; x64) AppleWebKit/537.36 Chrome/123.0.0.0 Safari/537.36"
10.42.2.57 - - [03/Jul/2026:16:40:20 +0000] "GET /healthz HTTP/1.1" 200 5340 "-" "kube-probe/1.30"
66.249.75.10 - - [03/Jul/2026:16:40:21 +0000] "GET /assets/app.js HTTP/1.1" 200 56360 "-" "Mozilla/5.0 (Windows NT 10.0; Win64; x64) AppleWebKit/537.36 Chrome/123.0.0.0 Safari/537.36"
67.67.185.17 - - [03/Jul/2026:16:40:21 +0000] "GET /about HTTP/1.1" 200 22427 "/assets/site.css" "Mozilla/5.0 (X11; Linux x86_64) AppleWebKit/537.36 Chrome/122.0.0.0 Safari/537.36"
188.18.77.220 - - [03/Jul/2026:16:40:22 +0000] "GET / HTTP/1.1" 200 76330 "-" "Mozilla/5.0 (Macintosh; Intel Mac OS X 14_5) AppleWebKit/537.36 Chrome/124.0.0.0 Safari/537.36"
45.9.148.77 - - [03/Jul/2026:16:40:23 +0000] "HEAD /upload2.php HTTP/1.1" 302 353 "-" "feroxbuster/2.11.0"
213.24.11.146 - - [03/Jul/2026:16:40:24 +0000] "GET /about HTTP/1.1" 200 48463 "/articles/2026/q2" "Mozilla/5.0 (Windows NT 10.0; Win64; x64) AppleWebKit/537.36 Edg/124.0.0.0"
45.146.164.12 - - [03/Jul/2026:16:40:24 +0000] "GET /pages/admin/admin-login.php HTTP/1.1" 403 138 "-" "Wfuzz/3.1.0"
40.77.167.21 - - [03/Jul/2026:16:40:24 +0000] "HEAD /api/news HTTP/1.1" 200 35580 "/sitemap.xml" "Mozilla/5.0 (Windows NT 10.0; Win64; x64) AppleWebKit/537.36 Chrome/123.0.0.0 Safari/537.36"
188.18.77.220 - - [03/Jul/2026:16:40:24 +0000] "GET /api/news HTTP/1.1" 200 31770 "/api/products" "Mozilla/5.0 (Windows NT 10.0; Win64; rv:124.0) Gecko/20100101 Firefox/124.0"
213.24.11.146 - - [03/Jul/2026:16:40:25 +0000] "GET /products HTTP/1.1" 304 1418 "-" "Mozilla/5.0 (Windows NT 10.0; Win64; x64) AppleWebKit/537.36 Chrome/123.0.0.0 Safari/537.36"
213.24.11.146 - - [03/Jul/2026:16:40:26 +0000] "GET / HTTP/1.1" 200 66128 "-" "Mozilla/5.0 (Windows NT 10.0; Win64; x64) AppleWebKit/537.36 Chrome/123.0.0.0 Safari/537.36"
91.198.174.22 - - [03/Jul/2026:16:40:26 +0000] "GET / HTTP/1.1" 200 7478 "-" "Mozilla/5.0 (Windows NT 10.0; Win64; rv:124.0) Gecko/20100101 Firefox/124.0"
80.85.246.17 - - [03/Jul/2026:16:40:27 +0000] "HEAD /.bzr/README HTTP/1.1" 405 931 "-" "Wfuzz/3.1.0"
77.88.55.201 - - [03/Jul/2026:16:40:27 +0000] "GET /assets/site.css HTTP/1.1" 304 2146 "/api/products" "Mozilla/5.0 (compatible; YandexBot/3.0; +http://yandex.com/bots)"
198.51.100.45 - - [03/Jul/2026:16:40:27 +0000] "GET /favicon.ico HTTP/1.1" 304 3096 "/articles/2026/q2" "Mozilla/5.0 (iPad; CPU OS 17_4 like Mac OS X) AppleWebKit/605.1.15 Version/17.4 Mobile/15E148 Safari/604.1"
10.42.0.72 - - [03/Jul/2026:16:40:28 +0000] "GET /healthz HTTP/1.1" 200 3458 "-" "curl/8.6.0"
194.26.29.89 - - [03/Jul/2026:16:40:28 +0000] "OPTIONS /login HTTP/1.1" 301 1578 "-" "Nmap Scripting Engine"
212.76.133.14 - - [03/Jul/2026:16:40:29 +0000] "GET / HTTP/1.1" 200 84971 "-" "Mozilla/5.0 (Windows NT 10.0; Win64; x64) AppleWebKit/537.36 Chrome/123.0.0.0 Safari/537.36"
45.146.164.12 - - [03/Jul/2026:16:40:30 +0000] "GET /forum.tar.gz HTTP/1.1" 403 1107 "-" "sqlmap/1.8.4#stable"
40.77.167.21 - - [03/Jul/2026:16:40:30 +0000] "GET /about HTTP/1.1" 200 41553 "-" "Mozilla/5.0 (X11; Linux x86_64) AppleWebKit/537.36 Chrome/122.0.0.0 Safari/537.36"
80.85.246.17 - - [03/Jul/2026:16:40:31 +0000] "OPTIONS /debug HTTP/1.1" 403 827 "-" "dirsearch/0.4.3"
45.9.148.77 - - [03/Jul/2026:16:40:31 +0000] "GET /mcx/mcxservice.svc HTTP/1.1" 404 751 "-" "ffuf/2.1.0"
203.0.113.77 - - [03/Jul/2026:16:40:33 +0000] "HEAD /assets/site.css HTTP/1.1" 200 7559 "-" "Mozilla/5.0 (Linux; Android 13; SM-S918B) AppleWebKit/537.36 SamsungBrowser/24.0 Chrome/120.0 Mobile Safari/537.36"
171.25.193.20 - - [03/Jul/2026:16:40:33 +0000] "OPTIONS /access.log HTTP/1.1" 405 894 "-" "masscan/1.3 (https://github.com/robertdavidgraham/masscan)"
157.55.39.7 - - [03/Jul/2026:16:40:34 +0000] "GET /assets/app.js HTTP/1.1" 200 40999 "/metrics" "Mozilla/5.0 (Windows NT 10.0; Win64; x64) AppleWebKit/537.36 Chrome/123.0.0.0 Safari/537.36"
10.42.2.112 - - [03/Jul/2026:16:40:35 +0000] "GET /healthz HTTP/1.1" 503 5374 "-" "kube-probe/1.30"
5.188.206.67 - - [03/Jul/2026:16:40:35 +0000] "OPTIONS /ReadMe HTTP/1.1" 403 1035 "-" "Wfuzz/3.1.0"
77.88.55.201 - - [03/Jul/2026:16:40:38 +0000] "GET /products HTTP/1.1" 200 83036 "/contacts" "DuckDuckBot/1.0; (+http://duckduckgo.com/duckduckbot)"
212.76.133.14 - - [03/Jul/2026:16:40:39 +0000] "GET /contacts HTTP/1.1" 200 59105 "/articles/2026/q2" "Mozilla/5.0 (Linux; Android 13; SM-S918B) AppleWebKit/537.36 SamsungBrowser/24.0 Chrome/120.0 Mobile Safari/537.36"
45.146.164.12 - - [03/Jul/2026:16:40:40 +0000] "HEAD /Changelog HTTP/1.1" 404 1374 "-" "gobuster/3.6"
213.24.11.146 - - [03/Jul/2026:16:40:40 +0000] "GET /api/products HTTP/1.1" 200 27663 "/contacts" "Mozilla/5.0 (iPhone; CPU iPhone OS 17_4 like Mac OS X) AppleWebKit/605.1.15 Version/17.4 Mobile/15E148 Safari/604.1"
17.122.232.86 - - [03/Jul/2026:16:40:42 +0000] "GET /assets/app.js HTTP/1.1" 200 41065 "-" "Mozilla/5.0 (iPad; CPU OS 17_4 like Mac OS X) AppleWebKit/605.1.15 Version/17.4 Mobile/15E148 Safari/604.1"
91.198.174.22 - - [03/Jul/2026:16:40:43 +0000] "GET /healthz HTTP/1.1" 200 70697 "-" "Mozilla/5.0 (iPhone; CPU iPhone OS 17_4 like Mac OS X) AppleWebKit/605.1.15 Version/17.4 Mobile/15E148 Safari/604.1"
10.42.1.213 - - [03/Jul/2026:16:40:43 +0000] "GET /healthz HTTP/1.1" 200 2083 "-" "curl/8.6.0"
91.198.174.22 - - [03/Jul/2026:16:40:43 +0000] "GET /assets/site.css HTTP/1.1" 200 8494 "/metrics" "DuckDuckBot/1.0; (+http://duckduckgo.com/duckduckbot)"
188.18.77.220 - - [03/Jul/2026:16:40:43 +0000] "GET /products HTTP/1.1" 200 76484 "/favicon.ico" "Mozilla/5.0 (Macintosh; Intel Mac OS X 14_5) AppleWebKit/537.36 Chrome/124.0.0.0 Safari/537.36"
40.77.167.21 - - [03/Jul/2026:16:40:44 +0000] "GET /about HTTP/1.1" 200 42309 "-" "Mozilla/5.0 (Windows NT 10.0; Win64; x64) AppleWebKit/537.36 Chrome/123.0.0.0 Safari/537.36"
85.47.49.167 - - [03/Jul/2026:16:40:44 +0000] "GET /sitemap.xml HTTP/1.1" 200 33324 "/assets/logo.svg" "Mozilla/5.0 (X11; Linux x86_64) AppleWebKit/537.36 Chrome/122.0.0.0 Safari/537.36"
171.25.193.20 - - [03/Jul/2026:16:40:45 +0000] "GET /panel-administracion/login.php HTTP/1.1" 500 813 "-" "gobuster/3.6"
185.193.88.77 - - [03/Jul/2026:16:40:46 +0000] "GET /admin/access.log HTTP/1.1" 500 2324 "-" "Nmap Scripting Engine"
198.51.100.45 - - [03/Jul/2026:16:40:46 +0000] "GET /favicon.ico HTTP/1.1" 200 11177 "-" "Mozilla/5.0 (Windows NT 10.0; Win64; x64) AppleWebKit/537.36 Edg/124.0.0.0"
224.199.161.194 - - [03/Jul/2026:16:40:47 +0000] "OPTIONS /wwwlog HTTP/1.1" 302 757 "-" "masscan/1.3 (https://github.com/robertdavidgraham/masscan)"
141.8.153.222 - - [03/Jul/2026:16:40:47 +0000] "GET /assets/logo.svg HTTP/1.1" 200 74655 "/metrics" "Mozilla/5.0 (compatible; Googlebot/2.1; +http://www.google.com/bot.html)"
10.42.1.178 - - [03/Jul/2026:16:40:47 +0000] "GET /healthz HTTP/1.1" 200 3315 "-" "kube-probe/1.30"
171.25.193.20 - - [03/Jul/2026:16:40:48 +0000] "GET /config/producao.ini HTTP/1.1" 404 2173 "-" "masscan/1.3 (https://github.com/robertdavidgraham/masscan)"
5.118.69.208 - - [03/Jul/2026:16:40:48 +0000] "HEAD /.env.copy HTTP/1.1" 404 2456 "-" "DirBuster-1.0-RC1"
203.0.113.77 - - [03/Jul/2026:16:40:48 +0000] "GET /api/news HTTP/1.1" 304 2244 "-" "Mozilla/5.0 (X11; Linux x86_64) AppleWebKit/537.36 Chrome/122.0.0.0 Safari/537.36"
194.26.29.89 - - [03/Jul/2026:16:40:49 +0000] "GET /wuwu11.php HTTP/1.1" 404 947 "-" "python-requests/2.31.0"
194.26.29.89 - - [03/Jul/2026:16:40:49 +0000] "GET /nginx-ssl.access.log HTTP/1.1" 404 746 "-" "python-requests/2.31.0"
171.25.193.20 - - [03/Jul/2026:16:40:50 +0000] "HEAD /includes/tinymce/ HTTP/1.1" 403 1795 "-" "dirsearch/0.4.3"
198.51.100.45 - - [03/Jul/2026:16:40:50 +0000] "GET /healthz HTTP/1.1" 200 26710 "/assets/app.js" "Mozilla/5.0 (Macintosh; Intel Mac OS X 14_5) AppleWebKit/537.36 Chrome/124.0.0.0 Safari/537.36"
156.146.62.11 - - [03/Jul/2026:16:40:51 +0000] "GET /vpn/ HTTP/1.1" 404 2275 "-" "feroxbuster/2.11.0"
77.88.55.201 - - [03/Jul/2026:16:40:51 +0000] "GET /api/news HTTP/1.1" 200 62192 "-" "Mozilla/5.0 (compatible; YandexBot/3.0; +http://yandex.com/bots)"
212.76.133.14 - - [03/Jul/2026:16:40:52 +0000] "GET /favicon.ico HTTP/1.1" 200 82605 "/favicon.ico" "Mozilla/5.0 (Macintosh; Intel Mac OS X 14_5) AppleWebKit/605.1.15 Version/17.4 Safari/605.1.15"
66.249.75.10 - - [03/Jul/2026:16:40:52 +0000] "GET /about HTTP/1.1" 200 28030 "-" "Mozilla/5.0 (compatible; YandexBot/3.0; +http://yandex.com/bots)"
150.227.196.13 - - [03/Jul/2026:16:40:54 +0000] "GET /contacts HTTP/1.1" 200 24289 "/assets/site.css" "Mozilla/5.0 (Windows NT 10.0; Win64; rv:124.0) Gecko/20100101 Firefox/124.0"
156.146.62.11 - - [03/Jul/2026:16:40:55 +0000] "OPTIONS /1c/ HTTP/1.1" 403 2238 "-" "python-requests/2.31.0"
193.142.147.55 - - [03/Jul/2026:16:40:55 +0000] "GET /Config/ HTTP/1.1" 404 2565 "-" "DirBuster-1.0-RC1"
40.77.167.21 - - [03/Jul/2026:16:40:55 +0000] "HEAD /sitemap.xml HTTP/1.1" 200 58016 "-" "Mozilla/5.0 (iPhone; CPU iPhone OS 17_4 like Mac OS X) AppleWebKit/605.1.15 Version/17.4 Mobile/15E148 Safari/604.1"
213.24.11.146 - - [03/Jul/2026:16:40:56 +0000] "GET /api/news HTTP/1.1" 200 59374 "/metrics" "Mozilla/5.0 (Windows NT 10.0; Win64; x64) AppleWebKit/537.36 Chrome/123.0.0.0 Safari/537.36"
66.249.75.10 - - [03/Jul/2026:16:40:56 +0000] "GET /assets/app.js HTTP/1.1" 200 46928 "-" "Mozilla/5.0 (iPad; CPU OS 17_4 like Mac OS X) AppleWebKit/605.1.15 Version/17.4 Mobile/15E148 Safari/604.1"
157.55.39.7 - - [03/Jul/2026:16:40:56 +0000] "GET /articles/2026/q2 HTTP/1.1" 200 55718 "-" "Mozilla/5.0 (Linux; Android 13; SM-S918B) AppleWebKit/537.36 SamsungBrowser/24.0 Chrome/120.0 Mobile Safari/537.36"
91.198.174.22 - - [03/Jul/2026:16:40:57 +0000] "GET / HTTP/1.1" 200 80324 "/" "Mozilla/5.0 (Windows NT 10.0; Win64; x64) AppleWebKit/537.36 Edg/124.0.0.0"
77.88.55.201 - - [03/Jul/2026:16:40:57 +0000] "GET /favicon.ico HTTP/1.1" 200 929 "/metrics" "Mozilla/5.0 (Linux; Android 13; SM-S918B) AppleWebKit/537.36 SamsungBrowser/24.0 Chrome/120.0 Mobile Safari/537.36"
104.244.72.115 - - [03/Jul/2026:16:40:58 +0000] "OPTIONS /flyway HTTP/1.1" 301 2406 "-" "Nmap Scripting Engine"
10.42.1.54 - - [03/Jul/2026:16:40:58 +0000] "GET /metrics HTTP/1.1" 200 2263 "-" "curl/8.6.0"
143.28.231.180 - - [03/Jul/2026:16:40:58 +0000] "OPTIONS /access.log HTTP/1.1" 404 597 "-" "Wfuzz/3.1.0"
90.85.229.19 - - [03/Jul/2026:16:40:59 +0000] "GET / HTTP/1.1" 200 76865 "-" "Mozilla/5.0 (compatible; YandexBot/3.0; +http://yandex.com/bots)"
141.8.153.222 - - [03/Jul/2026:16:40:59 +0000] "GET /robots.txt HTTP/1.1" 200 61524 "-" "Mozilla/5.0 (Windows NT 10.0; Win64; x64) AppleWebKit/537.36 Edg/124.0.0.0"
200.153.58.110 - - [03/Jul/2026:16:40:59 +0000] "GET /robots.txt HTTP/1.1" 200 20297 "/articles/2026/q2" "Mozilla/5.0 (iPad; CPU OS 17_4 like Mac OS X) AppleWebKit/605.1.15 Version/17.4 Mobile/15E148 Safari/604.1"
203.0.113.77 - - [03/Jul/2026:16:41:00 +0000] "GET /api/news HTTP/1.1" 304 2387 "-" "Mozilla/5.0 (iPhone; CPU iPhone OS 17_4 like Mac OS X) AppleWebKit/605.1.15 Version/17.4 Mobile/15E148 Safari/604.1"
91.198.174.22 - - [03/Jul/2026:16:41:02 +0000] "GET /favicon.ico HTTP/1.1" 200 55263 "-" "Mozilla/5.0 (compatible; Googlebot/2.1; +http://www.google.com/bot.html)"
157.55.39.7 - - [03/Jul/2026:16:41:02 +0000] "GET /robots.txt HTTP/1.1" 304 2870 "-" "Mozilla/5.0 (X11; Linux x86_64) AppleWebKit/537.36 Chrome/122.0.0.0 Safari/537.36"
10.42.1.102 - - [03/Jul/2026:16:41:03 +0000] "GET /healthz HTTP/1.1" 200 718 "-" "curl/8.6.0"
185.220.101.54 - - [03/Jul/2026:16:41:04 +0000] "GET /__pma___ HTTP/1.1" 404 662 "-" "Wfuzz/3.1.0"
80.85.246.17 - - [03/Jul/2026:16:41:04 +0000] "GET /nginx-ssl.access.log HTTP/1.1" 404 784 "-" "feroxbuster/2.11.0"
10.42.0.224 - - [03/Jul/2026:16:41:05 +0000] "GET /healthz HTTP/1.1" 200 2935 "-" "kube-probe/1.30"
74.154.110.238 - - [03/Jul/2026:16:41:06 +0000] "GET /assets/site.css HTTP/1.1" 200 13378 "-" "Mozilla/5.0 (Macintosh; Intel Mac OS X 14_5) AppleWebKit/537.36 Chrome/124.0.0.0 Safari/537.36"
213.24.11.146 - - [03/Jul/2026:16:41:06 +0000] "GET /about HTTP/1.1" 200 9304 "-" "Mozilla/5.0 (Linux; Android 13; SM-S918B) AppleWebKit/537.36 SamsungBrowser/24.0 Chrome/120.0 Mobile Safari/537.36"
40.77.167.21 - - [03/Jul/2026:16:41:06 +0000] "GET /api/products HTTP/1.1" 304 3182 "/favicon.ico" "Mozilla/5.0 (Linux; Android 13; SM-S918B) AppleWebKit/537.36 SamsungBrowser/24.0 Chrome/120.0 Mobile Safari/537.36"
46.188.19.142 - - [03/Jul/2026:16:41:08 +0000] "HEAD /assets/site.css HTTP/1.1" 200 66877 "-" "Mozilla/5.0 (compatible; YandexBot/3.0; +http://yandex.com/bots)"
45.146.164.12 - - [03/Jul/2026:16:41:08 +0000] "GET /_logs/access.log HTTP/1.1" 405 158 "-" "DirBuster-1.0-RC1"
198.51.100.45 - - [03/Jul/2026:16:41:08 +0000] "GET /sitemap.xml HTTP/1.1" 200 76214 "/robots.txt" "Mozilla/5.0 (iPhone; CPU iPhone OS 17_4 like Mac OS X) AppleWebKit/605.1.15 Version/17.4 Mobile/15E148 Safari/604.1"
203.0.113.77 - - [03/Jul/2026:16:41:09 +0000] "GET /healthz HTTP/1.1" 200 53023 "-" "Mozilla/5.0 (Macintosh; Intel Mac OS X 14_5) AppleWebKit/605.1.15 Version/17.4 Safari/605.1.15"
155.193.228.158 - - [03/Jul/2026:16:41:09 +0000] "GET /assets/app.js HTTP/1.1" 200 28738 "-" "Mozilla/5.0 (iPad; CPU OS 17_4 like Mac OS X) AppleWebKit/605.1.15 Version/17.4 Mobile/15E148 Safari/604.1"
104.244.72.115 - - [03/Jul/2026:16:41:10 +0000] "GET /Mercury/ HTTP/1.1" 404 1537 "-" "DirBuster-1.0-RC1"
66.249.75.10 - - [03/Jul/2026:16:41:10 +0000] "GET /metrics HTTP/1.1" 200 24939 "-" "Mozilla/5.0 (Linux; Android 13; SM-S918B) AppleWebKit/537.36 SamsungBrowser/24.0 Chrome/120.0 Mobile Safari/537.36"
193.142.147.55 - - [03/Jul/2026:16:41:11 +0000] "GET /php.log HTTP/1.1" 404 2338 "-" "feroxbuster/2.11.0"
156.146.62.11 - - [03/Jul/2026:16:41:12 +0000] "GET /admin-console/ HTTP/1.1" 404 779 "-" "Wfuzz/3.1.0"
194.26.29.89 - - [03/Jul/2026:16:41:12 +0000] "HEAD /zeroclipboard.swf HTTP/1.1" 404 2410 "-" "python-requests/2.31.0"
171.25.193.20 - - [03/Jul/2026:16:41:12 +0000] "GET /mail.log HTTP/1.1" 404 325 "-" "dirsearch/0.4.3"
10.42.3.100 - - [03/Jul/2026:16:41:12 +0000] "GET /metrics HTTP/1.1" 200 229 "-" "curl/8.6.0"
77.88.55.201 - - [03/Jul/2026:16:41:13 +0000] "HEAD /api/news HTTP/1.1" 200 78478 "-" "Mozilla/5.0 (Windows NT 10.0; Win64; x64) AppleWebKit/537.36 Edg/124.0.0.0"
188.18.77.220 - - [03/Jul/2026:16:41:13 +0000] "GET /articles/2026/q2 HTTP/1.1" 200 72951 "-" "Mozilla/5.0 (iPhone; CPU iPhone OS 17_4 like Mac OS X) AppleWebKit/605.1.15 Version/17.4 Mobile/15E148 Safari/604.1"
77.88.55.201 - - [03/Jul/2026:16:41:13 +0000] "GET /contacts HTTP/1.1" 200 64412 "-" "Mozilla/5.0 (Linux; Android 13; SM-S918B) AppleWebKit/537.36 SamsungBrowser/24.0 Chrome/120.0 Mobile Safari/537.36"
45.9.148.77 - - [03/Jul/2026:16:41:14 +0000] "GET /checklogin.php HTTP/1.1" 404 200 "-" "dirsearch/0.4.3"
213.24.11.146 - - [03/Jul/2026:16:41:14 +0000] "GET /metrics HTTP/1.1" 200 68336 "-" "Mozilla/5.0 (Macintosh; Intel Mac OS X 14_5) AppleWebKit/605.1.15 Version/17.4 Safari/605.1.15"
156.146.62.11 - - [03/Jul/2026:16:41:14 +0000] "OPTIONS /!.htaccess HTTP/1.1" 404 2223 "-" "Go-http-client/1.1"
91.198.174.22 - - [03/Jul/2026:16:41:14 +0000] "GET /contacts HTTP/1.1" 200 80595 "-" "Mozilla/5.0 (Windows NT 10.0; Win64; x64) AppleWebKit/537.36 Edg/124.0.0.0"
10.42.3.164 - - [03/Jul/2026:16:41:14 +0000] "GET /metrics HTTP/1.1" 503 4667 "-" "kube-probe/1.30"
212.76.133.14 - - [03/Jul/2026:16:41:15 +0000] "GET /sitemap.xml HTTP/1.1" 304 3093 "-" "DuckDuckBot/1.0; (+http://duckduckgo.com/duckduckbot)"
212.76.133.14 - - [03/Jul/2026:16:41:15 +0000] "GET /assets/app.js HTTP/1.1" 200 81190 "/favicon.ico" "Mozilla/5.0 (compatible; bingbot/2.0; +http://www.bing.com/bingbot.htm)"
213.24.11.146 - - [03/Jul/2026:16:41:15 +0000] "GET /healthz HTTP/1.1" 200 54730 "-" "Mozilla/5.0 (compatible; bingbot/2.0; +http://www.bing.com/bingbot.htm)"
46.188.19.142 - - [03/Jul/2026:16:41:16 +0000] "HEAD /robots.txt HTTP/1.1" 200 28224 "-" "Mozilla/5.0 (Macintosh; Intel Mac OS X 14_5) AppleWebKit/537.36 Chrome/124.0.0.0 Safari/537.36"
213.24.11.146 - - [03/Jul/2026:16:41:17 +0000] "GET /api/products HTTP/1.1" 200 7883 "/assets/app.js" "Mozilla/5.0 (X11; Linux x86_64) AppleWebKit/537.36 Chrome/122.0.0.0 Safari/537.36"
156.146.62.11 - - [03/Jul/2026:16:41:17 +0000] "GET /.members HTTP/1.1" 404 1007 "-" "Wfuzz/3.1.0"
45.146.164.12 - - [03/Jul/2026:16:41:18 +0000] "GET /index.tar.bz2 HTTP/1.1" 302 1061 "-" "Nmap Scripting Engine"
104.244.72.115 - - [03/Jul/2026:16:41:19 +0000] "OPTIONS /scripts.zip HTTP/1.1" 405 346 "-" "python-requests/2.31.0"
91.198.174.22 - - [03/Jul/2026:16:41:20 +0000] "HEAD /api/news HTTP/1.1" 304 446 "/" "Mozilla/5.0 (compatible; YandexBot/3.0; +http://yandex.com/bots)"
46.188.19.142 - - [03/Jul/2026:16:41:22 +0000] "GET /contacts HTTP/1.1" 200 32069 "/sitemap.xml" "Mozilla/5.0 (Windows NT 10.0; Win64; rv:124.0) Gecko/20100101 Firefox/124.0"
52.67.208.68 - - [03/Jul/2026:16:41:23 +0000] "GET /robots.txt HTTP/1.1" 304 1876 "/assets/app.js" "Mozilla/5.0 (Windows NT 10.0; Win64; x64) AppleWebKit/537.36 Chrome/123.0.0.0 Safari/537.36"
212.76.133.14 - - [03/Jul/2026:16:41:23 +0000] "GET /products HTTP/1.1" 200 76151 "-" "Mozilla/5.0 (Macintosh; Intel Mac OS X 14_5) AppleWebKit/605.1.15 Version/17.4 Safari/605.1.15"
213.24.11.146 - - [03/Jul/2026:16:41:23 +0000] "GET /metrics HTTP/1.1" 200 41299 "-" "Mozilla/5.0 (iPhone; CPU iPhone OS 17_4 like Mac OS X) AppleWebKit/605.1.15 Version/17.4 Mobile/15E148 Safari/604.1"
157.55.39.7 - - [03/Jul/2026:16:41:23 +0000] "GET / HTTP/1.1" 304 3678 "-" "Mozilla/5.0 (X11; Linux x86_64) AppleWebKit/537.36 Chrome/122.0.0.0 Safari/537.36"
5.188.206.67 - - [03/Jul/2026:16:41:24 +0000] "GET /nginx-access.log HTTP/1.1" 404 320 "-" "DirBuster-1.0-RC1"
203.0.113.77 - - [03/Jul/2026:16:41:24 +0000] "GET /assets/logo.svg HTTP/1.1" 200 16295 "/articles/2026/q2" "Mozilla/5.0 (X11; Linux x86_64) AppleWebKit/537.36 Chrome/122.0.0.0 Safari/537.36"
111.49.184.58 - - [03/Jul/2026:16:41:24 +0000] "GET /metrics HTTP/1.1" 200 54127 "/sitemap.xml" "Mozilla/5.0 (Windows NT 10.0; Win64; x64) AppleWebKit/537.36 Chrome/123.0.0.0 Safari/537.36"
188.18.77.220 - - [03/Jul/2026:16:41:24 +0000] "GET /robots.txt HTTP/1.1" 200 35699 "-" "Mozilla/5.0 (iPhone; CPU iPhone OS 17_4 like Mac OS X) AppleWebKit/605.1.15 Version/17.4 Mobile/15E148 Safari/604.1"
157.55.39.7 - - [03/Jul/2026:16:41:25 +0000] "GET /products HTTP/1.1" 200 57010 "-" "Mozilla/5.0 (Windows NT 10.0; Win64; x64) AppleWebKit/537.36 Edg/124.0.0.0"
91.198.174.22 - - [03/Jul/2026:16:41:25 +0000] "GET /about HTTP/1.1" 200 81388 "-" "Mozilla/5.0 (compatible; YandexBot/3.0; +http://yandex.com/bots)"
157.55.39.7 - - [03/Jul/2026:16:41:25 +0000] "GET /favicon.ico HTTP/1.1" 304 648 "-" "Mozilla/5.0 (Windows NT 10.0; Win64; rv:124.0) Gecko/20100101 Firefox/124.0"
195.100.16.174 - - [03/Jul/2026:16:41:26 +0000] "GET /assets/site.css HTTP/1.1" 200 49947 "-" "Mozilla/5.0 (Macintosh; Intel Mac OS X 14_5) AppleWebKit/605.1.15 Version/17.4 Safari/605.1.15"
213.24.11.146 - - [03/Jul/2026:16:41:26 +0000] "GET /healthz HTTP/1.1" 200 53974 "-" "Mozilla/5.0 (iPhone; CPU iPhone OS 17_4 like Mac OS X) AppleWebKit/605.1.15 Version/17.4 Mobile/15E148 Safari/604.1"
40.77.167.21 - - [03/Jul/2026:16:41:26 +0000] "GET /about HTTP/1.1" 200 12859 "/metrics" "Mozilla/5.0 (X11; Linux x86_64) AppleWebKit/537.36 Chrome/122.0.0.0 Safari/537.36"
188.18.77.220 - - [03/Jul/2026:16:41:28 +0000] "GET /assets/app.js HTTP/1.1" 304 3570 "-" "Mozilla/5.0 (Macintosh; Intel Mac OS X 14_5) AppleWebKit/605.1.15 Version/17.4 Safari/605.1.15"
10.42.2.203 - - [03/Jul/2026:16:41:29 +0000] "GET /metrics HTTP/1.1" 200 3108 "-" "curl/8.6.0"
212.76.133.14 - - [03/Jul/2026:16:41:30 +0000] "GET /contacts HTTP/1.1" 200 49993 "-" "Mozilla/5.0 (Windows NT 10.0; Win64; x64) AppleWebKit/537.36 Chrome/123.0.0.0 Safari/537.36"
40.77.167.21 - - [03/Jul/2026:16:41:32 +0000] "GET /favicon.ico HTTP/1.1" 200 2705 "-" "Mozilla/5.0 (Macintosh; Intel Mac OS X 14_5) AppleWebKit/537.36 Chrome/124.0.0.0 Safari/537.36"
141.8.153.222 - - [03/Jul/2026:16:41:32 +0000] "GET /about HTTP/1.1" 200 31269 "/assets/app.js" "Mozilla/5.0 (iPad; CPU OS 17_4 like Mac OS X) AppleWebKit/605.1.15 Version/17.4 Mobile/15E148 Safari/604.1"
91.198.174.22 - - [03/Jul/2026:16:41:32 +0000] "GET /api/news HTTP/1.1" 200 50232 "-" "Mozilla/5.0 (iPhone; CPU iPhone OS 17_4 like Mac OS X) AppleWebKit/605.1.15 Version/17.4 Mobile/15E148 Safari/604.1"
185.193.88.77 - - [03/Jul/2026:16:41:33 +0000] "GET /nginx-access.log HTTP/1.1" 403 1654 "-" "Nmap Scripting Engine"
45.146.164.12 - - [03/Jul/2026:16:41:34 +0000] "HEAD /httpd/logs/access.log HTTP/1.1" 301 162 "-" "dirsearch/0.4.3"
10.42.1.85 - - [03/Jul/2026:16:41:35 +0000] "GET /healthz HTTP/1.1" 200 1428 "-" "kube-probe/1.30"
80.85.246.17 - - [03/Jul/2026:16:41:35 +0000] "GET /license.txt HTTP/1.1" 302 1636 "-" "gobuster/3.6"
141.8.153.222 - - [03/Jul/2026:16:41:36 +0000] "GET /assets/app.js HTTP/1.1" 200 38338 "/products" "Mozilla/5.0 (compatible; bingbot/2.0; +http://www.bing.com/bingbot.htm)"
43.67.3.113 - - [03/Jul/2026:16:41:36 +0000] "GET /about HTTP/1.1" 200 21776 "-" "Mozilla/5.0 (Macintosh; Intel Mac OS X 14_5) AppleWebKit/537.36 Chrome/124.0.0.0 Safari/537.36"
10.42.1.209 - - [03/Jul/2026:16:41:36 +0000] "GET /metrics HTTP/1.1" 200 2534 "-" "kube-probe/1.30"
46.188.19.142 - - [03/Jul/2026:16:41:36 +0000] "GET /assets/logo.svg HTTP/1.1" 200 67636 "/assets/logo.svg" "Mozilla/5.0 (Macintosh; Intel Mac OS X 14_5) AppleWebKit/605.1.15 Version/17.4 Safari/605.1.15"
33.133.19.150 - - [03/Jul/2026:16:41:36 +0000] "GET /robots.txt HTTP/1.1" 200 46702 "-" "Mozilla/5.0 (Windows NT 10.0; Win64; x64) AppleWebKit/537.36 Edg/124.0.0.0"
203.0.113.77 - - [03/Jul/2026:16:41:37 +0000] "GET /articles/2026/q2 HTTP/1.1" 200 23631 "-" "Mozilla/5.0 (Windows NT 10.0; Win64; x64) AppleWebKit/537.36 Edg/124.0.0.0"
141.8.153.222 - - [03/Jul/2026:16:41:37 +0000] "GET /api/news HTTP/1.1" 200 72449 "-" "Mozilla/5.0 (compatible; YandexBot/3.0; +http://yandex.com/bots)"
77.88.55.201 - - [03/Jul/2026:16:41:37 +0000] "GET /assets/site.css HTTP/1.1" 200 45310 "-" "Mozilla/5.0 (Macintosh; Intel Mac OS X 14_5) AppleWebKit/605.1.15 Version/17.4 Safari/605.1.15"
61.156.173.154 - - [03/Jul/2026:16:41:37 +0000] "GET /favicon.ico HTTP/1.1" 200 34121 "/" "Mozilla/5.0 (Linux; Android 13; SM-S918B) AppleWebKit/537.36 SamsungBrowser/24.0 Chrome/120.0 Mobile Safari/537.36"
66.249.75.10 - - [03/Jul/2026:16:41:39 +0000] "HEAD /favicon.ico HTTP/1.1" 200 12008 "-" "Mozilla/5.0 (compatible; Googlebot/2.1; +http://www.google.com/bot.html)"
156.146.62.11 - - [03/Jul/2026:16:41:39 +0000] "HEAD /com.tar.gz HTTP/1.1" 302 2135 "-" "python-requests/2.31.0"
193.142.147.55 - - [03/Jul/2026:16:41:39 +0000] "GET /uwsgi.ini HTTP/1.1" 404 2256 "-" "Go-http-client/1.1"
77.88.55.201 - - [03/Jul/2026:16:41:39 +0000] "GET /assets/site.css HTTP/1.1" 200 19520 "/robots.txt" "Mozilla/5.0 (compatible; YandexBot/3.0; +http://yandex.com/bots)"
80.85.246.17 - - [03/Jul/2026:16:41:39 +0000] "GET /admin/adminLogin.htm HTTP/1.1" 403 218 "-" "Go-http-client/1.1"
178.173.245.15 - - [03/Jul/2026:16:41:40 +0000] "GET /web-console/ServerInfo.jsp HTTP/1.1" 404 1798 "-" "DirBuster-1.0-RC1"
40.77.167.21 - - [03/Jul/2026:16:41:40 +0000] "GET /sitemap.xml HTTP/1.1" 200 25823 "/favicon.ico" "Mozilla/5.0 (Windows NT 10.0; Win64; x64) AppleWebKit/537.36 Edg/124.0.0.0"
185.220.101.54 - - [03/Jul/2026:16:41:40 +0000] "OPTIONS /spy.aspx HTTP/1.1" 500 681 "-" "dirsearch/0.4.3"
203.0.113.77 - - [03/Jul/2026:16:41:40 +0000] "GET /assets/site.css HTTP/1.1" 200 15014 "/metrics" "Mozilla/5.0 (Linux; Android 13; SM-S918B) AppleWebKit/537.36 SamsungBrowser/24.0 Chrome/120.0 Mobile Safari/537.36"
193.142.147.55 - - [03/Jul/2026:16:41:41 +0000] "GET /modelsearch/admin.html HTTP/1.1" 403 761 "-" "Go-http-client/1.1"
91.198.174.22 - - [03/Jul/2026:16:41:41 +0000] "GET /robots.txt HTTP/1.1" 304 2652 "-" "Mozilla/5.0 (Macintosh; Intel Mac OS X 14_5) AppleWebKit/537.36 Chrome/124.0.0.0 Safari/537.36"
45.146.164.12 - - [03/Jul/2026:16:41:41 +0000] "OPTIONS /squid3_log/ HTTP/1.1" 404 1720 "-" "masscan/1.3 (https://github.com/robertdavidgraham/masscan)"
193.142.147.55 - - [03/Jul/2026:16:41:42 +0000] "OPTIONS /wp-content/debug.log HTTP/1.1" 302 2595 "-" "sqlmap/1.8.4#stable"
91.198.174.22 - - [03/Jul/2026:16:41:42 +0000] "HEAD /products HTTP/1.1" 200 79796 "-" "Mozilla/5.0 (Windows NT 10.0; Win64; x64) AppleWebKit/537.36 Chrome/123.0.0.0 Safari/537.36"
203.0.113.77 - - [03/Jul/2026:16:41:44 +0000] "GET /contacts HTTP/1.1" 200 72245 "-" "Mozilla/5.0 (Macintosh; Intel Mac OS X 14_5) AppleWebKit/537.36 Chrome/124.0.0.0 Safari/537.36"
162.131.250.45 - - [03/Jul/2026:16:41:44 +0000] "GET /assets/logo.svg HTTP/1.1" 200 36180 "/contacts" "Mozilla/5.0 (Windows NT 10.0; Win64; x64) AppleWebKit/537.36 Chrome/123.0.0.0 Safari/537.36"
198.51.100.45 - - [03/Jul/2026:16:41:44 +0000] "GET /about HTTP/1.1" 200 16125 "/assets/logo.svg" "Mozilla/5.0 (Windows NT 10.0; Win64; rv:124.0) Gecko/20100101 Firefox/124.0"
193.142.147.55 - - [03/Jul/2026:16:41:44 +0000] "HEAD /nginx-access.log HTTP/1.1" 404 1120 "-" "Nmap Scripting Engine"
91.198.174.22 - - [03/Jul/2026:16:41:45 +0000] "GET /assets/site.css HTTP/1.1" 200 25433 "/healthz" "Mozilla/5.0 (compatible; Googlebot/2.1; +http://www.google.com/bot.html)"
40.77.167.21 - - [03/Jul/2026:16:41:46 +0000] "GET /contacts HTTP/1.1" 200 56662 "-" "Mozilla/5.0 (Windows NT 10.0; Win64; x64) AppleWebKit/537.36 Edg/124.0.0.0"
156.244.188.212 - - [03/Jul/2026:16:41:46 +0000] "GET /robots.txt HTTP/1.1" 200 22212 "-" "Mozilla/5.0 (compatible; Googlebot/2.1; +http://www.google.com/bot.html)"
198.51.100.45 - - [03/Jul/2026:16:41:47 +0000] "GET /metrics HTTP/1.1" 200 4414 "/robots.txt" "Mozilla/5.0 (compatible; Googlebot/2.1; +http://www.google.com/bot.html)"
23.129.64.112 - - [03/Jul/2026:16:41:48 +0000] "OPTIONS /user/admin.php HTTP/1.1" 302 1505 "-" "dirsearch/0.4.3"
66.249.75.10 - - [03/Jul/2026:16:41:48 +0000] "GET /api/products HTTP/1.1" 200 59882 "-" "Mozilla/5.0 (Windows NT 10.0; Win64; x64) AppleWebKit/537.36 Edg/124.0.0.0"
157.55.39.7 - - [03/Jul/2026:16:41:48 +0000] "GET /assets/logo.svg HTTP/1.1" 200 82078 "/articles/2026/q2" "Mozilla/5.0 (Windows NT 10.0; Win64; x64) AppleWebKit/537.36 Edg/124.0.0.0"
91.198.174.22 - - [03/Jul/2026:16:41:49 +0000] "HEAD /healthz HTTP/1.1" 200 51632 "-" "Mozilla/5.0 (Macintosh; Intel Mac OS X 14_5) AppleWebKit/605.1.15 Version/17.4 Safari/605.1.15"
185.220.101.54 - - [03/Jul/2026:16:41:49 +0000] "GET /v1.x/swagger-ui.html HTTP/1.1" 403 1910 "-" "python-requests/2.31.0"
46.188.19.142 - - [03/Jul/2026:16:41:49 +0000] "GET /healthz HTTP/1.1" 200 65333 "/about" "Mozilla/5.0 (iPad; CPU OS 17_4 like Mac OS X) AppleWebKit/605.1.15 Version/17.4 Mobile/15E148 Safari/604.1"
10.42.2.57 - - [03/Jul/2026:16:41:49 +0000] "GET /metrics HTTP/1.1" 200 3727 "-" "kube-probe/1.30"
45.9.148.77 - - [03/Jul/2026:16:41:49 +0000] "GET /tmp/access.log HTTP/1.1" 404 862 "-" "ffuf/2.1.0"
213.24.11.146 - - [03/Jul/2026:16:41:49 +0000] "GET / HTTP/1.1" 200 36106 "/healthz" "Mozilla/5.0 (iPhone; CPU iPhone OS 17_4 like Mac OS X) AppleWebKit/605.1.15 Version/17.4 Mobile/15E148 Safari/604.1"
213.24.11.146 - - [03/Jul/2026:16:41:50 +0000] "GET /assets/site.css HTTP/1.1" 200 41967 "-" "Mozilla/5.0 (Windows NT 10.0; Win64; x64) AppleWebKit/537.36 Chrome/123.0.0.0 Safari/537.36"
45.9.148.77 - - [03/Jul/2026:16:41:50 +0000] "GET /tmp/access.log HTTP/1.1" 404 1194 "-" "masscan/1.3 (https://github.com/robertdavidgraham/masscan)"
141.8.153.222 - - [03/Jul/2026:16:41:50 +0000] "GET /assets/site.css HTTP/1.1" 200 56569 "/assets/app.js" "Mozilla/5.0 (iPad; CPU OS 17_4 like Mac OS X) AppleWebKit/605.1.15 Version/17.4 Mobile/15E148 Safari/604.1"
157.55.39.7 - - [03/Jul/2026:16:41:51 +0000] "GET /favicon.ico HTTP/1.1" 200 72077 "-" "Mozilla/5.0 (iPad; CPU OS 17_4 like Mac OS X) AppleWebKit/605.1.15 Version/17.4 Mobile/15E148 Safari/604.1"
10.42.1.97 - - [03/Jul/2026:16:41:51 +0000] "GET /healthz HTTP/1.1" 200 2931 "-" "kube-probe/1.30"
45.9.148.77 - - [03/Jul/2026:16:41:52 +0000] "GET /log/access.log HTTP/1.1" 302 2310 "-" "feroxbuster/2.11.0"
203.0.113.77 - - [03/Jul/2026:16:41:52 +0000] "GET /assets/app.js HTTP/1.1" 200 28620 "/api/news" "Mozilla/5.0 (iPad; CPU OS 17_4 like Mac OS X) AppleWebKit/605.1.15 Version/17.4 Mobile/15E148 Safari/604.1"
193.142.147.55 - - [03/Jul/2026:16:41:52 +0000] "GET /encode_explorer-3.3/ HTTP/1.1" 302 797 "-" "Nmap Scripting Engine"
212.76.133.14 - - [03/Jul/2026:16:41:53 +0000] "GET /healthz HTTP/1.1" 200 31059 "/api/news" "Mozilla/5.0 (Macintosh; Intel Mac OS X 14_5) AppleWebKit/537.36 Chrome/124.0.0.0 Safari/537.36"
66.249.75.10 - - [03/Jul/2026:16:41:53 +0000] "GET / HTTP/1.1" 200 79141 "-" "Mozilla/5.0 (Linux; Android 13; SM-S918B) AppleWebKit/537.36 SamsungBrowser/24.0 Chrome/120.0 Mobile Safari/537.36"
40.77.167.21 - - [03/Jul/2026:16:41:53 +0000] "GET /sitemap.xml HTTP/1.1" 200 27189 "-" "Mozilla/5.0 (Macintosh; Intel Mac OS X 14_5) AppleWebKit/605.1.15 Version/17.4 Safari/605.1.15"
198.51.100.45 - - [03/Jul/2026:16:41:53 +0000] "GET /assets/site.css HTTP/1.1" 304 2586 "-" "Mozilla/5.0 (Windows NT 10.0; Win64; rv:124.0) Gecko/20100101 Firefox/124.0"
40.77.167.21 - - [03/Jul/2026:16:41:54 +0000] "GET /metrics HTTP/1.1" 200 45806 "/healthz" "Mozilla/5.0 (iPhone; CPU iPhone OS 17_4 like Mac OS X) AppleWebKit/605.1.15 Version/17.4 Mobile/15E148 Safari/604.1"
10.42.2.167 - - [03/Jul/2026:16:41:54 +0000] "GET /healthz HTTP/1.1" 200 4819 "-" "kube-probe/1.30"
46.188.19.142 - - [03/Jul/2026:16:41:54 +0000] "GET /metrics HTTP/1.1" 304 1724 "/assets/app.js" "Mozilla/5.0 (Windows NT 10.0; Win64; x64) AppleWebKit/537.36 Edg/124.0.0.0"
5.188.206.67 - - [03/Jul/2026:16:41:56 +0000] "GET /dump.inc HTTP/1.1" 404 886 "-" "sqlmap/1.8.4#stable"
188.18.77.220 - - [03/Jul/2026:16:41:56 +0000] "GET /products HTTP/1.1" 200 81170 "/favicon.ico" "Mozilla/5.0 (compatible; Googlebot/2.1; +http://www.google.com/bot.html)"
77.88.55.201 - - [03/Jul/2026:16:41:56 +0000] "GET /assets/app.js HTTP/1.1" 200 79918 "/api/news" "Mozilla/5.0 (Linux; Android 13; SM-S918B) AppleWebKit/537.36 SamsungBrowser/24.0 Chrome/120.0 Mobile Safari/537.36"
188.18.77.220 - - [03/Jul/2026:16:41:56 +0000] "GET /api/products HTTP/1.1" 200 45031 "/robots.txt" "Mozilla/5.0 (iPhone; CPU iPhone OS 17_4 like Mac OS X) AppleWebKit/605.1.15 Version/17.4 Mobile/15E148 Safari/604.1"
46.188.19.142 - - [03/Jul/2026:16:41:56 +0000] "HEAD /articles/2026/q2 HTTP/1.1" 200 52256 "-" "Mozilla/5.0 (Macintosh; Intel Mac OS X 14_5) AppleWebKit/605.1.15 Version/17.4 Safari/605.1.15"
10.42.2.80 - - [03/Jul/2026:16:41:57 +0000] "GET /healthz HTTP/1.1" 200 4716 "-" "curl/8.6.0"
91.198.174.22 - - [03/Jul/2026:16:41:57 +0000] "GET /healthz HTTP/1.1" 200 24431 "-" "Mozilla/5.0 (compatible; Googlebot/2.1; +http://www.google.com/bot.html)"
91.198.174.22 - - [03/Jul/2026:16:41:57 +0000] "HEAD /articles/2026/q2 HTTP/1.1" 200 12338 "-" "Mozilla/5.0 (compatible; Googlebot/2.1; +http://www.google.com/bot.html)"
193.142.147.55 - - [03/Jul/2026:16:41:58 +0000] "OPTIONS /install-sh HTTP/1.1" 500 1650 "-" "ffuf/2.1.0"
141.8.153.222 - - [03/Jul/2026:16:41:58 +0000] "GET /assets/app.js HTTP/1.1" 200 31730 "/assets/logo.svg" "Mozilla/5.0 (iPhone; CPU iPhone OS 17_4 like Mac OS X) AppleWebKit/605.1.15 Version/17.4 Mobile/15E148 Safari/604.1"
185.220.101.54 - - [03/Jul/2026:16:41:59 +0000] "GET /editor-4.2.4-mysql-en.php HTTP/1.1" 500 639 "-" "feroxbuster/2.11.0"
227.4.226.217 - - [03/Jul/2026:16:42:00 +0000] "GET /assets/app.js HTTP/1.1" 200 72290 "/articles/2026/q2" "Mozilla/5.0 (Macintosh; Intel Mac OS X 14_5) AppleWebKit/537.36 Chrome/124.0.0.0 Safari/537.36"
157.55.39.7 - - [03/Jul/2026:16:42:00 +0000] "GET /healthz HTTP/1.1" 200 14217 "-" "DuckDuckBot/1.0; (+http://duckduckgo.com/duckduckbot)"
213.24.11.146 - - [03/Jul/2026:16:42:00 +0000] "GET /api/news HTTP/1.1" 200 57603 "/assets/app.js" "Mozilla/5.0 (iPhone; CPU iPhone OS 17_4 like Mac OS X) AppleWebKit/605.1.15 Version/17.4 Mobile/15E148 Safari/604.1"
5.188.206.67 - - [03/Jul/2026:16:42:01 +0000] "GET /db-admin HTTP/1.1" 500 766 "-" "masscan/1.3 (https://github.com/robertdavidgraham/masscan)"
80.85.246.17 - - [03/Jul/2026:16:42:01 +0000] "HEAD /admin_logon/ HTTP/1.1" 405 2122 "-" "gobuster/3.6"
56.244.68.216 - - [03/Jul/2026:16:42:01 +0000] "GET /metrics HTTP/1.1" 200 17289 "-" "Mozilla/5.0 (iPhone; CPU iPhone OS 17_4 like Mac OS X) AppleWebKit/605.1.15 Version/17.4 Mobile/15E148 Safari/604.1"
188.18.77.220 - - [03/Jul/2026:16:42:02 +0000] "GET /metrics HTTP/1.1" 304 1616 "/" "Mozilla/5.0 (X11; Linux x86_64) AppleWebKit/537.36 Chrome/122.0.0.0 Safari/537.36"
77.88.55.201 - - [03/Jul/2026:16:42:02 +0000] "GET /metrics HTTP/1.1" 304 2736 "-" "DuckDuckBot/1.0; (+http://duckduckgo.com/duckduckbot)"
104.244.72.115 - - [03/Jul/2026:16:42:03 +0000] "HEAD /robots.txt.dist HTTP/1.1" 405 1622 "-" "dirsearch/0.4.3"
104.244.72.115 - - [03/Jul/2026:16:42:03 +0000] "OPTIONS /.ssh/id_rsa~ HTTP/1.1" 404 1629 "-" "Wfuzz/3.1.0"
156.146.62.11 - - [03/Jul/2026:16:42:04 +0000] "HEAD /phpMyAdmin-2.6.2-rc1/ HTTP/1.1" 500 1195 "-" "Nmap Scripting Engine"
