5.188.206.67 - - [03/Jul/2026:16:34:28 +0000] "GET /c-h.v2.php HTTP/1.1" 404 707 "-" "feroxbuster/2.11.0"
193.142.147.55 - - [03/Jul/2026:16:34:29 +0000] "GET /authlog.txt HTTP/1.1" 405 710 "-" "gobuster/3.6"
212.76.133.14 - - [03/Jul/2026:16:34:29 +0000] "GET /contacts HTTP/1.1" 200 2543 "/robots.txt" "Mozilla/5.0 (Windows NT 10.0; Win64; rv:124.0) Gecko/20100101 Firefox/124.0"
46.188.19.142 - - [03/Jul/2026:16:34:29 +0000] "GET / HTTP/1.1" 200 57054 "-" "Mozilla/5.0 (Windows NT 10.0; Win64; x64) AppleWebKit/537.36 Edg/124.0.0.0"
141.8.153.222 - - [03/Jul/2026:16:34:29 +0000] "GET / HTTP/1.1" 304 1704 "/" "Mozilla/5.0 (Windows NT 10.0; Win64; x64) AppleWebKit/537.36 Chrome/123.0.0.0 Safari/537.36"
141.8.153.222 - - [03/Jul/2026:16:34:30 +0000] "GET /assets/site.css HTTP/1.1" 200 32596 "/favicon.ico" "Mozilla/5.0 (Macintosh; Intel Mac OS X 14_5) AppleWebKit/537.36 Chrome/124.0.0.0 Safari/537.36"
213.24.11.146 - - [03/Jul/2026:16:34:30 +0000] "GET /assets/logo.svg HTTP/1.1" 304 1229 "-" "Mozilla/5.0 (Windows NT 10.0; Win64; x64) AppleWebKit/537.36 Edg/124.0.0.0"
185.220.101.54 - - [03/Jul/2026:16:34:30 +0000] "GET /.settings HTTP/1.1" 404 720 "-" "sqlmap/1.8.4#stable"
203.0.113.77 - - [03/Jul/2026:16:34:30 +0000] "GET /about HTTP/1.1" 200 75306 "/favicon.ico" "Mozilla/5.0 (Windows NT 10.0; Win64; rv:124.0) Gecko/20100101 Firefox/124.0"
10.42.3.23 - - [03/Jul/2026:16:34:30 +0000] "GET /metrics HTTP/1.1" 200 3222 "-" "curl/8.6.0"
203.0.113.77 - - [03/Jul/2026:16:34:31 +0000] "GET /sitemap.xml HTTP/1.1" 304 3876 "/healthz" "Mozilla/5.0 (Windows NT 10.0; Win64; x64) AppleWebKit/537.36 Chrome/123.0.0.0 Safari/537.36"
80.85.246.17 - - [03/Jul/2026:16:34:31 +0000] "OPTIONS /api/v2/api-docs HTTP/1.1" 301 1408 "-" "gobuster/3.6"
91.198.174.22 - - [03/Jul/2026:16:34:32 +0000] "GET /sitemap.xml HTTP/1.1" 200 2348 "/assets/app.js" "Mozilla/5.0 (iPhone; CPU iPhone OS 17_4 like Mac OS X) AppleWebKit/605.1.15 Version/17.4 Mobile/15E148 Safari/604.1"
91.198.174.22 - - [03/Jul/2026:16:34:32 +0000] "GET / HTTP/1.1" 200 55538 "/products" "Mozilla/5.0 (compatible; YandexBot/3.0; +http://yandex.com/bots)"
203.0.113.77 - - [03/Jul/2026:16:34:32 +0000] "GET /api/news HTTP/1.1" 200 11240 "-" "Mozilla/5.0 (compatible; YandexBot/3.0; +http://yandex.com/bots)"
91.198.174.22 - - [03/Jul/2026:16:34:33 +0000] "GET /assets/site.css HTTP/1.1" 200 2410 "-" "Mozilla/5.0 (Linux; Android 13; SM-S918B) AppleWebKit/537.36 SamsungBrowser/24.0 Chrome/120.0 Mobile Safari/537.36"
77.88.55.201 - - [03/Jul/2026:16:34:33 +0000] "GET /robots.txt HTTP/1.1" 200 40953 "-" "Mozilla/5.0 (Macintosh; Intel Mac OS X 14_5) AppleWebKit/605.1.15 Version/17.4 Safari/605.1.15"
141.8.153.222 - - [03/Jul/2026:16:34:33 +0000] "GET /products HTTP/1.1" 200 67146 "/articles/2026/q2" "Mozilla/5.0 (Macintosh; Intel Mac OS X 14_5) AppleWebKit/605.1.15 Version/17.4 Safari/605.1.15"
61.32.220.37 - - [03/Jul/2026:16:34:34 +0000] "GET /.idea/scopes/scope_settings.xml HTTP/1.1" 404 1178 "-" "masscan/1.3 (https://github.com/robertdavidgraham/masscan)"
203.0.113.77 - - [03/Jul/2026:16:34:34 +0000] "GET /api/products HTTP/1.1" 200 55436 "-" "Mozilla/5.0 (Macintosh; Intel Mac OS X 14_5) AppleWebKit/605.1.15 Version/17.4 Safari/605.1.15"
171.25.193.20 - - [03/Jul/2026:16:34:34 +0000] "HEAD /0.php HTTP/1.1" 404 740 "-" "dirsearch/0.4.3"
46.188.19.142 - - [03/Jul/2026:16:34:36 +0000] "GET /robots.txt HTTP/1.1" 304 253 "/metrics" "Mozilla/5.0 (Windows NT 10.0; Win64; rv:124.0) Gecko/20100101 Firefox/124.0"
10.42.1.214 - - [03/Jul/2026:16:34:37 +0000] "GET /metrics HTTP/1.1" 200 3371 "-" "curl/8.6.0"
141.8.153.222 - - [03/Jul/2026:16:34:37 +0000] "GET /assets/logo.svg HTTP/1.1" 200 59761 "-" "Mozilla/5.0 (Macintosh; Intel Mac OS X 14_5) AppleWebKit/605.1.15 Version/17.4 Safari/605.1.15"
188.18.77.220 - - [03/Jul/2026:16:34:38 +0000] "GET /products HTTP/1.1" 200 50128 "-" "Mozilla/5.0 (Windows NT 10.0; Win64; x64) AppleWebKit/537.36 Chrome/123.0.0.0 Safari/537.36"
45.9.148.77 - - [03/Jul/2026:16:34:38 +0000] "OPTIONS /db.mdb HTTP/1.1" 500 344 "-" "sqlmap/1.8.4#stable"
188.18.77.220 - - [03/Jul/2026:16:34:38 +0000] "GET /metrics HTTP/1.1" 304 1329 "/contacts" "Mozilla/5.0 (X11; Linux x86_64) AppleWebKit/537.36 Chrome/122.0.0.0 Safari/537.36"
213.24.11.146 - - [03/Jul/2026:16:34:39 +0000] "GET /api/news HTTP/1.1" 200 19029 "-" "Mozilla/5.0 (Macintosh; Intel Mac OS X 14_5) AppleWebKit/537.36 Chrome/124.0.0.0 Safari/537.36"
40.77.167.21 - - [03/Jul/2026:16:34:41 +0000] "GET /contacts HTTP/1.1" 200 56505 "/robots.txt" "Mozilla/5.0 (iPad; CPU OS 17_4 like Mac OS X) AppleWebKit/605.1.15 Version/17.4 Mobile/15E148 Safari/604.1"
157.55.39.7 - - [03/Jul/2026:16:34:41 +0000] "GET /about HTTP/1.1" 200 12987 "/api/news" "Mozilla/5.0 (Windows NT 10.0; Win64; x64) AppleWebKit/537.36 Edg/124.0.0.0"
185.193.88.77 - - [03/Jul/2026:16:34:41 +0000] "GET /tmp/access.log HTTP/1.1" 403 575 "-" "python-requests/2.31.0"
10.42.0.76 - - [03/Jul/2026:16:34:43 +0000] "GET /healthz HTTP/1.1" 200 3656 "-" "curl/8.6.0"
5.188.206.67 - - [03/Jul/2026:16:34:43 +0000] "GET /customers.sql.gz HTTP/1.1" 404 2111 "-" "python-requests/2.31.0"
170.55.39.33 - - [03/Jul/2026:16:34:43 +0000] "GET /assets/logo.svg HTTP/1.1" 200 5633 "-" "Mozilla/5.0 (iPhone; CPU iPhone OS 17_4 like Mac OS X) AppleWebKit/605.1.15 Version/17.4 Mobile/15E148 Safari/604.1"
203.0.113.77 - - [03/Jul/2026:16:34:45 +0000] "GET /sitemap.xml HTTP/1.1" 200 23456 "/assets/app.js" "Mozilla/5.0 (Windows NT 10.0; Win64; x64) AppleWebKit/537.36 Chrome/123.0.0.0 Safari/537.36"
167.147.234.46 - - [03/Jul/2026:16:34:45 +0000] "GET /assets/app.js HTTP/1.1" 200 72484 "/about" "Mozilla/5.0 (Macintosh; Intel Mac OS X 14_5) AppleWebKit/537.36 Chrome/124.0.0.0 Safari/537.36"
171.25.193.20 - - [03/Jul/2026:16:34:45 +0000] "HEAD /admincontrol/login.php HTTP/1.1" 404 1770 "-" "Wfuzz/3.1.0"
185.193.88.77 - - [03/Jul/2026:16:34:46 +0000] "GET /.localcache/ HTTP/1.1" 405 2294 "-" "sqlmap/1.8.4#stable"
157.55.39.7 - - [03/Jul/2026:16:34:47 +0000] "GET /assets/app.js HTTP/1.1" 200 69256 "-" "Mozilla/5.0 (iPhone; CPU iPhone OS 17_4 like Mac OS X) AppleWebKit/605.1.15 Version/17.4 Mobile/15E148 Safari/604.1"
193.142.147.55 - - [03/Jul/2026:16:34:48 +0000] "GET /.hash HTTP/1.1" 405 223 "-" "masscan/1.3 (https://github.com/robertdavidgraham/masscan)"
28.176.139.128 - - [03/Jul/2026:16:34:48 +0000] "GET /sitemap.xml HTTP/1.1" 200 52201 "/articles/2026/q2" "Mozilla/5.0 (Linux; Android 13; SM-S918B) AppleWebKit/537.36 SamsungBrowser/24.0 Chrome/120.0 Mobile Safari/537.36"
66.249.75.10 - - [03/Jul/2026:16:34:49 +0000] "GET /healthz HTTP/1.1" 200 44826 "-" "Mozilla/5.0 (iPad; CPU OS 17_4 like Mac OS X) AppleWebKit/605.1.15 Version/17.4 Mobile/15E148 Safari/604.1"
104.244.72.115 - - [03/Jul/2026:16:34:49 +0000] "GET /.lighttpd.conf HTTP/1.1" 404 419 "-" "Go-http-client/1.1"
188.18.77.220 - - [03/Jul/2026:16:34:49 +0000] "HEAD /healthz HTTP/1.1" 200 73273 "/sitemap.xml" "Mozilla/5.0 (Linux; Android 13; SM-S918B) AppleWebKit/537.36 SamsungBrowser/24.0 Chrome/120.0 Mobile Safari/537.36"
185.220.101.54 - - [03/Jul/2026:16:34:50 +0000] "GET /sql/ HTTP/1.1" 404 2561 "-" "ffuf/2.1.0"
104.244.72.115 - - [03/Jul/2026:16:34:50 +0000] "GET /nginx-ssl.access.log HTTP/1.1" 301 304 "-" "Nmap Scripting Engine"
141.8.153.222 - - [03/Jul/2026:16:34:50 +0000] "GET /favicon.ico HTTP/1.1" 200 41525 "-" "Mozilla/5.0 (iPhone; CPU iPhone OS 17_4 like Mac OS X) AppleWebKit/605.1.15 Version/17.4 Mobile/15E148 Safari/604.1"
40.77.167.21 - - [03/Jul/2026:16:34:51 +0000] "GET /about HTTP/1.1" 200 52202 "/assets/site.css" "Mozilla/5.0 (compatible; bingbot/2.0; +http://www.bing.com/bingbot.htm)"
10.42.3.81 - - [03/Jul/2026:16:34:51 +0000] "GET /healthz HTTP/1.1" 200 5325 "-" "curl/8.6.0"
104.244.72.115 - - [03/Jul/2026:16:34:51 +0000] "HEAD /userdb HTTP/1.1" 301 723 "-" "gobuster/3.6"
157.55.39.7 - - [03/Jul/2026:16:34:51 +0000] "GET /assets/site.css HTTP/1.1" 200 81590 "-" "Mozilla/5.0 (Windows NT 10.0; Win64; x64) AppleWebKit/537.36 Edg/124.0.0.0"
10.42.1.191 - - [03/Jul/2026:16:34:53 +0000] "GET /healthz HTTP/1.1" 200 1486 "-" "kube-probe/1.30"
213.24.11.146 - - [03/Jul/2026:16:34:53 +0000] "GET /assets/site.css HTTP/1.1" 304 2086 "-" "Mozilla/5.0 (Windows NT 10.0; Win64; x64) AppleWebKit/537.36 Edg/124.0.0.0"
203.0.113.77 - - [03/Jul/2026:16:34:53 +0000] "GET /api/news HTTP/1.1" 200 20902 "-" "Mozilla/5.0 (iPad; CPU OS 17_4 like Mac OS X) AppleWebKit/605.1.15 Version/17.4 Mobile/15E148 Safari/604.1"
188.18.77.220 - - [03/Jul/2026:16:34:54 +0000] "GET /articles/2026/q2 HTTP/1.1" 200 55008 "/api/news" "Mozilla/5.0 (Macintosh; Intel Mac OS X 14_5) AppleWebKit/537.36 Chrome/124.0.0.0 Safari/537.36"
66.249.75.10 - - [03/Jul/2026:16:34:54 +0000] "GET /api/news HTTP/1.1" 200 16490 "-" "Mozilla/5.0 (iPhone; CPU iPhone OS 17_4 like Mac OS X) AppleWebKit/605.1.15 Version/17.4 Mobile/15E148 Safari/604.1"
188.18.77.220 - - [03/Jul/2026:16:34:54 +0000] "GET /assets/app.js HTTP/1.1" 200 41258 "/products" "Mozilla/5.0 (compatible; Googlebot/2.1; +http://www.google.com/bot.html)"
176.225.39.110 - - [03/Jul/2026:16:34:54 +0000] "GET / HTTP/1.1" 200 53860 "-" "Mozilla/5.0 (Macintosh; Intel Mac OS X 14_5) AppleWebKit/605.1.15 Version/17.4 Safari/605.1.15"
219.186.95.173 - - [03/Jul/2026:16:34:55 +0000] "GET /.ssh/id_rsa~ HTTP/1.1" 403 2435 "-" "Wfuzz/3.1.0"
91.198.174.22 - - [03/Jul/2026:16:34:55 +0000] "GET /sitemap.xml HTTP/1.1" 200 14638 "-" "Mozilla/5.0 (compatible; YandexBot/3.0; +http://yandex.com/bots)"
40.77.167.21 - - [03/Jul/2026:16:34:56 +0000] "GET /robots.txt HTTP/1.1" 200 16886 "-" "Mozilla/5.0 (Linux; Android 13; SM-S918B) AppleWebKit/537.36 SamsungBrowser/24.0 Chrome/120.0 Mobile Safari/537.36"
156.146.62.11 - - [03/Jul/2026:16:34:56 +0000] "GET /mssql/ HTTP/1.1" 403 1352 "-" "Go-http-client/1.1"
5.188.206.67 - - [03/Jul/2026:16:34:56 +0000] "GET /api/login.json HTTP/1.1" 405 462 "-" "DirBuster-1.0-RC1"
10.42.0.137 - - [03/Jul/2026:16:34:56 +0000] "GET /healthz HTTP/1.1" 200 3650 "-" "curl/8.6.0"
185.220.101.54 - - [03/Jul/2026:16:34:57 +0000] "HEAD /httpd/logs/access.log HTTP/1.1" 301 1000 "-" "dirsearch/0.4.3"
188.18.77.220 - - [03/Jul/2026:16:34:57 +0000] "GET /sitemap.xml HTTP/1.1" 200 67659 "/favicon.ico" "Mozilla/5.0 (compatible; YandexBot/3.0; +http://yandex.com/bots)"
198.51.100.45 - - [03/Jul/2026:16:34:57 +0000] "GET /products HTTP/1.1" 200 39548 "-" "Mozilla/5.0 (Windows NT 10.0; Win64; x64) AppleWebKit/537.36 Chrome/123.0.0.0 Safari/537.36"
157.55.39.7 - - [03/Jul/2026:16:34:58 +0000] "GET /contacts HTTP/1.1" 200 53406 "/healthz" "Mozilla/5.0 (compatible; YandexBot/3.0; +http://yandex.com/bots)"
10.42.0.216 - - [03/Jul/2026:16:34:59 +0000] "GET /metrics HTTP/1.1" 503 3240 "-" "curl/8.6.0"
45.9.148.77 - - [03/Jul/2026:16:34:59 +0000] "OPTIONS /fabric/ HTTP/1.1" 405 1439 "-" "Nmap Scripting Engine"
157.55.39.7 - - [03/Jul/2026:16:34:59 +0000] "GET /about HTTP/1.1" 304 3676 "/" "Mozilla/5.0 (Windows NT 10.0; Win64; x64) AppleWebKit/537.36 Edg/124.0.0.0"
46.188.19.142 - - [03/Jul/2026:16:35:00 +0000] "GET /api/products HTTP/1.1" 200 63132 "-" "Mozilla/5.0 (Windows NT 10.0; Win64; x64) AppleWebKit/537.36 Chrome/123.0.0.0 Safari/537.36"
185.220.101.54 - - [03/Jul/2026:16:35:00 +0000] "GET /access.log HTTP/1.1" 302 967 "-" "dirsearch/0.4.3"
198.51.100.45 - - [03/Jul/2026:16:35:00 +0000] "GET /contacts HTTP/1.1" 304 3968 "/about" "Mozilla/5.0 (iPad; CPU OS 17_4 like Mac OS X) AppleWebKit/605.1.15 Version/17.4 Mobile/15E148 Safari/604.1"
45.77.243.235 - - [03/Jul/2026:16:35:00 +0000] "GET /view.php HTTP/1.1" 404 1106 "-" "DirBuster-1.0-RC1"
10.42.2.164 - - [03/Jul/2026:16:35:00 +0000] "GET /healthz HTTP/1.1" 200 404 "-" "curl/8.6.0"
185.220.101.54 - - [03/Jul/2026:16:35:01 +0000] "OPTIONS /demo/ HTTP/1.1" 500 1155 "-" "Wfuzz/3.1.0"
42.245.179.185 - - [03/Jul/2026:16:35:01 +0000] "GET /api/products HTTP/1.1" 200 14537 "-" "Mozilla/5.0 (compatible; YandexBot/3.0; +http://yandex.com/bots)"
185.220.101.54 - - [03/Jul/2026:16:35:02 +0000] "GET /planning/cfg HTTP/1.1" 404 2307 "-" "feroxbuster/2.11.0"
141.8.153.222 - - [03/Jul/2026:16:35:02 +0000] "GET / HTTP/1.1" 200 12598 "/contacts" "Mozilla/5.0 (iPad; CPU OS 17_4 like Mac OS X) AppleWebKit/605.1.15 Version/17.4 Mobile/15E148 Safari/604.1"
10.42.2.49 - - [03/Jul/2026:16:35:02 +0000] "GET /metrics HTTP/1.1" 200 2819 "-" "kube-probe/1.30"
40.77.167.21 - - [03/Jul/2026:16:35:03 +0000] "GET /api/news HTTP/1.1" 200 74777 "-" "Mozilla/5.0 (Macintosh; Intel Mac OS X 14_5) AppleWebKit/605.1.15 Version/17.4 Safari/605.1.15"
198.51.100.45 - - [03/Jul/2026:16:35:03 +0000] "GET /about HTTP/1.1" 304 3582 "-" "Mozilla/5.0 (iPad; CPU OS 17_4 like Mac OS X) AppleWebKit/605.1.15 Version/17.4 Mobile/15E148 Safari/604.1"
77.88.55.201 - - [03/Jul/2026:16:35:04 +0000] "GET /sitemap.xml HTTP/1.1" 304 1936 "-" "Mozilla/5.0 (compatible; YandexBot/3.0; +http://yandex.com/bots)"
141.8.153.222 - - [03/Jul/2026:16:35:05 +0000] "GET /assets/app.js HTTP/1.1" 200 22468 "-" "Mozilla/5.0 (Windows NT 10.0; Win64; rv:124.0) Gecko/20100101 Firefox/124.0"
66.249.75.10 - - [03/Jul/2026:16:35:06 +0000] "GET /assets/site.css HTTP/1.1" 304 1091 "-" "Mozilla/5.0 (Windows NT 10.0; Win64; x64) AppleWebKit/537.36 Chrome/123.0.0.0 Safari/537.36"
77.88.55.201 - - [03/Jul/2026:16:35:06 +0000] "GET /about HTTP/1.1" 304 2461 "/assets/app.js" "Mozilla/5.0 (Windows NT 10.0; Win64; x64) AppleWebKit/537.36 Chrome/123.0.0.0 Safari/537.36"
171.25.193.20 - - [03/Jul/2026:16:35:07 +0000] "GET /log/payment_paypal_express.log HTTP/1.1" 403 1486 "-" "dirsearch/0.4.3"
77.88.55.201 - - [03/Jul/2026:16:35:07 +0000] "GET /assets/site.css HTTP/1.1" 304 1974 "/api/products" "Mozilla/5.0 (Linux; Android 13; SM-S918B) AppleWebKit/537.36 SamsungBrowser/24.0 Chrome/120.0 Mobile Safari/537.36"
213.24.11.146 - - [03/Jul/2026:16:35:07 +0000] "GET /about HTTP/1.1" 200 84179 "/assets/logo.svg" "Mozilla/5.0 (Macintosh; Intel Mac OS X 14_5) AppleWebKit/605.1.15 Version/17.4 Safari/605.1.15"
45.146.164.12 - - [03/Jul/2026:16:35:07 +0000] "GET /.idea/misc.xml HTTP/1.1" 404 857 "-" "Wfuzz/3.1.0"
40.77.167.21 - - [03/Jul/2026:16:35:09 +0000] "GET /contacts HTTP/1.1" 200 9198 "-" "Mozilla/5.0 (X11; Linux x86_64) AppleWebKit/537.36 Chrome/122.0.0.0 Safari/537.36"
212.76.133.14 - - [03/Jul/2026:16:35:09 +0000] "GET /api/products HTTP/1.1" 200 84696 "/assets/logo.svg" "Mozilla/5.0 (Windows NT 10.0; Win64; x64) AppleWebKit/537.36 Chrome/123.0.0.0 Safari/537.36"
156.146.62.11 - - [03/Jul/2026:16:35:09 +0000] "OPTIONS /scripts.zip HTTP/1.1" 404 737 "-" "sqlmap/1.8.4#stable"
212.76.133.14 - - [03/Jul/2026:16:35:09 +0000] "HEAD /robots.txt HTTP/1.1" 200 58168 "/articles/2026/q2" "Mozilla/5.0 (X11; Linux x86_64) AppleWebKit/537.36 Chrome/122.0.0.0 Safari/537.36"
203.0.113.77 - - [03/Jul/2026:16:35:10 +0000] "GET /api/products HTTP/1.1" 200 27418 "-" "Mozilla/5.0 (Linux; Android 13; SM-S918B) AppleWebKit/537.36 SamsungBrowser/24.0 Chrome/120.0 Mobile Safari/537.36"
141.8.153.222 - - [03/Jul/2026:16:35:10 +0000] "GET /products HTTP/1.1" 200 61016 "-" "Mozilla/5.0 (Windows NT 10.0; Win64; x64) AppleWebKit/537.36 Edg/124.0.0.0"
66.249.75.10 - - [03/Jul/2026:16:35:10 +0000] "GET /products HTTP/1.1" 200 83802 "/sitemap.xml" "Mozilla/5.0 (Macintosh; Intel Mac OS X 14_5) AppleWebKit/537.36 Chrome/124.0.0.0 Safari/537.36"
10.42.1.3 - - [03/Jul/2026:16:35:10 +0000] "GET /healthz HTTP/1.1" 200 5232 "-" "curl/8.6.0"
91.198.174.22 - - [03/Jul/2026:16:35:11 +0000] "GET /assets/logo.svg HTTP/1.1" 200 52667 "-" "Mozilla/5.0 (Windows NT 10.0; Win64; rv:124.0) Gecko/20100101 Firefox/124.0"
46.188.19.142 - - [03/Jul/2026:16:35:11 +0000] "GET /api/products HTTP/1.1" 304 1706 "-" "Mozilla/5.0 (Macintosh; Intel Mac OS X 14_5) AppleWebKit/537.36 Chrome/124.0.0.0 Safari/537.36"
46.188.19.142 - - [03/Jul/2026:16:35:12 +0000] "GET /articles/2026/q2 HTTP/1.1" 200 59258 "/robots.txt" "Mozilla/5.0 (X11; Linux x86_64) AppleWebKit/537.36 Chrome/122.0.0.0 Safari/537.36"
185.193.88.77 - - [03/Jul/2026:16:35:12 +0000] "OPTIONS /www-test/ HTTP/1.1" 404 417 "-" "DirBuster-1.0-RC1"
66.249.75.10 - - [03/Jul/2026:16:35:12 +0000] "GET /assets/logo.svg HTTP/1.1" 304 615 "/sitemap.xml" "Mozilla/5.0 (iPhone; CPU iPhone OS 17_4 like Mac OS X) AppleWebKit/605.1.15 Version/17.4 Mobile/15E148 Safari/604.1"
156.146.62.11 - - [03/Jul/2026:16:35:12 +0000] "OPTIONS /shellz.php HTTP/1.1" 403 1655 "-" "sqlmap/1.8.4#stable"
212.76.133.14 - - [03/Jul/2026:16:35:13 +0000] "GET /articles/2026/q2 HTTP/1.1" 200 78694 "/" "Mozilla/5.0 (Macintosh; Intel Mac OS X 14_5) AppleWebKit/537.36 Chrome/124.0.0.0 Safari/537.36"
198.51.100.45 - - [03/Jul/2026:16:35:13 +0000] "GET /assets/site.css HTTP/1.1" 200 65893 "-" "Mozilla/5.0 (Macintosh; Intel Mac OS X 14_5) AppleWebKit/537.36 Chrome/124.0.0.0 Safari/537.36"
66.249.75.10 - - [03/Jul/2026:16:35:14 +0000] "GET / HTTP/1.1" 200 49363 "/" "Mozilla/5.0 (compatible; Googlebot/2.1; +http://www.google.com/bot.html)"
40.77.167.21 - - [03/Jul/2026:16:35:15 +0000] "GET / HTTP/1.1" 200 17678 "-" "Mozilla/5.0 (iPhone; CPU iPhone OS 17_4 like Mac OS X) AppleWebKit/605.1.15 Version/17.4 Mobile/15E148 Safari/604.1"
157.55.39.7 - - [03/Jul/2026:16:35:16 +0000] "GET /about HTTP/1.1" 200 14648 "-" "Mozilla/5.0 (Macintosh; Intel Mac OS X 14_5) AppleWebKit/605.1.15 Version/17.4 Safari/605.1.15"
66.249.75.10 - - [03/Jul/2026:16:35:16 +0000] "GET /metrics HTTP/1.1" 200 64059 "/api/news" "Mozilla/5.0 (compatible; bingbot/2.0; +http://www.bing.com/bingbot.htm)"
212.76.133.14 - - [03/Jul/2026:16:35:16 +0000] "GET /api/news HTTP/1.1" 200 71307 "-" "DuckDuckBot/1.0; (+http://duckduckgo.com/duckduckbot)"
66.249.75.10 - - [03/Jul/2026:16:35:17 +0000] "GET /api/products HTTP/1.1" 200 57428 "/products" "Mozilla/5.0 (Windows NT 10.0; Win64; x64) AppleWebKit/537.36 Chrome/123.0.0.0 Safari/537.36"
212.76.133.14 - - [03/Jul/2026:16:35:17 +0000] "GET / HTTP/1.1" 200 15513 "/" "Mozilla/5.0 (Linux; Android 13; SM-S918B) AppleWebKit/537.36 SamsungBrowser/24.0 Chrome/120.0 Mobile Safari/537.36"
66.249.75.10 - - [03/Jul/2026:16:35:18 +0000] "GET /sitemap.xml HTTP/1.1" 200 2630 "/robots.txt" "Mozilla/5.0 (compatible; YandexBot/3.0; +http://yandex.com/bots)"
188.18.77.220 - - [03/Jul/2026:16:35:18 +0000] "GET /api/products HTTP/1.1" 200 52652 "/api/news" "Mozilla/5.0 (X11; Linux x86_64) AppleWebKit/537.36 Chrome/122.0.0.0 Safari/537.36"
193.142.147.55 - - [03/Jul/2026:16:35:18 +0000] "HEAD /administrator/logs HTTP/1.1" 404 962 "-" "Nmap Scripting Engine"
203.0.113.77 - - [03/Jul/2026:16:35:19 +0000] "GET /assets/logo.svg HTTP/1.1" 200 35949 "-" "Mozilla/5.0 (compatible; Googlebot/2.1; +http://www.google.com/bot.html)"
10.42.2.189 - - [03/Jul/2026:16:35:19 +0000] "GET /metrics HTTP/1.1" 200 3382 "-" "kube-probe/1.30"
213.24.11.146 - - [03/Jul/2026:16:35:19 +0000] "GET /robots.txt HTTP/1.1" 200 82711 "-" "Mozilla/5.0 (Macintosh; Intel Mac OS X 14_5) AppleWebKit/537.36 Chrome/124.0.0.0 Safari/537.36"
66.249.75.10 - - [03/Jul/2026:16:35:19 +0000] "GET /favicon.ico HTTP/1.1" 304 3679 "-" "Mozilla/5.0 (compatible; Googlebot/2.1; +http://www.google.com/bot.html)"
66.249.75.10 - - [03/Jul/2026:16:35:20 +0000] "GET /api/news HTTP/1.1" 200 52193 "-" "DuckDuckBot/1.0; (+http://duckduckgo.com/duckduckbot)"
188.18.77.220 - - [03/Jul/2026:16:35:20 +0000] "GET /assets/site.css HTTP/1.1" 200 14131 "-" "Mozilla/5.0 (X11; Linux x86_64) AppleWebKit/537.36 Chrome/122.0.0.0 Safari/537.36"
141.8.153.222 - - [03/Jul/2026:16:35:22 +0000] "GET /assets/logo.svg HTTP/1.1" 200 50233 "-" "DuckDuckBot/1.0; (+http://duckduckgo.com/duckduckbot)"
198.51.100.45 - - [03/Jul/2026:16:35:22 +0000] "GET /assets/app.js HTTP/1.1" 200 33659 "-" "Mozilla/5.0 (Windows NT 10.0; Win64; x64) AppleWebKit/537.36 Chrome/123.0.0.0 Safari/537.36"
185.193.88.77 - - [03/Jul/2026:16:35:22 +0000] "GET /access.log HTTP/1.1" 403 1482 "-" "python-requests/2.31.0"
203.0.113.77 - - [03/Jul/2026:16:35:23 +0000] "GET /robots.txt HTTP/1.1" 200 40658 "/favicon.ico" "Mozilla/5.0 (X11; Linux x86_64) AppleWebKit/537.36 Chrome/122.0.0.0 Safari/537.36"
171.25.193.20 - - [03/Jul/2026:16:35:24 +0000] "HEAD /dump.log HTTP/1.1" 404 1314 "-" "ffuf/2.1.0"
193.142.147.55 - - [03/Jul/2026:16:35:24 +0000] "OPTIONS /certprov/ HTTP/1.1" 403 874 "-" "Wfuzz/3.1.0"
216.111.120.244 - - [03/Jul/2026:16:35:25 +0000] "GET /assets/site.css HTTP/1.1" 200 1567 "-" "Mozilla/5.0 (Macintosh; Intel Mac OS X 14_5) AppleWebKit/605.1.15 Version/17.4 Safari/605.1.15"
188.18.77.220 - - [03/Jul/2026:16:35:25 +0000] "GET / HTTP/1.1" 304 2014 "-" "Mozilla/5.0 (Macintosh; Intel Mac OS X 14_5) AppleWebKit/537.36 Chrome/124.0.0.0 Safari/537.36"
188.18.77.220 - - [03/Jul/2026:16:35:25 +0000] "GET /assets/logo.svg HTTP/1.1" 200 34158 "-" "Mozilla/5.0 (Windows NT 10.0; Win64; rv:124.0) Gecko/20100101 Firefox/124.0"
188.18.77.220 - - [03/Jul/2026:16:35:27 +0000] "GET / HTTP/1.1" 200 19421 "/metrics" "Mozilla/5.0 (Windows NT 10.0; Win64; rv:124.0) Gecko/20100101 Firefox/124.0"
194.26.29.89 - - [03/Jul/2026:16:35:27 +0000] "OPTIONS /administrators.pwd HTTP/1.1" 404 2183 "-" "dirsearch/0.4.3"
212.76.133.14 - - [03/Jul/2026:16:35:27 +0000] "GET /contacts HTTP/1.1" 200 73568 "-" "Mozilla/5.0 (iPhone; CPU iPhone OS 17_4 like Mac OS X) AppleWebKit/605.1.15 Version/17.4 Mobile/15E148 Safari/604.1"
163.34.98.111 - - [03/Jul/2026:16:35:27 +0000] "GET /editor-4.0.2-mysql-en.php HTTP/1.1" 404 508 "-" "dirsearch/0.4.3"
66.249.75.10 - - [03/Jul/2026:16:35:29 +0000] "GET /api/products HTTP/1.1" 200 62048 "/assets/logo.svg" "Mozilla/5.0 (X11; Linux x86_64) AppleWebKit/537.36 Chrome/122.0.0.0 Safari/537.36"
40.77.167.21 - - [03/Jul/2026:16:35:29 +0000] "GET /api/products HTTP/1.1" 200 84953 "-" "Mozilla/5.0 (iPad; CPU OS 17_4 like Mac OS X) AppleWebKit/605.1.15 Version/17.4 Mobile/15E148 Safari/604.1"
80.85.246.17 - - [03/Jul/2026:16:35:29 +0000] "GET /new.7z HTTP/1.1" 404 526 "-" "masscan/1.3 (https://github.com/robertdavidgraham/masscan)"
45.9.148.77 - - [03/Jul/2026:16:35:30 +0000] "GET /authadmin HTTP/1.1" 403 963 "-" "sqlmap/1.8.4#stable"
188.18.77.220 - - [03/Jul/2026:16:35:31 +0000] "GET /articles/2026/q2 HTTP/1.1" 304 2491 "/sitemap.xml" "Mozilla/5.0 (Macintosh; Intel Mac OS X 14_5) AppleWebKit/605.1.15 Version/17.4 Safari/605.1.15"
212.76.133.14 - - [03/Jul/2026:16:35:33 +0000] "GET /products HTTP/1.1" 304 3689 "-" "Mozilla/5.0 (Macintosh; Intel Mac OS X 14_5) AppleWebKit/605.1.15 Version/17.4 Safari/605.1.15"
66.249.75.10 - - [03/Jul/2026:16:35:33 +0000] "GET /api/products HTTP/1.1" 200 10474 "-" "Mozilla/5.0 (compatible; Googlebot/2.1; +http://www.google.com/bot.html)"
185.186.213.164 - - [03/Jul/2026:16:35:34 +0000] "GET /robots.txt HTTP/1.1" 304 1603 "/" "Mozilla/5.0 (Macintosh; Intel Mac OS X 14_5) AppleWebKit/537.36 Chrome/124.0.0.0 Safari/537.36"
198.51.100.45 - - [03/Jul/2026:16:35:34 +0000] "HEAD /robots.txt HTTP/1.1" 200 45029 "-" "Mozilla/5.0 (Macintosh; Intel Mac OS X 14_5) AppleWebKit/537.36 Chrome/124.0.0.0 Safari/537.36"
45.9.148.77 - - [03/Jul/2026:16:35:35 +0000] "HEAD /editor-4.0.0.php HTTP/1.1" 403 490 "-" "Wfuzz/3.1.0"
45.146.164.12 - - [03/Jul/2026:16:35:35 +0000] "HEAD /plugins/upload.php HTTP/1.1" 403 263 "-" "DirBuster-1.0-RC1"
68.248.54.178 - - [03/Jul/2026:16:35:35 +0000] "GET /api/news HTTP/1.1" 200 45856 "/metrics" "DuckDuckBot/1.0; (+http://duckduckgo.com/duckduckbot)"
52.179.124.153 - - [03/Jul/2026:16:35:36 +0000] "GET /healthz HTTP/1.1" 200 64925 "/assets/logo.svg" "Mozilla/5.0 (iPhone; CPU iPhone OS 17_4 like Mac OS X) AppleWebKit/605.1.15 Version/17.4 Mobile/15E148 Safari/604.1"
198.51.100.45 - - [03/Jul/2026:16:35:36 +0000] "GET /articles/2026/q2 HTTP/1.1" 200 57277 "/articles/2026/q2" "Mozilla/5.0 (Windows NT 10.0; Win64; x64) AppleWebKit/537.36 Chrome/123.0.0.0 Safari/537.36"
203.0.113.77 - - [03/Jul/2026:16:35:36 +0000] "GET /api/products HTTP/1.1" 200 30071 "-" "Mozilla/5.0 (iPad; CPU OS 17_4 like Mac OS X) AppleWebKit/605.1.15 Version/17.4 Mobile/15E148 Safari/604.1"
185.193.88.77 - - [03/Jul/2026:16:35:36 +0000] "OPTIONS /tar.gz HTTP/1.1" 302 1451 "-" "masscan/1.3 (https://github.com/robertdavidgraham/masscan)"
171.25.193.20 - - [03/Jul/2026:16:35:36 +0000] "OPTIONS /data/cache/ HTTP/1.1" 404 2456 "-" "gobuster/3.6"
45.9.148.77 - - [03/Jul/2026:16:35:37 +0000] "GET /uber/ HTTP/1.1" 404 2404 "-" "sqlmap/1.8.4#stable"
5.188.206.67 - - [03/Jul/2026:16:35:38 +0000] "OPTIONS /.django.env HTTP/1.1" 404 2150 "-" "feroxbuster/2.11.0"
171.25.193.20 - - [03/Jul/2026:16:35:38 +0000] "GET /administrator/index.html HTTP/1.1" 405 915 "-" "ffuf/2.1.0"
104.244.72.115 - - [03/Jul/2026:16:35:39 +0000] "OPTIONS /nginx-access.log HTTP/1.1" 404 586 "-" "ffuf/2.1.0"
27.99.104.128 - - [03/Jul/2026:16:35:39 +0000] "GET /assets/logo.svg HTTP/1.1" 200 32096 "-" "Mozilla/5.0 (X11; Linux x86_64) AppleWebKit/537.36 Chrome/122.0.0.0 Safari/537.36"
213.24.11.146 - - [03/Jul/2026:16:35:40 +0000] "GET /api/products HTTP/1.1" 200 72099 "/products" "Mozilla/5.0 (Windows NT 10.0; Win64; rv:124.0) Gecko/20100101 Firefox/124.0"
171.25.193.20 - - [03/Jul/2026:16:35:40 +0000] "GET /apache/logs/access.log HTTP/1.1" 301 1374 "-" "Nmap Scripting Engine"
188.18.77.220 - - [03/Jul/2026:16:35:40 +0000] "GET /contacts HTTP/1.1" 200 71100 "-" "Mozilla/5.0 (Windows NT 10.0; Win64; x64) AppleWebKit/537.36 Chrome/123.0.0.0 Safari/537.36"
10.42.2.122 - - [03/Jul/2026:16:35:40 +0000] "GET /healthz HTTP/1.1" 200 3687 "-" "curl/8.6.0"
5.188.206.67 - - [03/Jul/2026:16:35:40 +0000] "GET /nginx-access.log HTTP/1.1" 404 1142 "-" "python-requests/2.31.0"
77.88.55.201 - - [03/Jul/2026:16:35:42 +0000] "GET /assets/logo.svg HTTP/1.1" 200 59759 "/products" "Mozilla/5.0 (X11; Linux x86_64) AppleWebKit/537.36 Chrome/122.0.0.0 Safari/537.36"
46.188.19.142 - - [03/Jul/2026:16:35:43 +0000] "GET /healthz HTTP/1.1" 200 37890 "-" "Mozilla/5.0 (Macintosh; Intel Mac OS X 14_5) AppleWebKit/605.1.15 Version/17.4 Safari/605.1.15"
45.146.164.12 - - [03/Jul/2026:16:35:44 +0000] "OPTIONS /phpliteadmin.php HTTP/1.1" 404 1444 "-" "gobuster/3.6"
10.42.0.142 - - [03/Jul/2026:16:35:44 +0000] "GET /healthz HTTP/1.1" 503 3088 "-" "kube-probe/1.30"
77.88.55.201 - - [03/Jul/2026:16:35:44 +0000] "GET /contacts HTTP/1.1" 304 1434 "-" "Mozilla/5.0 (Macintosh; Intel Mac OS X 14_5) AppleWebKit/537.36 Chrome/124.0.0.0 Safari/537.36"
212.76.133.14 - - [03/Jul/2026:16:35:44 +0000] "GET /sitemap.xml HTTP/1.1" 200 58322 "-" "Mozilla/5.0 (Windows NT 10.0; Win64; x64) AppleWebKit/537.36 Edg/124.0.0.0"
91.198.174.22 - - [03/Jul/2026:16:35:45 +0000] "GET /products HTTP/1.1" 200 54929 "/sitemap.xml" "Mozilla/5.0 (iPad; CPU OS 17_4 like Mac OS X) AppleWebKit/605.1.15 Version/17.4 Mobile/15E148 Safari/604.1"
202.21.58.110 - - [03/Jul/2026:16:35:46 +0000] "GET /config/database.yml HTTP/1.1" 405 2364 "-" "Nmap Scripting Engine"
213.24.11.146 - - [03/Jul/2026:16:35:46 +0000] "GET /healthz HTTP/1.1" 200 6456 "/api/news" "Mozilla/5.0 (Macintosh; Intel Mac OS X 14_5) AppleWebKit/605.1.15 Version/17.4 Safari/605.1.15"
77.88.55.201 - - [03/Jul/2026:16:35:47 +0000] "GET /sitemap.xml HTTP/1.1" 200 16410 "-" "Mozilla/5.0 (Windows NT 10.0; Win64; rv:124.0) Gecko/20100101 Firefox/124.0"
91.198.174.22 - - [03/Jul/2026:16:35:47 +0000] "GET /assets/app.js HTTP/1.1" 200 65929 "/healthz" "Mozilla/5.0 (X11; Linux x86_64) AppleWebKit/537.36 Chrome/122.0.0.0 Safari/537.36"
141.8.153.222 - - [03/Jul/2026:16:35:48 +0000] "GET /assets/app.js HTTP/1.1" 304 2006 "-" "Mozilla/5.0 (iPad; CPU OS 17_4 like Mac OS X) AppleWebKit/605.1.15 Version/17.4 Mobile/15E148 Safari/604.1"
66.249.75.10 - - [03/Jul/2026:16:35:49 +0000] "GET /sitemap.xml HTTP/1.1" 200 53357 "/metrics" "DuckDuckBot/1.0; (+http://duckduckgo.com/duckduckbot)"
104.244.72.115 - - [03/Jul/2026:16:35:50 +0000] "OPTIONS /supervise/Login HTTP/1.1" 302 1860 "-" "masscan/1.3 (https://github.com/robertdavidgraham/masscan)"
185.220.101.54 - - [03/Jul/2026:16:35:50 +0000] "OPTIONS /etc/lib/pChart2/examples/imageMap/index.php HTTP/1.1" 404 1972 "-" "masscan/1.3 (https://github.com/robertdavidgraham/masscan)"
10.42.1.148 - - [03/Jul/2026:16:35:51 +0000] "GET /metrics HTTP/1.1" 200 4089 "-" "curl/8.6.0"
188.18.77.220 - - [03/Jul/2026:16:35:51 +0000] "GET /products HTTP/1.1" 200 50040 "-" "Mozilla/5.0 (Macintosh; Intel Mac OS X 14_5) AppleWebKit/605.1.15 Version/17.4 Safari/605.1.15"
213.24.11.146 - - [03/Jul/2026:16:35:52 +0000] "GET /robots.txt HTTP/1.1" 200 58003 "/" "Mozilla/5.0 (compatible; YandexBot/3.0; +http://yandex.com/bots)"
46.188.19.142 - - [03/Jul/2026:16:35:53 +0000] "GET / HTTP/1.1" 200 63915 "/api/products" "Mozilla/5.0 (Macintosh; Intel Mac OS X 14_5) AppleWebKit/537.36 Chrome/124.0.0.0 Safari/537.36"
203.0.113.77 - - [03/Jul/2026:16:35:54 +0000] "GET /assets/logo.svg HTTP/1.1" 304 3620 "-" "Mozilla/5.0 (Macintosh; Intel Mac OS X 14_5) AppleWebKit/537.36 Chrome/124.0.0.0 Safari/537.36"
91.198.174.22 - - [03/Jul/2026:16:35:54 +0000] "GET /articles/2026/q2 HTTP/1.1" 200 74728 "-" "Mozilla/5.0 (iPad; CPU OS 17_4 like Mac OS X) AppleWebKit/605.1.15 Version/17.4 Mobile/15E148 Safari/604.1"
194.26.29.89 - - [03/Jul/2026:16:35:54 +0000] "GET /kibana/ HTTP/1.1" 301 1640 "-" "masscan/1.3 (https://github.com/robertdavidgraham/masscan)"
141.8.153.222 - - [03/Jul/2026:16:35:54 +0000] "GET /articles/2026/q2 HTTP/1.1" 200 47800 "/" "Mozilla/5.0 (Windows NT 10.0; Win64; x64) AppleWebKit/537.36 Edg/124.0.0.0"
203.0.113.77 - - [03/Jul/2026:16:35:55 +0000] "GET /api/products HTTP/1.1" 200 84980 "-" "Mozilla/5.0 (iPad; CPU OS 17_4 like Mac OS X) AppleWebKit/605.1.15 Version/17.4 Mobile/15E148 Safari/604.1"
213.24.11.146 - - [03/Jul/2026:16:35:55 +0000] "GET /assets/site.css HTTP/1.1" 200 13672 "-" "Mozilla/5.0 (Linux; Android 13; SM-S918B) AppleWebKit/537.36 SamsungBrowser/24.0 Chrome/120.0 Mobile Safari/537.36"
157.55.39.7 - - [03/Jul/2026:16:35:55 +0000] "GET /robots.txt HTTP/1.1" 200 78408 "/about" "Mozilla/5.0 (iPhone; CPU iPhone OS 17_4 like Mac OS X) AppleWebKit/605.1.15 Version/17.4 Mobile/15E148 Safari/604.1"
91.198.174.22 - - [03/Jul/2026:16:35:56 +0000] "GET / HTTP/1.1" 200 39388 "-" "Mozilla/5.0 (iPad; CPU OS 17_4 like Mac OS X) AppleWebKit/605.1.15 Version/17.4 Mobile/15E148 Safari/604.1"
203.0.113.77 - - [03/Jul/2026:16:35:57 +0000] "GET /contacts HTTP/1.1" 200 17687 "-" "Mozilla/5.0 (Windows NT 10.0; Win64; x64) AppleWebKit/537.36 Edg/124.0.0.0"
10.42.1.215 - - [03/Jul/2026:16:35:57 +0000] "GET /healthz HTTP/1.1" 200 1252 "-" "curl/8.6.0"
77.88.55.201 - - [03/Jul/2026:16:35:57 +0000] "GET / HTTP/1.1" 200 25025 "/favicon.ico" "Mozilla/5.0 (X11; Linux x86_64) AppleWebKit/537.36 Chrome/122.0.0.0 Safari/537.36"
40.77.167.21 - - [03/Jul/2026:16:35:58 +0000] "GET /metrics HTTP/1.1" 304 2974 "-" "Mozilla/5.0 (compatible; Googlebot/2.1; +http://www.google.com/bot.html)"
45.9.148.77 - - [03/Jul/2026:16:35:58 +0000] "HEAD /application/configs/application.ini HTTP/1.1" 404 1225 "-" "sqlmap/1.8.4#stable"
40.77.167.21 - - [03/Jul/2026:16:35:58 +0000] "GET / HTTP/1.1" 200 79144 "-" "Mozilla/5.0 (compatible; bingbot/2.0; +http://www.bing.com/bingbot.htm)"
198.51.100.45 - - [03/Jul/2026:16:35:58 +0000] "GET /api/products HTTP/1.1" 200 20635 "/articles/2026/q2" "Mozilla/5.0 (Windows NT 10.0; Win64; rv:124.0) Gecko/20100101 Firefox/124.0"
203.0.113.77 - - [03/Jul/2026:16:35:59 +0000] "GET /api/products HTTP/1.1" 200 83571 "-" "Mozilla/5.0 (Windows NT 10.0; Win64; x64) AppleWebKit/537.36 Edg/124.0.0.0"
40.77.167.21 - - [03/Jul/2026:16:36:00 +0000] "GET / HTTP/1.1" 200 84897 "/robots.txt" "Mozilla/5.0 (Linux; Android 13; SM-S918B) AppleWebKit/537.36 SamsungBrowser/24.0 Chrome/120.0 Mobile Safari/537.36"
42.236.118.50 - - [03/Jul/2026:16:36:00 +0000] "GET /assets/app.js HTTP/1.1" 200 62044 "/api/news" "Mozilla/5.0 (Windows NT 10.0; Win64; rv:124.0) Gecko/20100101 Firefox/124.0"
80.85.246.17 - - [03/Jul/2026:16:36:01 +0000] "GET /_logs/access.log HTTP/1.1" 500 247 "-" "ffuf/2.1.0"
104.244.72.115 - - [03/Jul/2026:16:36:02 +0000] "GET /log/access.log HTTP/1.1" 404 1288 "-" "DirBuster-1.0-RC1"
194.26.29.89 - - [03/Jul/2026:16:36:02 +0000] "GET /2016.sql HTTP/1.1" 404 323 "-" "gobuster/3.6"
203.0.113.77 - - [03/Jul/2026:16:36:03 +0000] "GET /about HTTP/1.1" 200 81520 "-" "Mozilla/5.0 (iPhone; CPU iPhone OS 17_4 like Mac OS X) AppleWebKit/605.1.15 Version/17.4 Mobile/15E148 Safari/604.1"
46.188.19.142 - - [03/Jul/2026:16:36:03 +0000] "GET /api/news HTTP/1.1" 200 24848 "-" "Mozilla/5.0 (Windows NT 10.0; Win64; x64) AppleWebKit/537.36 Chrome/123.0.0.0 Safari/537.36"
194.26.29.89 - - [03/Jul/2026:16:36:04 +0000] "GET /.bz2 HTTP/1.1" 404 769 "-" "gobuster/3.6"
185.220.101.54 - - [03/Jul/2026:16:36:04 +0000] "HEAD /sessions HTTP/1.1" 301 1699 "-" "python-requests/2.31.0"
104.244.72.115 - - [03/Jul/2026:16:36:04 +0000] "HEAD /public/storage HTTP/1.1" 404 196 "-" "ffuf/2.1.0"
91.198.174.22 - - [03/Jul/2026:16:36:05 +0000] "GET /assets/logo.svg HTTP/1.1" 200 62517 "/contacts" "Mozilla/5.0 (compatible; Googlebot/2.1; +http://www.google.com/bot.html)"
171.25.193.20 - - [03/Jul/2026:16:36:07 +0000] "OPTIONS /httpd/logs/access.log HTTP/1.1" 405 2383 "-" "Wfuzz/3.1.0"
5.188.206.67 - - [03/Jul/2026:16:36:08 +0000] "GET /httpd/logs/access.log HTTP/1.1" 404 1849 "-" "Go-http-client/1.1"
213.24.11.146 - - [03/Jul/2026:16:36:08 +0000] "GET /sitemap.xml HTTP/1.1" 200 3910 "-" "Mozilla/5.0 (Windows NT 10.0; Win64; x64) AppleWebKit/537.36 Edg/124.0.0.0"
213.24.11.146 - - [03/Jul/2026:16:36:08 +0000] "GET /assets/logo.svg HTTP/1.1" 200 19409 "/contacts" "Mozilla/5.0 (Windows NT 10.0; Win64; x64) AppleWebKit/537.36 Edg/124.0.0.0"
10.42.1.97 - - [03/Jul/2026:16:36:08 +0000] "GET /healthz HTTP/1.1" 200 1110 "-" "kube-probe/1.30"
40.77.167.21 - - [03/Jul/2026:16:36:08 +0000] "GET /about HTTP/1.1" 200 43452 "-" "Mozilla/5.0 (Linux; Android 13; SM-S918B) AppleWebKit/537.36 SamsungBrowser/24.0 Chrome/120.0 Mobile Safari/537.36"
104.244.72.115 - - [03/Jul/2026:16:36:08 +0000] "OPTIONS /Thumbs.db HTTP/1.1" 302 373 "-" "sqlmap/1.8.4#stable"
119.57.243.22 - - [03/Jul/2026:16:36:09 +0000] "HEAD /assets/logo.svg HTTP/1.1" 200 12915 "/api/products" "Mozilla/5.0 (Windows NT 10.0; Win64; x64) AppleWebKit/537.36 Chrome/123.0.0.0 Safari/537.36"
10.42.2.206 - - [03/Jul/2026:16:36:09 +0000] "GET /healthz HTTP/1.1" 200 4827 "-" "kube-probe/1.30"
55.42.77.60 - - [03/Jul/2026:16:36:09 +0000] "HEAD /articles/2026/q2 HTTP/1.1" 200 27376 "/assets/site.css" "Mozilla/5.0 (Macintosh; Intel Mac OS X 14_5) AppleWebKit/537.36 Chrome/124.0.0.0 Safari/537.36"
171.25.193.20 - - [03/Jul/2026:16:36:10 +0000] "HEAD /admin/includes/configure.php~ HTTP/1.1" 403 1561 "-" "DirBuster-1.0-RC1"
10.42.3.28 - - [03/Jul/2026:16:36:11 +0000] "GET /healthz HTTP/1.1" 200 1348 "-" "kube-probe/1.30"
213.24.11.146 - - [03/Jul/2026:16:36:12 +0000] "GET /assets/app.js HTTP/1.1" 200 38863 "-" "Mozilla/5.0 (Windows NT 10.0; Win64; rv:124.0) Gecko/20100101 Firefox/124.0"
45.146.164.12 - - [03/Jul/2026:16:36:12 +0000] "GET /doctrine/schema/eirec.yml HTTP/1.1" 500 1466 "-" "python-requests/2.31.0"
10.42.0.174 - - [03/Jul/2026:16:36:12 +0000] "GET /healthz HTTP/1.1" 200 3811 "-" "kube-probe/1.30"
77.88.55.201 - - [03/Jul/2026:16:36:13 +0000] "GET /healthz HTTP/1.1" 200 74496 "-" "Mozilla/5.0 (Macintosh; Intel Mac OS X 14_5) AppleWebKit/537.36 Chrome/124.0.0.0 Safari/537.36"
188.18.77.220 - - [03/Jul/2026:16:36:13 +0000] "GET /api/news HTTP/1.1" 200 66672 "-" "Mozilla/5.0 (iPad; CPU OS 17_4 like Mac OS X) AppleWebKit/605.1.15 Version/17.4 Mobile/15E148 Safari/604.1"
91.198.174.22 - - [03/Jul/2026:16:36:14 +0000] "GET /sitemap.xml HTTP/1.1" 200 26530 "/assets/site.css" "Mozilla/5.0 (Windows NT 10.0; Win64; rv:124.0) Gecko/20100101 Firefox/124.0"
66.249.75.10 - - [03/Jul/2026:16:36:14 +0000] "GET /assets/site.css HTTP/1.1" 304 3460 "/robots.txt" "Mozilla/5.0 (Windows NT 10.0; Win64; rv:124.0) Gecko/20100101 Firefox/124.0"
91.198.174.22 - - [03/Jul/2026:16:36:14 +0000] "GET /assets/app.js HTTP/1.1" 200 78308 "-" "Mozilla/5.0 (iPhone; CPU iPhone OS 17_4 like Mac OS X) AppleWebKit/605.1.15 Version/17.4 Mobile/15E148 Safari/604.1"
213.24.11.146 - - [03/Jul/2026:16:36:15 +0000] "GET /assets/site.css HTTP/1.1" 200 42076 "-" "Mozilla/5.0 (compatible; YandexBot/3.0; +http://yandex.com/bots)"
156.146.62.11 - - [03/Jul/2026:16:36:15 +0000] "HEAD /cpanel_file/ HTTP/1.1" 403 2459 "-" "dirsearch/0.4.3"
91.198.174.22 - - [03/Jul/2026:16:36:16 +0000] "GET /api/products HTTP/1.1" 304 886 "/products" "Mozilla/5.0 (Linux; Android 13; SM-S918B) AppleWebKit/537.36 SamsungBrowser/24.0 Chrome/120.0 Mobile Safari/537.36"
45.9.148.77 - - [03/Jul/2026:16:36:16 +0000] "OPTIONS /apache/logs/access.log HTTP/1.1" 403 322 "-" "feroxbuster/2.11.0"
66.249.75.10 - - [03/Jul/2026:16:36:17 +0000] "GET / HTTP/1.1" 200 58832 "-" "DuckDuckBot/1.0; (+http://duckduckgo.com/duckduckbot)"
45.9.148.77 - - [03/Jul/2026:16:36:17 +0000] "OPTIONS /access.log HTTP/1.1" 301 1900 "-" "Go-http-client/1.1"
10.42.1.90 - - [03/Jul/2026:16:36:17 +0000] "GET /healthz HTTP/1.1" 200 409 "-" "curl/8.6.0"
168.234.80.108 - - [03/Jul/2026:16:36:18 +0000] "GET /controlpanel/ HTTP/1.1" 500 1517 "-" "gobuster/3.6"
156.146.62.11 - - [03/Jul/2026:16:36:18 +0000] "OPTIONS /Sym.php HTTP/1.1" 404 2306 "-" "DirBuster-1.0-RC1"
38.16.154.52 - - [03/Jul/2026:16:36:20 +0000] "GET /articles/2026/q2 HTTP/1.1" 200 36825 "/robots.txt" "Mozilla/5.0 (Macintosh; Intel Mac OS X 14_5) AppleWebKit/605.1.15 Version/17.4 Safari/605.1.15"
10.42.2.178 - - [03/Jul/2026:16:36:22 +0000] "GET /healthz HTTP/1.1" 200 3411 "-" "kube-probe/1.30"
203.0.113.77 - - [03/Jul/2026:16:36:23 +0000] "GET /assets/app.js HTTP/1.1" 200 47449 "/robots.txt" "Mozilla/5.0 (Macintosh; Intel Mac OS X 14_5) AppleWebKit/537.36 Chrome/124.0.0.0 Safari/537.36"
137.42.116.20 - - [03/Jul/2026:16:36:24 +0000] "GET /uber/phpMemcachedAdmin/ HTTP/1.1" 404 359 "-" "gobuster/3.6"
10.42.3.110 - - [03/Jul/2026:16:36:24 +0000] "GET /healthz HTTP/1.1" 200 5560 "-" "kube-probe/1.30"
77.88.55.201 - - [03/Jul/2026:16:36:25 +0000] "GET /metrics HTTP/1.1" 200 14971 "-" "Mozilla/5.0 (compatible; bingbot/2.0; +http://www.bing.com/bingbot.htm)"
194.26.29.89 - - [03/Jul/2026:16:36:25 +0000] "HEAD /_logs/access.log HTTP/1.1" 404 196 "-" "sqlmap/1.8.4#stable"
213.24.11.146 - - [03/Jul/2026:16:36:25 +0000] "GET /metrics HTTP/1.1" 304 3657 "-" "Mozilla/5.0 (compatible; Googlebot/2.1; +http://www.google.com/bot.html)"
213.24.11.146 - - [03/Jul/2026:16:36:25 +0000] "GET /assets/app.js HTTP/1.1" 304 322 "-" "Mozilla/5.0 (Windows NT 10.0; Win64; x64) AppleWebKit/537.36 Edg/124.0.0.0"
40.77.167.21 - - [03/Jul/2026:16:36:26 +0000] "GET /api/products HTTP/1.1" 200 57871 "-" "Mozilla/5.0 (Windows NT 10.0; Win64; x64) AppleWebKit/537.36 Chrome/123.0.0.0 Safari/537.36"
157.55.39.7 - - [03/Jul/2026:16:36:27 +0000] "GET /api/products HTTP/1.1" 200 60077 "-" "Mozilla/5.0 (Linux; Android 13; SM-S918B) AppleWebKit/537.36 SamsungBrowser/24.0 Chrome/120.0 Mobile Safari/537.36"
46.188.19.142 - - [03/Jul/2026:16:36:27 +0000] "GET /robots.txt HTTP/1.1" 200 8389 "-" "Mozilla/5.0 (Linux; Android 13; SM-S918B) AppleWebKit/537.36 SamsungBrowser/24.0 Chrome/120.0 Mobile Safari/537.36"
185.220.101.54 - - [03/Jul/2026:16:36:28 +0000] "GET /swagger/swagger-ui.html HTTP/1.1" 500 306 "-" "masscan/1.3 (https://github.com/robertdavidgraham/masscan)"
66.249.75.10 - - [03/Jul/2026:16:36:28 +0000] "GET /api/news HTTP/1.1" 304 2853 "-" "Mozilla/5.0 (iPad; CPU OS 17_4 like Mac OS X) AppleWebKit/605.1.15 Version/17.4 Mobile/15E148 Safari/604.1"
213.24.11.146 - - [03/Jul/2026:16:36:29 +0000] "GET /assets/site.css HTTP/1.1" 200 56214 "-" "DuckDuckBot/1.0; (+http://duckduckgo.com/duckduckbot)"
194.26.29.89 - - [03/Jul/2026:16:36:29 +0000] "HEAD /nginx-access.log HTTP/1.1" 403 1341 "-" "dirsearch/0.4.3"
194.47.124.131 - - [03/Jul/2026:16:36:29 +0000] "GET /metrics HTTP/1.1" 200 52120 "-" "Mozilla/5.0 (X11; Linux x86_64) AppleWebKit/537.36 Chrome/122.0.0.0 Safari/537.36"
141.8.153.222 - - [03/Jul/2026:16:36:29 +0000] "GET /favicon.ico HTTP/1.1" 200 2517 "-" "Mozilla/5.0 (Windows NT 10.0; Win64; rv:124.0) Gecko/20100101 Firefox/124.0"
40.77.167.21 - - [03/Jul/2026:16:36:29 +0000] "GET /favicon.ico HTTP/1.1" 304 3616 "-" "Mozilla/5.0 (Windows NT 10.0; Win64; x64) AppleWebKit/537.36 Edg/124.0.0.0"
141.8.153.222 - - [03/Jul/2026:16:36:30 +0000] "GET / HTTP/1.1" 304 1038 "/contacts" "Mozilla/5.0 (Windows NT 10.0; Win64; x64) AppleWebKit/537.36 Edg/124.0.0.0"
10.42.0.18 - - [03/Jul/2026:16:36:30 +0000] "GET /healthz HTTP/1.1" 200 5621 "-" "kube-probe/1.30"
77.88.55.201 - - [03/Jul/2026:16:36:30 +0000] "GET /healthz HTTP/1.1" 200 1089 "-" "Mozilla/5.0 (compatible; Googlebot/2.1; +http://www.google.com/bot.html)"
46.188.19.142 - - [03/Jul/2026:16:36:30 +0000] "GET /api/products HTTP/1.1" 200 26224 "-" "Mozilla/5.0 (Windows NT 10.0; Win64; x64) AppleWebKit/537.36 Chrome/123.0.0.0 Safari/537.36"
141.8.153.222 - - [03/Jul/2026:16:36:30 +0000] "GET /api/products HTTP/1.1" 200 49687 "/api/products" "Mozilla/5.0 (Macintosh; Intel Mac OS X 14_5) AppleWebKit/605.1.15 Version/17.4 Safari/605.1.15"
141.8.153.222 - - [03/Jul/2026:16:36:31 +0000] "GET /healthz HTTP/1.1" 200 58522 "/sitemap.xml" "Mozilla/5.0 (iPad; CPU OS 17_4 like Mac OS X) AppleWebKit/605.1.15 Version/17.4 Mobile/15E148 Safari/604.1"
91.198.174.22 - - [03/Jul/2026:16:36:31 +0000] "GET /about HTTP/1.1" 200 5118 "-" "Mozilla/5.0 (Macintosh; Intel Mac OS X 14_5) AppleWebKit/537.36 Chrome/124.0.0.0 Safari/537.36"
141.8.153.222 - - [03/Jul/2026:16:36:32 +0000] "GET /assets/site.css HTTP/1.1" 200 1066 "/sitemap.xml" "Mozilla/5.0 (Windows NT 10.0; Win64; x64) AppleWebKit/537.36 Edg/124.0.0.0"
10.42.0.75 - - [03/Jul/2026:16:36:33 +0000] "GET /healthz HTTP/1.1" 503 726 "-" "curl/8.6.0"
66.249.75.10 - - [03/Jul/2026:16:36:33 +0000] "GET /assets/app.js HTTP/1.1" 200 56682 "-" "Mozilla/5.0 (X11; Linux x86_64) AppleWebKit/537.36 Chrome/122.0.0.0 Safari/537.36"
46.188.19.142 - - [03/Jul/2026:16:36:33 +0000] "GET /healthz HTTP/1.1" 200 8795 "/products" "Mozilla/5.0 (Windows NT 10.0; Win64; x64) AppleWebKit/537.36 Chrome/123.0.0.0 Safari/537.36"
40.77.167.21 - - [03/Jul/2026:16:36:35 +0000] "GET /assets/logo.svg HTTP/1.1" 200 45171 "-" "Mozilla/5.0 (Windows NT 10.0; Win64; x64) AppleWebKit/537.36 Chrome/123.0.0.0 Safari/537.36"
91.198.174.22 - - [03/Jul/2026:16:36:35 +0000] "GET /assets/logo.svg HTTP/1.1" 200 51445 "-" "Mozilla/5.0 (iPhone; CPU iPhone OS 17_4 like Mac OS X) AppleWebKit/605.1.15 Version/17.4 Mobile/15E148 Safari/604.1"
188.18.77.220 - - [03/Jul/2026:16:36:35 +0000] "GET /products HTTP/1.1" 304 454 "/favicon.ico" "Mozilla/5.0 (iPad; CPU OS 17_4 like Mac OS X) AppleWebKit/605.1.15 Version/17.4 Mobile/15E148 Safari/604.1"
28.107.57.22 - - [03/Jul/2026:16:36:36 +0000] "GET /products HTTP/1.1" 200 53646 "/robots.txt" "Mozilla/5.0 (Windows NT 10.0; Win64; x64) AppleWebKit/537.36 Chrome/123.0.0.0 Safari/537.36"
5.188.206.67 - - [03/Jul/2026:16:36:37 +0000] "GET /components/ HTTP/1.1" 500 1371 "-" "ffuf/2.1.0"
66.249.75.10 - - [03/Jul/2026:16:36:37 +0000] "HEAD /assets/app.js HTTP/1.1" 304 444 "/" "Mozilla/5.0 (Windows NT 10.0; Win64; x64) AppleWebKit/537.36 Edg/124.0.0.0"
38.234.244.3 - - [03/Jul/2026:16:36:38 +0000] "GET /contacts HTTP/1.1" 304 1669 "-" "Mozilla/5.0 (iPad; CPU OS 17_4 like Mac OS X) AppleWebKit/605.1.15 Version/17.4 Mobile/15E148 Safari/604.1"
203.0.113.77 - - [03/Jul/2026:16:36:38 +0000] "GET /articles/2026/q2 HTTP/1.1" 200 75921 "/metrics" "Mozilla/5.0 (compatible; YandexBot/3.0; +http://yandex.com/bots)"
249.148.169.150 - - [03/Jul/2026:16:36:38 +0000] "GET /favicon.ico HTTP/1.1" 200 47033 "/api/products" "Mozilla/5.0 (Macintosh; Intel Mac OS X 14_5) AppleWebKit/605.1.15 Version/17.4 Safari/605.1.15"
66.249.75.10 - - [03/Jul/2026:16:36:39 +0000] "HEAD /products HTTP/1.1" 200 84030 "/favicon.ico" "Mozilla/5.0 (Windows NT 10.0; Win64; x64) AppleWebKit/537.36 Edg/124.0.0.0"
203.0.113.77 - - [03/Jul/2026:16:36:39 +0000] "GET /products HTTP/1.1" 200 646 "-" "Mozilla/5.0 (Macintosh; Intel Mac OS X 14_5) AppleWebKit/537.36 Chrome/124.0.0.0 Safari/537.36"
45.9.148.77 - - [03/Jul/2026:16:36:39 +0000] "HEAD /local_conf.php.bak HTTP/1.1" 404 2255 "-" "Nmap Scripting Engine"
46.188.19.142 - - [03/Jul/2026:16:36:40 +0000] "GET /assets/app.js HTTP/1.1" 304 2363 "/assets/logo.svg" "Mozilla/5.0 (Windows NT 10.0; Win64; x64) AppleWebKit/537.36 Chrome/123.0.0.0 Safari/537.36"
77.88.55.201 - - [03/Jul/2026:16:36:41 +0000] "GET /contacts HTTP/1.1" 200 35408 "-" "Mozilla/5.0 (compatible; Googlebot/2.1; +http://www.google.com/bot.html)"
141.8.153.222 - - [03/Jul/2026:16:36:41 +0000] "GET / HTTP/1.1" 200 65042 "/products" "Mozilla/5.0 (compatible; bingbot/2.0; +http://www.bing.com/bingbot.htm)"
46.188.19.142 - - [03/Jul/2026:16:36:41 +0000] "GET /favicon.ico HTTP/1.1" 200 29717 "/sitemap.xml" "Mozilla/5.0 (compatible; Googlebot/2.1; +http://www.google.com/bot.html)"
10.42.0.176 - - [03/Jul/2026:16:36:42 +0000] "GET /healthz HTTP/1.1" 200 1056 "-" "kube-probe/1.30"
10.42.2.149 - - [03/Jul/2026:16:36:42 +0000] "GET /metrics HTTP/1.1" 200 1354 "-" "curl/8.6.0"
188.18.77.220 - - [03/Jul/2026:16:36:43 +0000] "GET /api/news HTTP/1.1" 304 729 "-" "Mozilla/5.0 (compatible; Googlebot/2.1; +http://www.google.com/bot.html)"
213.24.11.146 - - [03/Jul/2026:16:36:43 +0000] "GET /api/products HTTP/1.1" 200 36051 "/sitemap.xml" "Mozilla/5.0 (Windows NT 10.0; Win64; rv:124.0) Gecko/20100101 Firefox/124.0"
40.77.167.21 - - [03/Jul/2026:16:36:43 +0000] "GET /assets/logo.svg HTTP/1.1" 200 15345 "-" "DuckDuckBot/1.0; (+http://duckduckgo.com/duckduckbot)"
156.146.62.11 - - [03/Jul/2026:16:36:43 +0000] "GET /.idea/workspace(7).xml HTTP/1.1" 403 1715 "-" "Nmap Scripting Engine"
231.74.129.122 - - [03/Jul/2026:16:36:45 +0000] "GET / HTTP/1.1" 200 82669 "-" "DuckDuckBot/1.0; (+http://duckduckgo.com/duckduckbot)"
5.188.206.67 - - [03/Jul/2026:16:36:45 +0000] "OPTIONS /.config.php.swp HTTP/1.1" 404 1528 "-" "python-requests/2.31.0"
23.129.64.112 - - [03/Jul/2026:16:36:45 +0000] "GET /wp-content/plugins/hello.php HTTP/1.1" 404 525 "-" "DirBuster-1.0-RC1"
104.244.72.115 - - [03/Jul/2026:16:36:45 +0000] "GET /perlcmd.cgi HTTP/1.1" 405 329 "-" "masscan/1.3 (https://github.com/robertdavidgraham/masscan)"
91.198.174.22 - - [03/Jul/2026:16:36:47 +0000] "GET /api/news HTTP/1.1" 200 69457 "-" "Mozilla/5.0 (iPhone; CPU iPhone OS 17_4 like Mac OS X) AppleWebKit/605.1.15 Version/17.4 Mobile/15E148 Safari/604.1"
157.55.39.7 - - [03/Jul/2026:16:36:48 +0000] "GET /api/news HTTP/1.1" 200 77739 "-" "Mozilla/5.0 (Windows NT 10.0; Win64; x64) AppleWebKit/537.36 Edg/124.0.0.0"
185.220.101.54 - - [03/Jul/2026:16:36:48 +0000] "GET /adminer.php HTTP/1.1" 405 1344 "-" "Nmap Scripting Engine"
185.193.88.77 - - [03/Jul/2026:16:36:49 +0000] "OPTIONS /system/logs/ HTTP/1.1" 404 1928 "-" "feroxbuster/2.11.0"
213.101.215.235 - - [03/Jul/2026:16:36:49 +0000] "GET /assets/logo.svg HTTP/1.1" 200 15141 "-" "Mozilla/5.0 (compatible; bingbot/2.0; +http://www.bing.com/bingbot.htm)"
213.24.11.146 - - [03/Jul/2026:16:36:50 +0000] "GET /favicon.ico HTTP/1.1" 200 7899 "-" "Mozilla/5.0 (compatible; YandexBot/3.0; +http://yandex.com/bots)"
91.198.174.22 - - [03/Jul/2026:16:36:51 +0000] "GET /favicon.ico HTTP/1.1" 304 2244 "-" "Mozilla/5.0 (iPhone; CPU iPhone OS 17_4 like Mac OS X) AppleWebKit/605.1.15 Version/17.4 Mobile/15E148 Safari/604.1"
193.142.147.55 - - [03/Jul/2026:16:36:52 +0000] "HEAD /.svnignore HTTP/1.1" 500 386 "-" "gobuster/3.6"
185.220.101.54 - - [03/Jul/2026:16:36:52 +0000] "GET /access.log HTTP/1.1" 404 2246 "-" "sqlmap/1.8.4#stable"
5.188.206.67 - - [03/Jul/2026:16:36:52 +0000] "GET /dbadmin.php HTTP/1.1" 500 356 "-" "sqlmap/1.8.4#stable"
46.188.19.142 - - [03/Jul/2026:16:36:53 +0000] "GET /favicon.ico HTTP/1.1" 304 1928 "/assets/site.css" "Mozilla/5.0 (Linux; Android 13; SM-S918B) AppleWebKit/537.36 SamsungBrowser/24.0 Chrome/120.0 Mobile Safari/537.36"
141.8.153.222 - - [03/Jul/2026:16:36:53 +0000] "GET /assets/site.css HTTP/1.1" 304 3283 "-" "Mozilla/5.0 (Windows NT 10.0; Win64; rv:124.0) Gecko/20100101 Firefox/124.0"
198.51.100.45 - - [03/Jul/2026:16:36:54 +0000] "GET /healthz HTTP/1.1" 304 1666 "/assets/site.css" "Mozilla/5.0 (Windows NT 10.0; Win64; rv:124.0) Gecko/20100101 Firefox/124.0"
66.249.75.10 - - [03/Jul/2026:16:36:54 +0000] "GET /assets/logo.svg HTTP/1.1" 200 28002 "/api/products" "Mozilla/5.0 (Windows NT 10.0; Win64; x64) AppleWebKit/537.36 Edg/124.0.0.0"
104.244.72.115 - - [03/Jul/2026:16:36:54 +0000] "GET /index-bak HTTP/1.1" 403 1847 "-" "dirsearch/0.4.3"
203.0.113.77 - - [03/Jul/2026:16:36:55 +0000] "HEAD /api/products HTTP/1.1" 200 32696 "/api/news" "Mozilla/5.0 (iPad; CPU OS 17_4 like Mac OS X) AppleWebKit/605.1.15 Version/17.4 Mobile/15E148 Safari/604.1"
66.249.75.10 - - [03/Jul/2026:16:36:55 +0000] "GET /metrics HTTP/1.1" 200 946 "-" "DuckDuckBot/1.0; (+http://duckduckgo.com/duckduckbot)"
141.8.153.222 - - [03/Jul/2026:16:36:56 +0000] "GET /healthz HTTP/1.1" 200 58906 "-" "Mozilla/5.0 (Macintosh; Intel Mac OS X 14_5) AppleWebKit/537.36 Chrome/124.0.0.0 Safari/537.36"
198.166.154.190 - - [03/Jul/2026:16:36:56 +0000] "GET /api/news HTTP/1.1" 200 78649 "-" "DuckDuckBot/1.0; (+http://duckduckgo.com/duckduckbot)"
198.51.100.45 - - [03/Jul/2026:16:36:58 +0000] "GET /articles/2026/q2 HTTP/1.1" 200 36909 "-" "Mozilla/5.0 (Linux; Android 13; SM-S918B) AppleWebKit/537.36 SamsungBrowser/24.0 Chrome/120.0 Mobile Safari/537.36"
156.146.62.11 - - [03/Jul/2026:16:36:58 +0000] "GET /setup HTTP/1.1" 403 1663 "-" "Wfuzz/3.1.0"
193.142.147.55 - - [03/Jul/2026:16:36:58 +0000] "HEAD /cronlog.txt HTTP/1.1" 405 1545 "-" "python-requests/2.31.0"
66.249.75.10 - - [03/Jul/2026:16:36:58 +0000] "GET /healthz HTTP/1.1" 200 62348 "/assets/app.js" "Mozilla/5.0 (Linux; Android 13; SM-S918B) AppleWebKit/537.36 SamsungBrowser/24.0 Chrome/120.0 Mobile Safari/537.36"
185.193.88.77 - - [03/Jul/2026:16:36:58 +0000] "GET /jsp/viewer/snoop.jsp HTTP/1.1" 404 1911 "-" "ffuf/2.1.0"
194.26.29.89 - - [03/Jul/2026:16:36:59 +0000] "HEAD /adminer-4.7.3-mysql.php HTTP/1.1" 403 1140 "-" "gobuster/3.6"
188.18.77.220 - - [03/Jul/2026:16:37:00 +0000] "GET /favicon.ico HTTP/1.1" 200 70913 "-" "Mozilla/5.0 (iPhone; CPU iPhone OS 17_4 like Mac OS X) AppleWebKit/605.1.15 Version/17.4 Mobile/15E148 Safari/604.1"
