66.249.75.10 - - [03/Jul/2026:16:18:03 +0000] "GET /assets/logo.svg HTTP/1.1" 304 1965 "-" "Mozilla/5.0 (Linux; Android 13; SM-S918B) AppleWebKit/537.36 SamsungBrowser/24.0 Chrome/120.0 Mobile Safari/537.36"
45.146.164.12 - - [03/Jul/2026:16:18:03 +0000] "GET /app/bootstrap.php.cache HTTP/1.1" 301 163 "-" "dirsearch/0.4.3"
91.198.174.22 - - [03/Jul/2026:16:18:04 +0000] "GET /robots.txt HTTP/1.1" 200 26166 "/sitemap.xml" "Mozilla/5.0 (Windows NT 10.0; Win64; rv:124.0) Gecko/20100101 Firefox/124.0"
203.0.113.77 - - [03/Jul/2026:16:18:04 +0000] "GET /robots.txt HTTP/1.1" 200 61167 "-" "Mozilla/5.0 (Macintosh; Intel Mac OS X 14_5) AppleWebKit/537.36 Chrome/124.0.0.0 Safari/537.36"
157.55.39.7 - - [03/Jul/2026:16:18:04 +0000] "GET /robots.txt HTTP/1.1" 200 75883 "-" "DuckDuckBot/1.0; (+http://duckduckgo.com/duckduckbot)"
194.26.29.89 - - [03/Jul/2026:16:18:05 +0000] "GET /wp-content/plugins/hello.php HTTP/1.1" 404 610 "-" "Wfuzz/3.1.0"
191.104.22.86 - - [03/Jul/2026:16:18:05 +0000] "GET /products HTTP/1.1" 200 22390 "-" "Mozilla/5.0 (Windows NT 10.0; Win64; rv:124.0) Gecko/20100101 Firefox/124.0"
150.239.128.242 - - [03/Jul/2026:16:18:05 +0000] "GET /assets/logo.svg HTTP/1.1" 200 20978 "-" "Mozilla/5.0 (iPad; CPU OS 17_4 like Mac OS X) AppleWebKit/605.1.15 Version/17.4 Mobile/15E148 Safari/604.1"
10.42.2.204 - - [03/Jul/2026:16:18:05 +0000] "GET /metrics HTTP/1.1" 200 614 "-" "kube-probe/1.30"
185.220.101.54 - - [03/Jul/2026:16:18:06 +0000] "GET /environment.rb HTTP/1.1" 404 302 "-" "Wfuzz/3.1.0"
193.142.147.55 - - [03/Jul/2026:16:18:07 +0000] "GET /.npm HTTP/1.1" 500 386 "-" "DirBuster-1.0-RC1"
212.76.133.14 - - [03/Jul/2026:16:18:07 +0000] "GET /sitemap.xml HTTP/1.1" 200 54620 "-" "Mozilla/5.0 (Linux; Android 13; SM-S918B) AppleWebKit/537.36 SamsungBrowser/24.0 Chrome/120.0 Mobile Safari/537.36"
5.188.206.67 - - [03/Jul/2026:16:18:07 +0000] "GET /editor-4.2.5.php HTTP/1.1" 405 2124 "-" "DirBuster-1.0-RC1"
198.51.100.45 - - [03/Jul/2026:16:18:07 +0000] "GET /api/products HTTP/1.1" 200 10673 "/" "Mozilla/5.0 (compatible; bingbot/2.0; +http://www.bing.com/bingbot.htm)"
157.55.39.7 - - [03/Jul/2026:16:18:08 +0000] "GET /articles/2026/q2 HTTP/1.1" 200 59313 "-" "Mozilla/5.0 (Linux; Android 13; SM-S918B) AppleWebKit/537.36 SamsungBrowser/24.0 Chrome/120.0 Mobile Safari/537.36"
5.188.206.67 - - [03/Jul/2026:16:18:08 +0000] "GET /httpd/logs/access.log HTTP/1.1" 403 2270 "-" "sqlmap/1.8.4#stable"
213.24.11.146 - - [03/Jul/2026:16:18:08 +0000] "GET /sitemap.xml HTTP/1.1" 200 75820 "-" "Mozilla/5.0 (Macintosh; Intel Mac OS X 14_5) AppleWebKit/537.36 Chrome/124.0.0.0 Safari/537.36"
198.51.100.45 - - [03/Jul/2026:16:18:09 +0000] "GET /assets/app.js HTTP/1.1" 200 45941 "-" "DuckDuckBot/1.0; (+http://duckduckgo.com/duckduckbot)"
77.88.55.201 - - [03/Jul/2026:16:18:09 +0000] "GET /assets/logo.svg HTTP/1.1" 304 3601 "-" "Mozilla/5.0 (iPad; CPU OS 17_4 like Mac OS X) AppleWebKit/605.1.15 Version/17.4 Mobile/15E148 Safari/604.1"
141.8.153.222 - - [03/Jul/2026:16:18:10 +0000] "GET / HTTP/1.1" 200 76139 "/about" "Mozilla/5.0 (Macintosh; Intel Mac OS X 14_5) AppleWebKit/537.36 Chrome/124.0.0.0 Safari/537.36"
188.18.77.220 - - [03/Jul/2026:16:18:10 +0000] "GET /api/news HTTP/1.1" 304 492 "/favicon.ico" "Mozilla/5.0 (Macintosh; Intel Mac OS X 14_5) AppleWebKit/605.1.15 Version/17.4 Safari/605.1.15"
5.188.206.67 - - [03/Jul/2026:16:18:11 +0000] "GET /apache/logs/access.log HTTP/1.1" 500 2525 "-" "sqlmap/1.8.4#stable"
91.198.174.22 - - [03/Jul/2026:16:18:11 +0000] "GET /favicon.ico HTTP/1.1" 200 63013 "-" "Mozilla/5.0 (X11; Linux x86_64) AppleWebKit/537.36 Chrome/122.0.0.0 Safari/537.36"
10.42.3.188 - - [03/Jul/2026:16:18:11 +0000] "GET /metrics HTTP/1.1" 200 2669 "-" "kube-probe/1.30"
10.42.0.42 - - [03/Jul/2026:16:18:11 +0000] "GET /healthz HTTP/1.1" 200 1219 "-" "curl/8.6.0"
198.51.100.45 - - [03/Jul/2026:16:18:13 +0000] "HEAD /products HTTP/1.1" 304 2673 "/assets/site.css" "Mozilla/5.0 (compatible; Googlebot/2.1; +http://www.google.com/bot.html)"
185.193.88.77 - - [03/Jul/2026:16:18:15 +0000] "GET /apache/logs/access.log HTTP/1.1" 302 1203 "-" "Nmap Scripting Engine"
213.24.11.146 - - [03/Jul/2026:16:18:16 +0000] "GET /metrics HTTP/1.1" 200 11099 "/favicon.ico" "Mozilla/5.0 (X11; Linux x86_64) AppleWebKit/537.36 Chrome/122.0.0.0 Safari/537.36"
91.198.174.22 - - [03/Jul/2026:16:18:16 +0000] "GET /assets/site.css HTTP/1.1" 200 7343 "-" "Mozilla/5.0 (Macintosh; Intel Mac OS X 14_5) AppleWebKit/605.1.15 Version/17.4 Safari/605.1.15"
141.8.153.222 - - [03/Jul/2026:16:18:17 +0000] "HEAD /sitemap.xml HTTP/1.1" 304 910 "/assets/logo.svg" "Mozilla/5.0 (Macintosh; Intel Mac OS X 14_5) AppleWebKit/537.36 Chrome/124.0.0.0 Safari/537.36"
213.24.11.146 - - [03/Jul/2026:16:18:17 +0000] "GET /contacts HTTP/1.1" 200 32818 "-" "Mozilla/5.0 (iPad; CPU OS 17_4 like Mac OS X) AppleWebKit/605.1.15 Version/17.4 Mobile/15E148 Safari/604.1"
188.18.77.220 - - [03/Jul/2026:16:18:17 +0000] "GET /about HTTP/1.1" 200 50229 "/healthz" "Mozilla/5.0 (Macintosh; Intel Mac OS X 14_5) AppleWebKit/605.1.15 Version/17.4 Safari/605.1.15"
141.8.153.222 - - [03/Jul/2026:16:18:18 +0000] "HEAD /assets/site.css HTTP/1.1" 200 46281 "-" "Mozilla/5.0 (Windows NT 10.0; Win64; x64) AppleWebKit/537.36 Edg/124.0.0.0"
77.88.55.201 - - [03/Jul/2026:16:18:18 +0000] "GET /healthz HTTP/1.1" 200 48157 "-" "Mozilla/5.0 (Windows NT 10.0; Win64; x64) AppleWebKit/537.36 Chrome/123.0.0.0 Safari/537.36"
5.188.206.67 - - [03/Jul/2026:16:18:18 +0000] "GET /Changelog HTTP/1.1" 404 2046 "-" "gobuster/3.6"
185.193.88.77 - - [03/Jul/2026:16:18:19 +0000] "GET /login_admin/ HTTP/1.1" 302 465 "-" "sqlmap/1.8.4#stable"
46.188.19.142 - - [03/Jul/2026:16:18:21 +0000] "GET /about HTTP/1.1" 200 82743 "-" "Mozilla/5.0 (iPad; CPU OS 17_4 like Mac OS X) AppleWebKit/605.1.15 Version/17.4 Mobile/15E148 Safari/604.1"
46.188.19.142 - - [03/Jul/2026:16:18:22 +0000] "GET /sitemap.xml HTTP/1.1" 200 63633 "-" "Mozilla/5.0 (Windows NT 10.0; Win64; x64) AppleWebKit/537.36 Chrome/123.0.0.0 Safari/537.36"
5.188.206.67 - - [03/Jul/2026:16:18:23 +0000] "GET /templates/ HTTP/1.1" 302 1533 "-" "dirsearch/0.4.3"
40.77.167.21 - - [03/Jul/2026:16:18:23 +0000] "GET /favicon.ico HTTP/1.1" 200 72936 "/robots.txt" "Mozilla/5.0 (Macintosh; Intel Mac OS X 14_5) AppleWebKit/537.36 Chrome/124.0.0.0 Safari/537.36"
40.77.167.21 - - [03/Jul/2026:16:18:24 +0000] "GET /api/products HTTP/1.1" 200 69854 "/about" "Mozilla/5.0 (iPhone; CPU iPhone OS 17_4 like Mac OS X) AppleWebKit/605.1.15 Version/17.4 Mobile/15E148 Safari/604.1"
188.18.77.220 - - [03/Jul/2026:16:18:24 +0000] "GET /api/products HTTP/1.1" 200 65187 "/contacts" "Mozilla/5.0 (Windows NT 10.0; Win64; rv:124.0) Gecko/20100101 Firefox/124.0"
40.77.167.21 - - [03/Jul/2026:16:18:24 +0000] "GET /api/news HTTP/1.1" 304 1609 "-" "Mozilla/5.0 (iPhone; CPU iPhone OS 17_4 like Mac OS X) AppleWebKit/605.1.15 Version/17.4 Mobile/15E148 Safari/604.1"
91.198.174.22 - - [03/Jul/2026:16:18:27 +0000] "GET /metrics HTTP/1.1" 200 5980 "-" "Mozilla/5.0 (Macintosh; Intel Mac OS X 14_5) AppleWebKit/537.36 Chrome/124.0.0.0 Safari/537.36"
213.24.11.146 - - [03/Jul/2026:16:18:27 +0000] "GET /api/news HTTP/1.1" 200 70110 "/sitemap.xml" "Mozilla/5.0 (Windows NT 10.0; Win64; rv:124.0) Gecko/20100101 Firefox/124.0"
80.85.246.17 - - [03/Jul/2026:16:18:27 +0000] "GET /.grunt HTTP/1.1" 302 1611 "-" "Go-http-client/1.1"
188.18.77.220 - - [03/Jul/2026:16:18:27 +0000] "GET /api/news HTTP/1.1" 200 80099 "-" "Mozilla/5.0 (iPad; CPU OS 17_4 like Mac OS X) AppleWebKit/605.1.15 Version/17.4 Mobile/15E148 Safari/604.1"
157.55.39.7 - - [03/Jul/2026:16:18:29 +0000] "GET /api/products HTTP/1.1" 200 59243 "-" "Mozilla/5.0 (Windows NT 10.0; Win64; x64) AppleWebKit/537.36 Chrome/123.0.0.0 Safari/537.36"
177.232.73.44 - - [03/Jul/2026:16:18:29 +0000] "GET /contacts HTTP/1.1" 200 41378 "/products" "Mozilla/5.0 (Macintosh; Intel Mac OS X 14_5) AppleWebKit/605.1.15 Version/17.4 Safari/605.1.15"
141.8.153.222 - - [03/Jul/2026:16:18:30 +0000] "GET /contacts HTTP/1.1" 200 80956 "-" "Mozilla/5.0 (compatible; bingbot/2.0; +http://www.bing.com/bingbot.htm)"
212.76.133.14 - - [03/Jul/2026:16:18:31 +0000] "GET /api/news HTTP/1.1" 200 54593 "-" "Mozilla/5.0 (X11; Linux x86_64) AppleWebKit/537.36 Chrome/122.0.0.0 Safari/537.36"
212.76.133.14 - - [03/Jul/2026:16:18:33 +0000] "HEAD /assets/app.js HTTP/1.1" 200 2916 "/" "Mozilla/5.0 (iPhone; CPU iPhone OS 17_4 like Mac OS X) AppleWebKit/605.1.15 Version/17.4 Mobile/15E148 Safari/604.1"
203.0.113.77 - - [03/Jul/2026:16:18:33 +0000] "GET /healthz HTTP/1.1" 200 43771 "-" "Mozilla/5.0 (X11; Linux x86_64) AppleWebKit/537.36 Chrome/122.0.0.0 Safari/537.36"
141.8.153.222 - - [03/Jul/2026:16:18:33 +0000] "GET /assets/app.js HTTP/1.1" 304 2119 "/products" "DuckDuckBot/1.0; (+http://duckduckgo.com/duckduckbot)"
141.8.153.222 - - [03/Jul/2026:16:18:33 +0000] "GET /products HTTP/1.1" 200 74805 "/metrics" "Mozilla/5.0 (Macintosh; Intel Mac OS X 14_5) AppleWebKit/605.1.15 Version/17.4 Safari/605.1.15"
188.18.77.220 - - [03/Jul/2026:16:18:33 +0000] "GET /contacts HTTP/1.1" 200 11010 "-" "Mozilla/5.0 (Macintosh; Intel Mac OS X 14_5) AppleWebKit/537.36 Chrome/124.0.0.0 Safari/537.36"
66.249.75.10 - - [03/Jul/2026:16:18:34 +0000] "GET /products HTTP/1.1" 200 14080 "/about" "Mozilla/5.0 (Linux; Android 13; SM-S918B) AppleWebKit/537.36 SamsungBrowser/24.0 Chrome/120.0 Mobile Safari/537.36"
46.188.19.142 - - [03/Jul/2026:16:18:35 +0000] "GET /contacts HTTP/1.1" 200 29294 "/api/news" "Mozilla/5.0 (Macintosh; Intel Mac OS X 14_5) AppleWebKit/537.36 Chrome/124.0.0.0 Safari/537.36"
40.77.167.21 - - [03/Jul/2026:16:18:35 +0000] "GET /metrics HTTP/1.1" 200 25544 "-" "Mozilla/5.0 (compatible; bingbot/2.0; +http://www.bing.com/bingbot.htm)"
141.8.153.222 - - [03/Jul/2026:16:18:35 +0000] "GET /metrics HTTP/1.1" 200 57146 "-" "Mozilla/5.0 (compatible; YandexBot/3.0; +http://yandex.com/bots)"
193.142.147.55 - - [03/Jul/2026:16:18:36 +0000] "GET /password HTTP/1.1" 403 1133 "-" "Wfuzz/3.1.0"
198.51.100.45 - - [03/Jul/2026:16:18:36 +0000] "HEAD /assets/site.css HTTP/1.1" 304 971 "-" "Mozilla/5.0 (Windows NT 10.0; Win64; x64) AppleWebKit/537.36 Edg/124.0.0.0"
193.142.147.55 - - [03/Jul/2026:16:18:36 +0000] "GET /httpd/logs/access.log HTTP/1.1" 404 465 "-" "Nmap Scripting Engine"
40.77.167.21 - - [03/Jul/2026:16:18:37 +0000] "GET /robots.txt HTTP/1.1" 200 23022 "-" "Mozilla/5.0 (Windows NT 10.0; Win64; x64) AppleWebKit/537.36 Edg/124.0.0.0"
66.249.75.10 - - [03/Jul/2026:16:18:37 +0000] "GET /api/news HTTP/1.1" 200 18736 "-" "Mozilla/5.0 (iPad; CPU OS 17_4 like Mac OS X) AppleWebKit/605.1.15 Version/17.4 Mobile/15E148 Safari/604.1"
157.55.39.7 - - [03/Jul/2026:16:18:38 +0000] "GET /assets/app.js HTTP/1.1" 200 74881 "/contacts" "Mozilla/5.0 (iPhone; CPU iPhone OS 17_4 like Mac OS X) AppleWebKit/605.1.15 Version/17.4 Mobile/15E148 Safari/604.1"
32.124.206.193 - - [03/Jul/2026:16:18:38 +0000] "HEAD /articles/2026/q2 HTTP/1.1" 200 56045 "/contacts" "Mozilla/5.0 (iPhone; CPU iPhone OS 17_4 like Mac OS X) AppleWebKit/605.1.15 Version/17.4 Mobile/15E148 Safari/604.1"
213.24.11.146 - - [03/Jul/2026:16:18:39 +0000] "GET /assets/app.js HTTP/1.1" 200 51570 "-" "Mozilla/5.0 (X11; Linux x86_64) AppleWebKit/537.36 Chrome/122.0.0.0 Safari/537.36"
5.188.206.67 - - [03/Jul/2026:16:18:39 +0000] "GET /ServiceFabricBackup/ HTTP/1.1" 404 1817 "-" "dirsearch/0.4.3"
80.85.246.17 - - [03/Jul/2026:16:18:39 +0000] "HEAD /examples/servlets/servlet/RequestHeaderExample HTTP/1.1" 404 436 "-" "Go-http-client/1.1"
10.42.0.45 - - [03/Jul/2026:16:18:39 +0000] "GET /healthz HTTP/1.1" 200 3088 "-" "curl/8.6.0"
46.188.19.142 - - [03/Jul/2026:16:18:39 +0000] "GET / HTTP/1.1" 200 53704 "/assets/logo.svg" "DuckDuckBot/1.0; (+http://duckduckgo.com/duckduckbot)"
5.188.206.67 - - [03/Jul/2026:16:18:39 +0000] "GET /actuator/dump HTTP/1.1" 404 516 "-" "Wfuzz/3.1.0"
91.198.174.22 - - [03/Jul/2026:16:18:39 +0000] "GET /about HTTP/1.1" 200 42544 "-" "Mozilla/5.0 (iPad; CPU OS 17_4 like Mac OS X) AppleWebKit/605.1.15 Version/17.4 Mobile/15E148 Safari/604.1"
40.77.167.21 - - [03/Jul/2026:16:18:39 +0000] "GET /about HTTP/1.1" 200 25715 "/assets/site.css" "Mozilla/5.0 (Linux; Android 13; SM-S918B) AppleWebKit/537.36 SamsungBrowser/24.0 Chrome/120.0 Mobile Safari/537.36"
76.48.164.246 - - [03/Jul/2026:16:18:41 +0000] "GET /metrics HTTP/1.1" 200 56771 "/api/products" "Mozilla/5.0 (Windows NT 10.0; Win64; x64) AppleWebKit/537.36 Edg/124.0.0.0"
141.8.153.222 - - [03/Jul/2026:16:18:41 +0000] "GET /api/products HTTP/1.1" 200 61005 "-" "DuckDuckBot/1.0; (+http://duckduckgo.com/duckduckbot)"
156.146.62.11 - - [03/Jul/2026:16:18:41 +0000] "GET /adminer-4.6.0.php HTTP/1.1" 405 1969 "-" "ffuf/2.1.0"
198.51.100.45 - - [03/Jul/2026:16:18:42 +0000] "GET /articles/2026/q2 HTTP/1.1" 200 50981 "-" "DuckDuckBot/1.0; (+http://duckduckgo.com/duckduckbot)"
203.0.113.77 - - [03/Jul/2026:16:18:42 +0000] "GET /healthz HTTP/1.1" 200 70199 "-" "Mozilla/5.0 (iPad; CPU OS 17_4 like Mac OS X) AppleWebKit/605.1.15 Version/17.4 Mobile/15E148 Safari/604.1"
141.8.153.222 - - [03/Jul/2026:16:18:43 +0000] "GET / HTTP/1.1" 200 58906 "/about" "Mozilla/5.0 (Windows NT 10.0; Win64; x64) AppleWebKit/537.36 Edg/124.0.0.0"
229.73.12.62 - - [03/Jul/2026:16:18:43 +0000] "GET / HTTP/1.1" 200 84061 "-" "DuckDuckBot/1.0; (+http://duckduckgo.com/duckduckbot)"
141.8.153.222 - - [03/Jul/2026:16:18:43 +0000] "GET /api/news HTTP/1.1" 200 15381 "/assets/site.css" "Mozilla/5.0 (Windows NT 10.0; Win64; x64) AppleWebKit/537.36 Chrome/123.0.0.0 Safari/537.36"
23.129.64.112 - - [03/Jul/2026:16:18:44 +0000] "HEAD /.coffee_history HTTP/1.1" 302 1386 "-" "dirsearch/0.4.3"
157.55.39.7 - - [03/Jul/2026:16:18:44 +0000] "GET /products HTTP/1.1" 200 66783 "-" "Mozilla/5.0 (Windows NT 10.0; Win64; x64) AppleWebKit/537.36 Chrome/123.0.0.0 Safari/537.36"
212.76.133.14 - - [03/Jul/2026:16:18:44 +0000] "GET /favicon.ico HTTP/1.1" 200 14364 "/assets/site.css" "Mozilla/5.0 (Macintosh; Intel Mac OS X 14_5) AppleWebKit/605.1.15 Version/17.4 Safari/605.1.15"
91.198.174.22 - - [03/Jul/2026:16:18:46 +0000] "GET /robots.txt HTTP/1.1" 200 31399 "/favicon.ico" "Mozilla/5.0 (X11; Linux x86_64) AppleWebKit/537.36 Chrome/122.0.0.0 Safari/537.36"
40.77.167.21 - - [03/Jul/2026:16:18:47 +0000] "GET /about HTTP/1.1" 304 3728 "/sitemap.xml" "Mozilla/5.0 (Linux; Android 13; SM-S918B) AppleWebKit/537.36 SamsungBrowser/24.0 Chrome/120.0 Mobile Safari/537.36"
80.85.246.17 - - [03/Jul/2026:16:18:48 +0000] "OPTIONS /user_guide_src/cilexer/dist/ HTTP/1.1" 302 849 "-" "gobuster/3.6"
212.76.133.14 - - [03/Jul/2026:16:18:48 +0000] "GET /api/products HTTP/1.1" 304 2143 "/robots.txt" "Mozilla/5.0 (compatible; Googlebot/2.1; +http://www.google.com/bot.html)"
188.18.77.220 - - [03/Jul/2026:16:18:48 +0000] "GET /api/news HTTP/1.1" 200 19118 "-" "Mozilla/5.0 (iPhone; CPU iPhone OS 17_4 like Mac OS X) AppleWebKit/605.1.15 Version/17.4 Mobile/15E148 Safari/604.1"
15.210.43.98 - - [03/Jul/2026:16:18:49 +0000] "GET /articles/2026/q2 HTTP/1.1" 200 61748 "-" "Mozilla/5.0 (Macintosh; Intel Mac OS X 14_5) AppleWebKit/605.1.15 Version/17.4 Safari/605.1.15"
171.25.193.20 - - [03/Jul/2026:16:18:49 +0000] "GET /upload.php3 HTTP/1.1" 404 1039 "-" "DirBuster-1.0-RC1"
188.18.77.220 - - [03/Jul/2026:16:18:49 +0000] "GET /assets/site.css HTTP/1.1" 200 36636 "-" "Mozilla/5.0 (X11; Linux x86_64) AppleWebKit/537.36 Chrome/122.0.0.0 Safari/537.36"
193.142.147.55 - - [03/Jul/2026:16:18:50 +0000] "HEAD /nginx-access.log HTTP/1.1" 404 1829 "-" "sqlmap/1.8.4#stable"
198.51.100.45 - - [03/Jul/2026:16:18:51 +0000] "GET /healthz HTTP/1.1" 304 2533 "/metrics" "Mozilla/5.0 (iPhone; CPU iPhone OS 17_4 like Mac OS X) AppleWebKit/605.1.15 Version/17.4 Mobile/15E148 Safari/604.1"
185.220.101.54 - - [03/Jul/2026:16:18:51 +0000] "GET /upload.php HTTP/1.1" 500 1080 "-" "Nmap Scripting Engine"
185.220.101.54 - - [03/Jul/2026:16:18:51 +0000] "GET /FCKeditor2.1/ HTTP/1.1" 404 2520 "-" "Nmap Scripting Engine"
194.26.29.89 - - [03/Jul/2026:16:18:51 +0000] "GET /configure.scan HTTP/1.1" 404 1127 "-" "python-requests/2.31.0"
66.65.99.39 - - [03/Jul/2026:16:18:52 +0000] "OPTIONS /tests/ HTTP/1.1" 404 2058 "-" "Wfuzz/3.1.0"
10.42.3.54 - - [03/Jul/2026:16:18:53 +0000] "GET /healthz HTTP/1.1" 200 1690 "-" "curl/8.6.0"
188.18.77.220 - - [03/Jul/2026:16:18:53 +0000] "GET /metrics HTTP/1.1" 200 24774 "-" "Mozilla/5.0 (X11; Linux x86_64) AppleWebKit/537.36 Chrome/122.0.0.0 Safari/537.36"
10.42.3.75 - - [03/Jul/2026:16:18:54 +0000] "GET /metrics HTTP/1.1" 200 3694 "-" "kube-probe/1.30"
40.77.167.21 - - [03/Jul/2026:16:18:55 +0000] "GET / HTTP/1.1" 200 42828 "-" "Mozilla/5.0 (X11; Linux x86_64) AppleWebKit/537.36 Chrome/122.0.0.0 Safari/537.36"
91.198.174.22 - - [03/Jul/2026:16:18:55 +0000] "GET /contacts HTTP/1.1" 200 13295 "/healthz" "Mozilla/5.0 (Macintosh; Intel Mac OS X 14_5) AppleWebKit/537.36 Chrome/124.0.0.0 Safari/537.36"
188.18.77.220 - - [03/Jul/2026:16:18:56 +0000] "GET /about HTTP/1.1" 200 28242 "/api/news" "Mozilla/5.0 (Macintosh; Intel Mac OS X 14_5) AppleWebKit/605.1.15 Version/17.4 Safari/605.1.15"
80.85.246.17 - - [03/Jul/2026:16:18:56 +0000] "GET /app/config/routes.cfg HTTP/1.1" 301 1099 "-" "DirBuster-1.0-RC1"
213.24.11.146 - - [03/Jul/2026:16:18:58 +0000] "GET /sitemap.xml HTTP/1.1" 304 1256 "/" "Mozilla/5.0 (Windows NT 10.0; Win64; x64) AppleWebKit/537.36 Chrome/123.0.0.0 Safari/537.36"
213.24.11.146 - - [03/Jul/2026:16:18:58 +0000] "GET /articles/2026/q2 HTTP/1.1" 304 1125 "-" "DuckDuckBot/1.0; (+http://duckduckgo.com/duckduckbot)"
45.9.148.77 - - [03/Jul/2026:16:18:59 +0000] "GET /axis/ HTTP/1.1" 404 1974 "-" "Go-http-client/1.1"
212.76.133.14 - - [03/Jul/2026:16:18:59 +0000] "GET /products HTTP/1.1" 304 2838 "/assets/logo.svg" "Mozilla/5.0 (compatible; YandexBot/3.0; +http://yandex.com/bots)"
157.55.39.7 - - [03/Jul/2026:16:19:00 +0000] "GET / HTTP/1.1" 200 53400 "/articles/2026/q2" "Mozilla/5.0 (Linux; Android 13; SM-S918B) AppleWebKit/537.36 SamsungBrowser/24.0 Chrome/120.0 Mobile Safari/537.36"
46.188.19.142 - - [03/Jul/2026:16:19:01 +0000] "GET /about HTTP/1.1" 200 47462 "/about" "Mozilla/5.0 (X11; Linux x86_64) AppleWebKit/537.36 Chrome/122.0.0.0 Safari/537.36"
80.85.246.17 - - [03/Jul/2026:16:19:01 +0000] "OPTIONS /v1 HTTP/1.1" 403 1587 "-" "Nmap Scripting Engine"
212.76.133.14 - - [03/Jul/2026:16:19:02 +0000] "GET /api/news HTTP/1.1" 304 3015 "/assets/site.css" "Mozilla/5.0 (iPhone; CPU iPhone OS 17_4 like Mac OS X) AppleWebKit/605.1.15 Version/17.4 Mobile/15E148 Safari/604.1"
45.146.164.12 - - [03/Jul/2026:16:19:02 +0000] "HEAD /.pylintrc HTTP/1.1" 403 798 "-" "Nmap Scripting Engine"
188.18.77.220 - - [03/Jul/2026:16:19:02 +0000] "GET /api/products HTTP/1.1" 200 685 "-" "Mozilla/5.0 (Macintosh; Intel Mac OS X 14_5) AppleWebKit/605.1.15 Version/17.4 Safari/605.1.15"
77.88.55.201 - - [03/Jul/2026:16:19:03 +0000] "GET /about HTTP/1.1" 304 1502 "-" "Mozilla/5.0 (iPad; CPU OS 17_4 like Mac OS X) AppleWebKit/605.1.15 Version/17.4 Mobile/15E148 Safari/604.1"
194.26.29.89 - - [03/Jul/2026:16:19:03 +0000] "HEAD /nginx-access.log HTTP/1.1" 405 1590 "-" "gobuster/3.6"
156.146.62.11 - - [03/Jul/2026:16:19:05 +0000] "HEAD /readme.txt HTTP/1.1" 404 282 "-" "python-requests/2.31.0"
10.42.1.86 - - [03/Jul/2026:16:19:05 +0000] "GET /healthz HTTP/1.1" 200 5216 "-" "kube-probe/1.30"
171.25.193.20 - - [03/Jul/2026:16:19:06 +0000] "GET /rpcwithcert/ HTTP/1.1" 301 2194 "-" "python-requests/2.31.0"
17.131.180.69 - - [03/Jul/2026:16:19:06 +0000] "GET /contacts HTTP/1.1" 304 1993 "-" "Mozilla/5.0 (compatible; Googlebot/2.1; +http://www.google.com/bot.html)"
203.0.113.77 - - [03/Jul/2026:16:19:06 +0000] "GET /about HTTP/1.1" 304 401 "/api/news" "Mozilla/5.0 (Linux; Android 13; SM-S918B) AppleWebKit/537.36 SamsungBrowser/24.0 Chrome/120.0 Mobile Safari/537.36"
55.232.249.231 - - [03/Jul/2026:16:19:06 +0000] "GET /api/news HTTP/1.1" 200 56551 "/assets/app.js" "Mozilla/5.0 (iPad; CPU OS 17_4 like Mac OS X) AppleWebKit/605.1.15 Version/17.4 Mobile/15E148 Safari/604.1"
157.55.39.7 - - [03/Jul/2026:16:19:08 +0000] "GET /articles/2026/q2 HTTP/1.1" 200 47086 "-" "Mozilla/5.0 (iPhone; CPU iPhone OS 17_4 like Mac OS X) AppleWebKit/605.1.15 Version/17.4 Mobile/15E148 Safari/604.1"
194.26.29.89 - - [03/Jul/2026:16:19:08 +0000] "GET /2011.tar HTTP/1.1" 404 720 "-" "feroxbuster/2.11.0"
141.8.153.222 - - [03/Jul/2026:16:19:09 +0000] "GET /sitemap.xml HTTP/1.1" 200 53358 "-" "Mozilla/5.0 (Windows NT 10.0; Win64; x64) AppleWebKit/537.36 Chrome/123.0.0.0 Safari/537.36"
59.201.224.228 - - [03/Jul/2026:16:19:09 +0000] "GET /api/products HTTP/1.1" 304 2444 "/" "Mozilla/5.0 (Windows NT 10.0; Win64; x64) AppleWebKit/537.36 Edg/124.0.0.0"
203.0.113.77 - - [03/Jul/2026:16:19:10 +0000] "GET /favicon.ico HTTP/1.1" 200 63117 "-" "Mozilla/5.0 (Linux; Android 13; SM-S918B) AppleWebKit/537.36 SamsungBrowser/24.0 Chrome/120.0 Mobile Safari/537.36"
28.76.254.175 - - [03/Jul/2026:16:19:10 +0000] "GET /api/products HTTP/1.1" 304 1576 "-" "Mozilla/5.0 (Macintosh; Intel Mac OS X 14_5) AppleWebKit/537.36 Chrome/124.0.0.0 Safari/537.36"
98.245.166.67 - - [03/Jul/2026:16:19:10 +0000] "HEAD /httpd/logs/access.log HTTP/1.1" 403 1581 "-" "masscan/1.3 (https://github.com/robertdavidgraham/masscan)"
198.51.100.45 - - [03/Jul/2026:16:19:10 +0000] "GET /assets/app.js HTTP/1.1" 200 14438 "/metrics" "Mozilla/5.0 (compatible; YandexBot/3.0; +http://yandex.com/bots)"
91.198.174.22 - - [03/Jul/2026:16:19:11 +0000] "GET /products HTTP/1.1" 200 26503 "/api/news" "Mozilla/5.0 (compatible; YandexBot/3.0; +http://yandex.com/bots)"
77.88.55.201 - - [03/Jul/2026:16:19:14 +0000] "GET /assets/logo.svg HTTP/1.1" 200 64656 "/products" "Mozilla/5.0 (Windows NT 10.0; Win64; rv:124.0) Gecko/20100101 Firefox/124.0"
203.0.113.77 - - [03/Jul/2026:16:19:14 +0000] "GET /assets/logo.svg HTTP/1.1" 200 44340 "-" "Mozilla/5.0 (Windows NT 10.0; Win64; x64) AppleWebKit/537.36 Chrome/123.0.0.0 Safari/537.36"
46.188.19.142 - - [03/Jul/2026:16:19:15 +0000] "GET /robots.txt HTTP/1.1" 200 48273 "/api/news" "Mozilla/5.0 (compatible; bingbot/2.0; +http://www.bing.com/bingbot.htm)"
40.77.167.21 - - [03/Jul/2026:16:19:15 +0000] "HEAD /favicon.ico HTTP/1.1" 200 40131 "-" "Mozilla/5.0 (Windows NT 10.0; Win64; rv:124.0) Gecko/20100101 Firefox/124.0"
53.207.125.81 - - [03/Jul/2026:16:19:16 +0000] "OPTIONS /haproxy/ HTTP/1.1" 404 1271 "-" "Nmap Scripting Engine"
10.42.3.10 - - [03/Jul/2026:16:19:16 +0000] "GET /healthz HTTP/1.1" 200 4600 "-" "curl/8.6.0"
10.42.3.179 - - [03/Jul/2026:16:19:16 +0000] "GET /metrics HTTP/1.1" 200 2928 "-" "curl/8.6.0"
141.8.153.222 - - [03/Jul/2026:16:19:17 +0000] "GET /healthz HTTP/1.1" 200 44736 "/products" "Mozilla/5.0 (X11; Linux x86_64) AppleWebKit/537.36 Chrome/122.0.0.0 Safari/537.36"
188.18.77.220 - - [03/Jul/2026:16:19:18 +0000] "GET /favicon.ico HTTP/1.1" 200 55597 "-" "Mozilla/5.0 (compatible; YandexBot/3.0; +http://yandex.com/bots)"
46.188.19.142 - - [03/Jul/2026:16:19:18 +0000] "GET /favicon.ico HTTP/1.1" 200 70376 "-" "Mozilla/5.0 (iPad; CPU OS 17_4 like Mac OS X) AppleWebKit/605.1.15 Version/17.4 Mobile/15E148 Safari/604.1"
198.51.100.45 - - [03/Jul/2026:16:19:18 +0000] "GET /assets/logo.svg HTTP/1.1" 200 23988 "-" "Mozilla/5.0 (Macintosh; Intel Mac OS X 14_5) AppleWebKit/537.36 Chrome/124.0.0.0 Safari/537.36"
213.24.11.146 - - [03/Jul/2026:16:19:19 +0000] "GET /favicon.ico HTTP/1.1" 200 81866 "-" "DuckDuckBot/1.0; (+http://duckduckgo.com/duckduckbot)"
40.77.167.21 - - [03/Jul/2026:16:19:19 +0000] "GET /metrics HTTP/1.1" 200 56521 "/api/products" "Mozilla/5.0 (Windows NT 10.0; Win64; x64) AppleWebKit/537.36 Edg/124.0.0.0"
157.55.39.7 - - [03/Jul/2026:16:19:19 +0000] "GET /api/products HTTP/1.1" 304 1712 "-" "Mozilla/5.0 (Windows NT 10.0; Win64; x64) AppleWebKit/537.36 Chrome/123.0.0.0 Safari/537.36"
198.51.100.45 - - [03/Jul/2026:16:19:20 +0000] "GET /metrics HTTP/1.1" 304 1211 "-" "Mozilla/5.0 (Linux; Android 13; SM-S918B) AppleWebKit/537.36 SamsungBrowser/24.0 Chrome/120.0 Mobile Safari/537.36"
213.24.11.146 - - [03/Jul/2026:16:19:20 +0000] "GET /assets/site.css HTTP/1.1" 200 73797 "/favicon.ico" "Mozilla/5.0 (Macintosh; Intel Mac OS X 14_5) AppleWebKit/537.36 Chrome/124.0.0.0 Safari/537.36"
66.249.75.10 - - [03/Jul/2026:16:19:20 +0000] "GET /articles/2026/q2 HTTP/1.1" 200 82317 "/api/products" "Mozilla/5.0 (Windows NT 10.0; Win64; x64) AppleWebKit/537.36 Edg/124.0.0.0"
46.188.19.142 - - [03/Jul/2026:16:19:20 +0000] "GET /about HTTP/1.1" 304 883 "-" "Mozilla/5.0 (Macintosh; Intel Mac OS X 14_5) AppleWebKit/605.1.15 Version/17.4 Safari/605.1.15"
213.24.11.146 - - [03/Jul/2026:16:19:21 +0000] "GET /assets/logo.svg HTTP/1.1" 200 32746 "-" "Mozilla/5.0 (X11; Linux x86_64) AppleWebKit/537.36 Chrome/122.0.0.0 Safari/537.36"
185.220.101.54 - - [03/Jul/2026:16:19:21 +0000] "GET /authentication HTTP/1.1" 404 259 "-" "ffuf/2.1.0"
166.163.185.95 - - [03/Jul/2026:16:19:21 +0000] "GET /assets/logo.svg HTTP/1.1" 304 1471 "-" "Mozilla/5.0 (Macintosh; Intel Mac OS X 14_5) AppleWebKit/537.36 Chrome/124.0.0.0 Safari/537.36"
45.9.148.77 - - [03/Jul/2026:16:19:22 +0000] "GET /subversion/ HTTP/1.1" 404 493 "-" "Wfuzz/3.1.0"
156.146.62.11 - - [03/Jul/2026:16:19:22 +0000] "GET /installer-data.sql HTTP/1.1" 404 562 "-" "sqlmap/1.8.4#stable"
188.18.77.220 - - [03/Jul/2026:16:19:23 +0000] "GET /api/products HTTP/1.1" 200 29712 "/metrics" "Mozilla/5.0 (Macintosh; Intel Mac OS X 14_5) AppleWebKit/605.1.15 Version/17.4 Safari/605.1.15"
213.24.11.146 - - [03/Jul/2026:16:19:23 +0000] "GET /metrics HTTP/1.1" 200 54582 "-" "Mozilla/5.0 (Linux; Android 13; SM-S918B) AppleWebKit/537.36 SamsungBrowser/24.0 Chrome/120.0 Mobile Safari/537.36"
45.146.164.12 - - [03/Jul/2026:16:19:23 +0000] "HEAD /forum.rar HTTP/1.1" 301 196 "-" "DirBuster-1.0-RC1"
188.18.77.220 - - [03/Jul/2026:16:19:23 +0000] "GET /assets/site.css HTTP/1.1" 304 2287 "-" "Mozilla/5.0 (Macintosh; Intel Mac OS X 14_5) AppleWebKit/537.36 Chrome/124.0.0.0 Safari/537.36"
188.18.77.220 - - [03/Jul/2026:16:19:24 +0000] "GET /api/news HTTP/1.1" 200 3002 "-" "Mozilla/5.0 (Macintosh; Intel Mac OS X 14_5) AppleWebKit/605.1.15 Version/17.4 Safari/605.1.15"
66.249.75.10 - - [03/Jul/2026:16:19:24 +0000] "GET /favicon.ico HTTP/1.1" 200 35795 "-" "Mozilla/5.0 (iPad; CPU OS 17_4 like Mac OS X) AppleWebKit/605.1.15 Version/17.4 Mobile/15E148 Safari/604.1"
212.76.133.14 - - [03/Jul/2026:16:19:25 +0000] "GET /products HTTP/1.1" 200 22675 "-" "Mozilla/5.0 (compatible; YandexBot/3.0; +http://yandex.com/bots)"
203.0.113.77 - - [03/Jul/2026:16:19:26 +0000] "GET /assets/site.css HTTP/1.1" 200 5290 "/assets/logo.svg" "Mozilla/5.0 (iPad; CPU OS 17_4 like Mac OS X) AppleWebKit/605.1.15 Version/17.4 Mobile/15E148 Safari/604.1"
203.0.113.77 - - [03/Jul/2026:16:19:27 +0000] "GET /assets/site.css HTTP/1.1" 200 68473 "/contacts" "Mozilla/5.0 (compatible; Googlebot/2.1; +http://www.google.com/bot.html)"
203.0.113.77 - - [03/Jul/2026:16:19:27 +0000] "GET /healthz HTTP/1.1" 200 72674 "-" "Mozilla/5.0 (Linux; Android 13; SM-S918B) AppleWebKit/537.36 SamsungBrowser/24.0 Chrome/120.0 Mobile Safari/537.36"
171.25.193.20 - - [03/Jul/2026:16:19:27 +0000] "GET /rpc/ HTTP/1.1" 500 2084 "-" "dirsearch/0.4.3"
98.53.206.236 - - [03/Jul/2026:16:19:28 +0000] "HEAD /assets/app.js HTTP/1.1" 200 18019 "-" "Mozilla/5.0 (Macintosh; Intel Mac OS X 14_5) AppleWebKit/537.36 Chrome/124.0.0.0 Safari/537.36"
10.42.3.125 - - [03/Jul/2026:16:19:29 +0000] "GET /healthz HTTP/1.1" 200 2309 "-" "curl/8.6.0"
203.0.113.77 - - [03/Jul/2026:16:19:29 +0000] "GET /contacts HTTP/1.1" 200 84786 "-" "Mozilla/5.0 (X11; Linux x86_64) AppleWebKit/537.36 Chrome/122.0.0.0 Safari/537.36"
141.8.153.222 - - [03/Jul/2026:16:19:30 +0000] "GET /api/news HTTP/1.1" 304 2758 "-" "Mozilla/5.0 (compatible; bingbot/2.0; +http://www.bing.com/bingbot.htm)"
40.77.167.21 - - [03/Jul/2026:16:19:30 +0000] "GET /articles/2026/q2 HTTP/1.1" 200 36115 "/" "Mozilla/5.0 (Windows NT 10.0; Win64; x64) AppleWebKit/537.36 Chrome/123.0.0.0 Safari/537.36"
157.55.39.7 - - [03/Jul/2026:16:19:30 +0000] "GET /products HTTP/1.1" 200 81213 "/assets/site.css" "Mozilla/5.0 (compatible; YandexBot/3.0; +http://yandex.com/bots)"
77.88.55.201 - - [03/Jul/2026:16:19:31 +0000] "GET /robots.txt HTTP/1.1" 304 2771 "-" "Mozilla/5.0 (iPad; CPU OS 17_4 like Mac OS X) AppleWebKit/605.1.15 Version/17.4 Mobile/15E148 Safari/604.1"
40.77.167.21 - - [03/Jul/2026:16:19:31 +0000] "GET /api/products HTTP/1.1" 200 75241 "/assets/logo.svg" "Mozilla/5.0 (iPad; CPU OS 17_4 like Mac OS X) AppleWebKit/605.1.15 Version/17.4 Mobile/15E148 Safari/604.1"
189.102.161.38 - - [03/Jul/2026:16:19:31 +0000] "GET /assets/app.js HTTP/1.1" 200 62803 "-" "Mozilla/5.0 (Linux; Android 13; SM-S918B) AppleWebKit/537.36 SamsungBrowser/24.0 Chrome/120.0 Mobile Safari/537.36"
141.8.153.222 - - [03/Jul/2026:16:19:31 +0000] "GET /contacts HTTP/1.1" 200 28434 "-" "DuckDuckBot/1.0; (+http://duckduckgo.com/duckduckbot)"
45.146.164.12 - - [03/Jul/2026:16:19:32 +0000] "HEAD /stage_create_service.sh HTTP/1.1" 404 1198 "-" "Go-http-client/1.1"
157.55.39.7 - - [03/Jul/2026:16:19:32 +0000] "GET /favicon.ico HTTP/1.1" 200 20936 "-" "Mozilla/5.0 (Linux; Android 13; SM-S918B) AppleWebKit/537.36 SamsungBrowser/24.0 Chrome/120.0 Mobile Safari/537.36"
141.8.153.222 - - [03/Jul/2026:16:19:32 +0000] "GET /about HTTP/1.1" 200 4176 "/robots.txt" "Mozilla/5.0 (Macintosh; Intel Mac OS X 14_5) AppleWebKit/605.1.15 Version/17.4 Safari/605.1.15"
212.76.133.14 - - [03/Jul/2026:16:19:32 +0000] "GET /favicon.ico HTTP/1.1" 200 3763 "/api/news" "Mozilla/5.0 (Windows NT 10.0; Win64; rv:124.0) Gecko/20100101 Firefox/124.0"
198.51.100.45 - - [03/Jul/2026:16:19:32 +0000] "GET /products HTTP/1.1" 200 32627 "/assets/site.css" "Mozilla/5.0 (Windows NT 10.0; Win64; x64) AppleWebKit/537.36 Chrome/123.0.0.0 Safari/537.36"
156.146.62.11 - - [03/Jul/2026:16:19:34 +0000] "GET /new.rar HTTP/1.1" 403 1750 "-" "Go-http-client/1.1"
5.188.206.67 - - [03/Jul/2026:16:19:34 +0000] "HEAD /audit.log HTTP/1.1" 500 1557 "-" "python-requests/2.31.0"
213.24.11.146 - - [03/Jul/2026:16:19:34 +0000] "GET /metrics HTTP/1.1" 304 1100 "/metrics" "Mozilla/5.0 (Windows NT 10.0; Win64; x64) AppleWebKit/537.36 Edg/124.0.0.0"
213.24.11.146 - - [03/Jul/2026:16:19:34 +0000] "HEAD /robots.txt HTTP/1.1" 200 52679 "/products" "Mozilla/5.0 (iPad; CPU OS 17_4 like Mac OS X) AppleWebKit/605.1.15 Version/17.4 Mobile/15E148 Safari/604.1"
198.51.100.45 - - [03/Jul/2026:16:19:37 +0000] "GET /about HTTP/1.1" 200 36753 "/api/news" "Mozilla/5.0 (Windows NT 10.0; Win64; x64) AppleWebKit/537.36 Edg/124.0.0.0"
40.77.167.21 - - [03/Jul/2026:16:19:38 +0000] "GET /assets/logo.svg HTTP/1.1" 200 74425 "-" "Mozilla/5.0 (Macintosh; Intel Mac OS X 14_5) AppleWebKit/537.36 Chrome/124.0.0.0 Safari/537.36"
203.0.113.77 - - [03/Jul/2026:16:19:38 +0000] "GET /robots.txt HTTP/1.1" 304 1892 "-" "Mozilla/5.0 (X11; Linux x86_64) AppleWebKit/537.36 Chrome/122.0.0.0 Safari/537.36"
104.244.72.115 - - [03/Jul/2026:16:19:38 +0000] "HEAD /hosts HTTP/1.1" 404 415 "-" "feroxbuster/2.11.0"
23.129.64.112 - - [03/Jul/2026:16:19:39 +0000] "GET /scripts HTTP/1.1" 500 589 "-" "python-requests/2.31.0"
185.193.88.77 - - [03/Jul/2026:16:19:39 +0000] "OPTIONS /.web.env HTTP/1.1" 404 1467 "-" "gobuster/3.6"
46.188.19.142 - - [03/Jul/2026:16:19:41 +0000] "GET /favicon.ico HTTP/1.1" 200 74754 "/contacts" "Mozilla/5.0 (Windows NT 10.0; Win64; rv:124.0) Gecko/20100101 Firefox/124.0"
171.25.193.20 - - [03/Jul/2026:16:19:41 +0000] "GET /.rsync_cache/ HTTP/1.1" 404 463 "-" "Go-http-client/1.1"
126.47.50.36 - - [03/Jul/2026:16:19:41 +0000] "GET /about HTTP/1.1" 304 325 "-" "Mozilla/5.0 (Linux; Android 13; SM-S918B) AppleWebKit/537.36 SamsungBrowser/24.0 Chrome/120.0 Mobile Safari/537.36"
188.18.77.220 - - [03/Jul/2026:16:19:42 +0000] "GET /products HTTP/1.1" 304 1188 "-" "Mozilla/5.0 (Macintosh; Intel Mac OS X 14_5) AppleWebKit/605.1.15 Version/17.4 Safari/605.1.15"
91.198.174.22 - - [03/Jul/2026:16:19:42 +0000] "GET /favicon.ico HTTP/1.1" 200 82663 "-" "Mozilla/5.0 (Macintosh; Intel Mac OS X 14_5) AppleWebKit/537.36 Chrome/124.0.0.0 Safari/537.36"
40.77.167.21 - - [03/Jul/2026:16:19:42 +0000] "GET /products HTTP/1.1" 304 1942 "/favicon.ico" "Mozilla/5.0 (Windows NT 10.0; Win64; x64) AppleWebKit/537.36 Chrome/123.0.0.0 Safari/537.36"
149.3.239.142 - - [03/Jul/2026:16:19:43 +0000] "GET /.cproject HTTP/1.1" 404 1355 "-" "python-requests/2.31.0"
156.146.62.11 - - [03/Jul/2026:16:19:44 +0000] "GET /.idea/dataSources.local.xml HTTP/1.1" 403 394 "-" "feroxbuster/2.11.0"
157.55.39.7 - - [03/Jul/2026:16:19:45 +0000] "GET /assets/app.js HTTP/1.1" 200 12615 "-" "Mozilla/5.0 (Windows NT 10.0; Win64; rv:124.0) Gecko/20100101 Firefox/124.0"
160.87.81.33 - - [03/Jul/2026:16:19:45 +0000] "GET /assets/logo.svg HTTP/1.1" 200 25405 "-" "Mozilla/5.0 (iPhone; CPU iPhone OS 17_4 like Mac OS X) AppleWebKit/605.1.15 Version/17.4 Mobile/15E148 Safari/604.1"
194.26.29.89 - - [03/Jul/2026:16:19:47 +0000] "OPTIONS /tmp/access.log HTTP/1.1" 404 1899 "-" "feroxbuster/2.11.0"
240.97.174.40 - - [03/Jul/2026:16:19:47 +0000] "GET /bitrix/cache_image HTTP/1.1" 404 1798 "-" "Go-http-client/1.1"
104.244.72.115 - - [03/Jul/2026:16:19:48 +0000] "OPTIONS /examples/servlets/servlet/RequestHeaderExample HTTP/1.1" 404 843 "-" "DirBuster-1.0-RC1"
66.249.75.10 - - [03/Jul/2026:16:19:49 +0000] "GET /favicon.ico HTTP/1.1" 200 49272 "/assets/app.js" "Mozilla/5.0 (X11; Linux x86_64) AppleWebKit/537.36 Chrome/122.0.0.0 Safari/537.36"
194.26.29.89 - - [03/Jul/2026:16:19:49 +0000] "GET /editor-4.2.5.php HTTP/1.1" 500 1328 "-" "gobuster/3.6"
9.162.235.12 - - [03/Jul/2026:16:19:50 +0000] "GET /api/news HTTP/1.1" 200 31469 "-" "Mozilla/5.0 (X11; Linux x86_64) AppleWebKit/537.36 Chrome/122.0.0.0 Safari/537.36"
157.55.39.7 - - [03/Jul/2026:16:19:50 +0000] "HEAD /articles/2026/q2 HTTP/1.1" 200 71438 "/favicon.ico" "Mozilla/5.0 (Windows NT 10.0; Win64; rv:124.0) Gecko/20100101 Firefox/124.0"
253.188.187.37 - - [03/Jul/2026:16:19:52 +0000] "GET /about HTTP/1.1" 304 2610 "/articles/2026/q2" "Mozilla/5.0 (Macintosh; Intel Mac OS X 14_5) AppleWebKit/605.1.15 Version/17.4 Safari/605.1.15"
77.88.55.201 - - [03/Jul/2026:16:19:52 +0000] "GET /assets/app.js HTTP/1.1" 200 83227 "/articles/2026/q2" "Mozilla/5.0 (compatible; YandexBot/3.0; +http://yandex.com/bots)"
212.76.133.14 - - [03/Jul/2026:16:19:52 +0000] "GET /articles/2026/q2 HTTP/1.1" 200 74626 "/sitemap.xml" "Mozilla/5.0 (iPhone; CPU iPhone OS 17_4 like Mac OS X) AppleWebKit/605.1.15 Version/17.4 Mobile/15E148 Safari/604.1"
171.25.193.20 - - [03/Jul/2026:16:19:53 +0000] "GET /adminer.php HTTP/1.1" 404 515 "-" "DirBuster-1.0-RC1"
80.85.246.17 - - [03/Jul/2026:16:19:53 +0000] "GET /.dart_tool/ HTTP/1.1" 404 1497 "-" "Go-http-client/1.1"
188.18.77.220 - - [03/Jul/2026:16:19:53 +0000] "GET /assets/logo.svg HTTP/1.1" 200 58511 "-" "Mozilla/5.0 (Windows NT 10.0; Win64; x64) AppleWebKit/537.36 Chrome/123.0.0.0 Safari/537.36"
91.198.174.22 - - [03/Jul/2026:16:19:53 +0000] "GET /api/products HTTP/1.1" 200 20130 "/" "Mozilla/5.0 (Windows NT 10.0; Win64; rv:124.0) Gecko/20100101 Firefox/124.0"
156.146.62.11 - - [03/Jul/2026:16:19:53 +0000] "HEAD /nginx-access.log HTTP/1.1" 403 1137 "-" "Nmap Scripting Engine"
148.135.110.19 - - [03/Jul/2026:16:19:54 +0000] "GET /sitemap.xml HTTP/1.1" 200 39036 "/assets/app.js" "Mozilla/5.0 (X11; Linux x86_64) AppleWebKit/537.36 Chrome/122.0.0.0 Safari/537.36"
185.220.101.54 - - [03/Jul/2026:16:19:54 +0000] "GET /archive.tar.gz HTTP/1.1" 302 1923 "-" "python-requests/2.31.0"
10.42.3.110 - - [03/Jul/2026:16:19:55 +0000] "GET /healthz HTTP/1.1" 200 3889 "-" "curl/8.6.0"
10.42.1.27 - - [03/Jul/2026:16:19:56 +0000] "GET /metrics HTTP/1.1" 200 3974 "-" "curl/8.6.0"
77.88.55.201 - - [03/Jul/2026:16:19:56 +0000] "GET /api/news HTTP/1.1" 200 7191 "-" "Mozilla/5.0 (X11; Linux x86_64) AppleWebKit/537.36 Chrome/122.0.0.0 Safari/537.36"
10.42.3.198 - - [03/Jul/2026:16:19:56 +0000] "GET /healthz HTTP/1.1" 200 5600 "-" "curl/8.6.0"
23.129.64.112 - - [03/Jul/2026:16:19:57 +0000] "OPTIONS /inc/fckeditor/ HTTP/1.1" 403 180 "-" "gobuster/3.6"
40.77.167.21 - - [03/Jul/2026:16:19:57 +0000] "GET /assets/app.js HTTP/1.1" 304 1885 "/contacts" "Mozilla/5.0 (iPhone; CPU iPhone OS 17_4 like Mac OS X) AppleWebKit/605.1.15 Version/17.4 Mobile/15E148 Safari/604.1"
157.55.39.7 - - [03/Jul/2026:16:19:57 +0000] "GET /contacts HTTP/1.1" 200 16209 "/sitemap.xml" "Mozilla/5.0 (Linux; Android 13; SM-S918B) AppleWebKit/537.36 SamsungBrowser/24.0 Chrome/120.0 Mobile Safari/537.36"
171.25.193.20 - - [03/Jul/2026:16:19:58 +0000] "GET /access.log HTTP/1.1" 500 840 "-" "gobuster/3.6"
141.8.153.222 - - [03/Jul/2026:16:19:58 +0000] "GET /api/news HTTP/1.1" 304 3294 "-" "Mozilla/5.0 (X11; Linux x86_64) AppleWebKit/537.36 Chrome/122.0.0.0 Safari/537.36"
117.63.178.99 - - [03/Jul/2026:16:19:59 +0000] "GET /products HTTP/1.1" 200 58887 "/api/news" "Mozilla/5.0 (Macintosh; Intel Mac OS X 14_5) AppleWebKit/605.1.15 Version/17.4 Safari/605.1.15"
188.18.77.220 - - [03/Jul/2026:16:20:01 +0000] "GET /robots.txt HTTP/1.1" 200 78840 "-" "Mozilla/5.0 (Windows NT 10.0; Win64; x64) AppleWebKit/537.36 Chrome/123.0.0.0 Safari/537.36"
40.77.167.21 - - [03/Jul/2026:16:20:02 +0000] "GET /articles/2026/q2 HTTP/1.1" 304 226 "-" "Mozilla/5.0 (iPad; CPU OS 17_4 like Mac OS X) AppleWebKit/605.1.15 Version/17.4 Mobile/15E148 Safari/604.1"
188.18.77.220 - - [03/Jul/2026:16:20:02 +0000] "GET /api/news HTTP/1.1" 200 13919 "-" "Mozilla/5.0 (compatible; bingbot/2.0; +http://www.bing.com/bingbot.htm)"
231.224.32.247 - - [03/Jul/2026:16:20:02 +0000] "GET /assets/site.css HTTP/1.1" 304 1595 "/" "Mozilla/5.0 (iPhone; CPU iPhone OS 17_4 like Mac OS X) AppleWebKit/605.1.15 Version/17.4 Mobile/15E148 Safari/604.1"
203.0.113.77 - - [03/Jul/2026:16:20:05 +0000] "GET /healthz HTTP/1.1" 200 29628 "-" "Mozilla/5.0 (compatible; YandexBot/3.0; +http://yandex.com/bots)"
10.42.2.49 - - [03/Jul/2026:16:20:06 +0000] "GET /healthz HTTP/1.1" 200 2049 "-" "curl/8.6.0"
157.55.39.7 - - [03/Jul/2026:16:20:06 +0000] "GET /articles/2026/q2 HTTP/1.1" 200 5885 "-" "Mozilla/5.0 (X11; Linux x86_64) AppleWebKit/537.36 Chrome/122.0.0.0 Safari/537.36"
213.24.11.146 - - [03/Jul/2026:16:20:07 +0000] "GET /robots.txt HTTP/1.1" 200 34520 "-" "Mozilla/5.0 (X11; Linux x86_64) AppleWebKit/537.36 Chrome/122.0.0.0 Safari/537.36"
10.42.1.198 - - [03/Jul/2026:16:20:07 +0000] "GET /healthz HTTP/1.1" 200 4568 "-" "curl/8.6.0"
5.188.206.67 - - [03/Jul/2026:16:20:07 +0000] "GET /superuser HTTP/1.1" 404 2279 "-" "ffuf/2.1.0"
212.76.133.14 - - [03/Jul/2026:16:20:08 +0000] "GET /robots.txt HTTP/1.1" 200 34468 "/assets/logo.svg" "Mozilla/5.0 (Windows NT 10.0; Win64; rv:124.0) Gecko/20100101 Firefox/124.0"
23.129.64.112 - - [03/Jul/2026:16:20:08 +0000] "GET /dump.inc HTTP/1.1" 500 1236 "-" "python-requests/2.31.0"
188.18.77.220 - - [03/Jul/2026:16:20:08 +0000] "GET /sitemap.xml HTTP/1.1" 200 5801 "-" "Mozilla/5.0 (Windows NT 10.0; Win64; rv:124.0) Gecko/20100101 Firefox/124.0"
188.18.77.220 - - [03/Jul/2026:16:20:09 +0000] "GET /api/news HTTP/1.1" 200 15811 "-" "Mozilla/5.0 (Windows NT 10.0; Win64; x64) AppleWebKit/537.36 Chrome/123.0.0.0 Safari/537.36"
66.249.75.10 - - [03/Jul/2026:16:20:09 +0000] "GET /api/products HTTP/1.1" 304 1314 "-" "Mozilla/5.0 (iPad; CPU OS 17_4 like Mac OS X) AppleWebKit/605.1.15 Version/17.4 Mobile/15E148 Safari/604.1"
213.24.11.146 - - [03/Jul/2026:16:20:09 +0000] "GET /articles/2026/q2 HTTP/1.1" 200 5759 "-" "Mozilla/5.0 (Linux; Android 13; SM-S918B) AppleWebKit/537.36 SamsungBrowser/24.0 Chrome/120.0 Mobile Safari/537.36"
193.142.147.55 - - [03/Jul/2026:16:20:12 +0000] "GET /.python-version HTTP/1.1" 405 2561 "-" "Wfuzz/3.1.0"
10.42.2.195 - - [03/Jul/2026:16:20:12 +0000] "GET /metrics HTTP/1.1" 200 4158 "-" "curl/8.6.0"
91.198.174.22 - - [03/Jul/2026:16:20:14 +0000] "GET /assets/app.js HTTP/1.1" 200 61953 "/assets/app.js" "Mozilla/5.0 (Windows NT 10.0; Win64; rv:124.0) Gecko/20100101 Firefox/124.0"
212.76.133.14 - - [03/Jul/2026:16:20:15 +0000] "GET /api/products HTTP/1.1" 200 66692 "-" "Mozilla/5.0 (Macintosh; Intel Mac OS X 14_5) AppleWebKit/537.36 Chrome/124.0.0.0 Safari/537.36"
203.0.113.77 - - [03/Jul/2026:16:20:15 +0000] "GET /healthz HTTP/1.1" 200 16550 "-" "Mozilla/5.0 (Linux; Android 13; SM-S918B) AppleWebKit/537.36 SamsungBrowser/24.0 Chrome/120.0 Mobile Safari/537.36"
212.76.133.14 - - [03/Jul/2026:16:20:15 +0000] "GET /robots.txt HTTP/1.1" 304 1005 "/contacts" "Mozilla/5.0 (iPad; CPU OS 17_4 like Mac OS X) AppleWebKit/605.1.15 Version/17.4 Mobile/15E148 Safari/604.1"
171.25.193.20 - - [03/Jul/2026:16:20:15 +0000] "GET /lib/fckeditor/ HTTP/1.1" 404 1741 "-" "masscan/1.3 (https://github.com/robertdavidgraham/masscan)"
45.9.148.77 - - [03/Jul/2026:16:20:16 +0000] "GET /WEB-INF/ HTTP/1.1" 404 1639 "-" "masscan/1.3 (https://github.com/robertdavidgraham/masscan)"
188.18.77.220 - - [03/Jul/2026:16:20:16 +0000] "GET /metrics HTTP/1.1" 200 31203 "-" "Mozilla/5.0 (Windows NT 10.0; Win64; x64) AppleWebKit/537.36 Edg/124.0.0.0"
198.51.100.45 - - [03/Jul/2026:16:20:16 +0000] "GET /contacts HTTP/1.1" 200 7172 "-" "Mozilla/5.0 (Windows NT 10.0; Win64; x64) AppleWebKit/537.36 Edg/124.0.0.0"
40.77.167.21 - - [03/Jul/2026:16:20:17 +0000] "GET /articles/2026/q2 HTTP/1.1" 200 52660 "/healthz" "Mozilla/5.0 (Windows NT 10.0; Win64; x64) AppleWebKit/537.36 Edg/124.0.0.0"
46.188.19.142 - - [03/Jul/2026:16:20:17 +0000] "GET /assets/logo.svg HTTP/1.1" 200 4811 "-" "Mozilla/5.0 (Linux; Android 13; SM-S918B) AppleWebKit/537.36 SamsungBrowser/24.0 Chrome/120.0 Mobile Safari/537.36"
77.88.55.201 - - [03/Jul/2026:16:20:18 +0000] "HEAD /about HTTP/1.1" 200 77574 "/sitemap.xml" "Mozilla/5.0 (Windows NT 10.0; Win64; rv:124.0) Gecko/20100101 Firefox/124.0"
80.85.246.17 - - [03/Jul/2026:16:20:18 +0000] "GET /access.log HTTP/1.1" 404 2106 "-" "DirBuster-1.0-RC1"
10.42.3.247 - - [03/Jul/2026:16:20:19 +0000] "GET /metrics HTTP/1.1" 200 5385 "-" "curl/8.6.0"
157.55.39.7 - - [03/Jul/2026:16:20:19 +0000] "GET / HTTP/1.1" 200 25057 "-" "Mozilla/5.0 (compatible; Googlebot/2.1; +http://www.google.com/bot.html)"
157.55.39.7 - - [03/Jul/2026:16:20:20 +0000] "HEAD / HTTP/1.1" 304 3301 "-" "Mozilla/5.0 (X11; Linux x86_64) AppleWebKit/537.36 Chrome/122.0.0.0 Safari/537.36"
80.85.246.17 - - [03/Jul/2026:16:20:20 +0000] "GET /.bashrc HTTP/1.1" 301 206 "-" "Nmap Scripting Engine"
104.244.72.115 - - [03/Jul/2026:16:20:22 +0000] "GET /dead.letter HTTP/1.1" 500 1797 "-" "Nmap Scripting Engine"
40.77.167.21 - - [03/Jul/2026:16:20:22 +0000] "GET /metrics HTTP/1.1" 200 58444 "-" "Mozilla/5.0 (Windows NT 10.0; Win64; x64) AppleWebKit/537.36 Edg/124.0.0.0"
46.188.19.142 - - [03/Jul/2026:16:20:23 +0000] "GET /products HTTP/1.1" 200 37123 "/contacts" "Mozilla/5.0 (Windows NT 10.0; Win64; x64) AppleWebKit/537.36 Chrome/123.0.0.0 Safari/537.36"
157.55.39.7 - - [03/Jul/2026:16:20:23 +0000] "GET /healthz HTTP/1.1" 200 66654 "/contacts" "Mozilla/5.0 (Windows NT 10.0; Win64; x64) AppleWebKit/537.36 Edg/124.0.0.0"
104.244.72.115 - - [03/Jul/2026:16:20:24 +0000] "GET /dwsync.xml HTTP/1.1" 404 1167 "-" "Wfuzz/3.1.0"
141.8.153.222 - - [03/Jul/2026:16:20:24 +0000] "GET /api/news HTTP/1.1" 200 67637 "-" "Mozilla/5.0 (Macintosh; Intel Mac OS X 14_5) AppleWebKit/537.36 Chrome/124.0.0.0 Safari/537.36"
10.42.3.25 - - [03/Jul/2026:16:20:24 +0000] "GET /healthz HTTP/1.1" 200 5724 "-" "kube-probe/1.30"
23.129.64.112 - - [03/Jul/2026:16:20:24 +0000] "GET /oracle HTTP/1.1" 301 1289 "-" "masscan/1.3 (https://github.com/robertdavidgraham/masscan)"
198.51.100.45 - - [03/Jul/2026:16:20:25 +0000] "GET /assets/logo.svg HTTP/1.1" 200 74488 "/about" "Mozilla/5.0 (Windows NT 10.0; Win64; x64) AppleWebKit/537.36 Edg/124.0.0.0"
46.188.19.142 - - [03/Jul/2026:16:20:25 +0000] "GET /api/products HTTP/1.1" 200 3010 "/assets/logo.svg" "Mozilla/5.0 (iPhone; CPU iPhone OS 17_4 like Mac OS X) AppleWebKit/605.1.15 Version/17.4 Mobile/15E148 Safari/604.1"
91.198.174.22 - - [03/Jul/2026:16:20:25 +0000] "GET /sitemap.xml HTTP/1.1" 304 3474 "-" "Mozilla/5.0 (Macintosh; Intel Mac OS X 14_5) AppleWebKit/605.1.15 Version/17.4 Safari/605.1.15"
188.18.77.220 - - [03/Jul/2026:16:20:26 +0000] "GET /robots.txt HTTP/1.1" 200 41042 "/healthz" "Mozilla/5.0 (iPhone; CPU iPhone OS 17_4 like Mac OS X) AppleWebKit/605.1.15 Version/17.4 Mobile/15E148 Safari/604.1"
144.161.140.227 - - [03/Jul/2026:16:20:26 +0000] "GET /about HTTP/1.1" 200 32880 "-" "Mozilla/5.0 (X11; Linux x86_64) AppleWebKit/537.36 Chrome/122.0.0.0 Safari/537.36"
91.198.174.22 - - [03/Jul/2026:16:20:26 +0000] "GET /articles/2026/q2 HTTP/1.1" 200 9416 "-" "Mozilla/5.0 (iPad; CPU OS 17_4 like Mac OS X) AppleWebKit/605.1.15 Version/17.4 Mobile/15E148 Safari/604.1"
141.8.153.222 - - [03/Jul/2026:16:20:26 +0000] "GET /api/news HTTP/1.1" 200 13884 "-" "Mozilla/5.0 (Macintosh; Intel Mac OS X 14_5) AppleWebKit/537.36 Chrome/124.0.0.0 Safari/537.36"
185.193.88.77 - - [03/Jul/2026:16:20:27 +0000] "GET /tmp/access.log HTTP/1.1" 403 374 "-" "ffuf/2.1.0"
114.34.224.201 - - [03/Jul/2026:16:20:27 +0000] "GET /admin/upload.php HTTP/1.1" 301 990 "-" "masscan/1.3 (https://github.com/robertdavidgraham/masscan)"
77.88.55.201 - - [03/Jul/2026:16:20:27 +0000] "GET /articles/2026/q2 HTTP/1.1" 200 56467 "/assets/site.css" "Mozilla/5.0 (X11; Linux x86_64) AppleWebKit/537.36 Chrome/122.0.0.0 Safari/537.36"
203.0.113.77 - - [03/Jul/2026:16:20:28 +0000] "GET /articles/2026/q2 HTTP/1.1" 200 56289 "/healthz" "Mozilla/5.0 (Linux; Android 13; SM-S918B) AppleWebKit/537.36 SamsungBrowser/24.0 Chrome/120.0 Mobile Safari/537.36"
66.249.75.10 - - [03/Jul/2026:16:20:29 +0000] "GET /about HTTP/1.1" 200 41774 "-" "Mozilla/5.0 (Windows NT 10.0; Win64; x64) AppleWebKit/537.36 Edg/124.0.0.0"
157.55.39.7 - - [03/Jul/2026:16:20:30 +0000] "GET /robots.txt HTTP/1.1" 200 33534 "-" "Mozilla/5.0 (Linux; Android 13; SM-S918B) AppleWebKit/537.36 SamsungBrowser/24.0 Chrome/120.0 Mobile Safari/537.36"
46.188.19.142 - - [03/Jul/2026:16:20:30 +0000] "GET /sitemap.xml HTTP/1.1" 200 38096 "-" "Mozilla/5.0 (Linux; Android 13; SM-S918B) AppleWebKit/537.36 SamsungBrowser/24.0 Chrome/120.0 Mobile Safari/537.36"
198.51.100.45 - - [03/Jul/2026:16:20:31 +0000] "GET / HTTP/1.1" 200 30037 "/assets/site.css" "Mozilla/5.0 (compatible; YandexBot/3.0; +http://yandex.com/bots)"
91.198.174.22 - - [03/Jul/2026:16:20:31 +0000] "HEAD /api/products HTTP/1.1" 304 2444 "/assets/logo.svg" "Mozilla/5.0 (Windows NT 10.0; Win64; x64) AppleWebKit/537.36 Chrome/123.0.0.0 Safari/537.36"
191.91.121.76 - - [03/Jul/2026:16:20:31 +0000] "OPTIONS /awstats.pl HTTP/1.1" 404 707 "-" "gobuster/3.6"
198.51.100.45 - - [03/Jul/2026:16:20:31 +0000] "GET /api/products HTTP/1.1" 304 3878 "-" "Mozilla/5.0 (Windows NT 10.0; Win64; x64) AppleWebKit/537.36 Chrome/123.0.0.0 Safari/537.36"
91.198.174.22 - - [03/Jul/2026:16:20:32 +0000] "GET /products HTTP/1.1" 200 59857 "/contacts" "Mozilla/5.0 (Windows NT 10.0; Win64; x64) AppleWebKit/537.36 Edg/124.0.0.0"
10.42.3.189 - - [03/Jul/2026:16:20:32 +0000] "GET /healthz HTTP/1.1" 200 2223 "-" "curl/8.6.0"
5.188.206.67 - - [03/Jul/2026:16:20:32 +0000] "GET /.nano_history HTTP/1.1" 403 695 "-" "sqlmap/1.8.4#stable"
198.51.100.45 - - [03/Jul/2026:16:20:32 +0000] "GET /api/products HTTP/1.1" 200 8012 "/sitemap.xml" "Mozilla/5.0 (Windows NT 10.0; Win64; rv:124.0) Gecko/20100101 Firefox/124.0"
10.42.3.164 - - [03/Jul/2026:16:20:33 +0000] "GET /healthz HTTP/1.1" 200 2038 "-" "curl/8.6.0"
141.8.153.222 - - [03/Jul/2026:16:20:34 +0000] "GET /about HTTP/1.1" 304 1974 "-" "Mozilla/5.0 (iPhone; CPU iPhone OS 17_4 like Mac OS X) AppleWebKit/605.1.15 Version/17.4 Mobile/15E148 Safari/604.1"
157.55.39.7 - - [03/Jul/2026:16:20:35 +0000] "GET /assets/site.css HTTP/1.1" 200 59975 "-" "Mozilla/5.0 (compatible; bingbot/2.0; +http://www.bing.com/bingbot.htm)"
212.76.133.14 - - [03/Jul/2026:16:20:35 +0000] "GET /healthz HTTP/1.1" 200 72293 "-" "Mozilla/5.0 (Windows NT 10.0; Win64; rv:124.0) Gecko/20100101 Firefox/124.0"
80.85.246.17 - - [03/Jul/2026:16:20:35 +0000] "GET /tmp/access.log HTTP/1.1" 404 1532 "-" "Go-http-client/1.1"
213.24.11.146 - - [03/Jul/2026:16:20:35 +0000] "GET /assets/site.css HTTP/1.1" 200 78702 "-" "Mozilla/5.0 (X11; Linux x86_64) AppleWebKit/537.36 Chrome/122.0.0.0 Safari/537.36"
40.77.167.21 - - [03/Jul/2026:16:20:36 +0000] "GET /healthz HTTP/1.1" 200 83682 "/api/news" "Mozilla/5.0 (X11; Linux x86_64) AppleWebKit/537.36 Chrome/122.0.0.0 Safari/537.36"
156.146.62.11 - - [03/Jul/2026:16:20:37 +0000] "GET /cgi-bin/printenv.pl HTTP/1.1" 404 720 "-" "sqlmap/1.8.4#stable"
198.51.100.45 - - [03/Jul/2026:16:20:37 +0000] "HEAD /metrics HTTP/1.1" 200 27740 "-" "DuckDuckBot/1.0; (+http://duckduckgo.com/duckduckbot)"
141.8.153.222 - - [03/Jul/2026:16:20:37 +0000] "GET /robots.txt HTTP/1.1" 304 655 "-" "Mozilla/5.0 (iPhone; CPU iPhone OS 17_4 like Mac OS X) AppleWebKit/605.1.15 Version/17.4 Mobile/15E148 Safari/604.1"
188.18.77.220 - - [03/Jul/2026:16:20:38 +0000] "GET /articles/2026/q2 HTTP/1.1" 200 30911 "/sitemap.xml" "DuckDuckBot/1.0; (+http://duckduckgo.com/duckduckbot)"
45.9.148.77 - - [03/Jul/2026:16:20:38 +0000] "GET /api/udp/services HTTP/1.1" 301 2409 "-" "dirsearch/0.4.3"
66.249.75.10 - - [03/Jul/2026:16:20:38 +0000] "GET /api/news HTTP/1.1" 200 43328 "-" "Mozilla/5.0 (Windows NT 10.0; Win64; x64) AppleWebKit/537.36 Chrome/123.0.0.0 Safari/537.36"
188.18.77.220 - - [03/Jul/2026:16:20:38 +0000] "GET /articles/2026/q2 HTTP/1.1" 304 303 "/assets/site.css" "Mozilla/5.0 (Windows NT 10.0; Win64; rv:124.0) Gecko/20100101 Firefox/124.0"
188.18.77.220 - - [03/Jul/2026:16:20:38 +0000] "GET /favicon.ico HTTP/1.1" 304 1301 "-" "Mozilla/5.0 (Linux; Android 13; SM-S918B) AppleWebKit/537.36 SamsungBrowser/24.0 Chrome/120.0 Mobile Safari/537.36"
91.198.174.22 - - [03/Jul/2026:16:20:39 +0000] "GET / HTTP/1.1" 304 374 "-" "Mozilla/5.0 (iPad; CPU OS 17_4 like Mac OS X) AppleWebKit/605.1.15 Version/17.4 Mobile/15E148 Safari/604.1"
193.142.147.55 - - [03/Jul/2026:16:20:39 +0000] "HEAD /cloud/ HTTP/1.1" 500 864 "-" "python-requests/2.31.0"
171.25.193.20 - - [03/Jul/2026:16:20:39 +0000] "GET /phpldapadmin HTTP/1.1" 302 2123 "-" "Nmap Scripting Engine"
