27.226.151.221 - - [03/Jul/2026:15:08:03 +0000] "GET /api/news HTTP/1.1" 200 76942 "/articles/2026/q2" "Mozilla/5.0 (iPad; CPU OS 17_4 like Mac OS X) AppleWebKit/605.1.15 Version/17.4 Mobile/15E148 Safari/604.1"
66.249.75.10 - - [03/Jul/2026:15:08:04 +0000] "GET /healthz HTTP/1.1" 200 13879 "/metrics" "Mozilla/5.0 (iPhone; CPU iPhone OS 17_4 like Mac OS X) AppleWebKit/605.1.15 Version/17.4 Mobile/15E148 Safari/604.1"
91.198.174.22 - - [03/Jul/2026:15:08:05 +0000] "GET /healthz HTTP/1.1" 200 42260 "/assets/logo.svg" "Mozilla/5.0 (compatible; YandexBot/3.0; +http://yandex.com/bots)"
188.18.77.220 - - [03/Jul/2026:15:08:05 +0000] "GET /sitemap.xml HTTP/1.1" 304 2754 "/api/products" "Mozilla/5.0 (compatible; bingbot/2.0; +http://www.bing.com/bingbot.htm)"
106.34.22.230 - - [03/Jul/2026:15:08:05 +0000] "HEAD /favicon.ico HTTP/1.1" 200 57245 "/sitemap.xml" "Mozilla/5.0 (Windows NT 10.0; Win64; x64) AppleWebKit/537.36 Edg/124.0.0.0"
77.88.55.201 - - [03/Jul/2026:15:08:05 +0000] "GET /metrics HTTP/1.1" 200 67970 "/healthz" "Mozilla/5.0 (Macintosh; Intel Mac OS X 14_5) AppleWebKit/537.36 Chrome/124.0.0.0 Safari/537.36"
66.249.75.10 - - [03/Jul/2026:15:08:05 +0000] "GET /assets/site.css HTTP/1.1" 200 52634 "/products" "Mozilla/5.0 (iPad; CPU OS 17_4 like Mac OS X) AppleWebKit/605.1.15 Version/17.4 Mobile/15E148 Safari/604.1"
77.88.55.201 - - [03/Jul/2026:15:08:05 +0000] "GET /robots.txt HTTP/1.1" 200 37029 "/contacts" "Mozilla/5.0 (Linux; Android 13; SM-S918B) AppleWebKit/537.36 SamsungBrowser/24.0 Chrome/120.0 Mobile Safari/537.36"
45.9.148.77 - - [03/Jul/2026:15:08:05 +0000] "OPTIONS /app/src HTTP/1.1" 404 2336 "-" "sqlmap/1.8.4#stable"
46.188.19.142 - - [03/Jul/2026:15:08:06 +0000] "GET /products HTTP/1.1" 200 50520 "/products" "Mozilla/5.0 (Linux; Android 13; SM-S918B) AppleWebKit/537.36 SamsungBrowser/24.0 Chrome/120.0 Mobile Safari/537.36"
46.188.19.142 - - [03/Jul/2026:15:08:06 +0000] "HEAD /robots.txt HTTP/1.1" 304 1882 "-" "Mozilla/5.0 (iPhone; CPU iPhone OS 17_4 like Mac OS X) AppleWebKit/605.1.15 Version/17.4 Mobile/15E148 Safari/604.1"
198.51.100.45 - - [03/Jul/2026:15:08:06 +0000] "HEAD /assets/app.js HTTP/1.1" 304 2431 "-" "Mozilla/5.0 (compatible; bingbot/2.0; +http://www.bing.com/bingbot.htm)"
5.188.206.67 - - [03/Jul/2026:15:08:08 +0000] "HEAD /_.htpasswd HTTP/1.1" 404 2329 "-" "Nmap Scripting Engine"
212.76.133.14 - - [03/Jul/2026:15:08:08 +0000] "HEAD /assets/site.css HTTP/1.1" 200 700 "-" "Mozilla/5.0 (Windows NT 10.0; Win64; rv:124.0) Gecko/20100101 Firefox/124.0"
10.42.1.236 - - [03/Jul/2026:15:08:08 +0000] "GET /healthz HTTP/1.1" 200 3267 "-" "kube-probe/1.30"
212.76.133.14 - - [03/Jul/2026:15:08:10 +0000] "GET /assets/app.js HTTP/1.1" 200 67300 "-" "Mozilla/5.0 (compatible; YandexBot/3.0; +http://yandex.com/bots)"
188.18.77.220 - - [03/Jul/2026:15:08:10 +0000] "GET /api/products HTTP/1.1" 200 27475 "/assets/site.css" "DuckDuckBot/1.0; (+http://duckduckgo.com/duckduckbot)"
141.8.153.222 - - [03/Jul/2026:15:08:10 +0000] "HEAD /api/products HTTP/1.1" 200 29353 "/favicon.ico" "Mozilla/5.0 (Windows NT 10.0; Win64; x64) AppleWebKit/537.36 Chrome/123.0.0.0 Safari/537.36"
157.55.39.7 - - [03/Jul/2026:15:08:10 +0000] "GET /metrics HTTP/1.1" 200 56735 "-" "DuckDuckBot/1.0; (+http://duckduckgo.com/duckduckbot)"
77.88.55.201 - - [03/Jul/2026:15:08:10 +0000] "GET /api/news HTTP/1.1" 200 60402 "-" "Mozilla/5.0 (iPhone; CPU iPhone OS 17_4 like Mac OS X) AppleWebKit/605.1.15 Version/17.4 Mobile/15E148 Safari/604.1"
77.88.55.201 - - [03/Jul/2026:15:08:11 +0000] "HEAD /api/products HTTP/1.1" 200 56345 "-" "Mozilla/5.0 (compatible; YandexBot/3.0; +http://yandex.com/bots)"
141.8.153.222 - - [03/Jul/2026:15:08:11 +0000] "GET /products HTTP/1.1" 304 120 "-" "Mozilla/5.0 (Macintosh; Intel Mac OS X 14_5) AppleWebKit/537.36 Chrome/124.0.0.0 Safari/537.36"
91.198.174.22 - - [03/Jul/2026:15:08:11 +0000] "GET /robots.txt HTTP/1.1" 200 4139 "-" "Mozilla/5.0 (Macintosh; Intel Mac OS X 14_5) AppleWebKit/605.1.15 Version/17.4 Safari/605.1.15"
212.76.133.14 - - [03/Jul/2026:15:08:11 +0000] "GET /sitemap.xml HTTP/1.1" 200 32790 "-" "Mozilla/5.0 (iPhone; CPU iPhone OS 17_4 like Mac OS X) AppleWebKit/605.1.15 Version/17.4 Mobile/15E148 Safari/604.1"
45.9.148.77 - - [03/Jul/2026:15:08:12 +0000] "OPTIONS /nginx-ssl.access.log HTTP/1.1" 500 2367 "-" "Nmap Scripting Engine"
198.51.100.45 - - [03/Jul/2026:15:08:12 +0000] "GET /robots.txt HTTP/1.1" 304 759 "/" "Mozilla/5.0 (X11; Linux x86_64) AppleWebKit/537.36 Chrome/122.0.0.0 Safari/537.36"
141.8.153.222 - - [03/Jul/2026:15:08:13 +0000] "GET /products HTTP/1.1" 200 57980 "-" "Mozilla/5.0 (Macintosh; Intel Mac OS X 14_5) AppleWebKit/605.1.15 Version/17.4 Safari/605.1.15"
185.220.101.54 - - [03/Jul/2026:15:08:15 +0000] "OPTIONS /login_user HTTP/1.1" 403 2019 "-" "ffuf/2.1.0"
91.198.174.22 - - [03/Jul/2026:15:08:15 +0000] "GET /assets/app.js HTTP/1.1" 200 16789 "/articles/2026/q2" "Mozilla/5.0 (Macintosh; Intel Mac OS X 14_5) AppleWebKit/605.1.15 Version/17.4 Safari/605.1.15"
193.142.147.55 - - [03/Jul/2026:15:08:16 +0000] "GET /cms-admin HTTP/1.1" 302 885 "-" "Wfuzz/3.1.0"
185.220.101.54 - - [03/Jul/2026:15:08:17 +0000] "HEAD /adminer-4.1.0-mysql-en.php HTTP/1.1" 403 1116 "-" "masscan/1.3 (https://github.com/robertdavidgraham/masscan)"
91.198.174.22 - - [03/Jul/2026:15:08:19 +0000] "GET /healthz HTTP/1.1" 200 61584 "/about" "Mozilla/5.0 (Windows NT 10.0; Win64; x64) AppleWebKit/537.36 Edg/124.0.0.0"
198.51.100.45 - - [03/Jul/2026:15:08:20 +0000] "GET /contacts HTTP/1.1" 200 6119 "/sitemap.xml" "Mozilla/5.0 (Macintosh; Intel Mac OS X 14_5) AppleWebKit/605.1.15 Version/17.4 Safari/605.1.15"
188.18.77.220 - - [03/Jul/2026:15:08:20 +0000] "GET /assets/site.css HTTP/1.1" 200 2717 "-" "Mozilla/5.0 (X11; Linux x86_64) AppleWebKit/537.36 Chrome/122.0.0.0 Safari/537.36"
171.25.193.20 - - [03/Jul/2026:15:08:21 +0000] "OPTIONS /eula_en.txt HTTP/1.1" 500 1796 "-" "masscan/1.3 (https://github.com/robertdavidgraham/masscan)"
23.129.64.112 - - [03/Jul/2026:15:08:21 +0000] "GET /svn/ HTTP/1.1" 404 1430 "-" "python-requests/2.31.0"
141.8.153.222 - - [03/Jul/2026:15:08:22 +0000] "GET /favicon.ico HTTP/1.1" 200 54525 "-" "Mozilla/5.0 (X11; Linux x86_64) AppleWebKit/537.36 Chrome/122.0.0.0 Safari/537.36"
5.188.206.67 - - [03/Jul/2026:15:08:22 +0000] "OPTIONS /admin4_colon/ HTTP/1.1" 403 1600 "-" "Nmap Scripting Engine"
193.142.147.55 - - [03/Jul/2026:15:08:23 +0000] "GET /config/app.yml HTTP/1.1" 403 362 "-" "feroxbuster/2.11.0"
193.142.147.55 - - [03/Jul/2026:15:08:24 +0000] "HEAD /.cache HTTP/1.1" 403 1255 "-" "DirBuster-1.0-RC1"
185.220.101.54 - - [03/Jul/2026:15:08:24 +0000] "GET /fckeditor/editor/filemanager/upload/php/upload.php HTTP/1.1" 500 563 "-" "Go-http-client/1.1"
240.14.73.118 - - [03/Jul/2026:15:08:24 +0000] "GET /healthz HTTP/1.1" 200 29849 "/articles/2026/q2" "Mozilla/5.0 (Windows NT 10.0; Win64; x64) AppleWebKit/537.36 Chrome/123.0.0.0 Safari/537.36"
185.193.88.77 - - [03/Jul/2026:15:08:24 +0000] "GET /plugin.xml HTTP/1.1" 302 1385 "-" "DirBuster-1.0-RC1"
66.249.75.10 - - [03/Jul/2026:15:08:25 +0000] "GET /robots.txt HTTP/1.1" 200 71464 "-" "Mozilla/5.0 (Macintosh; Intel Mac OS X 14_5) AppleWebKit/605.1.15 Version/17.4 Safari/605.1.15"
185.193.88.77 - - [03/Jul/2026:15:08:26 +0000] "OPTIONS /deploy.sh HTTP/1.1" 404 815 "-" "Wfuzz/3.1.0"
10.42.0.180 - - [03/Jul/2026:15:08:26 +0000] "GET /healthz HTTP/1.1" 200 4331 "-" "kube-probe/1.30"
91.198.174.22 - - [03/Jul/2026:15:08:26 +0000] "GET /api/news HTTP/1.1" 304 2713 "-" "Mozilla/5.0 (X11; Linux x86_64) AppleWebKit/537.36 Chrome/122.0.0.0 Safari/537.36"
45.9.148.77 - - [03/Jul/2026:15:08:26 +0000] "GET /log/access.log HTTP/1.1" 302 1918 "-" "Go-http-client/1.1"
77.88.55.201 - - [03/Jul/2026:15:08:28 +0000] "GET /sitemap.xml HTTP/1.1" 200 22590 "/robots.txt" "Mozilla/5.0 (iPad; CPU OS 17_4 like Mac OS X) AppleWebKit/605.1.15 Version/17.4 Mobile/15E148 Safari/604.1"
157.55.39.7 - - [03/Jul/2026:15:08:28 +0000] "GET / HTTP/1.1" 304 2847 "-" "Mozilla/5.0 (Macintosh; Intel Mac OS X 14_5) AppleWebKit/537.36 Chrome/124.0.0.0 Safari/537.36"
220.44.221.249 - - [03/Jul/2026:15:08:28 +0000] "GET /wp-admin/c99.php HTTP/1.1" 404 2250 "-" "dirsearch/0.4.3"
10.42.1.246 - - [03/Jul/2026:15:08:28 +0000] "GET /healthz HTTP/1.1" 200 5430 "-" "kube-probe/1.30"
10.42.0.155 - - [03/Jul/2026:15:08:28 +0000] "GET /healthz HTTP/1.1" 200 5760 "-" "curl/8.6.0"
125.7.13.117 - - [03/Jul/2026:15:08:28 +0000] "GET /app/cache/ HTTP/1.1" 500 2323 "-" "Nmap Scripting Engine"
203.0.113.77 - - [03/Jul/2026:15:08:29 +0000] "GET /assets/logo.svg HTTP/1.1" 200 657 "/healthz" "Mozilla/5.0 (Windows NT 10.0; Win64; rv:124.0) Gecko/20100101 Firefox/124.0"
203.0.113.77 - - [03/Jul/2026:15:08:31 +0000] "GET /articles/2026/q2 HTTP/1.1" 200 48312 "/metrics" "Mozilla/5.0 (X11; Linux x86_64) AppleWebKit/537.36 Chrome/122.0.0.0 Safari/537.36"
212.76.133.14 - - [03/Jul/2026:15:08:31 +0000] "GET /contacts HTTP/1.1" 200 64624 "/contacts" "Mozilla/5.0 (Macintosh; Intel Mac OS X 14_5) AppleWebKit/605.1.15 Version/17.4 Safari/605.1.15"
203.0.113.77 - - [03/Jul/2026:15:08:31 +0000] "GET /assets/site.css HTTP/1.1" 200 48308 "-" "Mozilla/5.0 (Macintosh; Intel Mac OS X 14_5) AppleWebKit/605.1.15 Version/17.4 Safari/605.1.15"
91.198.174.22 - - [03/Jul/2026:15:08:32 +0000] "GET / HTTP/1.1" 200 40433 "/api/products" "Mozilla/5.0 (Linux; Android 13; SM-S918B) AppleWebKit/537.36 SamsungBrowser/24.0 Chrome/120.0 Mobile Safari/537.36"
171.25.193.20 - - [03/Jul/2026:15:08:33 +0000] "HEAD /access.log HTTP/1.1" 403 1129 "-" "ffuf/2.1.0"
66.249.75.10 - - [03/Jul/2026:15:08:33 +0000] "GET /sitemap.xml HTTP/1.1" 200 69211 "-" "Mozilla/5.0 (iPad; CPU OS 17_4 like Mac OS X) AppleWebKit/605.1.15 Version/17.4 Mobile/15E148 Safari/604.1"
188.18.77.220 - - [03/Jul/2026:15:08:35 +0000] "GET /assets/site.css HTTP/1.1" 200 50987 "-" "Mozilla/5.0 (iPad; CPU OS 17_4 like Mac OS X) AppleWebKit/605.1.15 Version/17.4 Mobile/15E148 Safari/604.1"
212.76.133.14 - - [03/Jul/2026:15:08:35 +0000] "GET /products HTTP/1.1" 304 2001 "/favicon.ico" "DuckDuckBot/1.0; (+http://duckduckgo.com/duckduckbot)"
46.188.19.142 - - [03/Jul/2026:15:08:35 +0000] "GET /assets/logo.svg HTTP/1.1" 200 3929 "-" "Mozilla/5.0 (Macintosh; Intel Mac OS X 14_5) AppleWebKit/537.36 Chrome/124.0.0.0 Safari/537.36"
45.9.148.77 - - [03/Jul/2026:15:08:35 +0000] "OPTIONS /.rubocop_todo.yml HTTP/1.1" 500 1749 "-" "gobuster/3.6"
188.18.77.220 - - [03/Jul/2026:15:08:36 +0000] "GET /favicon.ico HTTP/1.1" 200 80450 "-" "Mozilla/5.0 (iPhone; CPU iPhone OS 17_4 like Mac OS X) AppleWebKit/605.1.15 Version/17.4 Mobile/15E148 Safari/604.1"
66.249.75.10 - - [03/Jul/2026:15:08:37 +0000] "GET /metrics HTTP/1.1" 304 149 "/assets/site.css" "Mozilla/5.0 (Macintosh; Intel Mac OS X 14_5) AppleWebKit/605.1.15 Version/17.4 Safari/605.1.15"
185.193.88.77 - - [03/Jul/2026:15:08:37 +0000] "OPTIONS /database.log HTTP/1.1" 403 1786 "-" "feroxbuster/2.11.0"
46.188.19.142 - - [03/Jul/2026:15:08:37 +0000] "GET /articles/2026/q2 HTTP/1.1" 200 70579 "-" "Mozilla/5.0 (Linux; Android 13; SM-S918B) AppleWebKit/537.36 SamsungBrowser/24.0 Chrome/120.0 Mobile Safari/537.36"
203.0.113.77 - - [03/Jul/2026:15:08:38 +0000] "GET /metrics HTTP/1.1" 304 322 "/healthz" "Mozilla/5.0 (X11; Linux x86_64) AppleWebKit/537.36 Chrome/122.0.0.0 Safari/537.36"
156.146.62.11 - - [03/Jul/2026:15:08:39 +0000] "HEAD /configuration.zip HTTP/1.1" 302 509 "-" "Go-http-client/1.1"
5.188.206.67 - - [03/Jul/2026:15:08:40 +0000] "HEAD /tmp/access.log HTTP/1.1" 403 454 "-" "Go-http-client/1.1"
5.188.206.67 - - [03/Jul/2026:15:08:40 +0000] "GET /pureadmin/ HTTP/1.1" 403 2397 "-" "Nmap Scripting Engine"
91.198.174.22 - - [03/Jul/2026:15:08:40 +0000] "GET /api/news HTTP/1.1" 304 3365 "-" "Mozilla/5.0 (X11; Linux x86_64) AppleWebKit/537.36 Chrome/122.0.0.0 Safari/537.36"
197.126.125.137 - - [03/Jul/2026:15:08:41 +0000] "OPTIONS /test0.php HTTP/1.1" 404 943 "-" "gobuster/3.6"
104.244.72.115 - - [03/Jul/2026:15:08:42 +0000] "GET /denglu HTTP/1.1" 500 1362 "-" "DirBuster-1.0-RC1"
157.55.39.7 - - [03/Jul/2026:15:08:42 +0000] "GET /products HTTP/1.1" 200 43743 "-" "Mozilla/5.0 (Linux; Android 13; SM-S918B) AppleWebKit/537.36 SamsungBrowser/24.0 Chrome/120.0 Mobile Safari/537.36"
194.26.29.89 - - [03/Jul/2026:15:08:43 +0000] "GET /httpd/logs/error_log HTTP/1.1" 500 1924 "-" "Wfuzz/3.1.0"
91.198.174.22 - - [03/Jul/2026:15:08:44 +0000] "GET /products HTTP/1.1" 304 1035 "-" "Mozilla/5.0 (Macintosh; Intel Mac OS X 14_5) AppleWebKit/537.36 Chrome/124.0.0.0 Safari/537.36"
40.77.167.21 - - [03/Jul/2026:15:08:44 +0000] "GET /assets/site.css HTTP/1.1" 200 37572 "-" "Mozilla/5.0 (iPad; CPU OS 17_4 like Mac OS X) AppleWebKit/605.1.15 Version/17.4 Mobile/15E148 Safari/604.1"
141.8.153.222 - - [03/Jul/2026:15:08:45 +0000] "GET /about HTTP/1.1" 304 1526 "-" "Mozilla/5.0 (Windows NT 10.0; Win64; x64) AppleWebKit/537.36 Edg/124.0.0.0"
10.42.1.122 - - [03/Jul/2026:15:08:47 +0000] "GET /healthz HTTP/1.1" 503 1847 "-" "curl/8.6.0"
10.42.1.235 - - [03/Jul/2026:15:08:47 +0000] "GET /healthz HTTP/1.1" 200 1407 "-" "kube-probe/1.30"
141.8.153.222 - - [03/Jul/2026:15:08:48 +0000] "GET /api/products HTTP/1.1" 200 46172 "/robots.txt" "Mozilla/5.0 (Macintosh; Intel Mac OS X 14_5) AppleWebKit/605.1.15 Version/17.4 Safari/605.1.15"
203.0.113.77 - - [03/Jul/2026:15:08:48 +0000] "GET /assets/app.js HTTP/1.1" 200 33973 "/about" "Mozilla/5.0 (Windows NT 10.0; Win64; x64) AppleWebKit/537.36 Chrome/123.0.0.0 Safari/537.36"
188.18.77.220 - - [03/Jul/2026:15:08:49 +0000] "GET /assets/app.js HTTP/1.1" 200 65651 "-" "Mozilla/5.0 (iPad; CPU OS 17_4 like Mac OS X) AppleWebKit/605.1.15 Version/17.4 Mobile/15E148 Safari/604.1"
91.198.174.22 - - [03/Jul/2026:15:08:49 +0000] "GET /api/products HTTP/1.1" 304 315 "/contacts" "Mozilla/5.0 (iPhone; CPU iPhone OS 17_4 like Mac OS X) AppleWebKit/605.1.15 Version/17.4 Mobile/15E148 Safari/604.1"
202.113.144.38 - - [03/Jul/2026:15:08:49 +0000] "GET /about HTTP/1.1" 200 45829 "-" "Mozilla/5.0 (Windows NT 10.0; Win64; x64) AppleWebKit/537.36 Edg/124.0.0.0"
141.8.153.222 - - [03/Jul/2026:15:08:49 +0000] "GET /favicon.ico HTTP/1.1" 304 3395 "-" "Mozilla/5.0 (compatible; YandexBot/3.0; +http://yandex.com/bots)"
198.51.100.45 - - [03/Jul/2026:15:08:50 +0000] "GET /api/news HTTP/1.1" 200 72420 "/assets/logo.svg" "Mozilla/5.0 (compatible; YandexBot/3.0; +http://yandex.com/bots)"
91.198.174.22 - - [03/Jul/2026:15:08:50 +0000] "GET /products HTTP/1.1" 200 31539 "-" "Mozilla/5.0 (Windows NT 10.0; Win64; x64) AppleWebKit/537.36 Chrome/123.0.0.0 Safari/537.36"
46.188.19.142 - - [03/Jul/2026:15:08:50 +0000] "GET /assets/app.js HTTP/1.1" 304 2047 "/assets/logo.svg" "Mozilla/5.0 (X11; Linux x86_64) AppleWebKit/537.36 Chrome/122.0.0.0 Safari/537.36"
91.198.174.22 - - [03/Jul/2026:15:08:50 +0000] "GET /assets/site.css HTTP/1.1" 200 43777 "/articles/2026/q2" "Mozilla/5.0 (compatible; Googlebot/2.1; +http://www.google.com/bot.html)"
203.0.113.77 - - [03/Jul/2026:15:08:51 +0000] "GET /about HTTP/1.1" 200 7948 "-" "Mozilla/5.0 (Macintosh; Intel Mac OS X 14_5) AppleWebKit/537.36 Chrome/124.0.0.0 Safari/537.36"
80.85.246.17 - - [03/Jul/2026:15:08:52 +0000] "GET /index.php3 HTTP/1.1" 405 972 "-" "python-requests/2.31.0"
203.0.113.77 - - [03/Jul/2026:15:08:53 +0000] "GET /assets/site.css HTTP/1.1" 200 23890 "-" "Mozilla/5.0 (iPhone; CPU iPhone OS 17_4 like Mac OS X) AppleWebKit/605.1.15 Version/17.4 Mobile/15E148 Safari/604.1"
194.26.29.89 - - [03/Jul/2026:15:08:53 +0000] "GET /application/cache/ HTTP/1.1" 404 895 "-" "DirBuster-1.0-RC1"
45.9.148.77 - - [03/Jul/2026:15:08:53 +0000] "OPTIONS /kcfinder/ HTTP/1.1" 301 1431 "-" "Wfuzz/3.1.0"
45.9.148.77 - - [03/Jul/2026:15:08:53 +0000] "HEAD /file_upload.php HTTP/1.1" 404 2318 "-" "sqlmap/1.8.4#stable"
40.77.167.21 - - [03/Jul/2026:15:08:53 +0000] "GET /favicon.ico HTTP/1.1" 200 26105 "-" "Mozilla/5.0 (iPad; CPU OS 17_4 like Mac OS X) AppleWebKit/605.1.15 Version/17.4 Mobile/15E148 Safari/604.1"
241.74.174.53 - - [03/Jul/2026:15:08:54 +0000] "GET / HTTP/1.1" 200 78921 "-" "Mozilla/5.0 (compatible; YandexBot/3.0; +http://yandex.com/bots)"
91.198.174.22 - - [03/Jul/2026:15:08:54 +0000] "GET /robots.txt HTTP/1.1" 304 3054 "-" "Mozilla/5.0 (Linux; Android 13; SM-S918B) AppleWebKit/537.36 SamsungBrowser/24.0 Chrome/120.0 Mobile Safari/537.36"
212.76.133.14 - - [03/Jul/2026:15:08:54 +0000] "GET /healthz HTTP/1.1" 200 27715 "-" "Mozilla/5.0 (Macintosh; Intel Mac OS X 14_5) AppleWebKit/605.1.15 Version/17.4 Safari/605.1.15"
194.26.29.89 - - [03/Jul/2026:15:08:55 +0000] "GET /index.tar.bz2 HTTP/1.1" 405 773 "-" "dirsearch/0.4.3"
212.76.133.14 - - [03/Jul/2026:15:08:55 +0000] "GET /products HTTP/1.1" 200 57230 "/assets/logo.svg" "Mozilla/5.0 (X11; Linux x86_64) AppleWebKit/537.36 Chrome/122.0.0.0 Safari/537.36"
77.88.55.201 - - [03/Jul/2026:15:08:56 +0000] "GET /articles/2026/q2 HTTP/1.1" 200 82737 "/robots.txt" "Mozilla/5.0 (compatible; Googlebot/2.1; +http://www.google.com/bot.html)"
40.77.167.21 - - [03/Jul/2026:15:08:56 +0000] "GET /api/products HTTP/1.1" 200 74932 "-" "Mozilla/5.0 (Linux; Android 13; SM-S918B) AppleWebKit/537.36 SamsungBrowser/24.0 Chrome/120.0 Mobile Safari/537.36"
203.0.113.77 - - [03/Jul/2026:15:08:56 +0000] "GET /healthz HTTP/1.1" 200 84131 "/sitemap.xml" "Mozilla/5.0 (compatible; Googlebot/2.1; +http://www.google.com/bot.html)"
141.8.153.222 - - [03/Jul/2026:15:08:56 +0000] "GET /assets/logo.svg HTTP/1.1" 200 13829 "/api/products" "Mozilla/5.0 (X11; Linux x86_64) AppleWebKit/537.36 Chrome/122.0.0.0 Safari/537.36"
46.188.19.142 - - [03/Jul/2026:15:08:58 +0000] "GET / HTTP/1.1" 200 70120 "/about" "Mozilla/5.0 (iPhone; CPU iPhone OS 17_4 like Mac OS X) AppleWebKit/605.1.15 Version/17.4 Mobile/15E148 Safari/604.1"
193.142.147.55 - - [03/Jul/2026:15:08:59 +0000] "OPTIONS /oracle HTTP/1.1" 404 1536 "-" "feroxbuster/2.11.0"
213.24.11.146 - - [03/Jul/2026:15:09:00 +0000] "GET /assets/site.css HTTP/1.1" 200 35456 "-" "Mozilla/5.0 (Windows NT 10.0; Win64; x64) AppleWebKit/537.36 Edg/124.0.0.0"
228.44.118.114 - - [03/Jul/2026:15:09:00 +0000] "GET /sitemap.xml HTTP/1.1" 304 2455 "/robots.txt" "Mozilla/5.0 (Windows NT 10.0; Win64; rv:124.0) Gecko/20100101 Firefox/124.0"
81.214.86.51 - - [03/Jul/2026:15:09:01 +0000] "GET /products HTTP/1.1" 200 57615 "-" "Mozilla/5.0 (Windows NT 10.0; Win64; x64) AppleWebKit/537.36 Chrome/123.0.0.0 Safari/537.36"
203.0.113.77 - - [03/Jul/2026:15:09:02 +0000] "GET /metrics HTTP/1.1" 200 83928 "-" "Mozilla/5.0 (Macintosh; Intel Mac OS X 14_5) AppleWebKit/537.36 Chrome/124.0.0.0 Safari/537.36"
66.249.75.10 - - [03/Jul/2026:15:09:02 +0000] "GET /articles/2026/q2 HTTP/1.1" 200 59811 "-" "Mozilla/5.0 (compatible; bingbot/2.0; +http://www.bing.com/bingbot.htm)"
91.198.174.22 - - [03/Jul/2026:15:09:02 +0000] "GET /api/news HTTP/1.1" 200 41120 "-" "Mozilla/5.0 (Linux; Android 13; SM-S918B) AppleWebKit/537.36 SamsungBrowser/24.0 Chrome/120.0 Mobile Safari/537.36"
45.9.148.77 - - [03/Jul/2026:15:09:03 +0000] "OPTIONS /app/etc/local.additional HTTP/1.1" 405 650 "-" "dirsearch/0.4.3"
212.76.133.14 - - [03/Jul/2026:15:09:03 +0000] "GET /about HTTP/1.1" 200 60704 "-" "Mozilla/5.0 (compatible; bingbot/2.0; +http://www.bing.com/bingbot.htm)"
91.198.174.22 - - [03/Jul/2026:15:09:03 +0000] "GET /metrics HTTP/1.1" 200 49763 "/api/news" "Mozilla/5.0 (Linux; Android 13; SM-S918B) AppleWebKit/537.36 SamsungBrowser/24.0 Chrome/120.0 Mobile Safari/537.36"
10.42.1.5 - - [03/Jul/2026:15:09:04 +0000] "GET /metrics HTTP/1.1" 200 3099 "-" "curl/8.6.0"
45.9.148.77 - - [03/Jul/2026:15:09:04 +0000] "GET /grabbed.html HTTP/1.1" 500 1148 "-" "Nmap Scripting Engine"
188.18.77.220 - - [03/Jul/2026:15:09:05 +0000] "GET /articles/2026/q2 HTTP/1.1" 200 28444 "/articles/2026/q2" "Mozilla/5.0 (Windows NT 10.0; Win64; x64) AppleWebKit/537.36 Edg/124.0.0.0"
46.188.19.142 - - [03/Jul/2026:15:09:05 +0000] "GET /sitemap.xml HTTP/1.1" 200 64598 "-" "Mozilla/5.0 (Windows NT 10.0; Win64; x64) AppleWebKit/537.36 Chrome/123.0.0.0 Safari/537.36"
46.188.19.142 - - [03/Jul/2026:15:09:06 +0000] "GET /metrics HTTP/1.1" 304 3022 "/sitemap.xml" "Mozilla/5.0 (Macintosh; Intel Mac OS X 14_5) AppleWebKit/537.36 Chrome/124.0.0.0 Safari/537.36"
66.249.75.10 - - [03/Jul/2026:15:09:06 +0000] "GET /about HTTP/1.1" 200 24840 "-" "Mozilla/5.0 (Macintosh; Intel Mac OS X 14_5) AppleWebKit/605.1.15 Version/17.4 Safari/605.1.15"
77.88.55.201 - - [03/Jul/2026:15:09:07 +0000] "GET /favicon.ico HTTP/1.1" 200 69026 "/assets/app.js" "Mozilla/5.0 (iPad; CPU OS 17_4 like Mac OS X) AppleWebKit/605.1.15 Version/17.4 Mobile/15E148 Safari/604.1"
185.220.101.54 - - [03/Jul/2026:15:09:07 +0000] "GET /includes/swfupload/swfupload_f9.swf HTTP/1.1" 404 436 "-" "dirsearch/0.4.3"
188.18.77.220 - - [03/Jul/2026:15:09:07 +0000] "GET /metrics HTTP/1.1" 200 14286 "-" "Mozilla/5.0 (Windows NT 10.0; Win64; x64) AppleWebKit/537.36 Chrome/123.0.0.0 Safari/537.36"
141.8.153.222 - - [03/Jul/2026:15:09:07 +0000] "GET /favicon.ico HTTP/1.1" 304 1469 "/assets/logo.svg" "Mozilla/5.0 (X11; Linux x86_64) AppleWebKit/537.36 Chrome/122.0.0.0 Safari/537.36"
141.8.153.222 - - [03/Jul/2026:15:09:07 +0000] "GET /assets/app.js HTTP/1.1" 200 64226 "-" "Mozilla/5.0 (compatible; bingbot/2.0; +http://www.bing.com/bingbot.htm)"
157.55.39.7 - - [03/Jul/2026:15:09:07 +0000] "GET / HTTP/1.1" 200 60640 "-" "Mozilla/5.0 (Windows NT 10.0; Win64; x64) AppleWebKit/537.36 Edg/124.0.0.0"
185.193.88.77 - - [03/Jul/2026:15:09:08 +0000] "GET /config.php.inc HTTP/1.1" 301 1653 "-" "sqlmap/1.8.4#stable"
46.188.19.142 - - [03/Jul/2026:15:09:08 +0000] "GET / HTTP/1.1" 200 34834 "-" "Mozilla/5.0 (Windows NT 10.0; Win64; x64) AppleWebKit/537.36 Chrome/123.0.0.0 Safari/537.36"
5.188.206.67 - - [03/Jul/2026:15:09:09 +0000] "HEAD /config_override.php HTTP/1.1" 404 2459 "-" "python-requests/2.31.0"
66.249.75.10 - - [03/Jul/2026:15:09:10 +0000] "GET /assets/site.css HTTP/1.1" 304 965 "-" "Mozilla/5.0 (Macintosh; Intel Mac OS X 14_5) AppleWebKit/537.36 Chrome/124.0.0.0 Safari/537.36"
46.188.19.142 - - [03/Jul/2026:15:09:10 +0000] "GET /articles/2026/q2 HTTP/1.1" 200 11438 "-" "Mozilla/5.0 (Macintosh; Intel Mac OS X 14_5) AppleWebKit/537.36 Chrome/124.0.0.0 Safari/537.36"
193.142.147.55 - - [03/Jul/2026:15:09:11 +0000] "GET /administr8.php HTTP/1.1" 302 1548 "-" "feroxbuster/2.11.0"
40.77.167.21 - - [03/Jul/2026:15:09:11 +0000] "GET /robots.txt HTTP/1.1" 200 54031 "/favicon.ico" "Mozilla/5.0 (X11; Linux x86_64) AppleWebKit/537.36 Chrome/122.0.0.0 Safari/537.36"
188.18.77.220 - - [03/Jul/2026:15:09:11 +0000] "GET /favicon.ico HTTP/1.1" 200 36087 "-" "Mozilla/5.0 (Windows NT 10.0; Win64; rv:124.0) Gecko/20100101 Firefox/124.0"
91.198.174.22 - - [03/Jul/2026:15:09:11 +0000] "HEAD /favicon.ico HTTP/1.1" 200 31048 "-" "Mozilla/5.0 (Windows NT 10.0; Win64; x64) AppleWebKit/537.36 Edg/124.0.0.0"
198.51.100.45 - - [03/Jul/2026:15:09:11 +0000] "GET /sitemap.xml HTTP/1.1" 200 5098 "/assets/site.css" "Mozilla/5.0 (Macintosh; Intel Mac OS X 14_5) AppleWebKit/537.36 Chrome/124.0.0.0 Safari/537.36"
156.146.62.11 - - [03/Jul/2026:15:09:13 +0000] "GET /privatekey.key HTTP/1.1" 500 702 "-" "Go-http-client/1.1"
194.26.29.89 - - [03/Jul/2026:15:09:14 +0000] "OPTIONS /nginx-access.log HTTP/1.1" 403 1300 "-" "python-requests/2.31.0"
38.18.151.159 - - [03/Jul/2026:15:09:14 +0000] "GET /assets/site.css HTTP/1.1" 200 74692 "-" "Mozilla/5.0 (compatible; bingbot/2.0; +http://www.bing.com/bingbot.htm)"
66.249.75.10 - - [03/Jul/2026:15:09:15 +0000] "GET /articles/2026/q2 HTTP/1.1" 200 35761 "-" "Mozilla/5.0 (iPad; CPU OS 17_4 like Mac OS X) AppleWebKit/605.1.15 Version/17.4 Mobile/15E148 Safari/604.1"
77.88.55.201 - - [03/Jul/2026:15:09:15 +0000] "GET /robots.txt HTTP/1.1" 200 58108 "-" "Mozilla/5.0 (Macintosh; Intel Mac OS X 14_5) AppleWebKit/537.36 Chrome/124.0.0.0 Safari/537.36"
240.213.15.70 - - [03/Jul/2026:15:09:16 +0000] "OPTIONS /asset.. HTTP/1.1" 500 176 "-" "DirBuster-1.0-RC1"
193.142.147.55 - - [03/Jul/2026:15:09:16 +0000] "OPTIONS /archive.rar HTTP/1.1" 404 864 "-" "Go-http-client/1.1"
193.142.147.55 - - [03/Jul/2026:15:09:18 +0000] "GET /nginx-ssl.access.log HTTP/1.1" 403 1929 "-" "dirsearch/0.4.3"
188.18.77.220 - - [03/Jul/2026:15:09:19 +0000] "GET /contacts HTTP/1.1" 200 74081 "/api/products" "Mozilla/5.0 (compatible; bingbot/2.0; +http://www.bing.com/bingbot.htm)"
203.0.113.77 - - [03/Jul/2026:15:09:19 +0000] "GET /robots.txt HTTP/1.1" 200 21688 "-" "Mozilla/5.0 (Macintosh; Intel Mac OS X 14_5) AppleWebKit/605.1.15 Version/17.4 Safari/605.1.15"
40.77.167.21 - - [03/Jul/2026:15:09:19 +0000] "GET /api/products HTTP/1.1" 200 78522 "-" "Mozilla/5.0 (Windows NT 10.0; Win64; rv:124.0) Gecko/20100101 Firefox/124.0"
66.249.75.10 - - [03/Jul/2026:15:09:20 +0000] "GET /healthz HTTP/1.1" 200 40336 "/favicon.ico" "Mozilla/5.0 (iPad; CPU OS 17_4 like Mac OS X) AppleWebKit/605.1.15 Version/17.4 Mobile/15E148 Safari/604.1"
49.103.123.50 - - [03/Jul/2026:15:09:20 +0000] "GET /healthz HTTP/1.1" 200 71726 "/about" "Mozilla/5.0 (Linux; Android 13; SM-S918B) AppleWebKit/537.36 SamsungBrowser/24.0 Chrome/120.0 Mobile Safari/537.36"
194.26.29.89 - - [03/Jul/2026:15:09:21 +0000] "GET /lighttpd.access.log HTTP/1.1" 403 1364 "-" "sqlmap/1.8.4#stable"
77.88.55.201 - - [03/Jul/2026:15:09:21 +0000] "GET /about HTTP/1.1" 200 29554 "/healthz" "Mozilla/5.0 (Macintosh; Intel Mac OS X 14_5) AppleWebKit/537.36 Chrome/124.0.0.0 Safari/537.36"
10.42.3.23 - - [03/Jul/2026:15:09:21 +0000] "GET /healthz HTTP/1.1" 200 2533 "-" "curl/8.6.0"
77.88.55.201 - - [03/Jul/2026:15:09:22 +0000] "GET / HTTP/1.1" 200 74683 "/api/products" "Mozilla/5.0 (compatible; YandexBot/3.0; +http://yandex.com/bots)"
104.244.72.115 - - [03/Jul/2026:15:09:22 +0000] "GET /cms/cms.csproj HTTP/1.1" 403 1684 "-" "ffuf/2.1.0"
77.88.55.201 - - [03/Jul/2026:15:09:23 +0000] "GET /robots.txt HTTP/1.1" 200 44671 "-" "Mozilla/5.0 (Windows NT 10.0; Win64; rv:124.0) Gecko/20100101 Firefox/124.0"
157.55.39.7 - - [03/Jul/2026:15:09:23 +0000] "GET /articles/2026/q2 HTTP/1.1" 200 9373 "-" "Mozilla/5.0 (Linux; Android 13; SM-S918B) AppleWebKit/537.36 SamsungBrowser/24.0 Chrome/120.0 Mobile Safari/537.36"
156.146.62.11 - - [03/Jul/2026:15:09:24 +0000] "GET /webadmin/admin.php HTTP/1.1" 403 583 "-" "Go-http-client/1.1"
213.24.11.146 - - [03/Jul/2026:15:09:25 +0000] "GET /api/news HTTP/1.1" 304 2573 "/healthz" "Mozilla/5.0 (X11; Linux x86_64) AppleWebKit/537.36 Chrome/122.0.0.0 Safari/537.36"
103.242.209.67 - - [03/Jul/2026:15:09:25 +0000] "GET /api/news HTTP/1.1" 304 933 "-" "Mozilla/5.0 (Windows NT 10.0; Win64; x64) AppleWebKit/537.36 Chrome/123.0.0.0 Safari/537.36"
91.198.174.22 - - [03/Jul/2026:15:09:27 +0000] "GET /assets/app.js HTTP/1.1" 304 1173 "/healthz" "Mozilla/5.0 (Windows NT 10.0; Win64; x64) AppleWebKit/537.36 Chrome/123.0.0.0 Safari/537.36"
212.76.133.14 - - [03/Jul/2026:15:09:27 +0000] "GET / HTTP/1.1" 200 59428 "-" "Mozilla/5.0 (X11; Linux x86_64) AppleWebKit/537.36 Chrome/122.0.0.0 Safari/537.36"
203.0.113.77 - - [03/Jul/2026:15:09:28 +0000] "GET /articles/2026/q2 HTTP/1.1" 304 2600 "-" "Mozilla/5.0 (Macintosh; Intel Mac OS X 14_5) AppleWebKit/537.36 Chrome/124.0.0.0 Safari/537.36"
193.142.147.55 - - [03/Jul/2026:15:09:29 +0000] "GET /tools.php HTTP/1.1" 302 705 "-" "Wfuzz/3.1.0"
46.188.19.142 - - [03/Jul/2026:15:09:29 +0000] "GET /assets/site.css HTTP/1.1" 200 31704 "-" "Mozilla/5.0 (Macintosh; Intel Mac OS X 14_5) AppleWebKit/605.1.15 Version/17.4 Safari/605.1.15"
91.198.174.22 - - [03/Jul/2026:15:09:29 +0000] "GET /articles/2026/q2 HTTP/1.1" 200 48003 "/" "Mozilla/5.0 (Windows NT 10.0; Win64; x64) AppleWebKit/537.36 Edg/124.0.0.0"
188.18.77.220 - - [03/Jul/2026:15:09:29 +0000] "GET /healthz HTTP/1.1" 200 19304 "-" "Mozilla/5.0 (Linux; Android 13; SM-S918B) AppleWebKit/537.36 SamsungBrowser/24.0 Chrome/120.0 Mobile Safari/537.36"
77.88.55.201 - - [03/Jul/2026:15:09:31 +0000] "GET /metrics HTTP/1.1" 304 1478 "/sitemap.xml" "Mozilla/5.0 (Windows NT 10.0; Win64; rv:124.0) Gecko/20100101 Firefox/124.0"
40.77.167.21 - - [03/Jul/2026:15:09:31 +0000] "GET /assets/app.js HTTP/1.1" 200 11304 "-" "Mozilla/5.0 (iPhone; CPU iPhone OS 17_4 like Mac OS X) AppleWebKit/605.1.15 Version/17.4 Mobile/15E148 Safari/604.1"
156.146.62.11 - - [03/Jul/2026:15:09:32 +0000] "GET /config/ HTTP/1.1" 404 801 "-" "gobuster/3.6"
156.146.62.11 - - [03/Jul/2026:15:09:32 +0000] "HEAD /phpMyAdmin-2.8.1/ HTTP/1.1" 301 197 "-" "ffuf/2.1.0"
40.77.167.21 - - [03/Jul/2026:15:09:32 +0000] "GET /assets/site.css HTTP/1.1" 200 73076 "-" "Mozilla/5.0 (Macintosh; Intel Mac OS X 14_5) AppleWebKit/605.1.15 Version/17.4 Safari/605.1.15"
66.249.75.10 - - [03/Jul/2026:15:09:33 +0000] "GET /assets/logo.svg HTTP/1.1" 304 3551 "-" "Mozilla/5.0 (iPad; CPU OS 17_4 like Mac OS X) AppleWebKit/605.1.15 Version/17.4 Mobile/15E148 Safari/604.1"
157.55.39.7 - - [03/Jul/2026:15:09:33 +0000] "HEAD /robots.txt HTTP/1.1" 200 49188 "-" "DuckDuckBot/1.0; (+http://duckduckgo.com/duckduckbot)"
204.114.153.45 - - [03/Jul/2026:15:09:33 +0000] "GET /api/products HTTP/1.1" 304 1642 "/api/news" "Mozilla/5.0 (Windows NT 10.0; Win64; x64) AppleWebKit/537.36 Chrome/123.0.0.0 Safari/537.36"
10.42.3.150 - - [03/Jul/2026:15:09:34 +0000] "GET /healthz HTTP/1.1" 200 3584 "-" "kube-probe/1.30"
213.24.11.146 - - [03/Jul/2026:15:09:34 +0000] "GET /robots.txt HTTP/1.1" 200 31183 "-" "Mozilla/5.0 (Windows NT 10.0; Win64; rv:124.0) Gecko/20100101 Firefox/124.0"
45.146.164.12 - - [03/Jul/2026:15:09:34 +0000] "GET /tmp/access.log HTTP/1.1" 403 797 "-" "gobuster/3.6"
5.188.206.67 - - [03/Jul/2026:15:09:34 +0000] "GET /Mercury/ HTTP/1.1" 405 881 "-" "dirsearch/0.4.3"
157.55.39.7 - - [03/Jul/2026:15:09:34 +0000] "GET /api/news HTTP/1.1" 200 78409 "-" "Mozilla/5.0 (Windows NT 10.0; Win64; rv:124.0) Gecko/20100101 Firefox/124.0"
194.26.29.89 - - [03/Jul/2026:15:09:37 +0000] "GET /common/config/api.ini HTTP/1.1" 405 418 "-" "dirsearch/0.4.3"
193.142.147.55 - - [03/Jul/2026:15:09:37 +0000] "GET /loki/api/v1/label HTTP/1.1" 405 1995 "-" "Nmap Scripting Engine"
80.85.246.17 - - [03/Jul/2026:15:09:38 +0000] "GET /.next HTTP/1.1" 302 1792 "-" "feroxbuster/2.11.0"
185.193.88.77 - - [03/Jul/2026:15:09:39 +0000] "GET /blockchain.json HTTP/1.1" 500 1323 "-" "Nmap Scripting Engine"
141.8.153.222 - - [03/Jul/2026:15:09:39 +0000] "GET /assets/logo.svg HTTP/1.1" 304 1635 "-" "Mozilla/5.0 (X11; Linux x86_64) AppleWebKit/537.36 Chrome/122.0.0.0 Safari/537.36"
203.0.113.77 - - [03/Jul/2026:15:09:40 +0000] "GET /favicon.ico HTTP/1.1" 200 77243 "-" "Mozilla/5.0 (iPhone; CPU iPhone OS 17_4 like Mac OS X) AppleWebKit/605.1.15 Version/17.4 Mobile/15E148 Safari/604.1"
10.42.1.203 - - [03/Jul/2026:15:09:40 +0000] "GET /healthz HTTP/1.1" 200 548 "-" "kube-probe/1.30"
141.8.153.222 - - [03/Jul/2026:15:09:41 +0000] "GET /api/news HTTP/1.1" 200 27119 "-" "Mozilla/5.0 (Linux; Android 13; SM-S918B) AppleWebKit/537.36 SamsungBrowser/24.0 Chrome/120.0 Mobile Safari/537.36"
188.18.77.220 - - [03/Jul/2026:15:09:41 +0000] "GET /api/products HTTP/1.1" 200 31619 "-" "Mozilla/5.0 (Macintosh; Intel Mac OS X 14_5) AppleWebKit/537.36 Chrome/124.0.0.0 Safari/537.36"
188.18.77.220 - - [03/Jul/2026:15:09:41 +0000] "GET /api/news HTTP/1.1" 200 19070 "/articles/2026/q2" "Mozilla/5.0 (X11; Linux x86_64) AppleWebKit/537.36 Chrome/122.0.0.0 Safari/537.36"
188.18.77.220 - - [03/Jul/2026:15:09:41 +0000] "GET /metrics HTTP/1.1" 304 596 "/favicon.ico" "DuckDuckBot/1.0; (+http://duckduckgo.com/duckduckbot)"
141.8.153.222 - - [03/Jul/2026:15:09:41 +0000] "GET /assets/logo.svg HTTP/1.1" 200 6487 "-" "Mozilla/5.0 (Macintosh; Intel Mac OS X 14_5) AppleWebKit/605.1.15 Version/17.4 Safari/605.1.15"
193.142.147.55 - - [03/Jul/2026:15:09:42 +0000] "HEAD /api/v2/swagger.json HTTP/1.1" 404 2594 "-" "Go-http-client/1.1"
47.128.148.236 - - [03/Jul/2026:15:09:42 +0000] "GET /metrics HTTP/1.1" 200 60352 "/assets/app.js" "Mozilla/5.0 (iPad; CPU OS 17_4 like Mac OS X) AppleWebKit/605.1.15 Version/17.4 Mobile/15E148 Safari/604.1"
40.77.167.21 - - [03/Jul/2026:15:09:42 +0000] "GET /robots.txt HTTP/1.1" 200 3227 "-" "Mozilla/5.0 (iPhone; CPU iPhone OS 17_4 like Mac OS X) AppleWebKit/605.1.15 Version/17.4 Mobile/15E148 Safari/604.1"
213.24.11.146 - - [03/Jul/2026:15:09:43 +0000] "GET /about HTTP/1.1" 200 58576 "-" "Mozilla/5.0 (X11; Linux x86_64) AppleWebKit/537.36 Chrome/122.0.0.0 Safari/537.36"
79.18.130.66 - - [03/Jul/2026:15:09:44 +0000] "GET /favicon.ico HTTP/1.1" 304 1845 "/robots.txt" "DuckDuckBot/1.0; (+http://duckduckgo.com/duckduckbot)"
10.42.2.138 - - [03/Jul/2026:15:09:45 +0000] "GET /metrics HTTP/1.1" 200 5182 "-" "kube-probe/1.30"
66.249.75.10 - - [03/Jul/2026:15:09:46 +0000] "GET /healthz HTTP/1.1" 200 3557 "-" "Mozilla/5.0 (Macintosh; Intel Mac OS X 14_5) AppleWebKit/605.1.15 Version/17.4 Safari/605.1.15"
213.24.11.146 - - [03/Jul/2026:15:09:46 +0000] "GET /healthz HTTP/1.1" 200 44479 "-" "Mozilla/5.0 (compatible; bingbot/2.0; +http://www.bing.com/bingbot.htm)"
46.188.19.142 - - [03/Jul/2026:15:09:47 +0000] "GET /products HTTP/1.1" 200 5280 "/robots.txt" "Mozilla/5.0 (Macintosh; Intel Mac OS X 14_5) AppleWebKit/537.36 Chrome/124.0.0.0 Safari/537.36"
203.0.113.77 - - [03/Jul/2026:15:09:47 +0000] "GET /healthz HTTP/1.1" 200 38400 "/sitemap.xml" "Mozilla/5.0 (X11; Linux x86_64) AppleWebKit/537.36 Chrome/122.0.0.0 Safari/537.36"
80.85.246.17 - - [03/Jul/2026:15:09:48 +0000] "GET /register.php HTTP/1.1" 404 2418 "-" "gobuster/3.6"
91.198.174.22 - - [03/Jul/2026:15:09:48 +0000] "GET /about HTTP/1.1" 200 28195 "/api/products" "Mozilla/5.0 (Linux; Android 13; SM-S918B) AppleWebKit/537.36 SamsungBrowser/24.0 Chrome/120.0 Mobile Safari/537.36"
77.88.55.201 - - [03/Jul/2026:15:09:48 +0000] "GET /articles/2026/q2 HTTP/1.1" 200 24972 "-" "Mozilla/5.0 (Windows NT 10.0; Win64; x64) AppleWebKit/537.36 Edg/124.0.0.0"
91.198.174.22 - - [03/Jul/2026:15:09:48 +0000] "GET /articles/2026/q2 HTTP/1.1" 200 13218 "-" "Mozilla/5.0 (Macintosh; Intel Mac OS X 14_5) AppleWebKit/537.36 Chrome/124.0.0.0 Safari/537.36"
91.198.174.22 - - [03/Jul/2026:15:09:48 +0000] "GET /products HTTP/1.1" 200 41955 "-" "Mozilla/5.0 (Windows NT 10.0; Win64; x64) AppleWebKit/537.36 Edg/124.0.0.0"
46.188.19.142 - - [03/Jul/2026:15:09:48 +0000] "GET /healthz HTTP/1.1" 200 40895 "-" "Mozilla/5.0 (Macintosh; Intel Mac OS X 14_5) AppleWebKit/605.1.15 Version/17.4 Safari/605.1.15"
45.9.148.77 - - [03/Jul/2026:15:09:49 +0000] "GET /configs.zip HTTP/1.1" 404 337 "-" "DirBuster-1.0-RC1"
212.76.133.14 - - [03/Jul/2026:15:09:50 +0000] "GET /api/news HTTP/1.1" 200 74485 "-" "Mozilla/5.0 (X11; Linux x86_64) AppleWebKit/537.36 Chrome/122.0.0.0 Safari/537.36"
215.41.197.197 - - [03/Jul/2026:15:09:51 +0000] "GET /favicon.ico HTTP/1.1" 200 29544 "/products" "Mozilla/5.0 (iPhone; CPU iPhone OS 17_4 like Mac OS X) AppleWebKit/605.1.15 Version/17.4 Mobile/15E148 Safari/604.1"
23.129.64.112 - - [03/Jul/2026:15:09:54 +0000] "GET /nginx-access.log HTTP/1.1" 500 1629 "-" "ffuf/2.1.0"
198.51.100.45 - - [03/Jul/2026:15:09:55 +0000] "GET /api/news HTTP/1.1" 200 23645 "/products" "Mozilla/5.0 (compatible; bingbot/2.0; +http://www.bing.com/bingbot.htm)"
91.198.174.22 - - [03/Jul/2026:15:09:56 +0000] "GET /api/products HTTP/1.1" 200 78628 "/healthz" "Mozilla/5.0 (X11; Linux x86_64) AppleWebKit/537.36 Chrome/122.0.0.0 Safari/537.36"
77.88.55.201 - - [03/Jul/2026:15:09:56 +0000] "GET /about HTTP/1.1" 304 2474 "/assets/site.css" "Mozilla/5.0 (Macintosh; Intel Mac OS X 14_5) AppleWebKit/605.1.15 Version/17.4 Safari/605.1.15"
45.9.148.77 - - [03/Jul/2026:15:09:56 +0000] "HEAD /dump.json HTTP/1.1" 404 644 "-" "feroxbuster/2.11.0"
174.83.208.88 - - [03/Jul/2026:15:09:57 +0000] "GET /contacts HTTP/1.1" 200 45060 "/contacts" "Mozilla/5.0 (Windows NT 10.0; Win64; rv:124.0) Gecko/20100101 Firefox/124.0"
213.24.11.146 - - [03/Jul/2026:15:09:57 +0000] "GET /contacts HTTP/1.1" 200 45202 "-" "Mozilla/5.0 (X11; Linux x86_64) AppleWebKit/537.36 Chrome/122.0.0.0 Safari/537.36"
157.55.39.7 - - [03/Jul/2026:15:09:58 +0000] "GET / HTTP/1.1" 304 1545 "/articles/2026/q2" "Mozilla/5.0 (Windows NT 10.0; Win64; x64) AppleWebKit/537.36 Chrome/123.0.0.0 Safari/537.36"
157.55.39.7 - - [03/Jul/2026:15:09:58 +0000] "GET /about HTTP/1.1" 200 55506 "-" "Mozilla/5.0 (compatible; YandexBot/3.0; +http://yandex.com/bots)"
40.77.167.21 - - [03/Jul/2026:15:09:59 +0000] "GET /robots.txt HTTP/1.1" 200 48832 "-" "Mozilla/5.0 (iPhone; CPU iPhone OS 17_4 like Mac OS X) AppleWebKit/605.1.15 Version/17.4 Mobile/15E148 Safari/604.1"
212.76.133.14 - - [03/Jul/2026:15:10:00 +0000] "GET /assets/site.css HTTP/1.1" 200 82989 "/api/products" "Mozilla/5.0 (Linux; Android 13; SM-S918B) AppleWebKit/537.36 SamsungBrowser/24.0 Chrome/120.0 Mobile Safari/537.36"
91.198.174.22 - - [03/Jul/2026:15:10:00 +0000] "GET /assets/app.js HTTP/1.1" 200 41543 "-" "Mozilla/5.0 (compatible; bingbot/2.0; +http://www.bing.com/bingbot.htm)"
45.9.148.77 - - [03/Jul/2026:15:10:01 +0000] "GET /password.txt HTTP/1.1" 302 1602 "-" "masscan/1.3 (https://github.com/robertdavidgraham/masscan)"
77.88.55.201 - - [03/Jul/2026:15:10:01 +0000] "GET / HTTP/1.1" 200 48563 "-" "Mozilla/5.0 (Macintosh; Intel Mac OS X 14_5) AppleWebKit/537.36 Chrome/124.0.0.0 Safari/537.36"
23.129.64.112 - - [03/Jul/2026:15:10:01 +0000] "GET /__MACOSX HTTP/1.1" 404 1994 "-" "Nmap Scripting Engine"
203.0.113.77 - - [03/Jul/2026:15:10:03 +0000] "GET /favicon.ico HTTP/1.1" 200 33146 "/healthz" "Mozilla/5.0 (Windows NT 10.0; Win64; x64) AppleWebKit/537.36 Edg/124.0.0.0"
104.244.72.115 - - [03/Jul/2026:15:10:03 +0000] "GET /app/etc/enterprise.xml HTTP/1.1" 301 1140 "-" "masscan/1.3 (https://github.com/robertdavidgraham/masscan)"
188.18.77.220 - - [03/Jul/2026:15:10:03 +0000] "GET /about HTTP/1.1" 200 57241 "/" "Mozilla/5.0 (Macintosh; Intel Mac OS X 14_5) AppleWebKit/605.1.15 Version/17.4 Safari/605.1.15"
80.85.246.17 - - [03/Jul/2026:15:10:03 +0000] "OPTIONS /loki/api/v1/label/pod/values HTTP/1.1" 403 605 "-" "Nmap Scripting Engine"
193.142.147.55 - - [03/Jul/2026:15:10:04 +0000] "HEAD /fuel/app/config/ HTTP/1.1" 405 348 "-" "sqlmap/1.8.4#stable"
185.220.101.54 - - [03/Jul/2026:15:10:05 +0000] "HEAD /config/master.key HTTP/1.1" 500 697 "-" "DirBuster-1.0-RC1"
121.197.171.144 - - [03/Jul/2026:15:10:05 +0000] "GET /loginsave/ HTTP/1.1" 404 363 "-" "DirBuster-1.0-RC1"
193.142.147.55 - - [03/Jul/2026:15:10:06 +0000] "GET /_logs/access.log HTTP/1.1" 403 1935 "-" "DirBuster-1.0-RC1"
46.188.19.142 - - [03/Jul/2026:15:10:06 +0000] "GET /assets/logo.svg HTTP/1.1" 200 45998 "-" "Mozilla/5.0 (Macintosh; Intel Mac OS X 14_5) AppleWebKit/605.1.15 Version/17.4 Safari/605.1.15"
141.8.153.222 - - [03/Jul/2026:15:10:07 +0000] "GET /contacts HTTP/1.1" 200 16236 "-" "Mozilla/5.0 (iPad; CPU OS 17_4 like Mac OS X) AppleWebKit/605.1.15 Version/17.4 Mobile/15E148 Safari/604.1"
198.51.100.45 - - [03/Jul/2026:15:10:07 +0000] "GET /metrics HTTP/1.1" 200 22929 "/assets/app.js" "Mozilla/5.0 (iPad; CPU OS 17_4 like Mac OS X) AppleWebKit/605.1.15 Version/17.4 Mobile/15E148 Safari/604.1"
212.76.133.14 - - [03/Jul/2026:15:10:08 +0000] "GET /assets/logo.svg HTTP/1.1" 304 1793 "/contacts" "Mozilla/5.0 (compatible; YandexBot/3.0; +http://yandex.com/bots)"
198.51.100.45 - - [03/Jul/2026:15:10:08 +0000] "GET /assets/app.js HTTP/1.1" 200 36226 "-" "Mozilla/5.0 (Windows NT 10.0; Win64; x64) AppleWebKit/537.36 Chrome/123.0.0.0 Safari/537.36"
77.88.55.201 - - [03/Jul/2026:15:10:08 +0000] "GET /metrics HTTP/1.1" 200 39295 "/assets/logo.svg" "Mozilla/5.0 (Macintosh; Intel Mac OS X 14_5) AppleWebKit/605.1.15 Version/17.4 Safari/605.1.15"
77.88.55.201 - - [03/Jul/2026:15:10:08 +0000] "GET /contacts HTTP/1.1" 200 73357 "-" "Mozilla/5.0 (X11; Linux x86_64) AppleWebKit/537.36 Chrome/122.0.0.0 Safari/537.36"
141.8.153.222 - - [03/Jul/2026:15:10:09 +0000] "GET /products HTTP/1.1" 200 32072 "/" "Mozilla/5.0 (iPhone; CPU iPhone OS 17_4 like Mac OS X) AppleWebKit/605.1.15 Version/17.4 Mobile/15E148 Safari/604.1"
58.195.55.103 - - [03/Jul/2026:15:10:10 +0000] "GET /articles/2026/q2 HTTP/1.1" 304 2515 "-" "Mozilla/5.0 (iPhone; CPU iPhone OS 17_4 like Mac OS X) AppleWebKit/605.1.15 Version/17.4 Mobile/15E148 Safari/604.1"
185.193.88.77 - - [03/Jul/2026:15:10:10 +0000] "GET /app/etc/local.xml.live HTTP/1.1" 404 714 "-" "Nmap Scripting Engine"
203.0.113.77 - - [03/Jul/2026:15:10:10 +0000] "GET /about HTTP/1.1" 200 73146 "-" "Mozilla/5.0 (Windows NT 10.0; Win64; x64) AppleWebKit/537.36 Edg/124.0.0.0"
40.77.167.21 - - [03/Jul/2026:15:10:10 +0000] "HEAD /articles/2026/q2 HTTP/1.1" 200 62528 "-" "Mozilla/5.0 (Macintosh; Intel Mac OS X 14_5) AppleWebKit/537.36 Chrome/124.0.0.0 Safari/537.36"
91.198.174.22 - - [03/Jul/2026:15:10:11 +0000] "HEAD /api/products HTTP/1.1" 200 26134 "/assets/app.js" "Mozilla/5.0 (X11; Linux x86_64) AppleWebKit/537.36 Chrome/122.0.0.0 Safari/537.36"
213.24.11.146 - - [03/Jul/2026:15:10:11 +0000] "GET /favicon.ico HTTP/1.1" 200 82018 "/api/products" "Mozilla/5.0 (X11; Linux x86_64) AppleWebKit/537.36 Chrome/122.0.0.0 Safari/537.36"
77.88.55.201 - - [03/Jul/2026:15:10:12 +0000] "GET /assets/logo.svg HTTP/1.1" 200 65510 "-" "Mozilla/5.0 (Windows NT 10.0; Win64; rv:124.0) Gecko/20100101 Firefox/124.0"
10.42.1.228 - - [03/Jul/2026:15:10:13 +0000] "GET /healthz HTTP/1.1" 200 3097 "-" "kube-probe/1.30"
141.8.153.222 - - [03/Jul/2026:15:10:13 +0000] "GET /assets/app.js HTTP/1.1" 200 33259 "/healthz" "Mozilla/5.0 (Windows NT 10.0; Win64; x64) AppleWebKit/537.36 Chrome/123.0.0.0 Safari/537.36"
188.18.77.220 - - [03/Jul/2026:15:10:14 +0000] "GET /assets/app.js HTTP/1.1" 200 9437 "-" "Mozilla/5.0 (Windows NT 10.0; Win64; x64) AppleWebKit/537.36 Edg/124.0.0.0"
203.0.113.77 - - [03/Jul/2026:15:10:15 +0000] "GET /healthz HTTP/1.1" 200 6514 "/healthz" "DuckDuckBot/1.0; (+http://duckduckgo.com/duckduckbot)"
188.18.77.220 - - [03/Jul/2026:15:10:16 +0000] "GET /api/products HTTP/1.1" 304 2591 "/products" "Mozilla/5.0 (Macintosh; Intel Mac OS X 14_5) AppleWebKit/605.1.15 Version/17.4 Safari/605.1.15"
141.8.153.222 - - [03/Jul/2026:15:10:17 +0000] "GET /articles/2026/q2 HTTP/1.1" 200 52083 "-" "Mozilla/5.0 (Linux; Android 13; SM-S918B) AppleWebKit/537.36 SamsungBrowser/24.0 Chrome/120.0 Mobile Safari/537.36"
156.146.62.11 - - [03/Jul/2026:15:10:17 +0000] "OPTIONS /CHANGELOG.html HTTP/1.1" 302 204 "-" "Wfuzz/3.1.0"
197.224.72.67 - - [03/Jul/2026:15:10:17 +0000] "GET /articles/2026/q2 HTTP/1.1" 304 2121 "-" "Mozilla/5.0 (Windows NT 10.0; Win64; rv:124.0) Gecko/20100101 Firefox/124.0"
108.251.237.114 - - [03/Jul/2026:15:10:18 +0000] "GET / HTTP/1.1" 304 942 "-" "Mozilla/5.0 (X11; Linux x86_64) AppleWebKit/537.36 Chrome/122.0.0.0 Safari/537.36"
126.123.239.56 - - [03/Jul/2026:15:10:19 +0000] "GET /assets/site.css HTTP/1.1" 200 31222 "-" "Mozilla/5.0 (Windows NT 10.0; Win64; rv:124.0) Gecko/20100101 Firefox/124.0"
203.0.113.77 - - [03/Jul/2026:15:10:20 +0000] "GET /articles/2026/q2 HTTP/1.1" 200 84451 "/assets/logo.svg" "Mozilla/5.0 (Windows NT 10.0; Win64; rv:124.0) Gecko/20100101 Firefox/124.0"
91.198.174.22 - - [03/Jul/2026:15:10:20 +0000] "GET /assets/logo.svg HTTP/1.1" 200 11822 "-" "Mozilla/5.0 (Linux; Android 13; SM-S918B) AppleWebKit/537.36 SamsungBrowser/24.0 Chrome/120.0 Mobile Safari/537.36"
157.55.39.7 - - [03/Jul/2026:15:10:21 +0000] "GET /about HTTP/1.1" 200 19502 "/assets/site.css" "Mozilla/5.0 (iPad; CPU OS 17_4 like Mac OS X) AppleWebKit/605.1.15 Version/17.4 Mobile/15E148 Safari/604.1"
171.25.193.20 - - [03/Jul/2026:15:10:21 +0000] "HEAD /apache/logs/access.log HTTP/1.1" 404 800 "-" "sqlmap/1.8.4#stable"
203.0.113.77 - - [03/Jul/2026:15:10:22 +0000] "GET /articles/2026/q2 HTTP/1.1" 200 33243 "/api/products" "Mozilla/5.0 (Windows NT 10.0; Win64; x64) AppleWebKit/537.36 Chrome/123.0.0.0 Safari/537.36"
46.188.19.142 - - [03/Jul/2026:15:10:23 +0000] "GET /about HTTP/1.1" 200 68760 "/assets/site.css" "Mozilla/5.0 (iPhone; CPU iPhone OS 17_4 like Mac OS X) AppleWebKit/605.1.15 Version/17.4 Mobile/15E148 Safari/604.1"
40.77.167.21 - - [03/Jul/2026:15:10:23 +0000] "GET /about HTTP/1.1" 200 62501 "/articles/2026/q2" "Mozilla/5.0 (compatible; bingbot/2.0; +http://www.bing.com/bingbot.htm)"
77.88.55.201 - - [03/Jul/2026:15:10:23 +0000] "GET /products HTTP/1.1" 200 4691 "/assets/app.js" "Mozilla/5.0 (iPad; CPU OS 17_4 like Mac OS X) AppleWebKit/605.1.15 Version/17.4 Mobile/15E148 Safari/604.1"
185.193.88.77 - - [03/Jul/2026:15:10:23 +0000] "GET /_logs/access.log HTTP/1.1" 404 1020 "-" "DirBuster-1.0-RC1"
77.88.55.201 - - [03/Jul/2026:15:10:24 +0000] "GET /assets/logo.svg HTTP/1.1" 200 41462 "/api/news" "Mozilla/5.0 (iPad; CPU OS 17_4 like Mac OS X) AppleWebKit/605.1.15 Version/17.4 Mobile/15E148 Safari/604.1"
156.146.62.11 - - [03/Jul/2026:15:10:24 +0000] "GET /.db.xml HTTP/1.1" 404 2448 "-" "Go-http-client/1.1"
45.146.164.12 - - [03/Jul/2026:15:10:24 +0000] "GET /build.xml HTTP/1.1" 404 1571 "-" "Go-http-client/1.1"
40.77.167.21 - - [03/Jul/2026:15:10:25 +0000] "GET /assets/logo.svg HTTP/1.1" 200 30501 "/about" "Mozilla/5.0 (Windows NT 10.0; Win64; rv:124.0) Gecko/20100101 Firefox/124.0"
203.0.113.77 - - [03/Jul/2026:15:10:26 +0000] "GET /metrics HTTP/1.1" 200 57827 "/favicon.ico" "Mozilla/5.0 (Macintosh; Intel Mac OS X 14_5) AppleWebKit/537.36 Chrome/124.0.0.0 Safari/537.36"
40.77.167.21 - - [03/Jul/2026:15:10:27 +0000] "GET /products HTTP/1.1" 200 18402 "/healthz" "Mozilla/5.0 (Macintosh; Intel Mac OS X 14_5) AppleWebKit/605.1.15 Version/17.4 Safari/605.1.15"
10.42.3.9 - - [03/Jul/2026:15:10:28 +0000] "GET /healthz HTTP/1.1" 200 5145 "-" "curl/8.6.0"
185.220.101.54 - - [03/Jul/2026:15:10:28 +0000] "GET /_pkginfo.txt HTTP/1.1" 404 2124 "-" "Nmap Scripting Engine"
10.42.3.244 - - [03/Jul/2026:15:10:29 +0000] "GET /healthz HTTP/1.1" 200 4061 "-" "kube-probe/1.30"
10.42.3.196 - - [03/Jul/2026:15:10:29 +0000] "GET /metrics HTTP/1.1" 200 4332 "-" "curl/8.6.0"
5.188.206.67 - - [03/Jul/2026:15:10:29 +0000] "GET /log/access.log HTTP/1.1" 405 1239 "-" "python-requests/2.31.0"
5.188.206.67 - - [03/Jul/2026:15:10:30 +0000] "OPTIONS /examples/servlets/servlet/CookieExample HTTP/1.1" 404 1425 "-" "ffuf/2.1.0"
203.0.113.77 - - [03/Jul/2026:15:10:30 +0000] "GET / HTTP/1.1" 200 50154 "/contacts" "Mozilla/5.0 (Windows NT 10.0; Win64; x64) AppleWebKit/537.36 Edg/124.0.0.0"
77.88.55.201 - - [03/Jul/2026:15:10:32 +0000] "GET /metrics HTTP/1.1" 200 47112 "/about" "Mozilla/5.0 (Windows NT 10.0; Win64; x64) AppleWebKit/537.36 Chrome/123.0.0.0 Safari/537.36"
46.188.19.142 - - [03/Jul/2026:15:10:32 +0000] "GET /metrics HTTP/1.1" 200 39174 "-" "Mozilla/5.0 (compatible; Googlebot/2.1; +http://www.google.com/bot.html)"
10.42.1.157 - - [03/Jul/2026:15:10:32 +0000] "GET /healthz HTTP/1.1" 200 5359 "-" "kube-probe/1.30"
80.85.246.17 - - [03/Jul/2026:15:10:33 +0000] "GET /local/composer.phar HTTP/1.1" 302 1377 "-" "Nmap Scripting Engine"
63.83.74.217 - - [03/Jul/2026:15:10:33 +0000] "GET /healthz HTTP/1.1" 200 47346 "-" "Mozilla/5.0 (iPhone; CPU iPhone OS 17_4 like Mac OS X) AppleWebKit/605.1.15 Version/17.4 Mobile/15E148 Safari/604.1"
171.25.193.20 - - [03/Jul/2026:15:10:33 +0000] "GET /sxd/ HTTP/1.1" 404 1407 "-" "masscan/1.3 (https://github.com/robertdavidgraham/masscan)"
198.51.100.45 - - [03/Jul/2026:15:10:34 +0000] "GET /api/products HTTP/1.1" 200 17827 "-" "Mozilla/5.0 (Macintosh; Intel Mac OS X 14_5) AppleWebKit/605.1.15 Version/17.4 Safari/605.1.15"
247.204.180.247 - - [03/Jul/2026:15:10:34 +0000] "GET /healthz HTTP/1.1" 304 911 "/" "Mozilla/5.0 (Windows NT 10.0; Win64; x64) AppleWebKit/537.36 Edg/124.0.0.0"
194.26.29.89 - - [03/Jul/2026:15:10:35 +0000] "GET /access.log HTTP/1.1" 301 1432 "-" "DirBuster-1.0-RC1"
82.223.159.22 - - [03/Jul/2026:15:10:35 +0000] "GET /etcd.log HTTP/1.1" 404 1489 "-" "feroxbuster/2.11.0"
212.76.133.14 - - [03/Jul/2026:15:10:35 +0000] "GET /api/products HTTP/1.1" 200 6066 "-" "Mozilla/5.0 (Linux; Android 13; SM-S918B) AppleWebKit/537.36 SamsungBrowser/24.0 Chrome/120.0 Mobile Safari/537.36"
203.164.150.228 - - [03/Jul/2026:15:10:36 +0000] "GET /metrics HTTP/1.1" 200 83106 "/api/news" "Mozilla/5.0 (iPhone; CPU iPhone OS 17_4 like Mac OS X) AppleWebKit/605.1.15 Version/17.4 Mobile/15E148 Safari/604.1"
157.55.39.7 - - [03/Jul/2026:15:10:36 +0000] "GET /api/news HTTP/1.1" 200 83012 "/about" "Mozilla/5.0 (iPhone; CPU iPhone OS 17_4 like Mac OS X) AppleWebKit/605.1.15 Version/17.4 Mobile/15E148 Safari/604.1"
10.42.3.222 - - [03/Jul/2026:15:10:38 +0000] "GET /healthz HTTP/1.1" 200 3429 "-" "kube-probe/1.30"
91.198.174.22 - - [03/Jul/2026:15:10:38 +0000] "GET /about HTTP/1.1" 200 29685 "/assets/app.js" "Mozilla/5.0 (iPhone; CPU iPhone OS 17_4 like Mac OS X) AppleWebKit/605.1.15 Version/17.4 Mobile/15E148 Safari/604.1"
77.88.55.201 - - [03/Jul/2026:15:10:38 +0000] "GET /metrics HTTP/1.1" 200 43776 "/healthz" "Mozilla/5.0 (iPad; CPU OS 17_4 like Mac OS X) AppleWebKit/605.1.15 Version/17.4 Mobile/15E148 Safari/604.1"
213.24.11.146 - - [03/Jul/2026:15:10:39 +0000] "HEAD /favicon.ico HTTP/1.1" 200 61431 "/assets/app.js" "Mozilla/5.0 (iPad; CPU OS 17_4 like Mac OS X) AppleWebKit/605.1.15 Version/17.4 Mobile/15E148 Safari/604.1"
91.198.174.22 - - [03/Jul/2026:15:10:39 +0000] "GET /assets/app.js HTTP/1.1" 200 60650 "/api/news" "Mozilla/5.0 (compatible; bingbot/2.0; +http://www.bing.com/bingbot.htm)"
66.249.75.10 - - [03/Jul/2026:15:10:39 +0000] "HEAD /assets/logo.svg HTTP/1.1" 200 38416 "/metrics" "Mozilla/5.0 (Macintosh; Intel Mac OS X 14_5) AppleWebKit/605.1.15 Version/17.4 Safari/605.1.15"
10.42.0.104 - - [03/Jul/2026:15:10:40 +0000] "GET /metrics HTTP/1.1" 200 694 "-" "kube-probe/1.30"
45.146.164.12 - - [03/Jul/2026:15:10:40 +0000] "GET /api/swagger.json HTTP/1.1" 403 520 "-" "Wfuzz/3.1.0"
5.128.117.138 - - [03/Jul/2026:15:10:40 +0000] "GET /contacts HTTP/1.1" 200 34476 "-" "Mozilla/5.0 (Windows NT 10.0; Win64; rv:124.0) Gecko/20100101 Firefox/124.0"
124.157.57.226 - - [03/Jul/2026:15:10:41 +0000] "GET /api/news HTTP/1.1" 200 8118 "/articles/2026/q2" "Mozilla/5.0 (iPhone; CPU iPhone OS 17_4 like Mac OS X) AppleWebKit/605.1.15 Version/17.4 Mobile/15E148 Safari/604.1"
203.0.113.77 - - [03/Jul/2026:15:10:43 +0000] "GET /products HTTP/1.1" 200 33789 "-" "Mozilla/5.0 (Macintosh; Intel Mac OS X 14_5) AppleWebKit/537.36 Chrome/124.0.0.0 Safari/537.36"
