104.244.72.115 - - [03/Jul/2026:15:56:22 +0000] "GET /_logs/access.log HTTP/1.1" 403 436 "-" "ffuf/2.1.0"
243.219.105.26 - - [03/Jul/2026:15:56:23 +0000] "GET /metrics HTTP/1.1" 304 1458 "-" "Mozilla/5.0 (Linux; Android 13; SM-S918B) AppleWebKit/537.36 SamsungBrowser/24.0 Chrome/120.0 Mobile Safari/537.36"
10.42.1.188 - - [03/Jul/2026:15:56:24 +0000] "GET /healthz HTTP/1.1" 200 221 "-" "kube-probe/1.30"
141.8.153.222 - - [03/Jul/2026:15:56:24 +0000] "GET /assets/site.css HTTP/1.1" 200 25161 "-" "Mozilla/5.0 (Macintosh; Intel Mac OS X 14_5) AppleWebKit/537.36 Chrome/124.0.0.0 Safari/537.36"
40.77.167.21 - - [03/Jul/2026:15:56:24 +0000] "GET /assets/app.js HTTP/1.1" 200 17963 "/metrics" "Mozilla/5.0 (compatible; Googlebot/2.1; +http://www.google.com/bot.html)"
216.239.136.155 - - [03/Jul/2026:15:56:26 +0000] "GET /metrics HTTP/1.1" 200 12919 "/articles/2026/q2" "Mozilla/5.0 (Linux; Android 13; SM-S918B) AppleWebKit/537.36 SamsungBrowser/24.0 Chrome/120.0 Mobile Safari/537.36"
193.142.147.55 - - [03/Jul/2026:15:56:26 +0000] "GET /adminitems.php HTTP/1.1" 500 2372 "-" "ffuf/2.1.0"
198.51.100.45 - - [03/Jul/2026:15:56:27 +0000] "GET /about HTTP/1.1" 200 19511 "-" "Mozilla/5.0 (X11; Linux x86_64) AppleWebKit/537.36 Chrome/122.0.0.0 Safari/537.36"
10.42.1.127 - - [03/Jul/2026:15:56:28 +0000] "GET /healthz HTTP/1.1" 200 4211 "-" "curl/8.6.0"
198.51.100.45 - - [03/Jul/2026:15:56:29 +0000] "GET / HTTP/1.1" 200 9250 "-" "Mozilla/5.0 (Macintosh; Intel Mac OS X 14_5) AppleWebKit/605.1.15 Version/17.4 Safari/605.1.15"
91.198.174.22 - - [03/Jul/2026:15:56:30 +0000] "GET /products HTTP/1.1" 200 76648 "-" "Mozilla/5.0 (Windows NT 10.0; Win64; rv:124.0) Gecko/20100101 Firefox/124.0"
91.198.174.22 - - [03/Jul/2026:15:56:30 +0000] "GET /assets/app.js HTTP/1.1" 200 20936 "-" "Mozilla/5.0 (iPhone; CPU iPhone OS 17_4 like Mac OS X) AppleWebKit/605.1.15 Version/17.4 Mobile/15E148 Safari/604.1"
198.51.100.45 - - [03/Jul/2026:15:56:31 +0000] "HEAD /products HTTP/1.1" 200 7897 "/healthz" "Mozilla/5.0 (Windows NT 10.0; Win64; rv:124.0) Gecko/20100101 Firefox/124.0"
141.8.153.222 - - [03/Jul/2026:15:56:31 +0000] "GET /articles/2026/q2 HTTP/1.1" 200 49972 "/assets/site.css" "Mozilla/5.0 (Linux; Android 13; SM-S918B) AppleWebKit/537.36 SamsungBrowser/24.0 Chrome/120.0 Mobile Safari/537.36"
40.77.167.21 - - [03/Jul/2026:15:56:33 +0000] "GET /assets/logo.svg HTTP/1.1" 304 1083 "/about" "Mozilla/5.0 (Windows NT 10.0; Win64; x64) AppleWebKit/537.36 Chrome/123.0.0.0 Safari/537.36"
10.42.2.124 - - [03/Jul/2026:15:56:33 +0000] "GET /metrics HTTP/1.1" 200 3220 "-" "kube-probe/1.30"
23.129.64.112 - - [03/Jul/2026:15:56:35 +0000] "HEAD /kube-scheduler.log HTTP/1.1" 404 2538 "-" "gobuster/3.6"
194.230.50.96 - - [03/Jul/2026:15:56:36 +0000] "GET /adminer-4.7.2-mysql.php HTTP/1.1" 405 879 "-" "masscan/1.3 (https://github.com/robertdavidgraham/masscan)"
188.18.77.220 - - [03/Jul/2026:15:56:38 +0000] "GET /articles/2026/q2 HTTP/1.1" 200 27977 "-" "Mozilla/5.0 (Linux; Android 13; SM-S918B) AppleWebKit/537.36 SamsungBrowser/24.0 Chrome/120.0 Mobile Safari/537.36"
10.42.2.118 - - [03/Jul/2026:15:56:38 +0000] "GET /healthz HTTP/1.1" 200 5048 "-" "curl/8.6.0"
77.88.55.201 - - [03/Jul/2026:15:56:39 +0000] "GET /articles/2026/q2 HTTP/1.1" 200 20541 "/api/news" "Mozilla/5.0 (iPad; CPU OS 17_4 like Mac OS X) AppleWebKit/605.1.15 Version/17.4 Mobile/15E148 Safari/604.1"
198.51.100.45 - - [03/Jul/2026:15:56:39 +0000] "GET /api/news HTTP/1.1" 304 1975 "-" "Mozilla/5.0 (Windows NT 10.0; Win64; x64) AppleWebKit/537.36 Chrome/123.0.0.0 Safari/537.36"
23.129.64.112 - - [03/Jul/2026:15:56:39 +0000] "GET /log/access.log HTTP/1.1" 302 2226 "-" "python-requests/2.31.0"
157.55.39.7 - - [03/Jul/2026:15:56:41 +0000] "GET /robots.txt HTTP/1.1" 304 2546 "-" "Mozilla/5.0 (compatible; YandexBot/3.0; +http://yandex.com/bots)"
201.161.215.213 - - [03/Jul/2026:15:56:41 +0000] "GET / HTTP/1.1" 200 9357 "-" "Mozilla/5.0 (Windows NT 10.0; Win64; x64) AppleWebKit/537.36 Edg/124.0.0.0"
103.231.210.215 - - [03/Jul/2026:15:56:41 +0000] "GET /orders.txt HTTP/1.1" 404 1510 "-" "feroxbuster/2.11.0"
198.51.100.45 - - [03/Jul/2026:15:56:42 +0000] "GET /metrics HTTP/1.1" 200 57226 "/" "Mozilla/5.0 (X11; Linux x86_64) AppleWebKit/537.36 Chrome/122.0.0.0 Safari/537.36"
10.42.2.251 - - [03/Jul/2026:15:56:42 +0000] "GET /metrics HTTP/1.1" 200 4100 "-" "curl/8.6.0"
40.77.167.21 - - [03/Jul/2026:15:56:42 +0000] "GET /products HTTP/1.1" 200 72110 "/assets/app.js" "Mozilla/5.0 (Windows NT 10.0; Win64; x64) AppleWebKit/537.36 Chrome/123.0.0.0 Safari/537.36"
5.188.206.67 - - [03/Jul/2026:15:56:43 +0000] "HEAD /lib/tinymce/ HTTP/1.1" 500 2107 "-" "dirsearch/0.4.3"
157.55.39.7 - - [03/Jul/2026:15:56:43 +0000] "GET /assets/site.css HTTP/1.1" 304 2534 "-" "Mozilla/5.0 (compatible; YandexBot/3.0; +http://yandex.com/bots)"
185.220.101.54 - - [03/Jul/2026:15:56:43 +0000] "GET /admin_admin HTTP/1.1" 302 283 "-" "ffuf/2.1.0"
198.51.100.45 - - [03/Jul/2026:15:56:44 +0000] "GET /products HTTP/1.1" 200 35841 "/assets/site.css" "Mozilla/5.0 (iPhone; CPU iPhone OS 17_4 like Mac OS X) AppleWebKit/605.1.15 Version/17.4 Mobile/15E148 Safari/604.1"
226.101.211.78 - - [03/Jul/2026:15:56:44 +0000] "GET /credentials.json HTTP/1.1" 404 2046 "-" "gobuster/3.6"
213.24.11.146 - - [03/Jul/2026:15:56:45 +0000] "GET /api/news HTTP/1.1" 200 1692 "/favicon.ico" "Mozilla/5.0 (Windows NT 10.0; Win64; rv:124.0) Gecko/20100101 Firefox/124.0"
188.18.77.220 - - [03/Jul/2026:15:56:45 +0000] "GET /robots.txt HTTP/1.1" 304 607 "/assets/site.css" "Mozilla/5.0 (X11; Linux x86_64) AppleWebKit/537.36 Chrome/122.0.0.0 Safari/537.36"
40.77.167.21 - - [03/Jul/2026:15:56:45 +0000] "GET /about HTTP/1.1" 200 5090 "/api/news" "Mozilla/5.0 (iPad; CPU OS 17_4 like Mac OS X) AppleWebKit/605.1.15 Version/17.4 Mobile/15E148 Safari/604.1"
207.72.252.143 - - [03/Jul/2026:15:56:46 +0000] "GET /cp HTTP/1.1" 302 1740 "-" "Go-http-client/1.1"
188.18.77.220 - - [03/Jul/2026:15:56:46 +0000] "HEAD /about HTTP/1.1" 200 13898 "/products" "Mozilla/5.0 (Macintosh; Intel Mac OS X 14_5) AppleWebKit/605.1.15 Version/17.4 Safari/605.1.15"
195.12.98.189 - - [03/Jul/2026:15:56:46 +0000] "OPTIONS /lib/flex/uploader/.settings HTTP/1.1" 403 1228 "-" "masscan/1.3 (https://github.com/robertdavidgraham/masscan)"
45.146.164.12 - - [03/Jul/2026:15:56:46 +0000] "OPTIONS /readme.txt HTTP/1.1" 500 553 "-" "Go-http-client/1.1"
45.146.164.12 - - [03/Jul/2026:15:56:47 +0000] "GET /plugins/ HTTP/1.1" 404 1937 "-" "Go-http-client/1.1"
46.188.19.142 - - [03/Jul/2026:15:56:47 +0000] "GET /assets/site.css HTTP/1.1" 200 13406 "-" "Mozilla/5.0 (Macintosh; Intel Mac OS X 14_5) AppleWebKit/537.36 Chrome/124.0.0.0 Safari/537.36"
23.129.64.112 - - [03/Jul/2026:15:56:47 +0000] "OPTIONS /.eggs/ HTTP/1.1" 403 2304 "-" "feroxbuster/2.11.0"
194.26.29.89 - - [03/Jul/2026:15:56:48 +0000] "GET /AutoTest.Net/ HTTP/1.1" 301 2361 "-" "Wfuzz/3.1.0"
238.54.57.55 - - [03/Jul/2026:15:56:48 +0000] "GET /products HTTP/1.1" 200 44342 "/articles/2026/q2" "Mozilla/5.0 (Windows NT 10.0; Win64; x64) AppleWebKit/537.36 Edg/124.0.0.0"
157.55.39.7 - - [03/Jul/2026:15:56:49 +0000] "GET / HTTP/1.1" 200 2468 "-" "Mozilla/5.0 (Macintosh; Intel Mac OS X 14_5) AppleWebKit/605.1.15 Version/17.4 Safari/605.1.15"
198.51.100.45 - - [03/Jul/2026:15:56:49 +0000] "GET /api/products HTTP/1.1" 200 70029 "-" "Mozilla/5.0 (Linux; Android 13; SM-S918B) AppleWebKit/537.36 SamsungBrowser/24.0 Chrome/120.0 Mobile Safari/537.36"
77.88.55.201 - - [03/Jul/2026:15:56:49 +0000] "GET /metrics HTTP/1.1" 200 49295 "-" "Mozilla/5.0 (X11; Linux x86_64) AppleWebKit/537.36 Chrome/122.0.0.0 Safari/537.36"
23.129.64.112 - - [03/Jul/2026:15:56:49 +0000] "HEAD /sales.log HTTP/1.1" 404 1499 "-" "Wfuzz/3.1.0"
66.249.75.10 - - [03/Jul/2026:15:56:50 +0000] "GET / HTTP/1.1" 200 48948 "-" "Mozilla/5.0 (Windows NT 10.0; Win64; rv:124.0) Gecko/20100101 Firefox/124.0"
40.77.167.21 - - [03/Jul/2026:15:56:51 +0000] "GET /assets/logo.svg HTTP/1.1" 200 14535 "/healthz" "Mozilla/5.0 (Macintosh; Intel Mac OS X 14_5) AppleWebKit/605.1.15 Version/17.4 Safari/605.1.15"
40.77.167.21 - - [03/Jul/2026:15:56:51 +0000] "GET /metrics HTTP/1.1" 304 177 "/contacts" "Mozilla/5.0 (Windows NT 10.0; Win64; x64) AppleWebKit/537.36 Edg/124.0.0.0"
77.88.55.201 - - [03/Jul/2026:15:56:51 +0000] "GET /assets/site.css HTTP/1.1" 200 44085 "/api/products" "Mozilla/5.0 (Macintosh; Intel Mac OS X 14_5) AppleWebKit/605.1.15 Version/17.4 Safari/605.1.15"
157.55.39.7 - - [03/Jul/2026:15:56:53 +0000] "GET /sitemap.xml HTTP/1.1" 200 48012 "/about" "Mozilla/5.0 (iPhone; CPU iPhone OS 17_4 like Mac OS X) AppleWebKit/605.1.15 Version/17.4 Mobile/15E148 Safari/604.1"
91.198.174.22 - - [03/Jul/2026:15:56:54 +0000] "GET /sitemap.xml HTTP/1.1" 304 1054 "/" "Mozilla/5.0 (Macintosh; Intel Mac OS X 14_5) AppleWebKit/605.1.15 Version/17.4 Safari/605.1.15"
15.26.243.149 - - [03/Jul/2026:15:56:55 +0000] "GET /api/products HTTP/1.1" 304 1774 "-" "Mozilla/5.0 (Linux; Android 13; SM-S918B) AppleWebKit/537.36 SamsungBrowser/24.0 Chrome/120.0 Mobile Safari/537.36"
212.76.133.14 - - [03/Jul/2026:15:56:55 +0000] "GET /api/news HTTP/1.1" 200 54373 "-" "Mozilla/5.0 (iPhone; CPU iPhone OS 17_4 like Mac OS X) AppleWebKit/605.1.15 Version/17.4 Mobile/15E148 Safari/604.1"
46.188.19.142 - - [03/Jul/2026:15:56:57 +0000] "GET /about HTTP/1.1" 200 21203 "-" "Mozilla/5.0 (Windows NT 10.0; Win64; x64) AppleWebKit/537.36 Edg/124.0.0.0"
40.77.167.21 - - [03/Jul/2026:15:56:57 +0000] "GET /about HTTP/1.1" 304 2354 "-" "Mozilla/5.0 (X11; Linux x86_64) AppleWebKit/537.36 Chrome/122.0.0.0 Safari/537.36"
171.25.193.20 - - [03/Jul/2026:15:56:58 +0000] "GET /staff/ HTTP/1.1" 404 1801 "-" "python-requests/2.31.0"
157.55.39.7 - - [03/Jul/2026:15:56:58 +0000] "GET /products HTTP/1.1" 200 20356 "/about" "Mozilla/5.0 (Windows NT 10.0; Win64; x64) AppleWebKit/537.36 Chrome/123.0.0.0 Safari/537.36"
157.55.39.7 - - [03/Jul/2026:15:56:58 +0000] "GET / HTTP/1.1" 200 61610 "/assets/app.js" "Mozilla/5.0 (iPad; CPU OS 17_4 like Mac OS X) AppleWebKit/605.1.15 Version/17.4 Mobile/15E148 Safari/604.1"
193.142.147.55 - - [03/Jul/2026:15:56:59 +0000] "OPTIONS /env.list HTTP/1.1" 301 2289 "-" "Wfuzz/3.1.0"
193.142.147.55 - - [03/Jul/2026:15:57:00 +0000] "GET /phppgadmin HTTP/1.1" 500 2597 "-" "DirBuster-1.0-RC1"
124.204.188.190 - - [03/Jul/2026:15:57:01 +0000] "GET /robots.txt HTTP/1.1" 200 59538 "-" "Mozilla/5.0 (iPhone; CPU iPhone OS 17_4 like Mac OS X) AppleWebKit/605.1.15 Version/17.4 Mobile/15E148 Safari/604.1"
188.18.77.220 - - [03/Jul/2026:15:57:01 +0000] "GET /assets/app.js HTTP/1.1" 304 3807 "-" "Mozilla/5.0 (iPad; CPU OS 17_4 like Mac OS X) AppleWebKit/605.1.15 Version/17.4 Mobile/15E148 Safari/604.1"
93.174.102.103 - - [03/Jul/2026:15:57:01 +0000] "GET /favicon.ico HTTP/1.1" 200 72327 "/healthz" "Mozilla/5.0 (iPhone; CPU iPhone OS 17_4 like Mac OS X) AppleWebKit/605.1.15 Version/17.4 Mobile/15E148 Safari/604.1"
193.142.147.55 - - [03/Jul/2026:15:57:02 +0000] "GET /admin.conf HTTP/1.1" 405 614 "-" "sqlmap/1.8.4#stable"
10.42.3.21 - - [03/Jul/2026:15:57:03 +0000] "GET /healthz HTTP/1.1" 200 4847 "-" "kube-probe/1.30"
194.26.29.89 - - [03/Jul/2026:15:57:03 +0000] "GET /service-registry/instance-status.json HTTP/1.1" 403 1430 "-" "masscan/1.3 (https://github.com/robertdavidgraham/masscan)"
157.55.39.7 - - [03/Jul/2026:15:57:03 +0000] "GET /assets/app.js HTTP/1.1" 200 14854 "/metrics" "Mozilla/5.0 (X11; Linux x86_64) AppleWebKit/537.36 Chrome/122.0.0.0 Safari/537.36"
45.9.148.77 - - [03/Jul/2026:15:57:04 +0000] "HEAD /access.log HTTP/1.1" 405 2022 "-" "feroxbuster/2.11.0"
188.18.77.220 - - [03/Jul/2026:15:57:05 +0000] "GET /api/products HTTP/1.1" 304 3634 "-" "Mozilla/5.0 (Macintosh; Intel Mac OS X 14_5) AppleWebKit/605.1.15 Version/17.4 Safari/605.1.15"
91.198.174.22 - - [03/Jul/2026:15:57:05 +0000] "HEAD /metrics HTTP/1.1" 304 1303 "-" "Mozilla/5.0 (Windows NT 10.0; Win64; x64) AppleWebKit/537.36 Edg/124.0.0.0"
40.77.167.21 - - [03/Jul/2026:15:57:07 +0000] "GET /products HTTP/1.1" 200 43635 "-" "Mozilla/5.0 (iPad; CPU OS 17_4 like Mac OS X) AppleWebKit/605.1.15 Version/17.4 Mobile/15E148 Safari/604.1"
77.88.55.201 - - [03/Jul/2026:15:57:07 +0000] "GET /favicon.ico HTTP/1.1" 200 76137 "-" "Mozilla/5.0 (Macintosh; Intel Mac OS X 14_5) AppleWebKit/537.36 Chrome/124.0.0.0 Safari/537.36"
203.0.113.77 - - [03/Jul/2026:15:57:07 +0000] "GET /favicon.ico HTTP/1.1" 200 83347 "/api/products" "Mozilla/5.0 (Windows NT 10.0; Win64; x64) AppleWebKit/537.36 Edg/124.0.0.0"
141.8.153.222 - - [03/Jul/2026:15:57:08 +0000] "GET /metrics HTTP/1.1" 200 25686 "-" "Mozilla/5.0 (compatible; Googlebot/2.1; +http://www.google.com/bot.html)"
193.142.147.55 - - [03/Jul/2026:15:57:09 +0000] "HEAD /httpd/logs/access.log HTTP/1.1" 404 865 "-" "masscan/1.3 (https://github.com/robertdavidgraham/masscan)"
198.51.100.45 - - [03/Jul/2026:15:57:10 +0000] "HEAD /assets/logo.svg HTTP/1.1" 200 46953 "-" "Mozilla/5.0 (Linux; Android 13; SM-S918B) AppleWebKit/537.36 SamsungBrowser/24.0 Chrome/120.0 Mobile Safari/537.36"
157.55.39.7 - - [03/Jul/2026:15:57:10 +0000] "GET /articles/2026/q2 HTTP/1.1" 304 3699 "/sitemap.xml" "Mozilla/5.0 (Windows NT 10.0; Win64; x64) AppleWebKit/537.36 Chrome/123.0.0.0 Safari/537.36"
185.193.88.77 - - [03/Jul/2026:15:57:11 +0000] "OPTIONS /2024.sql HTTP/1.1" 302 462 "-" "feroxbuster/2.11.0"
198.51.100.45 - - [03/Jul/2026:15:57:11 +0000] "GET /favicon.ico HTTP/1.1" 304 1849 "-" "Mozilla/5.0 (Windows NT 10.0; Win64; x64) AppleWebKit/537.36 Edg/124.0.0.0"
198.51.100.45 - - [03/Jul/2026:15:57:11 +0000] "GET /healthz HTTP/1.1" 200 46059 "-" "Mozilla/5.0 (Macintosh; Intel Mac OS X 14_5) AppleWebKit/605.1.15 Version/17.4 Safari/605.1.15"
203.0.113.77 - - [03/Jul/2026:15:57:12 +0000] "GET / HTTP/1.1" 200 20694 "-" "Mozilla/5.0 (Macintosh; Intel Mac OS X 14_5) AppleWebKit/605.1.15 Version/17.4 Safari/605.1.15"
66.249.75.10 - - [03/Jul/2026:15:57:12 +0000] "GET /robots.txt HTTP/1.1" 200 21949 "/sitemap.xml" "Mozilla/5.0 (Windows NT 10.0; Win64; rv:124.0) Gecko/20100101 Firefox/124.0"
120.135.100.31 - - [03/Jul/2026:15:57:13 +0000] "GET /contacts HTTP/1.1" 304 2842 "/articles/2026/q2" "Mozilla/5.0 (compatible; Googlebot/2.1; +http://www.google.com/bot.html)"
157.55.39.7 - - [03/Jul/2026:15:57:13 +0000] "GET /favicon.ico HTTP/1.1" 200 33918 "-" "Mozilla/5.0 (Macintosh; Intel Mac OS X 14_5) AppleWebKit/537.36 Chrome/124.0.0.0 Safari/537.36"
194.26.29.89 - - [03/Jul/2026:15:57:13 +0000] "OPTIONS /.dump HTTP/1.1" 500 600 "-" "Nmap Scripting Engine"
141.8.153.222 - - [03/Jul/2026:15:57:13 +0000] "GET /favicon.ico HTTP/1.1" 200 37995 "/products" "Mozilla/5.0 (iPhone; CPU iPhone OS 17_4 like Mac OS X) AppleWebKit/605.1.15 Version/17.4 Mobile/15E148 Safari/604.1"
212.76.133.14 - - [03/Jul/2026:15:57:14 +0000] "GET /assets/site.css HTTP/1.1" 200 33288 "-" "Mozilla/5.0 (X11; Linux x86_64) AppleWebKit/537.36 Chrome/122.0.0.0 Safari/537.36"
40.77.167.21 - - [03/Jul/2026:15:57:14 +0000] "GET /healthz HTTP/1.1" 200 38174 "-" "Mozilla/5.0 (X11; Linux x86_64) AppleWebKit/537.36 Chrome/122.0.0.0 Safari/537.36"
194.26.29.89 - - [03/Jul/2026:15:57:14 +0000] "GET /coverage.xml HTTP/1.1" 404 375 "-" "Nmap Scripting Engine"
80.85.246.17 - - [03/Jul/2026:15:57:15 +0000] "GET /apache/logs/access.log HTTP/1.1" 500 1794 "-" "Wfuzz/3.1.0"
23.129.64.112 - - [03/Jul/2026:15:57:15 +0000] "HEAD /hpwebjetadmin/ HTTP/1.1" 302 882 "-" "sqlmap/1.8.4#stable"
10.42.2.77 - - [03/Jul/2026:15:57:17 +0000] "GET /healthz HTTP/1.1" 200 2799 "-" "kube-probe/1.30"
66.249.75.10 - - [03/Jul/2026:15:57:17 +0000] "GET /healthz HTTP/1.1" 200 54531 "-" "Mozilla/5.0 (Windows NT 10.0; Win64; rv:124.0) Gecko/20100101 Firefox/124.0"
156.146.62.11 - - [03/Jul/2026:15:57:18 +0000] "GET /wp-content/plugins/count-per-day/js/yc/d00.php HTTP/1.1" 302 1417 "-" "Wfuzz/3.1.0"
24.170.152.114 - - [03/Jul/2026:15:57:18 +0000] "HEAD /fpadmin/ HTTP/1.1" 403 606 "-" "masscan/1.3 (https://github.com/robertdavidgraham/masscan)"
104.244.72.115 - - [03/Jul/2026:15:57:19 +0000] "GET /\..\..\..\..\..\..\..\..\..\etc\passwd HTTP/1.1" 405 743 "-" "python-requests/2.31.0"
10.42.1.134 - - [03/Jul/2026:15:57:19 +0000] "GET /healthz HTTP/1.1" 200 4910 "-" "curl/8.6.0"
213.24.11.146 - - [03/Jul/2026:15:57:21 +0000] "GET / HTTP/1.1" 200 14875 "-" "Mozilla/5.0 (Macintosh; Intel Mac OS X 14_5) AppleWebKit/537.36 Chrome/124.0.0.0 Safari/537.36"
103.28.219.221 - - [03/Jul/2026:15:57:23 +0000] "GET /assets/site.css HTTP/1.1" 200 20894 "-" "Mozilla/5.0 (Windows NT 10.0; Win64; x64) AppleWebKit/537.36 Chrome/123.0.0.0 Safari/537.36"
10.42.1.102 - - [03/Jul/2026:15:57:23 +0000] "GET /metrics HTTP/1.1" 200 3715 "-" "curl/8.6.0"
156.146.62.11 - - [03/Jul/2026:15:57:23 +0000] "GET /phpMyAdmin-2.11.8.1/ HTTP/1.1" 404 277 "-" "feroxbuster/2.11.0"
46.188.19.142 - - [03/Jul/2026:15:57:23 +0000] "GET /api/products HTTP/1.1" 200 55916 "-" "Mozilla/5.0 (compatible; Googlebot/2.1; +http://www.google.com/bot.html)"
203.0.113.77 - - [03/Jul/2026:15:57:23 +0000] "GET /products HTTP/1.1" 200 17078 "/" "Mozilla/5.0 (Linux; Android 13; SM-S918B) AppleWebKit/537.36 SamsungBrowser/24.0 Chrome/120.0 Mobile Safari/537.36"
91.198.174.22 - - [03/Jul/2026:15:57:23 +0000] "GET /healthz HTTP/1.1" 200 67714 "-" "Mozilla/5.0 (Macintosh; Intel Mac OS X 14_5) AppleWebKit/537.36 Chrome/124.0.0.0 Safari/537.36"
198.51.100.45 - - [03/Jul/2026:15:57:24 +0000] "GET /assets/logo.svg HTTP/1.1" 200 76778 "/assets/logo.svg" "Mozilla/5.0 (Macintosh; Intel Mac OS X 14_5) AppleWebKit/605.1.15 Version/17.4 Safari/605.1.15"
51.2.186.154 - - [03/Jul/2026:15:57:24 +0000] "GET /.environment HTTP/1.1" 403 538 "-" "ffuf/2.1.0"
213.24.11.146 - - [03/Jul/2026:15:57:25 +0000] "GET /api/products HTTP/1.1" 200 34671 "-" "Mozilla/5.0 (iPhone; CPU iPhone OS 17_4 like Mac OS X) AppleWebKit/605.1.15 Version/17.4 Mobile/15E148 Safari/604.1"
5.188.206.67 - - [03/Jul/2026:15:57:25 +0000] "HEAD /.cr/ HTTP/1.1" 405 850 "-" "Nmap Scripting Engine"
91.198.174.22 - - [03/Jul/2026:15:57:25 +0000] "GET /api/news HTTP/1.1" 200 51350 "/healthz" "Mozilla/5.0 (Windows NT 10.0; Win64; x64) AppleWebKit/537.36 Edg/124.0.0.0"
23.129.64.112 - - [03/Jul/2026:15:57:26 +0000] "GET /tmp/access.log HTTP/1.1" 301 1224 "-" "masscan/1.3 (https://github.com/robertdavidgraham/masscan)"
66.249.75.10 - - [03/Jul/2026:15:57:26 +0000] "GET /products HTTP/1.1" 200 6524 "-" "Mozilla/5.0 (iPad; CPU OS 17_4 like Mac OS X) AppleWebKit/605.1.15 Version/17.4 Mobile/15E148 Safari/604.1"
185.193.88.77 - - [03/Jul/2026:15:57:26 +0000] "OPTIONS /apache/logs/access.log HTTP/1.1" 404 1274 "-" "python-requests/2.31.0"
254.51.64.202 - - [03/Jul/2026:15:57:27 +0000] "GET /public.. HTTP/1.1" 403 1248 "-" "dirsearch/0.4.3"
15.173.83.43 - - [03/Jul/2026:15:57:28 +0000] "GET /robots.txt HTTP/1.1" 200 74275 "/api/products" "Mozilla/5.0 (Windows NT 10.0; Win64; rv:124.0) Gecko/20100101 Firefox/124.0"
34.225.130.186 - - [03/Jul/2026:15:57:29 +0000] "GET /favicon.ico HTTP/1.1" 200 81887 "/favicon.ico" "Mozilla/5.0 (compatible; Googlebot/2.1; +http://www.google.com/bot.html)"
40.77.167.21 - - [03/Jul/2026:15:57:29 +0000] "GET /assets/logo.svg HTTP/1.1" 200 41975 "/assets/app.js" "Mozilla/5.0 (X11; Linux x86_64) AppleWebKit/537.36 Chrome/122.0.0.0 Safari/537.36"
188.18.77.220 - - [03/Jul/2026:15:57:29 +0000] "GET /metrics HTTP/1.1" 200 44302 "-" "Mozilla/5.0 (iPad; CPU OS 17_4 like Mac OS X) AppleWebKit/605.1.15 Version/17.4 Mobile/15E148 Safari/604.1"
46.188.19.142 - - [03/Jul/2026:15:57:29 +0000] "GET /about HTTP/1.1" 304 1420 "-" "Mozilla/5.0 (compatible; bingbot/2.0; +http://www.bing.com/bingbot.htm)"
171.25.193.20 - - [03/Jul/2026:15:57:29 +0000] "GET /bitrix/modules/error.log HTTP/1.1" 301 1413 "-" "python-requests/2.31.0"
198.51.100.45 - - [03/Jul/2026:15:57:29 +0000] "GET /robots.txt HTTP/1.1" 200 15752 "-" "Mozilla/5.0 (iPhone; CPU iPhone OS 17_4 like Mac OS X) AppleWebKit/605.1.15 Version/17.4 Mobile/15E148 Safari/604.1"
66.249.75.10 - - [03/Jul/2026:15:57:29 +0000] "GET /api/news HTTP/1.1" 304 4000 "/assets/logo.svg" "Mozilla/5.0 (compatible; YandexBot/3.0; +http://yandex.com/bots)"
212.76.133.14 - - [03/Jul/2026:15:57:31 +0000] "GET /assets/site.css HTTP/1.1" 304 2890 "-" "Mozilla/5.0 (Linux; Android 13; SM-S918B) AppleWebKit/537.36 SamsungBrowser/24.0 Chrome/120.0 Mobile Safari/537.36"
188.18.77.220 - - [03/Jul/2026:15:57:31 +0000] "GET /about HTTP/1.1" 304 467 "/" "Mozilla/5.0 (iPhone; CPU iPhone OS 17_4 like Mac OS X) AppleWebKit/605.1.15 Version/17.4 Mobile/15E148 Safari/604.1"
213.24.11.146 - - [03/Jul/2026:15:57:32 +0000] "GET / HTTP/1.1" 200 80712 "/about" "Mozilla/5.0 (Macintosh; Intel Mac OS X 14_5) AppleWebKit/537.36 Chrome/124.0.0.0 Safari/537.36"
157.55.39.7 - - [03/Jul/2026:15:57:33 +0000] "GET /products HTTP/1.1" 200 16772 "-" "Mozilla/5.0 (Windows NT 10.0; Win64; x64) AppleWebKit/537.36 Chrome/123.0.0.0 Safari/537.36"
213.24.11.146 - - [03/Jul/2026:15:57:35 +0000] "GET /products HTTP/1.1" 200 58579 "-" "Mozilla/5.0 (Macintosh; Intel Mac OS X 14_5) AppleWebKit/605.1.15 Version/17.4 Safari/605.1.15"
194.26.29.89 - - [03/Jul/2026:15:57:35 +0000] "GET /sales.sql.gz HTTP/1.1" 404 218 "-" "ffuf/2.1.0"
203.0.113.77 - - [03/Jul/2026:15:57:35 +0000] "GET /robots.txt HTTP/1.1" 200 63026 "/products" "Mozilla/5.0 (compatible; Googlebot/2.1; +http://www.google.com/bot.html)"
203.0.113.77 - - [03/Jul/2026:15:57:35 +0000] "GET /metrics HTTP/1.1" 200 55824 "/metrics" "Mozilla/5.0 (compatible; Googlebot/2.1; +http://www.google.com/bot.html)"
212.76.133.14 - - [03/Jul/2026:15:57:36 +0000] "GET /products HTTP/1.1" 200 9653 "-" "Mozilla/5.0 (Macintosh; Intel Mac OS X 14_5) AppleWebKit/605.1.15 Version/17.4 Safari/605.1.15"
104.244.72.115 - - [03/Jul/2026:15:57:36 +0000] "HEAD /LICENSE.txt HTTP/1.1" 301 2108 "-" "sqlmap/1.8.4#stable"
133.116.49.149 - - [03/Jul/2026:15:57:38 +0000] "GET /metrics HTTP/1.1" 200 42741 "-" "Mozilla/5.0 (Windows NT 10.0; Win64; rv:124.0) Gecko/20100101 Firefox/124.0"
80.85.246.17 - - [03/Jul/2026:15:57:38 +0000] "GET /apache/logs/access.log HTTP/1.1" 403 840 "-" "Wfuzz/3.1.0"
66.249.75.10 - - [03/Jul/2026:15:57:38 +0000] "GET /products HTTP/1.1" 200 2474 "-" "Mozilla/5.0 (compatible; YandexBot/3.0; +http://yandex.com/bots)"
141.8.153.222 - - [03/Jul/2026:15:57:39 +0000] "GET /contacts HTTP/1.1" 304 520 "/healthz" "Mozilla/5.0 (compatible; Googlebot/2.1; +http://www.google.com/bot.html)"
135.148.178.158 - - [03/Jul/2026:15:57:39 +0000] "GET /favicon.ico HTTP/1.1" 304 2596 "-" "Mozilla/5.0 (compatible; YandexBot/3.0; +http://yandex.com/bots)"
46.188.19.142 - - [03/Jul/2026:15:57:41 +0000] "GET /assets/app.js HTTP/1.1" 200 70065 "-" "Mozilla/5.0 (Macintosh; Intel Mac OS X 14_5) AppleWebKit/605.1.15 Version/17.4 Safari/605.1.15"
212.76.133.14 - - [03/Jul/2026:15:57:41 +0000] "GET /articles/2026/q2 HTTP/1.1" 200 41509 "-" "Mozilla/5.0 (Linux; Android 13; SM-S918B) AppleWebKit/537.36 SamsungBrowser/24.0 Chrome/120.0 Mobile Safari/537.36"
46.188.19.142 - - [03/Jul/2026:15:57:42 +0000] "GET /sitemap.xml HTTP/1.1" 200 67691 "-" "Mozilla/5.0 (Macintosh; Intel Mac OS X 14_5) AppleWebKit/537.36 Chrome/124.0.0.0 Safari/537.36"
32.154.226.144 - - [03/Jul/2026:15:57:42 +0000] "GET /products HTTP/1.1" 304 214 "-" "Mozilla/5.0 (Windows NT 10.0; Win64; rv:124.0) Gecko/20100101 Firefox/124.0"
46.188.19.142 - - [03/Jul/2026:15:57:43 +0000] "GET /healthz HTTP/1.1" 200 16721 "/assets/site.css" "Mozilla/5.0 (Windows NT 10.0; Win64; rv:124.0) Gecko/20100101 Firefox/124.0"
23.129.64.112 - - [03/Jul/2026:15:57:43 +0000] "GET /localsettings.php.txt HTTP/1.1" 403 1807 "-" "DirBuster-1.0-RC1"
213.24.11.146 - - [03/Jul/2026:15:57:43 +0000] "GET /articles/2026/q2 HTTP/1.1" 200 61369 "-" "Mozilla/5.0 (iPad; CPU OS 17_4 like Mac OS X) AppleWebKit/605.1.15 Version/17.4 Mobile/15E148 Safari/604.1"
46.188.19.142 - - [03/Jul/2026:15:57:43 +0000] "GET /robots.txt HTTP/1.1" 200 40447 "-" "Mozilla/5.0 (Linux; Android 13; SM-S918B) AppleWebKit/537.36 SamsungBrowser/24.0 Chrome/120.0 Mobile Safari/537.36"
156.146.62.11 - - [03/Jul/2026:15:57:44 +0000] "OPTIONS /source_gen.caches HTTP/1.1" 301 1571 "-" "masscan/1.3 (https://github.com/robertdavidgraham/masscan)"
156.146.62.11 - - [03/Jul/2026:15:57:45 +0000] "GET /sugarcrm.log HTTP/1.1" 500 527 "-" "Nmap Scripting Engine"
188.18.77.220 - - [03/Jul/2026:15:57:47 +0000] "HEAD /assets/site.css HTTP/1.1" 200 3368 "/robots.txt" "Mozilla/5.0 (Macintosh; Intel Mac OS X 14_5) AppleWebKit/537.36 Chrome/124.0.0.0 Safari/537.36"
188.18.77.220 - - [03/Jul/2026:15:57:47 +0000] "GET /api/products HTTP/1.1" 200 16533 "-" "Mozilla/5.0 (Linux; Android 13; SM-S918B) AppleWebKit/537.36 SamsungBrowser/24.0 Chrome/120.0 Mobile Safari/537.36"
46.188.19.142 - - [03/Jul/2026:15:57:47 +0000] "GET /robots.txt HTTP/1.1" 200 22363 "/articles/2026/q2" "Mozilla/5.0 (Macintosh; Intel Mac OS X 14_5) AppleWebKit/537.36 Chrome/124.0.0.0 Safari/537.36"
212.76.133.14 - - [03/Jul/2026:15:57:47 +0000] "GET /articles/2026/q2 HTTP/1.1" 200 67370 "/api/products" "Mozilla/5.0 (Macintosh; Intel Mac OS X 14_5) AppleWebKit/605.1.15 Version/17.4 Safari/605.1.15"
141.8.153.222 - - [03/Jul/2026:15:57:48 +0000] "GET /healthz HTTP/1.1" 200 63011 "-" "Mozilla/5.0 (Macintosh; Intel Mac OS X 14_5) AppleWebKit/605.1.15 Version/17.4 Safari/605.1.15"
138.146.201.217 - - [03/Jul/2026:15:57:48 +0000] "GET /assets/app.js HTTP/1.1" 304 3374 "-" "Mozilla/5.0 (Windows NT 10.0; Win64; x64) AppleWebKit/537.36 Chrome/123.0.0.0 Safari/537.36"
91.198.174.22 - - [03/Jul/2026:15:57:49 +0000] "GET /api/products HTTP/1.1" 200 14700 "/api/products" "Mozilla/5.0 (iPhone; CPU iPhone OS 17_4 like Mac OS X) AppleWebKit/605.1.15 Version/17.4 Mobile/15E148 Safari/604.1"
212.76.133.14 - - [03/Jul/2026:15:57:50 +0000] "GET / HTTP/1.1" 304 2198 "/metrics" "Mozilla/5.0 (Windows NT 10.0; Win64; x64) AppleWebKit/537.36 Edg/124.0.0.0"
66.249.75.10 - - [03/Jul/2026:15:57:50 +0000] "GET /api/news HTTP/1.1" 200 39864 "-" "Mozilla/5.0 (Linux; Android 13; SM-S918B) AppleWebKit/537.36 SamsungBrowser/24.0 Chrome/120.0 Mobile Safari/537.36"
45.103.189.194 - - [03/Jul/2026:15:57:51 +0000] "HEAD /contacts HTTP/1.1" 304 3064 "-" "Mozilla/5.0 (X11; Linux x86_64) AppleWebKit/537.36 Chrome/122.0.0.0 Safari/537.36"
188.18.77.220 - - [03/Jul/2026:15:57:51 +0000] "GET /healthz HTTP/1.1" 200 8524 "/metrics" "Mozilla/5.0 (Windows NT 10.0; Win64; rv:124.0) Gecko/20100101 Firefox/124.0"
23.129.64.112 - - [03/Jul/2026:15:57:54 +0000] "GET /app/etc/local.xml.template HTTP/1.1" 500 643 "-" "DirBuster-1.0-RC1"
203.0.113.77 - - [03/Jul/2026:15:57:54 +0000] "GET /assets/logo.svg HTTP/1.1" 200 31124 "-" "Mozilla/5.0 (Linux; Android 13; SM-S918B) AppleWebKit/537.36 SamsungBrowser/24.0 Chrome/120.0 Mobile Safari/537.36"
212.76.133.14 - - [03/Jul/2026:15:57:55 +0000] "GET /articles/2026/q2 HTTP/1.1" 304 3575 "-" "Mozilla/5.0 (Macintosh; Intel Mac OS X 14_5) AppleWebKit/537.36 Chrome/124.0.0.0 Safari/537.36"
91.198.174.22 - - [03/Jul/2026:15:57:55 +0000] "GET /contacts HTTP/1.1" 200 83604 "-" "Mozilla/5.0 (Windows NT 10.0; Win64; rv:124.0) Gecko/20100101 Firefox/124.0"
10.42.2.51 - - [03/Jul/2026:15:57:55 +0000] "GET /healthz HTTP/1.1" 200 5140 "-" "curl/8.6.0"
188.18.77.220 - - [03/Jul/2026:15:57:56 +0000] "GET /metrics HTTP/1.1" 200 67058 "/products" "Mozilla/5.0 (Macintosh; Intel Mac OS X 14_5) AppleWebKit/605.1.15 Version/17.4 Safari/605.1.15"
157.55.39.7 - - [03/Jul/2026:15:57:57 +0000] "GET /about HTTP/1.1" 200 39765 "-" "Mozilla/5.0 (Macintosh; Intel Mac OS X 14_5) AppleWebKit/605.1.15 Version/17.4 Safari/605.1.15"
5.188.206.67 - - [03/Jul/2026:15:57:58 +0000] "OPTIONS /administrator/logs HTTP/1.1" 404 746 "-" "python-requests/2.31.0"
40.77.167.21 - - [03/Jul/2026:15:58:00 +0000] "HEAD /metrics HTTP/1.1" 200 3346 "/sitemap.xml" "Mozilla/5.0 (compatible; bingbot/2.0; +http://www.bing.com/bingbot.htm)"
91.198.174.22 - - [03/Jul/2026:15:58:02 +0000] "GET /healthz HTTP/1.1" 200 29600 "/products" "Mozilla/5.0 (Linux; Android 13; SM-S918B) AppleWebKit/537.36 SamsungBrowser/24.0 Chrome/120.0 Mobile Safari/537.36"
212.76.133.14 - - [03/Jul/2026:15:58:02 +0000] "GET /assets/site.css HTTP/1.1" 200 40218 "-" "Mozilla/5.0 (iPad; CPU OS 17_4 like Mac OS X) AppleWebKit/605.1.15 Version/17.4 Mobile/15E148 Safari/604.1"
212.76.133.14 - - [03/Jul/2026:15:58:03 +0000] "GET /contacts HTTP/1.1" 304 2620 "-" "Mozilla/5.0 (Windows NT 10.0; Win64; x64) AppleWebKit/537.36 Chrome/123.0.0.0 Safari/537.36"
141.8.153.222 - - [03/Jul/2026:15:58:04 +0000] "GET /assets/app.js HTTP/1.1" 200 27587 "-" "Mozilla/5.0 (Linux; Android 13; SM-S918B) AppleWebKit/537.36 SamsungBrowser/24.0 Chrome/120.0 Mobile Safari/537.36"
45.146.164.12 - - [03/Jul/2026:15:58:04 +0000] "OPTIONS /stats HTTP/1.1" 403 2050 "-" "Wfuzz/3.1.0"
1.206.199.204 - - [03/Jul/2026:15:58:04 +0000] "GET /healthz HTTP/1.1" 200 35182 "-" "Mozilla/5.0 (Windows NT 10.0; Win64; rv:124.0) Gecko/20100101 Firefox/124.0"
206.10.107.4 - - [03/Jul/2026:15:58:04 +0000] "GET /about HTTP/1.1" 200 40009 "-" "Mozilla/5.0 (Windows NT 10.0; Win64; x64) AppleWebKit/537.36 Edg/124.0.0.0"
46.188.19.142 - - [03/Jul/2026:15:58:04 +0000] "GET / HTTP/1.1" 200 8412 "/favicon.ico" "Mozilla/5.0 (Windows NT 10.0; Win64; x64) AppleWebKit/537.36 Edg/124.0.0.0"
152.48.231.47 - - [03/Jul/2026:15:58:04 +0000] "GET /api/news HTTP/1.1" 200 7099 "-" "Mozilla/5.0 (compatible; bingbot/2.0; +http://www.bing.com/bingbot.htm)"
141.8.153.222 - - [03/Jul/2026:15:58:04 +0000] "GET /metrics HTTP/1.1" 200 3700 "-" "Mozilla/5.0 (Macintosh; Intel Mac OS X 14_5) AppleWebKit/605.1.15 Version/17.4 Safari/605.1.15"
194.26.29.89 - - [03/Jul/2026:15:58:06 +0000] "GET /bitrix/modules HTTP/1.1" 404 1779 "-" "python-requests/2.31.0"
212.76.133.14 - - [03/Jul/2026:15:58:06 +0000] "GET /about HTTP/1.1" 200 73490 "/articles/2026/q2" "Mozilla/5.0 (compatible; bingbot/2.0; +http://www.bing.com/bingbot.htm)"
141.8.153.222 - - [03/Jul/2026:15:58:08 +0000] "GET /assets/site.css HTTP/1.1" 200 26939 "/metrics" "Mozilla/5.0 (Windows NT 10.0; Win64; x64) AppleWebKit/537.36 Edg/124.0.0.0"
157.55.39.7 - - [03/Jul/2026:15:58:09 +0000] "GET /assets/site.css HTTP/1.1" 200 64243 "/assets/logo.svg" "Mozilla/5.0 (iPhone; CPU iPhone OS 17_4 like Mac OS X) AppleWebKit/605.1.15 Version/17.4 Mobile/15E148 Safari/604.1"
40.77.167.21 - - [03/Jul/2026:15:58:09 +0000] "GET /about HTTP/1.1" 200 65845 "/products" "Mozilla/5.0 (Windows NT 10.0; Win64; x64) AppleWebKit/537.36 Chrome/123.0.0.0 Safari/537.36"
91.198.174.22 - - [03/Jul/2026:15:58:10 +0000] "GET /about HTTP/1.1" 200 80951 "/sitemap.xml" "Mozilla/5.0 (Macintosh; Intel Mac OS X 14_5) AppleWebKit/537.36 Chrome/124.0.0.0 Safari/537.36"
185.220.101.54 - - [03/Jul/2026:15:58:11 +0000] "OPTIONS /config.hash HTTP/1.1" 301 1025 "-" "ffuf/2.1.0"
40.77.167.21 - - [03/Jul/2026:15:58:11 +0000] "GET /articles/2026/q2 HTTP/1.1" 200 66523 "-" "Mozilla/5.0 (Linux; Android 13; SM-S918B) AppleWebKit/537.36 SamsungBrowser/24.0 Chrome/120.0 Mobile Safari/537.36"
185.193.88.77 - - [03/Jul/2026:15:58:11 +0000] "GET /backup2023.zip HTTP/1.1" 404 1854 "-" "Nmap Scripting Engine"
104.244.72.115 - - [03/Jul/2026:15:58:11 +0000] "GET /app/composer.json HTTP/1.1" 301 1723 "-" "masscan/1.3 (https://github.com/robertdavidgraham/masscan)"
156.146.62.11 - - [03/Jul/2026:15:58:13 +0000] "GET /syslog/ HTTP/1.1" 301 1641 "-" "dirsearch/0.4.3"
46.188.19.142 - - [03/Jul/2026:15:58:13 +0000] "GET /assets/site.css HTTP/1.1" 200 67017 "-" "Mozilla/5.0 (Windows NT 10.0; Win64; x64) AppleWebKit/537.36 Edg/124.0.0.0"
157.55.39.7 - - [03/Jul/2026:15:58:14 +0000] "GET /metrics HTTP/1.1" 200 39401 "-" "Mozilla/5.0 (Linux; Android 13; SM-S918B) AppleWebKit/537.36 SamsungBrowser/24.0 Chrome/120.0 Mobile Safari/537.36"
193.142.147.55 - - [03/Jul/2026:15:58:14 +0000] "GET /global.asax.tmp HTTP/1.1" 403 292 "-" "masscan/1.3 (https://github.com/robertdavidgraham/masscan)"
198.51.100.45 - - [03/Jul/2026:15:58:15 +0000] "GET /contacts HTTP/1.1" 304 2094 "/products" "Mozilla/5.0 (compatible; bingbot/2.0; +http://www.bing.com/bingbot.htm)"
66.249.75.10 - - [03/Jul/2026:15:58:16 +0000] "GET /sitemap.xml HTTP/1.1" 200 49750 "-" "Mozilla/5.0 (compatible; bingbot/2.0; +http://www.bing.com/bingbot.htm)"
77.88.55.201 - - [03/Jul/2026:15:58:16 +0000] "GET /assets/logo.svg HTTP/1.1" 304 2717 "-" "Mozilla/5.0 (Macintosh; Intel Mac OS X 14_5) AppleWebKit/537.36 Chrome/124.0.0.0 Safari/537.36"
66.249.75.10 - - [03/Jul/2026:15:58:16 +0000] "HEAD /metrics HTTP/1.1" 200 24593 "-" "Mozilla/5.0 (Macintosh; Intel Mac OS X 14_5) AppleWebKit/605.1.15 Version/17.4 Safari/605.1.15"
222.223.94.121 - - [03/Jul/2026:15:58:17 +0000] "GET /assets/logo.svg HTTP/1.1" 304 1920 "-" "Mozilla/5.0 (X11; Linux x86_64) AppleWebKit/537.36 Chrome/122.0.0.0 Safari/537.36"
91.198.174.22 - - [03/Jul/2026:15:58:17 +0000] "GET /products HTTP/1.1" 200 59642 "-" "Mozilla/5.0 (Windows NT 10.0; Win64; x64) AppleWebKit/537.36 Edg/124.0.0.0"
66.249.75.10 - - [03/Jul/2026:15:58:18 +0000] "GET /contacts HTTP/1.1" 200 77996 "/metrics" "Mozilla/5.0 (Windows NT 10.0; Win64; x64) AppleWebKit/537.36 Edg/124.0.0.0"
213.24.11.146 - - [03/Jul/2026:15:58:18 +0000] "GET /contacts HTTP/1.1" 200 57275 "/robots.txt" "Mozilla/5.0 (iPhone; CPU iPhone OS 17_4 like Mac OS X) AppleWebKit/605.1.15 Version/17.4 Mobile/15E148 Safari/604.1"
141.8.153.222 - - [03/Jul/2026:15:58:18 +0000] "GET /favicon.ico HTTP/1.1" 200 29776 "-" "DuckDuckBot/1.0; (+http://duckduckgo.com/duckduckbot)"
45.9.148.77 - - [03/Jul/2026:15:58:19 +0000] "HEAD /phpMyAdmin-2.11.1/ HTTP/1.1" 404 1888 "-" "Wfuzz/3.1.0"
212.76.133.14 - - [03/Jul/2026:15:58:19 +0000] "GET /sitemap.xml HTTP/1.1" 304 2513 "-" "Mozilla/5.0 (Macintosh; Intel Mac OS X 14_5) AppleWebKit/537.36 Chrome/124.0.0.0 Safari/537.36"
203.0.113.77 - - [03/Jul/2026:15:58:19 +0000] "GET /about HTTP/1.1" 304 131 "-" "Mozilla/5.0 (Windows NT 10.0; Win64; rv:124.0) Gecko/20100101 Firefox/124.0"
53.167.223.202 - - [03/Jul/2026:15:58:20 +0000] "GET /api/products HTTP/1.1" 200 61816 "/articles/2026/q2" "Mozilla/5.0 (Macintosh; Intel Mac OS X 14_5) AppleWebKit/537.36 Chrome/124.0.0.0 Safari/537.36"
10.42.1.204 - - [03/Jul/2026:15:58:20 +0000] "GET /metrics HTTP/1.1" 200 732 "-" "curl/8.6.0"
198.51.100.45 - - [03/Jul/2026:15:58:21 +0000] "GET /robots.txt HTTP/1.1" 200 24390 "-" "Mozilla/5.0 (Macintosh; Intel Mac OS X 14_5) AppleWebKit/605.1.15 Version/17.4 Safari/605.1.15"
212.76.133.14 - - [03/Jul/2026:15:58:21 +0000] "GET /api/news HTTP/1.1" 200 26337 "/articles/2026/q2" "Mozilla/5.0 (iPhone; CPU iPhone OS 17_4 like Mac OS X) AppleWebKit/605.1.15 Version/17.4 Mobile/15E148 Safari/604.1"
213.43.57.61 - - [03/Jul/2026:15:58:21 +0000] "GET /metrics HTTP/1.1" 200 57395 "-" "Mozilla/5.0 (Linux; Android 13; SM-S918B) AppleWebKit/537.36 SamsungBrowser/24.0 Chrome/120.0 Mobile Safari/537.36"
115.67.56.50 - - [03/Jul/2026:15:58:21 +0000] "GET /api/news HTTP/1.1" 200 37672 "/" "DuckDuckBot/1.0; (+http://duckduckgo.com/duckduckbot)"
198.51.100.45 - - [03/Jul/2026:15:58:22 +0000] "GET /assets/app.js HTTP/1.1" 200 32112 "-" "Mozilla/5.0 (Macintosh; Intel Mac OS X 14_5) AppleWebKit/537.36 Chrome/124.0.0.0 Safari/537.36"
203.0.113.77 - - [03/Jul/2026:15:58:22 +0000] "GET /sitemap.xml HTTP/1.1" 200 40358 "-" "Mozilla/5.0 (compatible; YandexBot/3.0; +http://yandex.com/bots)"
46.188.19.142 - - [03/Jul/2026:15:58:23 +0000] "GET / HTTP/1.1" 200 22340 "-" "Mozilla/5.0 (Windows NT 10.0; Win64; rv:124.0) Gecko/20100101 Firefox/124.0"
203.0.113.77 - - [03/Jul/2026:15:58:23 +0000] "HEAD /about HTTP/1.1" 200 25470 "-" "Mozilla/5.0 (Macintosh; Intel Mac OS X 14_5) AppleWebKit/537.36 Chrome/124.0.0.0 Safari/537.36"
40.77.167.21 - - [03/Jul/2026:15:58:23 +0000] "GET /healthz HTTP/1.1" 200 45864 "/articles/2026/q2" "Mozilla/5.0 (iPhone; CPU iPhone OS 17_4 like Mac OS X) AppleWebKit/605.1.15 Version/17.4 Mobile/15E148 Safari/604.1"
203.0.113.77 - - [03/Jul/2026:15:58:24 +0000] "GET /api/news HTTP/1.1" 200 15165 "/api/news" "DuckDuckBot/1.0; (+http://duckduckgo.com/duckduckbot)"
213.24.11.146 - - [03/Jul/2026:15:58:26 +0000] "GET /api/products HTTP/1.1" 200 50419 "-" "Mozilla/5.0 (iPhone; CPU iPhone OS 17_4 like Mac OS X) AppleWebKit/605.1.15 Version/17.4 Mobile/15E148 Safari/604.1"
45.146.164.12 - - [03/Jul/2026:15:58:26 +0000] "GET /sqlbuddy/login.php HTTP/1.1" 403 849 "-" "DirBuster-1.0-RC1"
157.55.39.7 - - [03/Jul/2026:15:58:26 +0000] "GET /sitemap.xml HTTP/1.1" 200 12817 "/sitemap.xml" "Mozilla/5.0 (X11; Linux x86_64) AppleWebKit/537.36 Chrome/122.0.0.0 Safari/537.36"
10.42.3.251 - - [03/Jul/2026:15:58:27 +0000] "GET /healthz HTTP/1.1" 200 4508 "-" "curl/8.6.0"
98.232.69.212 - - [03/Jul/2026:15:58:27 +0000] "GET /articles/2026/q2 HTTP/1.1" 304 1153 "-" "Mozilla/5.0 (Macintosh; Intel Mac OS X 14_5) AppleWebKit/537.36 Chrome/124.0.0.0 Safari/537.36"
131.132.9.170 - - [03/Jul/2026:15:58:28 +0000] "GET /about HTTP/1.1" 200 53941 "-" "Mozilla/5.0 (Windows NT 10.0; Win64; rv:124.0) Gecko/20100101 Firefox/124.0"
23.129.64.112 - - [03/Jul/2026:15:58:28 +0000] "GET /relogin.php HTTP/1.1" 404 761 "-" "ffuf/2.1.0"
213.24.11.146 - - [03/Jul/2026:15:58:28 +0000] "GET /robots.txt HTTP/1.1" 200 16597 "/healthz" "Mozilla/5.0 (Windows NT 10.0; Win64; x64) AppleWebKit/537.36 Chrome/123.0.0.0 Safari/537.36"
198.51.100.45 - - [03/Jul/2026:15:58:28 +0000] "GET /favicon.ico HTTP/1.1" 200 8901 "-" "Mozilla/5.0 (Macintosh; Intel Mac OS X 14_5) AppleWebKit/537.36 Chrome/124.0.0.0 Safari/537.36"
203.0.113.77 - - [03/Jul/2026:15:58:28 +0000] "GET /healthz HTTP/1.1" 200 69674 "/contacts" "Mozilla/5.0 (Macintosh; Intel Mac OS X 14_5) AppleWebKit/605.1.15 Version/17.4 Safari/605.1.15"
10.42.1.222 - - [03/Jul/2026:15:58:29 +0000] "GET /healthz HTTP/1.1" 200 1057 "-" "kube-probe/1.30"
91.198.174.22 - - [03/Jul/2026:15:58:29 +0000] "GET /metrics HTTP/1.1" 304 3929 "/sitemap.xml" "Mozilla/5.0 (Windows NT 10.0; Win64; rv:124.0) Gecko/20100101 Firefox/124.0"
10.42.0.73 - - [03/Jul/2026:15:58:30 +0000] "GET /metrics HTTP/1.1" 200 2676 "-" "kube-probe/1.30"
45.9.148.77 - - [03/Jul/2026:15:58:30 +0000] "OPTIONS /backoffice/ HTTP/1.1" 405 1305 "-" "feroxbuster/2.11.0"
185.193.88.77 - - [03/Jul/2026:15:58:30 +0000] "GET /lib/flex/varien/.flexLibProperties HTTP/1.1" 404 1768 "-" "masscan/1.3 (https://github.com/robertdavidgraham/masscan)"
10.58.244.71 - - [03/Jul/2026:15:58:31 +0000] "GET /assets/app.js HTTP/1.1" 200 69498 "-" "Mozilla/5.0 (Windows NT 10.0; Win64; x64) AppleWebKit/537.36 Chrome/123.0.0.0 Safari/537.36"
121.214.62.131 - - [03/Jul/2026:15:58:33 +0000] "GET /robots.txt HTTP/1.1" 304 875 "/favicon.ico" "Mozilla/5.0 (iPhone; CPU iPhone OS 17_4 like Mac OS X) AppleWebKit/605.1.15 Version/17.4 Mobile/15E148 Safari/604.1"
45.9.148.77 - - [03/Jul/2026:15:58:33 +0000] "GET /_logs/access.log HTTP/1.1" 403 1647 "-" "masscan/1.3 (https://github.com/robertdavidgraham/masscan)"
156.146.62.11 - - [03/Jul/2026:15:58:33 +0000] "OPTIONS /test.aspx HTTP/1.1" 403 590 "-" "Go-http-client/1.1"
10.42.1.6 - - [03/Jul/2026:15:58:34 +0000] "GET /healthz HTTP/1.1" 200 5875 "-" "curl/8.6.0"
203.0.113.77 - - [03/Jul/2026:15:58:34 +0000] "HEAD /about HTTP/1.1" 200 67152 "/articles/2026/q2" "Mozilla/5.0 (compatible; Googlebot/2.1; +http://www.google.com/bot.html)"
212.76.133.14 - - [03/Jul/2026:15:58:34 +0000] "GET /articles/2026/q2 HTTP/1.1" 200 19936 "-" "Mozilla/5.0 (iPhone; CPU iPhone OS 17_4 like Mac OS X) AppleWebKit/605.1.15 Version/17.4 Mobile/15E148 Safari/604.1"
141.8.153.222 - - [03/Jul/2026:15:58:34 +0000] "GET /healthz HTTP/1.1" 304 1531 "-" "Mozilla/5.0 (Windows NT 10.0; Win64; x64) AppleWebKit/537.36 Edg/124.0.0.0"
141.8.153.222 - - [03/Jul/2026:15:58:35 +0000] "GET /contacts HTTP/1.1" 200 84658 "-" "Mozilla/5.0 (Windows NT 10.0; Win64; x64) AppleWebKit/537.36 Edg/124.0.0.0"
157.55.39.7 - - [03/Jul/2026:15:58:35 +0000] "GET /favicon.ico HTTP/1.1" 200 34732 "/api/products" "Mozilla/5.0 (Windows NT 10.0; Win64; x64) AppleWebKit/537.36 Edg/124.0.0.0"
5.188.206.67 - - [03/Jul/2026:15:58:36 +0000] "GET /lib/flex/uploader/.actionScriptProperties HTTP/1.1" 404 1968 "-" "Go-http-client/1.1"
141.8.153.222 - - [03/Jul/2026:15:58:36 +0000] "GET /sitemap.xml HTTP/1.1" 200 69851 "/products" "Mozilla/5.0 (Windows NT 10.0; Win64; x64) AppleWebKit/537.36 Chrome/123.0.0.0 Safari/537.36"
203.0.113.77 - - [03/Jul/2026:15:58:38 +0000] "GET /articles/2026/q2 HTTP/1.1" 304 2182 "-" "Mozilla/5.0 (X11; Linux x86_64) AppleWebKit/537.36 Chrome/122.0.0.0 Safari/537.36"
198.51.100.45 - - [03/Jul/2026:15:58:38 +0000] "GET /metrics HTTP/1.1" 200 30749 "/assets/app.js" "Mozilla/5.0 (iPad; CPU OS 17_4 like Mac OS X) AppleWebKit/605.1.15 Version/17.4 Mobile/15E148 Safari/604.1"
203.0.113.77 - - [03/Jul/2026:15:58:39 +0000] "GET /assets/site.css HTTP/1.1" 304 2974 "-" "Mozilla/5.0 (Macintosh; Intel Mac OS X 14_5) AppleWebKit/537.36 Chrome/124.0.0.0 Safari/537.36"
213.24.11.146 - - [03/Jul/2026:15:58:39 +0000] "GET /assets/app.js HTTP/1.1" 304 3058 "-" "Mozilla/5.0 (Windows NT 10.0; Win64; rv:124.0) Gecko/20100101 Firefox/124.0"
213.24.11.146 - - [03/Jul/2026:15:58:39 +0000] "GET /metrics HTTP/1.1" 200 40912 "/contacts" "Mozilla/5.0 (Macintosh; Intel Mac OS X 14_5) AppleWebKit/605.1.15 Version/17.4 Safari/605.1.15"
45.9.148.77 - - [03/Jul/2026:15:58:40 +0000] "GET /.web-server-pid HTTP/1.1" 403 723 "-" "masscan/1.3 (https://github.com/robertdavidgraham/masscan)"
133.241.171.150 - - [03/Jul/2026:15:58:40 +0000] "GET /articles/2026/q2 HTTP/1.1" 200 11745 "-" "Mozilla/5.0 (Windows NT 10.0; Win64; x64) AppleWebKit/537.36 Edg/124.0.0.0"
157.55.39.7 - - [03/Jul/2026:15:58:41 +0000] "HEAD /assets/site.css HTTP/1.1" 200 53270 "/about" "Mozilla/5.0 (Windows NT 10.0; Win64; x64) AppleWebKit/537.36 Edg/124.0.0.0"
141.8.153.222 - - [03/Jul/2026:15:58:42 +0000] "GET /sitemap.xml HTTP/1.1" 200 18603 "/robots.txt" "Mozilla/5.0 (Macintosh; Intel Mac OS X 14_5) AppleWebKit/605.1.15 Version/17.4 Safari/605.1.15"
77.88.55.201 - - [03/Jul/2026:15:58:43 +0000] "GET /contacts HTTP/1.1" 200 10710 "-" "Mozilla/5.0 (Linux; Android 13; SM-S918B) AppleWebKit/537.36 SamsungBrowser/24.0 Chrome/120.0 Mobile Safari/537.36"
45.9.148.77 - - [03/Jul/2026:15:58:43 +0000] "GET /deviceupdatefiles_ext/ HTTP/1.1" 302 2512 "-" "ffuf/2.1.0"
77.88.55.201 - - [03/Jul/2026:15:58:44 +0000] "GET /assets/logo.svg HTTP/1.1" 304 3067 "/favicon.ico" "Mozilla/5.0 (Macintosh; Intel Mac OS X 14_5) AppleWebKit/537.36 Chrome/124.0.0.0 Safari/537.36"
213.24.11.146 - - [03/Jul/2026:15:58:45 +0000] "HEAD /sitemap.xml HTTP/1.1" 200 81686 "-" "Mozilla/5.0 (Windows NT 10.0; Win64; rv:124.0) Gecko/20100101 Firefox/124.0"
185.193.88.77 - - [03/Jul/2026:15:58:46 +0000] "GET /admin/login.asp HTTP/1.1" 404 132 "-" "python-requests/2.31.0"
212.76.133.14 - - [03/Jul/2026:15:58:46 +0000] "GET /sitemap.xml HTTP/1.1" 200 59907 "/favicon.ico" "DuckDuckBot/1.0; (+http://duckduckgo.com/duckduckbot)"
194.26.29.89 - - [03/Jul/2026:15:58:46 +0000] "HEAD /temp.php HTTP/1.1" 404 340 "-" "feroxbuster/2.11.0"
10.42.2.222 - - [03/Jul/2026:15:58:46 +0000] "GET /healthz HTTP/1.1" 200 1873 "-" "kube-probe/1.30"
171.25.193.20 - - [03/Jul/2026:15:58:46 +0000] "OPTIONS /.classpath HTTP/1.1" 301 805 "-" "Nmap Scripting Engine"
203.0.113.77 - - [03/Jul/2026:15:58:47 +0000] "GET /healthz HTTP/1.1" 304 3088 "-" "Mozilla/5.0 (Windows NT 10.0; Win64; x64) AppleWebKit/537.36 Chrome/123.0.0.0 Safari/537.36"
141.8.153.222 - - [03/Jul/2026:15:58:47 +0000] "GET / HTTP/1.1" 304 871 "-" "Mozilla/5.0 (compatible; bingbot/2.0; +http://www.bing.com/bingbot.htm)"
104.244.72.115 - - [03/Jul/2026:15:58:47 +0000] "GET /_logs/access.log HTTP/1.1" 404 793 "-" "python-requests/2.31.0"
157.55.39.7 - - [03/Jul/2026:15:58:49 +0000] "GET /sitemap.xml HTTP/1.1" 304 1454 "-" "Mozilla/5.0 (Windows NT 10.0; Win64; x64) AppleWebKit/537.36 Chrome/123.0.0.0 Safari/537.36"
23.129.64.112 - - [03/Jul/2026:15:58:50 +0000] "GET /index3.php HTTP/1.1" 500 1457 "-" "Wfuzz/3.1.0"
171.25.193.20 - - [03/Jul/2026:15:58:50 +0000] "OPTIONS /requesthandlerext/ HTTP/1.1" 403 1539 "-" "python-requests/2.31.0"
157.55.39.7 - - [03/Jul/2026:15:58:50 +0000] "GET /robots.txt HTTP/1.1" 200 36199 "/sitemap.xml" "DuckDuckBot/1.0; (+http://duckduckgo.com/duckduckbot)"
91.198.174.22 - - [03/Jul/2026:15:58:50 +0000] "GET / HTTP/1.1" 304 3950 "/contacts" "Mozilla/5.0 (Windows NT 10.0; Win64; rv:124.0) Gecko/20100101 Firefox/124.0"
91.198.174.22 - - [03/Jul/2026:15:58:52 +0000] "GET /healthz HTTP/1.1" 200 49038 "/api/news" "Mozilla/5.0 (iPad; CPU OS 17_4 like Mac OS X) AppleWebKit/605.1.15 Version/17.4 Mobile/15E148 Safari/604.1"
141.8.153.222 - - [03/Jul/2026:15:58:54 +0000] "GET /articles/2026/q2 HTTP/1.1" 200 15035 "-" "Mozilla/5.0 (iPad; CPU OS 17_4 like Mac OS X) AppleWebKit/605.1.15 Version/17.4 Mobile/15E148 Safari/604.1"
40.77.167.21 - - [03/Jul/2026:15:58:54 +0000] "GET /metrics HTTP/1.1" 200 47525 "/assets/site.css" "Mozilla/5.0 (Macintosh; Intel Mac OS X 14_5) AppleWebKit/537.36 Chrome/124.0.0.0 Safari/537.36"
80.85.246.17 - - [03/Jul/2026:15:58:54 +0000] "GET /nginx-ssl.access.log HTTP/1.1" 404 2568 "-" "dirsearch/0.4.3"
40.77.167.21 - - [03/Jul/2026:15:58:55 +0000] "HEAD /robots.txt HTTP/1.1" 304 1340 "-" "Mozilla/5.0 (Linux; Android 13; SM-S918B) AppleWebKit/537.36 SamsungBrowser/24.0 Chrome/120.0 Mobile Safari/537.36"
213.24.11.146 - - [03/Jul/2026:15:58:55 +0000] "GET /assets/app.js HTTP/1.1" 200 45056 "/articles/2026/q2" "Mozilla/5.0 (Macintosh; Intel Mac OS X 14_5) AppleWebKit/605.1.15 Version/17.4 Safari/605.1.15"
199.228.209.75 - - [03/Jul/2026:15:58:56 +0000] "GET /sitemap.xml HTTP/1.1" 200 19753 "/robots.txt" "Mozilla/5.0 (Macintosh; Intel Mac OS X 14_5) AppleWebKit/605.1.15 Version/17.4 Safari/605.1.15"
212.76.133.14 - - [03/Jul/2026:15:58:56 +0000] "GET /sitemap.xml HTTP/1.1" 304 299 "-" "DuckDuckBot/1.0; (+http://duckduckgo.com/duckduckbot)"
45.9.148.77 - - [03/Jul/2026:15:58:56 +0000] "GET /admin/login.htm HTTP/1.1" 403 1662 "-" "ffuf/2.1.0"
188.18.77.220 - - [03/Jul/2026:15:58:57 +0000] "HEAD /assets/logo.svg HTTP/1.1" 200 7085 "/articles/2026/q2" "Mozilla/5.0 (Macintosh; Intel Mac OS X 14_5) AppleWebKit/605.1.15 Version/17.4 Safari/605.1.15"
45.9.148.77 - - [03/Jul/2026:15:58:58 +0000] "HEAD /dkms.conf HTTP/1.1" 403 208 "-" "Nmap Scripting Engine"
185.193.88.77 - - [03/Jul/2026:15:58:59 +0000] "OPTIONS /pods/ HTTP/1.1" 405 2362 "-" "gobuster/3.6"
156.146.62.11 - - [03/Jul/2026:15:58:59 +0000] "GET /influxdb/ HTTP/1.1" 403 1306 "-" "Nmap Scripting Engine"
212.76.133.14 - - [03/Jul/2026:15:58:59 +0000] "GET /assets/app.js HTTP/1.1" 200 78504 "-" "Mozilla/5.0 (compatible; bingbot/2.0; +http://www.bing.com/bingbot.htm)"
185.220.101.54 - - [03/Jul/2026:15:59:00 +0000] "HEAD /.apache.env HTTP/1.1" 404 379 "-" "Nmap Scripting Engine"
23.129.64.112 - - [03/Jul/2026:15:59:00 +0000] "OPTIONS /log/access.log HTTP/1.1" 404 500 "-" "python-requests/2.31.0"
203.0.113.77 - - [03/Jul/2026:15:59:00 +0000] "GET /assets/logo.svg HTTP/1.1" 200 33462 "-" "Mozilla/5.0 (Macintosh; Intel Mac OS X 14_5) AppleWebKit/537.36 Chrome/124.0.0.0 Safari/537.36"
46.188.19.142 - - [03/Jul/2026:15:59:00 +0000] "GET /api/products HTTP/1.1" 200 28100 "/favicon.ico" "Mozilla/5.0 (compatible; bingbot/2.0; +http://www.bing.com/bingbot.htm)"
188.18.77.220 - - [03/Jul/2026:15:59:01 +0000] "GET /robots.txt HTTP/1.1" 200 27048 "-" "DuckDuckBot/1.0; (+http://duckduckgo.com/duckduckbot)"
185.193.88.77 - - [03/Jul/2026:15:59:01 +0000] "GET /accounts/ HTTP/1.1" 404 917 "-" "Wfuzz/3.1.0"
46.188.19.142 - - [03/Jul/2026:15:59:01 +0000] "GET /about HTTP/1.1" 304 1672 "-" "Mozilla/5.0 (Windows NT 10.0; Win64; x64) AppleWebKit/537.36 Chrome/123.0.0.0 Safari/537.36"
176.197.153.102 - - [03/Jul/2026:15:59:01 +0000] "GET /management/configprops HTTP/1.1" 403 2289 "-" "DirBuster-1.0-RC1"
40.77.167.21 - - [03/Jul/2026:15:59:02 +0000] "GET /about HTTP/1.1" 200 73101 "-" "Mozilla/5.0 (Linux; Android 13; SM-S918B) AppleWebKit/537.36 SamsungBrowser/24.0 Chrome/120.0 Mobile Safari/537.36"
66.249.75.10 - - [03/Jul/2026:15:59:02 +0000] "GET /contacts HTTP/1.1" 200 73607 "/sitemap.xml" "Mozilla/5.0 (X11; Linux x86_64) AppleWebKit/537.36 Chrome/122.0.0.0 Safari/537.36"
198.51.100.45 - - [03/Jul/2026:15:59:02 +0000] "GET /sitemap.xml HTTP/1.1" 200 42175 "/products" "Mozilla/5.0 (Macintosh; Intel Mac OS X 14_5) AppleWebKit/537.36 Chrome/124.0.0.0 Safari/537.36"
45.146.164.12 - - [03/Jul/2026:15:59:03 +0000] "GET /webpack.mix.js HTTP/1.1" 301 857 "-" "feroxbuster/2.11.0"
10.42.2.237 - - [03/Jul/2026:15:59:03 +0000] "GET /metrics HTTP/1.1" 200 4319 "-" "kube-probe/1.30"
213.24.11.146 - - [03/Jul/2026:15:59:03 +0000] "GET /articles/2026/q2 HTTP/1.1" 200 6741 "-" "Mozilla/5.0 (Linux; Android 13; SM-S918B) AppleWebKit/537.36 SamsungBrowser/24.0 Chrome/120.0 Mobile Safari/537.36"
66.249.75.10 - - [03/Jul/2026:15:59:04 +0000] "GET /sitemap.xml HTTP/1.1" 200 5420 "-" "Mozilla/5.0 (compatible; YandexBot/3.0; +http://yandex.com/bots)"
194.26.29.89 - - [03/Jul/2026:15:59:04 +0000] "GET /graphql/ HTTP/1.1" 404 2166 "-" "Wfuzz/3.1.0"
171.25.193.20 - - [03/Jul/2026:15:59:04 +0000] "GET /orders.txt HTTP/1.1" 404 1680 "-" "dirsearch/0.4.3"
193.142.147.55 - - [03/Jul/2026:15:59:04 +0000] "GET /nstview.php HTTP/1.1" 403 716 "-" "Nmap Scripting Engine"
104.244.72.115 - - [03/Jul/2026:15:59:04 +0000] "GET /editor-4.7.5.php HTTP/1.1" 302 1902 "-" "Wfuzz/3.1.0"
45.9.148.77 - - [03/Jul/2026:15:59:05 +0000] "OPTIONS /INSTALL.mysql HTTP/1.1" 404 1858 "-" "dirsearch/0.4.3"
40.77.167.21 - - [03/Jul/2026:15:59:05 +0000] "GET /healthz HTTP/1.1" 200 77294 "-" "Mozilla/5.0 (iPad; CPU OS 17_4 like Mac OS X) AppleWebKit/605.1.15 Version/17.4 Mobile/15E148 Safari/604.1"
5.188.206.67 - - [03/Jul/2026:15:59:05 +0000] "GET /phppma/ HTTP/1.1" 500 1955 "-" "gobuster/3.6"
156.146.62.11 - - [03/Jul/2026:15:59:06 +0000] "GET /d0main.php HTTP/1.1" 404 1466 "-" "masscan/1.3 (https://github.com/robertdavidgraham/masscan)"
188.18.77.220 - - [03/Jul/2026:15:59:08 +0000] "GET /products HTTP/1.1" 200 37902 "/sitemap.xml" "Mozilla/5.0 (Windows NT 10.0; Win64; x64) AppleWebKit/537.36 Edg/124.0.0.0"
66.249.75.10 - - [03/Jul/2026:15:59:09 +0000] "GET /contacts HTTP/1.1" 200 36982 "-" "Mozilla/5.0 (iPhone; CPU iPhone OS 17_4 like Mac OS X) AppleWebKit/605.1.15 Version/17.4 Mobile/15E148 Safari/604.1"
