203.0.113.77 - - [03/Jul/2026:16:37:00 +0000] "GET /assets/site.css HTTP/1.1" 304 1052 "/healthz" "Mozilla/5.0 (Windows NT 10.0; Win64; x64) AppleWebKit/537.36 Edg/124.0.0.0"
212.76.133.14 - - [03/Jul/2026:16:37:00 +0000] "GET /assets/site.css HTTP/1.1" 200 72144 "/articles/2026/q2" "Mozilla/5.0 (X11; Linux x86_64) AppleWebKit/537.36 Chrome/122.0.0.0 Safari/537.36"
193.142.147.55 - - [03/Jul/2026:16:37:00 +0000] "HEAD /WEB-INF/lib/_wl_cls_gen.jar HTTP/1.1" 301 862 "-" "python-requests/2.31.0"
126.248.39.97 - - [03/Jul/2026:16:37:00 +0000] "GET /robots.txt HTTP/1.1" 200 82530 "/metrics" "Mozilla/5.0 (iPhone; CPU iPhone OS 17_4 like Mac OS X) AppleWebKit/605.1.15 Version/17.4 Mobile/15E148 Safari/604.1"
212.76.133.14 - - [03/Jul/2026:16:37:01 +0000] "GET /favicon.ico HTTP/1.1" 200 5341 "/robots.txt" "Mozilla/5.0 (X11; Linux x86_64) AppleWebKit/537.36 Chrome/122.0.0.0 Safari/537.36"
171.25.193.20 - - [03/Jul/2026:16:37:01 +0000] "GET /httpd/logs/access.log HTTP/1.1" 404 358 "-" "sqlmap/1.8.4#stable"
187.24.203.201 - - [03/Jul/2026:16:37:01 +0000] "GET /robots.txt HTTP/1.1" 200 16677 "-" "Mozilla/5.0 (iPad; CPU OS 17_4 like Mac OS X) AppleWebKit/605.1.15 Version/17.4 Mobile/15E148 Safari/604.1"
212.76.133.14 - - [03/Jul/2026:16:37:01 +0000] "GET /products HTTP/1.1" 200 54737 "/about" "Mozilla/5.0 (iPad; CPU OS 17_4 like Mac OS X) AppleWebKit/605.1.15 Version/17.4 Mobile/15E148 Safari/604.1"
157.55.39.7 - - [03/Jul/2026:16:37:02 +0000] "GET / HTTP/1.1" 200 38626 "-" "Mozilla/5.0 (Windows NT 10.0; Win64; rv:124.0) Gecko/20100101 Firefox/124.0"
10.42.3.226 - - [03/Jul/2026:16:37:02 +0000] "GET /metrics HTTP/1.1" 200 5141 "-" "curl/8.6.0"
198.51.100.45 - - [03/Jul/2026:16:37:03 +0000] "GET /articles/2026/q2 HTTP/1.1" 200 26451 "-" "Mozilla/5.0 (Windows NT 10.0; Win64; x64) AppleWebKit/537.36 Chrome/123.0.0.0 Safari/537.36"
45.146.164.12 - - [03/Jul/2026:16:37:04 +0000] "GET /adminarea/login.html HTTP/1.1" 404 1366 "-" "python-requests/2.31.0"
188.18.77.220 - - [03/Jul/2026:16:37:04 +0000] "GET /about HTTP/1.1" 200 8163 "/healthz" "Mozilla/5.0 (iPhone; CPU iPhone OS 17_4 like Mac OS X) AppleWebKit/605.1.15 Version/17.4 Mobile/15E148 Safari/604.1"
142.61.214.2 - - [03/Jul/2026:16:37:05 +0000] "GET /api/news HTTP/1.1" 200 41824 "-" "Mozilla/5.0 (compatible; bingbot/2.0; +http://www.bing.com/bingbot.htm)"
141.8.153.222 - - [03/Jul/2026:16:37:05 +0000] "GET /api/products HTTP/1.1" 200 15997 "/" "Mozilla/5.0 (X11; Linux x86_64) AppleWebKit/537.36 Chrome/122.0.0.0 Safari/537.36"
45.146.164.12 - - [03/Jul/2026:16:37:05 +0000] "GET /adminer-4.6.2.php HTTP/1.1" 403 1196 "-" "masscan/1.3 (https://github.com/robertdavidgraham/masscan)"
198.51.100.45 - - [03/Jul/2026:16:37:06 +0000] "GET /api/news HTTP/1.1" 200 77931 "/assets/site.css" "Mozilla/5.0 (Macintosh; Intel Mac OS X 14_5) AppleWebKit/537.36 Chrome/124.0.0.0 Safari/537.36"
104.244.72.115 - - [03/Jul/2026:16:37:08 +0000] "GET /uploads/ HTTP/1.1" 302 1273 "-" "Wfuzz/3.1.0"
198.51.100.45 - - [03/Jul/2026:16:37:08 +0000] "GET /contacts HTTP/1.1" 304 3916 "/products" "Mozilla/5.0 (Windows NT 10.0; Win64; rv:124.0) Gecko/20100101 Firefox/124.0"
157.55.39.7 - - [03/Jul/2026:16:37:08 +0000] "GET /favicon.ico HTTP/1.1" 200 26216 "-" "Mozilla/5.0 (Macintosh; Intel Mac OS X 14_5) AppleWebKit/605.1.15 Version/17.4 Safari/605.1.15"
45.9.148.77 - - [03/Jul/2026:16:37:10 +0000] "HEAD /iwa/authenticated.aspx HTTP/1.1" 403 2494 "-" "Go-http-client/1.1"
66.249.75.10 - - [03/Jul/2026:16:37:11 +0000] "GET /assets/logo.svg HTTP/1.1" 200 45379 "-" "Mozilla/5.0 (Macintosh; Intel Mac OS X 14_5) AppleWebKit/605.1.15 Version/17.4 Safari/605.1.15"
198.51.100.45 - - [03/Jul/2026:16:37:12 +0000] "GET /robots.txt HTTP/1.1" 304 2401 "-" "DuckDuckBot/1.0; (+http://duckduckgo.com/duckduckbot)"
45.9.148.77 - - [03/Jul/2026:16:37:13 +0000] "GET /CHANGELOG.TXT HTTP/1.1" 403 1583 "-" "DirBuster-1.0-RC1"
10.42.2.19 - - [03/Jul/2026:16:37:15 +0000] "GET /metrics HTTP/1.1" 503 1200 "-" "curl/8.6.0"
156.146.62.11 - - [03/Jul/2026:16:37:15 +0000] "OPTIONS /apache/logs/access.log HTTP/1.1" 500 1558 "-" "sqlmap/1.8.4#stable"
212.76.133.14 - - [03/Jul/2026:16:37:15 +0000] "GET /contacts HTTP/1.1" 304 3129 "-" "Mozilla/5.0 (iPad; CPU OS 17_4 like Mac OS X) AppleWebKit/605.1.15 Version/17.4 Mobile/15E148 Safari/604.1"
203.0.113.77 - - [03/Jul/2026:16:37:16 +0000] "GET /favicon.ico HTTP/1.1" 200 42464 "-" "Mozilla/5.0 (Macintosh; Intel Mac OS X 14_5) AppleWebKit/605.1.15 Version/17.4 Safari/605.1.15"
176.70.171.203 - - [03/Jul/2026:16:37:16 +0000] "GET /healthz HTTP/1.1" 304 2085 "-" "Mozilla/5.0 (Macintosh; Intel Mac OS X 14_5) AppleWebKit/537.36 Chrome/124.0.0.0 Safari/537.36"
46.188.19.142 - - [03/Jul/2026:16:37:17 +0000] "GET /assets/logo.svg HTTP/1.1" 200 2609 "-" "Mozilla/5.0 (Windows NT 10.0; Win64; x64) AppleWebKit/537.36 Edg/124.0.0.0"
203.0.113.77 - - [03/Jul/2026:16:37:17 +0000] "GET /favicon.ico HTTP/1.1" 200 45188 "/products" "Mozilla/5.0 (iPad; CPU OS 17_4 like Mac OS X) AppleWebKit/605.1.15 Version/17.4 Mobile/15E148 Safari/604.1"
212.76.133.14 - - [03/Jul/2026:16:37:18 +0000] "GET /contacts HTTP/1.1" 200 3867 "/assets/logo.svg" "Mozilla/5.0 (compatible; Googlebot/2.1; +http://www.google.com/bot.html)"
185.238.28.253 - - [03/Jul/2026:16:37:18 +0000] "GET /articles/2026/q2 HTTP/1.1" 200 79486 "/about" "Mozilla/5.0 (Macintosh; Intel Mac OS X 14_5) AppleWebKit/537.36 Chrome/124.0.0.0 Safari/537.36"
9.224.169.125 - - [03/Jul/2026:16:37:18 +0000] "GET /extjs/resources//charts.swf HTTP/1.1" 301 1114 "-" "dirsearch/0.4.3"
194.26.29.89 - - [03/Jul/2026:16:37:19 +0000] "OPTIONS /dat.zip HTTP/1.1" 404 858 "-" "python-requests/2.31.0"
203.0.113.77 - - [03/Jul/2026:16:37:21 +0000] "GET / HTTP/1.1" 200 18030 "-" "Mozilla/5.0 (compatible; Googlebot/2.1; +http://www.google.com/bot.html)"
212.76.133.14 - - [03/Jul/2026:16:37:21 +0000] "GET /api/news HTTP/1.1" 200 82895 "/assets/app.js" "Mozilla/5.0 (Windows NT 10.0; Win64; x64) AppleWebKit/537.36 Chrome/123.0.0.0 Safari/537.36"
193.142.147.55 - - [03/Jul/2026:16:37:22 +0000] "OPTIONS /.config.php.swp HTTP/1.1" 405 411 "-" "masscan/1.3 (https://github.com/robertdavidgraham/masscan)"
157.55.39.7 - - [03/Jul/2026:16:37:22 +0000] "GET /articles/2026/q2 HTTP/1.1" 200 57097 "-" "Mozilla/5.0 (iPhone; CPU iPhone OS 17_4 like Mac OS X) AppleWebKit/605.1.15 Version/17.4 Mobile/15E148 Safari/604.1"
203.0.113.77 - - [03/Jul/2026:16:37:22 +0000] "GET /api/products HTTP/1.1" 200 8682 "-" "Mozilla/5.0 (iPhone; CPU iPhone OS 17_4 like Mac OS X) AppleWebKit/605.1.15 Version/17.4 Mobile/15E148 Safari/604.1"
91.198.174.22 - - [03/Jul/2026:16:37:22 +0000] "GET /healthz HTTP/1.1" 200 6291 "/assets/site.css" "Mozilla/5.0 (X11; Linux x86_64) AppleWebKit/537.36 Chrome/122.0.0.0 Safari/537.36"
46.188.19.142 - - [03/Jul/2026:16:37:22 +0000] "GET /contacts HTTP/1.1" 200 15763 "/assets/app.js" "Mozilla/5.0 (Linux; Android 13; SM-S918B) AppleWebKit/537.36 SamsungBrowser/24.0 Chrome/120.0 Mobile Safari/537.36"
10.42.2.57 - - [03/Jul/2026:16:37:22 +0000] "GET /healthz HTTP/1.1" 200 5327 "-" "kube-probe/1.30"
157.55.39.7 - - [03/Jul/2026:16:37:22 +0000] "GET /about HTTP/1.1" 304 1529 "-" "Mozilla/5.0 (Windows NT 10.0; Win64; x64) AppleWebKit/537.36 Chrome/123.0.0.0 Safari/537.36"
198.51.100.45 - - [03/Jul/2026:16:37:23 +0000] "GET /contacts HTTP/1.1" 200 75118 "-" "Mozilla/5.0 (X11; Linux x86_64) AppleWebKit/537.36 Chrome/122.0.0.0 Safari/537.36"
157.55.39.7 - - [03/Jul/2026:16:37:23 +0000] "GET /contacts HTTP/1.1" 200 61868 "/" "Mozilla/5.0 (compatible; Googlebot/2.1; +http://www.google.com/bot.html)"
91.198.174.22 - - [03/Jul/2026:16:37:24 +0000] "GET /healthz HTTP/1.1" 200 78761 "-" "Mozilla/5.0 (iPhone; CPU iPhone OS 17_4 like Mac OS X) AppleWebKit/605.1.15 Version/17.4 Mobile/15E148 Safari/604.1"
43.8.222.156 - - [03/Jul/2026:16:37:25 +0000] "GET /favicon.ico HTTP/1.1" 200 83840 "/metrics" "Mozilla/5.0 (Windows NT 10.0; Win64; rv:124.0) Gecko/20100101 Firefox/124.0"
66.249.75.10 - - [03/Jul/2026:16:37:26 +0000] "GET /about HTTP/1.1" 304 558 "/products" "Mozilla/5.0 (iPhone; CPU iPhone OS 17_4 like Mac OS X) AppleWebKit/605.1.15 Version/17.4 Mobile/15E148 Safari/604.1"
42.231.158.168 - - [03/Jul/2026:16:37:27 +0000] "GET /favicon.ico HTTP/1.1" 200 38440 "-" "Mozilla/5.0 (Windows NT 10.0; Win64; x64) AppleWebKit/537.36 Edg/124.0.0.0"
104.244.72.115 - - [03/Jul/2026:16:37:27 +0000] "GET /secring.skr HTTP/1.1" 500 369 "-" "python-requests/2.31.0"
194.26.29.89 - - [03/Jul/2026:16:37:27 +0000] "GET /my.rar HTTP/1.1" 403 843 "-" "Nmap Scripting Engine"
185.193.88.77 - - [03/Jul/2026:16:37:27 +0000] "GET /customers.sql HTTP/1.1" 403 261 "-" "masscan/1.3 (https://github.com/robertdavidgraham/masscan)"
188.18.77.220 - - [03/Jul/2026:16:37:29 +0000] "GET /favicon.ico HTTP/1.1" 200 2917 "-" "Mozilla/5.0 (Windows NT 10.0; Win64; x64) AppleWebKit/537.36 Edg/124.0.0.0"
46.188.19.142 - - [03/Jul/2026:16:37:29 +0000] "GET /assets/site.css HTTP/1.1" 200 51202 "/api/products" "Mozilla/5.0 (Windows NT 10.0; Win64; rv:124.0) Gecko/20100101 Firefox/124.0"
198.51.100.45 - - [03/Jul/2026:16:37:29 +0000] "GET /api/products HTTP/1.1" 200 29181 "-" "Mozilla/5.0 (Linux; Android 13; SM-S918B) AppleWebKit/537.36 SamsungBrowser/24.0 Chrome/120.0 Mobile Safari/537.36"
185.193.88.77 - - [03/Jul/2026:16:37:30 +0000] "HEAD /app/config/database.yml.pgsql HTTP/1.1" 404 1179 "-" "sqlmap/1.8.4#stable"
19.249.26.94 - - [03/Jul/2026:16:37:30 +0000] "GET /api/news HTTP/1.1" 200 49328 "/about" "Mozilla/5.0 (Macintosh; Intel Mac OS X 14_5) AppleWebKit/537.36 Chrome/124.0.0.0 Safari/537.36"
203.0.113.77 - - [03/Jul/2026:16:37:32 +0000] "GET /contacts HTTP/1.1" 200 10510 "/articles/2026/q2" "Mozilla/5.0 (X11; Linux x86_64) AppleWebKit/537.36 Chrome/122.0.0.0 Safari/537.36"
44.202.109.247 - - [03/Jul/2026:16:37:32 +0000] "GET /tconn.conf HTTP/1.1" 404 1855 "-" "masscan/1.3 (https://github.com/robertdavidgraham/masscan)"
203.0.113.77 - - [03/Jul/2026:16:37:33 +0000] "GET /favicon.ico HTTP/1.1" 200 22403 "/healthz" "Mozilla/5.0 (iPad; CPU OS 17_4 like Mac OS X) AppleWebKit/605.1.15 Version/17.4 Mobile/15E148 Safari/604.1"
193.142.147.55 - - [03/Jul/2026:16:37:33 +0000] "HEAD /ChangeLog.html HTTP/1.1" 404 1312 "-" "Wfuzz/3.1.0"
203.0.113.77 - - [03/Jul/2026:16:37:33 +0000] "GET /articles/2026/q2 HTTP/1.1" 200 66191 "-" "Mozilla/5.0 (Macintosh; Intel Mac OS X 14_5) AppleWebKit/605.1.15 Version/17.4 Safari/605.1.15"
188.18.77.220 - - [03/Jul/2026:16:37:33 +0000] "GET /favicon.ico HTTP/1.1" 200 36619 "/products" "Mozilla/5.0 (iPad; CPU OS 17_4 like Mac OS X) AppleWebKit/605.1.15 Version/17.4 Mobile/15E148 Safari/604.1"
10.42.3.62 - - [03/Jul/2026:16:37:34 +0000] "GET /healthz HTTP/1.1" 200 395 "-" "curl/8.6.0"
46.188.19.142 - - [03/Jul/2026:16:37:34 +0000] "GET / HTTP/1.1" 200 16814 "-" "Mozilla/5.0 (Macintosh; Intel Mac OS X 14_5) AppleWebKit/605.1.15 Version/17.4 Safari/605.1.15"
213.24.11.146 - - [03/Jul/2026:16:37:34 +0000] "GET /about HTTP/1.1" 304 1773 "-" "Mozilla/5.0 (Macintosh; Intel Mac OS X 14_5) AppleWebKit/605.1.15 Version/17.4 Safari/605.1.15"
198.51.100.45 - - [03/Jul/2026:16:37:34 +0000] "GET /api/products HTTP/1.1" 200 64677 "-" "Mozilla/5.0 (iPad; CPU OS 17_4 like Mac OS X) AppleWebKit/605.1.15 Version/17.4 Mobile/15E148 Safari/604.1"
14.51.141.253 - - [03/Jul/2026:16:37:35 +0000] "GET /contacts HTTP/1.1" 200 22303 "-" "Mozilla/5.0 (Windows NT 10.0; Win64; rv:124.0) Gecko/20100101 Firefox/124.0"
141.8.153.222 - - [03/Jul/2026:16:37:36 +0000] "HEAD /assets/site.css HTTP/1.1" 200 71758 "-" "Mozilla/5.0 (iPhone; CPU iPhone OS 17_4 like Mac OS X) AppleWebKit/605.1.15 Version/17.4 Mobile/15E148 Safari/604.1"
10.42.3.155 - - [03/Jul/2026:16:37:37 +0000] "GET /healthz HTTP/1.1" 200 736 "-" "curl/8.6.0"
188.18.77.220 - - [03/Jul/2026:16:37:37 +0000] "GET /favicon.ico HTTP/1.1" 304 2709 "-" "Mozilla/5.0 (compatible; Googlebot/2.1; +http://www.google.com/bot.html)"
171.25.193.20 - - [03/Jul/2026:16:37:37 +0000] "GET /log/access.log HTTP/1.1" 404 1084 "-" "feroxbuster/2.11.0"
185.193.88.77 - - [03/Jul/2026:16:37:38 +0000] "GET /http_access.log HTTP/1.1" 301 348 "-" "python-requests/2.31.0"
157.55.39.7 - - [03/Jul/2026:16:37:39 +0000] "GET /assets/logo.svg HTTP/1.1" 200 71892 "-" "Mozilla/5.0 (Windows NT 10.0; Win64; x64) AppleWebKit/537.36 Chrome/123.0.0.0 Safari/537.36"
213.24.11.146 - - [03/Jul/2026:16:37:39 +0000] "GET /robots.txt HTTP/1.1" 200 77399 "-" "Mozilla/5.0 (iPad; CPU OS 17_4 like Mac OS X) AppleWebKit/605.1.15 Version/17.4 Mobile/15E148 Safari/604.1"
14.196.12.191 - - [03/Jul/2026:16:37:39 +0000] "GET /robots.txt HTTP/1.1" 200 77715 "/api/products" "Mozilla/5.0 (Windows NT 10.0; Win64; x64) AppleWebKit/537.36 Chrome/123.0.0.0 Safari/537.36"
212.76.133.14 - - [03/Jul/2026:16:37:39 +0000] "HEAD /api/news HTTP/1.1" 200 40178 "/contacts" "Mozilla/5.0 (compatible; YandexBot/3.0; +http://yandex.com/bots)"
45.146.164.12 - - [03/Jul/2026:16:37:40 +0000] "GET /_logs/access.log HTTP/1.1" 500 2538 "-" "gobuster/3.6"
84.105.86.31 - - [03/Jul/2026:16:37:40 +0000] "GET /favicon.ico HTTP/1.1" 200 61475 "-" "Mozilla/5.0 (compatible; YandexBot/3.0; +http://yandex.com/bots)"
10.42.2.65 - - [03/Jul/2026:16:37:40 +0000] "GET /metrics HTTP/1.1" 200 5546 "-" "curl/8.6.0"
185.193.88.77 - - [03/Jul/2026:16:37:41 +0000] "OPTIONS /sqlmigrate.php HTTP/1.1" 403 1188 "-" "python-requests/2.31.0"
10.42.3.124 - - [03/Jul/2026:16:37:42 +0000] "GET /healthz HTTP/1.1" 200 640 "-" "curl/8.6.0"
77.88.55.201 - - [03/Jul/2026:16:37:42 +0000] "GET /assets/logo.svg HTTP/1.1" 304 1984 "-" "Mozilla/5.0 (Windows NT 10.0; Win64; x64) AppleWebKit/537.36 Edg/124.0.0.0"
198.51.100.45 - - [03/Jul/2026:16:37:42 +0000] "GET /api/news HTTP/1.1" 200 2384 "-" "Mozilla/5.0 (compatible; YandexBot/3.0; +http://yandex.com/bots)"
77.88.55.201 - - [03/Jul/2026:16:37:43 +0000] "GET / HTTP/1.1" 200 40596 "-" "Mozilla/5.0 (Windows NT 10.0; Win64; x64) AppleWebKit/537.36 Edg/124.0.0.0"
77.88.55.201 - - [03/Jul/2026:16:37:43 +0000] "GET /assets/logo.svg HTTP/1.1" 304 625 "-" "Mozilla/5.0 (Linux; Android 13; SM-S918B) AppleWebKit/537.36 SamsungBrowser/24.0 Chrome/120.0 Mobile Safari/537.36"
251.211.185.210 - - [03/Jul/2026:16:37:43 +0000] "GET / HTTP/1.1" 200 70739 "/api/products" "Mozilla/5.0 (Linux; Android 13; SM-S918B) AppleWebKit/537.36 SamsungBrowser/24.0 Chrome/120.0 Mobile Safari/537.36"
185.220.101.54 - - [03/Jul/2026:16:37:44 +0000] "HEAD /engine.tar.gz HTTP/1.1" 302 2219 "-" "Go-http-client/1.1"
77.88.55.201 - - [03/Jul/2026:16:37:44 +0000] "GET /metrics HTTP/1.1" 200 68216 "/api/news" "Mozilla/5.0 (iPad; CPU OS 17_4 like Mac OS X) AppleWebKit/605.1.15 Version/17.4 Mobile/15E148 Safari/604.1"
54.51.215.114 - - [03/Jul/2026:16:37:44 +0000] "HEAD /contacts HTTP/1.1" 200 31847 "-" "Mozilla/5.0 (Windows NT 10.0; Win64; x64) AppleWebKit/537.36 Edg/124.0.0.0"
188.18.77.220 - - [03/Jul/2026:16:37:45 +0000] "GET /api/products HTTP/1.1" 200 42409 "/robots.txt" "Mozilla/5.0 (iPhone; CPU iPhone OS 17_4 like Mac OS X) AppleWebKit/605.1.15 Version/17.4 Mobile/15E148 Safari/604.1"
80.85.246.17 - - [03/Jul/2026:16:37:46 +0000] "GET /symphony/config/app.yml HTTP/1.1" 403 563 "-" "Go-http-client/1.1"
194.26.29.89 - - [03/Jul/2026:16:37:46 +0000] "OPTIONS /bitrix/modules/main/admin/restore.php HTTP/1.1" 500 191 "-" "Wfuzz/3.1.0"
188.18.77.220 - - [03/Jul/2026:16:37:46 +0000] "GET /healthz HTTP/1.1" 200 34975 "/robots.txt" "Mozilla/5.0 (Linux; Android 13; SM-S918B) AppleWebKit/537.36 SamsungBrowser/24.0 Chrome/120.0 Mobile Safari/537.36"
185.193.88.77 - - [03/Jul/2026:16:37:47 +0000] "GET /log/access.log HTTP/1.1" 404 2465 "-" "dirsearch/0.4.3"
10.42.3.60 - - [03/Jul/2026:16:37:47 +0000] "GET /healthz HTTP/1.1" 200 4385 "-" "kube-probe/1.30"
193.142.147.55 - - [03/Jul/2026:16:37:48 +0000] "OPTIONS /ChangeLog.html HTTP/1.1" 404 569 "-" "ffuf/2.1.0"
91.198.174.22 - - [03/Jul/2026:16:37:49 +0000] "GET /sitemap.xml HTTP/1.1" 200 54800 "-" "Mozilla/5.0 (iPhone; CPU iPhone OS 17_4 like Mac OS X) AppleWebKit/605.1.15 Version/17.4 Mobile/15E148 Safari/604.1"
46.188.19.142 - - [03/Jul/2026:16:37:49 +0000] "GET /favicon.ico HTTP/1.1" 200 50936 "-" "Mozilla/5.0 (iPhone; CPU iPhone OS 17_4 like Mac OS X) AppleWebKit/605.1.15 Version/17.4 Mobile/15E148 Safari/604.1"
212.76.133.14 - - [03/Jul/2026:16:37:49 +0000] "GET /api/news HTTP/1.1" 200 3624 "-" "Mozilla/5.0 (Windows NT 10.0; Win64; rv:124.0) Gecko/20100101 Firefox/124.0"
91.198.174.22 - - [03/Jul/2026:16:37:49 +0000] "GET /assets/app.js HTTP/1.1" 200 54682 "-" "Mozilla/5.0 (Windows NT 10.0; Win64; x64) AppleWebKit/537.36 Chrome/123.0.0.0 Safari/537.36"
156.146.62.11 - - [03/Jul/2026:16:37:50 +0000] "GET /wp-config-sample.php HTTP/1.1" 403 930 "-" "masscan/1.3 (https://github.com/robertdavidgraham/masscan)"
19.176.162.20 - - [03/Jul/2026:16:37:50 +0000] "GET /assets/app.js HTTP/1.1" 200 84121 "/assets/site.css" "Mozilla/5.0 (Macintosh; Intel Mac OS X 14_5) AppleWebKit/605.1.15 Version/17.4 Safari/605.1.15"
10.42.2.222 - - [03/Jul/2026:16:37:51 +0000] "GET /healthz HTTP/1.1" 200 4407 "-" "kube-probe/1.30"
5.188.206.67 - - [03/Jul/2026:16:37:51 +0000] "OPTIONS /analog.html HTTP/1.1" 301 2009 "-" "dirsearch/0.4.3"
141.8.153.222 - - [03/Jul/2026:16:37:52 +0000] "GET /products HTTP/1.1" 304 3077 "-" "Mozilla/5.0 (Windows NT 10.0; Win64; rv:124.0) Gecko/20100101 Firefox/124.0"
91.198.174.22 - - [03/Jul/2026:16:37:53 +0000] "HEAD /api/products HTTP/1.1" 200 3675 "-" "Mozilla/5.0 (Macintosh; Intel Mac OS X 14_5) AppleWebKit/537.36 Chrome/124.0.0.0 Safari/537.36"
213.24.11.146 - - [03/Jul/2026:16:37:53 +0000] "GET / HTTP/1.1" 200 80349 "/api/products" "Mozilla/5.0 (compatible; YandexBot/3.0; +http://yandex.com/bots)"
80.85.246.17 - - [03/Jul/2026:16:37:53 +0000] "HEAD /AutoTest.Net/ HTTP/1.1" 404 809 "-" "Go-http-client/1.1"
234.172.209.26 - - [03/Jul/2026:16:37:53 +0000] "HEAD /healthz HTTP/1.1" 200 60429 "/robots.txt" "Mozilla/5.0 (Macintosh; Intel Mac OS X 14_5) AppleWebKit/537.36 Chrome/124.0.0.0 Safari/537.36"
213.24.11.146 - - [03/Jul/2026:16:37:54 +0000] "HEAD /healthz HTTP/1.1" 200 49771 "-" "Mozilla/5.0 (Windows NT 10.0; Win64; rv:124.0) Gecko/20100101 Firefox/124.0"
45.9.148.77 - - [03/Jul/2026:16:37:55 +0000] "GET /app.config HTTP/1.1" 405 189 "-" "sqlmap/1.8.4#stable"
104.244.72.115 - - [03/Jul/2026:16:37:56 +0000] "GET /_logs/access.log HTTP/1.1" 404 620 "-" "sqlmap/1.8.4#stable"
104.244.72.115 - - [03/Jul/2026:16:37:56 +0000] "GET /variant/ HTTP/1.1" 302 1382 "-" "feroxbuster/2.11.0"
141.8.153.222 - - [03/Jul/2026:16:37:58 +0000] "GET /products HTTP/1.1" 200 81495 "/assets/app.js" "Mozilla/5.0 (compatible; Googlebot/2.1; +http://www.google.com/bot.html)"
45.146.164.12 - - [03/Jul/2026:16:38:00 +0000] "GET /.ssh/id_rsa HTTP/1.1" 403 1113 "-" "feroxbuster/2.11.0"
198.51.100.45 - - [03/Jul/2026:16:38:00 +0000] "GET /sitemap.xml HTTP/1.1" 200 40991 "/sitemap.xml" "DuckDuckBot/1.0; (+http://duckduckgo.com/duckduckbot)"
45.146.164.12 - - [03/Jul/2026:16:38:01 +0000] "HEAD /apache/logs/access.log HTTP/1.1" 302 919 "-" "ffuf/2.1.0"
23.129.64.112 - - [03/Jul/2026:16:38:01 +0000] "GET /import.php HTTP/1.1" 403 1035 "-" "python-requests/2.31.0"
40.77.167.21 - - [03/Jul/2026:16:38:03 +0000] "GET /about HTTP/1.1" 200 30346 "/api/news" "Mozilla/5.0 (compatible; YandexBot/3.0; +http://yandex.com/bots)"
213.24.11.146 - - [03/Jul/2026:16:38:03 +0000] "GET /about HTTP/1.1" 200 28051 "/api/products" "Mozilla/5.0 (Macintosh; Intel Mac OS X 14_5) AppleWebKit/537.36 Chrome/124.0.0.0 Safari/537.36"
156.146.62.11 - - [03/Jul/2026:16:38:04 +0000] "GET /apache/logs/access.log HTTP/1.1" 404 1863 "-" "Wfuzz/3.1.0"
232.138.24.83 - - [03/Jul/2026:16:38:05 +0000] "GET /assets/logo.svg HTTP/1.1" 200 15001 "-" "Mozilla/5.0 (iPhone; CPU iPhone OS 17_4 like Mac OS X) AppleWebKit/605.1.15 Version/17.4 Mobile/15E148 Safari/604.1"
45.146.164.12 - - [03/Jul/2026:16:38:05 +0000] "GET /config/database.yml_original HTTP/1.1" 403 1427 "-" "Nmap Scripting Engine"
61.148.127.150 - - [03/Jul/2026:16:38:05 +0000] "GET /about HTTP/1.1" 304 1761 "-" "Mozilla/5.0 (iPhone; CPU iPhone OS 17_4 like Mac OS X) AppleWebKit/605.1.15 Version/17.4 Mobile/15E148 Safari/604.1"
46.188.19.142 - - [03/Jul/2026:16:38:05 +0000] "GET / HTTP/1.1" 200 14286 "-" "Mozilla/5.0 (iPad; CPU OS 17_4 like Mac OS X) AppleWebKit/605.1.15 Version/17.4 Mobile/15E148 Safari/604.1"
203.0.113.77 - - [03/Jul/2026:16:38:06 +0000] "GET /assets/site.css HTTP/1.1" 200 32262 "-" "Mozilla/5.0 (Windows NT 10.0; Win64; x64) AppleWebKit/537.36 Chrome/123.0.0.0 Safari/537.36"
203.0.113.77 - - [03/Jul/2026:16:38:06 +0000] "GET /contacts HTTP/1.1" 304 1803 "-" "Mozilla/5.0 (Linux; Android 13; SM-S918B) AppleWebKit/537.36 SamsungBrowser/24.0 Chrome/120.0 Mobile Safari/537.36"
203.0.113.77 - - [03/Jul/2026:16:38:06 +0000] "GET /sitemap.xml HTTP/1.1" 200 48069 "-" "Mozilla/5.0 (Macintosh; Intel Mac OS X 14_5) AppleWebKit/605.1.15 Version/17.4 Safari/605.1.15"
245.216.168.248 - - [03/Jul/2026:16:38:07 +0000] "GET /vb.zip HTTP/1.1" 404 657 "-" "Wfuzz/3.1.0"
149.160.51.162 - - [03/Jul/2026:16:38:08 +0000] "GET /contacts HTTP/1.1" 200 29787 "-" "Mozilla/5.0 (iPad; CPU OS 17_4 like Mac OS X) AppleWebKit/605.1.15 Version/17.4 Mobile/15E148 Safari/604.1"
40.77.167.21 - - [03/Jul/2026:16:38:08 +0000] "GET /assets/app.js HTTP/1.1" 304 2876 "-" "Mozilla/5.0 (iPad; CPU OS 17_4 like Mac OS X) AppleWebKit/605.1.15 Version/17.4 Mobile/15E148 Safari/604.1"
66.249.75.10 - - [03/Jul/2026:16:38:09 +0000] "HEAD /assets/logo.svg HTTP/1.1" 200 18041 "-" "Mozilla/5.0 (X11; Linux x86_64) AppleWebKit/537.36 Chrome/122.0.0.0 Safari/537.36"
194.26.29.89 - - [03/Jul/2026:16:38:09 +0000] "OPTIONS /tinymce HTTP/1.1" 403 1569 "-" "sqlmap/1.8.4#stable"
46.188.19.142 - - [03/Jul/2026:16:38:09 +0000] "GET /healthz HTTP/1.1" 304 1067 "/" "Mozilla/5.0 (Linux; Android 13; SM-S918B) AppleWebKit/537.36 SamsungBrowser/24.0 Chrome/120.0 Mobile Safari/537.36"
185.220.101.54 - - [03/Jul/2026:16:38:09 +0000] "GET /myadmin/index.php HTTP/1.1" 403 802 "-" "gobuster/3.6"
40.77.167.21 - - [03/Jul/2026:16:38:10 +0000] "GET /assets/site.css HTTP/1.1" 200 80053 "-" "Mozilla/5.0 (iPad; CPU OS 17_4 like Mac OS X) AppleWebKit/605.1.15 Version/17.4 Mobile/15E148 Safari/604.1"
185.193.88.77 - - [03/Jul/2026:16:38:11 +0000] "GET /admin/logs/error-log HTTP/1.1" 301 1399 "-" "feroxbuster/2.11.0"
46.188.19.142 - - [03/Jul/2026:16:38:12 +0000] "GET /healthz HTTP/1.1" 304 3193 "/" "Mozilla/5.0 (iPhone; CPU iPhone OS 17_4 like Mac OS X) AppleWebKit/605.1.15 Version/17.4 Mobile/15E148 Safari/604.1"
203.0.113.77 - - [03/Jul/2026:16:38:13 +0000] "GET /api/products HTTP/1.1" 200 5148 "/products" "Mozilla/5.0 (Linux; Android 13; SM-S918B) AppleWebKit/537.36 SamsungBrowser/24.0 Chrome/120.0 Mobile Safari/537.36"
157.55.39.7 - - [03/Jul/2026:16:38:15 +0000] "GET /articles/2026/q2 HTTP/1.1" 200 26903 "-" "Mozilla/5.0 (compatible; bingbot/2.0; +http://www.bing.com/bingbot.htm)"
23.129.64.112 - - [03/Jul/2026:16:38:15 +0000] "GET /tomcat/axis/ HTTP/1.1" 404 2583 "-" "sqlmap/1.8.4#stable"
66.249.75.10 - - [03/Jul/2026:16:38:15 +0000] "GET /contacts HTTP/1.1" 200 43029 "/metrics" "Mozilla/5.0 (iPad; CPU OS 17_4 like Mac OS X) AppleWebKit/605.1.15 Version/17.4 Mobile/15E148 Safari/604.1"
185.193.88.77 - - [03/Jul/2026:16:38:16 +0000] "GET /app/etc/enterprise.xml HTTP/1.1" 403 1048 "-" "gobuster/3.6"
212.76.133.14 - - [03/Jul/2026:16:38:17 +0000] "HEAD /api/news HTTP/1.1" 304 457 "-" "Mozilla/5.0 (compatible; Googlebot/2.1; +http://www.google.com/bot.html)"
66.249.75.10 - - [03/Jul/2026:16:38:17 +0000] "GET /contacts HTTP/1.1" 304 3386 "/sitemap.xml" "Mozilla/5.0 (iPad; CPU OS 17_4 like Mac OS X) AppleWebKit/605.1.15 Version/17.4 Mobile/15E148 Safari/604.1"
193.142.147.55 - - [03/Jul/2026:16:38:17 +0000] "GET /app/config/schema.yml HTTP/1.1" 404 2313 "-" "feroxbuster/2.11.0"
80.85.246.17 - - [03/Jul/2026:16:38:17 +0000] "OPTIONS /configure.scan HTTP/1.1" 405 780 "-" "DirBuster-1.0-RC1"
45.146.164.12 - - [03/Jul/2026:16:38:18 +0000] "GET /admin/login.php HTTP/1.1" 404 339 "-" "DirBuster-1.0-RC1"
141.8.153.222 - - [03/Jul/2026:16:38:18 +0000] "GET /contacts HTTP/1.1" 200 61932 "-" "Mozilla/5.0 (iPad; CPU OS 17_4 like Mac OS X) AppleWebKit/605.1.15 Version/17.4 Mobile/15E148 Safari/604.1"
10.42.1.202 - - [03/Jul/2026:16:38:19 +0000] "GET /metrics HTTP/1.1" 200 2678 "-" "curl/8.6.0"
194.26.29.89 - - [03/Jul/2026:16:38:20 +0000] "GET /access.log HTTP/1.1" 404 1083 "-" "Wfuzz/3.1.0"
141.8.153.222 - - [03/Jul/2026:16:38:20 +0000] "GET /sitemap.xml HTTP/1.1" 200 71188 "-" "Mozilla/5.0 (Windows NT 10.0; Win64; x64) AppleWebKit/537.36 Edg/124.0.0.0"
194.26.29.89 - - [03/Jul/2026:16:38:21 +0000] "GET /php-my-admin/ HTTP/1.1" 404 1961 "-" "masscan/1.3 (https://github.com/robertdavidgraham/masscan)"
185.220.101.54 - - [03/Jul/2026:16:38:22 +0000] "GET /_logs/access.log HTTP/1.1" 404 1158 "-" "Wfuzz/3.1.0"
141.8.153.222 - - [03/Jul/2026:16:38:22 +0000] "GET /about HTTP/1.1" 200 44207 "-" "Mozilla/5.0 (iPhone; CPU iPhone OS 17_4 like Mac OS X) AppleWebKit/605.1.15 Version/17.4 Mobile/15E148 Safari/604.1"
188.18.77.220 - - [03/Jul/2026:16:38:22 +0000] "GET /robots.txt HTTP/1.1" 200 33253 "-" "Mozilla/5.0 (Linux; Android 13; SM-S918B) AppleWebKit/537.36 SamsungBrowser/24.0 Chrome/120.0 Mobile Safari/537.36"
193.142.147.55 - - [03/Jul/2026:16:38:24 +0000] "GET /passwd.adjunct HTTP/1.1" 500 744 "-" "DirBuster-1.0-RC1"
40.77.167.21 - - [03/Jul/2026:16:38:24 +0000] "GET /favicon.ico HTTP/1.1" 304 3235 "-" "Mozilla/5.0 (X11; Linux x86_64) AppleWebKit/537.36 Chrome/122.0.0.0 Safari/537.36"
77.88.55.201 - - [03/Jul/2026:16:38:25 +0000] "HEAD /metrics HTTP/1.1" 304 810 "-" "Mozilla/5.0 (Macintosh; Intel Mac OS X 14_5) AppleWebKit/605.1.15 Version/17.4 Safari/605.1.15"
188.18.77.220 - - [03/Jul/2026:16:38:25 +0000] "GET /contacts HTTP/1.1" 200 81756 "/metrics" "Mozilla/5.0 (compatible; bingbot/2.0; +http://www.bing.com/bingbot.htm)"
5.188.206.67 - - [03/Jul/2026:16:38:25 +0000] "GET /buildNumber.properties HTTP/1.1" 302 419 "-" "feroxbuster/2.11.0"
213.24.11.146 - - [03/Jul/2026:16:38:25 +0000] "GET /articles/2026/q2 HTTP/1.1" 200 65993 "/products" "Mozilla/5.0 (iPad; CPU OS 17_4 like Mac OS X) AppleWebKit/605.1.15 Version/17.4 Mobile/15E148 Safari/604.1"
10.42.3.140 - - [03/Jul/2026:16:38:26 +0000] "GET /metrics HTTP/1.1" 200 4203 "-" "curl/8.6.0"
40.77.167.21 - - [03/Jul/2026:16:38:26 +0000] "GET /products HTTP/1.1" 200 31005 "/contacts" "Mozilla/5.0 (Windows NT 10.0; Win64; x64) AppleWebKit/537.36 Edg/124.0.0.0"
40.77.167.21 - - [03/Jul/2026:16:38:26 +0000] "GET /articles/2026/q2 HTTP/1.1" 200 49754 "-" "Mozilla/5.0 (X11; Linux x86_64) AppleWebKit/537.36 Chrome/122.0.0.0 Safari/537.36"
212.76.133.14 - - [03/Jul/2026:16:38:27 +0000] "GET /assets/logo.svg HTTP/1.1" 200 70367 "/assets/site.css" "Mozilla/5.0 (Macintosh; Intel Mac OS X 14_5) AppleWebKit/605.1.15 Version/17.4 Safari/605.1.15"
40.77.167.21 - - [03/Jul/2026:16:38:28 +0000] "GET /contacts HTTP/1.1" 200 43447 "-" "Mozilla/5.0 (compatible; YandexBot/3.0; +http://yandex.com/bots)"
40.77.167.21 - - [03/Jul/2026:16:38:29 +0000] "GET /sitemap.xml HTTP/1.1" 200 73637 "/robots.txt" "Mozilla/5.0 (Macintosh; Intel Mac OS X 14_5) AppleWebKit/537.36 Chrome/124.0.0.0 Safari/537.36"
156.146.62.11 - - [03/Jul/2026:16:38:29 +0000] "OPTIONS /administrator HTTP/1.1" 404 2368 "-" "feroxbuster/2.11.0"
66.249.75.10 - - [03/Jul/2026:16:38:29 +0000] "GET /assets/logo.svg HTTP/1.1" 304 3931 "-" "Mozilla/5.0 (X11; Linux x86_64) AppleWebKit/537.36 Chrome/122.0.0.0 Safari/537.36"
185.193.88.77 - - [03/Jul/2026:16:38:29 +0000] "HEAD /spy.aspx HTTP/1.1" 500 1176 "-" "masscan/1.3 (https://github.com/robertdavidgraham/masscan)"
213.24.11.146 - - [03/Jul/2026:16:38:30 +0000] "HEAD /robots.txt HTTP/1.1" 200 28185 "-" "Mozilla/5.0 (Macintosh; Intel Mac OS X 14_5) AppleWebKit/537.36 Chrome/124.0.0.0 Safari/537.36"
10.42.2.115 - - [03/Jul/2026:16:38:30 +0000] "GET /healthz HTTP/1.1" 200 4779 "-" "kube-probe/1.30"
10.42.2.107 - - [03/Jul/2026:16:38:30 +0000] "GET /healthz HTTP/1.1" 503 5073 "-" "kube-probe/1.30"
157.55.39.7 - - [03/Jul/2026:16:38:31 +0000] "GET /products HTTP/1.1" 200 37087 "-" "Mozilla/5.0 (iPad; CPU OS 17_4 like Mac OS X) AppleWebKit/605.1.15 Version/17.4 Mobile/15E148 Safari/604.1"
157.55.39.7 - - [03/Jul/2026:16:38:31 +0000] "GET /sitemap.xml HTTP/1.1" 200 51793 "-" "Mozilla/5.0 (X11; Linux x86_64) AppleWebKit/537.36 Chrome/122.0.0.0 Safari/537.36"
45.146.164.12 - - [03/Jul/2026:16:38:31 +0000] "GET /Module.symvers HTTP/1.1" 403 268 "-" "ffuf/2.1.0"
72.120.141.10 - - [03/Jul/2026:16:38:31 +0000] "GET /favicon.ico HTTP/1.1" 200 46429 "-" "Mozilla/5.0 (iPad; CPU OS 17_4 like Mac OS X) AppleWebKit/605.1.15 Version/17.4 Mobile/15E148 Safari/604.1"
203.0.113.77 - - [03/Jul/2026:16:38:31 +0000] "GET /healthz HTTP/1.1" 200 45359 "/articles/2026/q2" "Mozilla/5.0 (compatible; Googlebot/2.1; +http://www.google.com/bot.html)"
46.188.19.142 - - [03/Jul/2026:16:38:32 +0000] "GET /assets/site.css HTTP/1.1" 200 75361 "-" "Mozilla/5.0 (iPhone; CPU iPhone OS 17_4 like Mac OS X) AppleWebKit/605.1.15 Version/17.4 Mobile/15E148 Safari/604.1"
188.18.77.220 - - [03/Jul/2026:16:38:32 +0000] "GET /products HTTP/1.1" 304 3464 "-" "Mozilla/5.0 (Macintosh; Intel Mac OS X 14_5) AppleWebKit/605.1.15 Version/17.4 Safari/605.1.15"
40.77.167.21 - - [03/Jul/2026:16:38:32 +0000] "GET /about HTTP/1.1" 304 3415 "-" "Mozilla/5.0 (compatible; bingbot/2.0; +http://www.bing.com/bingbot.htm)"
206.218.188.148 - - [03/Jul/2026:16:38:32 +0000] "GET /favicon.ico HTTP/1.1" 200 32852 "/robots.txt" "Mozilla/5.0 (X11; Linux x86_64) AppleWebKit/537.36 Chrome/122.0.0.0 Safari/537.36"
10.42.3.180 - - [03/Jul/2026:16:38:33 +0000] "GET /healthz HTTP/1.1" 200 5143 "-" "kube-probe/1.30"
45.9.148.77 - - [03/Jul/2026:16:38:33 +0000] "GET /metrics/ HTTP/1.1" 404 1288 "-" "feroxbuster/2.11.0"
212.76.133.14 - - [03/Jul/2026:16:38:34 +0000] "GET /assets/site.css HTTP/1.1" 200 59022 "-" "Mozilla/5.0 (Windows NT 10.0; Win64; x64) AppleWebKit/537.36 Edg/124.0.0.0"
203.0.113.77 - - [03/Jul/2026:16:38:35 +0000] "GET /contacts HTTP/1.1" 200 68061 "/about" "Mozilla/5.0 (Windows NT 10.0; Win64; x64) AppleWebKit/537.36 Chrome/123.0.0.0 Safari/537.36"
212.76.133.14 - - [03/Jul/2026:16:38:35 +0000] "GET /api/news HTTP/1.1" 304 1158 "/favicon.ico" "Mozilla/5.0 (Linux; Android 13; SM-S918B) AppleWebKit/537.36 SamsungBrowser/24.0 Chrome/120.0 Mobile Safari/537.36"
46.188.19.142 - - [03/Jul/2026:16:38:35 +0000] "GET /robots.txt HTTP/1.1" 304 780 "/assets/logo.svg" "DuckDuckBot/1.0; (+http://duckduckgo.com/duckduckbot)"
66.249.75.10 - - [03/Jul/2026:16:38:36 +0000] "GET /assets/app.js HTTP/1.1" 304 196 "-" "Mozilla/5.0 (Windows NT 10.0; Win64; x64) AppleWebKit/537.36 Chrome/123.0.0.0 Safari/537.36"
10.42.1.240 - - [03/Jul/2026:16:38:36 +0000] "GET /metrics HTTP/1.1" 200 1234 "-" "curl/8.6.0"
193.142.147.55 - - [03/Jul/2026:16:38:36 +0000] "GET /system/log/ HTTP/1.1" 500 1587 "-" "ffuf/2.1.0"
171.25.193.20 - - [03/Jul/2026:16:38:36 +0000] "GET /access.log HTTP/1.1" 403 1602 "-" "dirsearch/0.4.3"
66.249.75.10 - - [03/Jul/2026:16:38:37 +0000] "GET /metrics HTTP/1.1" 200 25638 "-" "Mozilla/5.0 (compatible; bingbot/2.0; +http://www.bing.com/bingbot.htm)"
213.24.11.146 - - [03/Jul/2026:16:38:37 +0000] "GET /healthz HTTP/1.1" 200 71447 "-" "Mozilla/5.0 (X11; Linux x86_64) AppleWebKit/537.36 Chrome/122.0.0.0 Safari/537.36"
188.18.77.220 - - [03/Jul/2026:16:38:38 +0000] "GET /products HTTP/1.1" 200 3054 "/articles/2026/q2" "Mozilla/5.0 (compatible; bingbot/2.0; +http://www.bing.com/bingbot.htm)"
141.8.153.222 - - [03/Jul/2026:16:38:38 +0000] "GET /assets/site.css HTTP/1.1" 200 53397 "-" "Mozilla/5.0 (Linux; Android 13; SM-S918B) AppleWebKit/537.36 SamsungBrowser/24.0 Chrome/120.0 Mobile Safari/537.36"
10.42.1.244 - - [03/Jul/2026:16:38:38 +0000] "GET /healthz HTTP/1.1" 200 516 "-" "curl/8.6.0"
193.142.147.55 - - [03/Jul/2026:16:38:39 +0000] "HEAD /_fragment HTTP/1.1" 403 944 "-" "DirBuster-1.0-RC1"
23.129.64.112 - - [03/Jul/2026:16:38:39 +0000] "GET /jdkstatus HTTP/1.1" 302 458 "-" "Go-http-client/1.1"
66.249.75.10 - - [03/Jul/2026:16:38:40 +0000] "GET /metrics HTTP/1.1" 200 10414 "/sitemap.xml" "Mozilla/5.0 (iPhone; CPU iPhone OS 17_4 like Mac OS X) AppleWebKit/605.1.15 Version/17.4 Mobile/15E148 Safari/604.1"
203.0.113.77 - - [03/Jul/2026:16:38:40 +0000] "GET /healthz HTTP/1.1" 304 458 "-" "Mozilla/5.0 (Macintosh; Intel Mac OS X 14_5) AppleWebKit/605.1.15 Version/17.4 Safari/605.1.15"
194.26.29.89 - - [03/Jul/2026:16:38:41 +0000] "OPTIONS /htmlcov/ HTTP/1.1" 404 1977 "-" "ffuf/2.1.0"
198.51.100.45 - - [03/Jul/2026:16:38:41 +0000] "GET /healthz HTTP/1.1" 304 2411 "-" "Mozilla/5.0 (Linux; Android 13; SM-S918B) AppleWebKit/537.36 SamsungBrowser/24.0 Chrome/120.0 Mobile Safari/537.36"
157.55.39.7 - - [03/Jul/2026:16:38:41 +0000] "GET /metrics HTTP/1.1" 200 72486 "-" "Mozilla/5.0 (iPhone; CPU iPhone OS 17_4 like Mac OS X) AppleWebKit/605.1.15 Version/17.4 Mobile/15E148 Safari/604.1"
188.18.77.220 - - [03/Jul/2026:16:38:41 +0000] "GET /sitemap.xml HTTP/1.1" 200 66992 "/robots.txt" "Mozilla/5.0 (Linux; Android 13; SM-S918B) AppleWebKit/537.36 SamsungBrowser/24.0 Chrome/120.0 Mobile Safari/537.36"
77.88.55.201 - - [03/Jul/2026:16:38:41 +0000] "GET /robots.txt HTTP/1.1" 304 1044 "-" "Mozilla/5.0 (X11; Linux x86_64) AppleWebKit/537.36 Chrome/122.0.0.0 Safari/537.36"
66.249.75.10 - - [03/Jul/2026:16:38:41 +0000] "GET /assets/site.css HTTP/1.1" 200 43744 "-" "Mozilla/5.0 (Macintosh; Intel Mac OS X 14_5) AppleWebKit/537.36 Chrome/124.0.0.0 Safari/537.36"
212.76.133.14 - - [03/Jul/2026:16:38:42 +0000] "GET /assets/site.css HTTP/1.1" 200 60058 "/api/news" "Mozilla/5.0 (iPad; CPU OS 17_4 like Mac OS X) AppleWebKit/605.1.15 Version/17.4 Mobile/15E148 Safari/604.1"
80.85.246.17 - - [03/Jul/2026:16:38:42 +0000] "GET /log/access.log HTTP/1.1" 404 743 "-" "gobuster/3.6"
152.96.84.51 - - [03/Jul/2026:16:38:42 +0000] "GET /nginx-access.log HTTP/1.1" 302 2169 "-" "sqlmap/1.8.4#stable"
203.0.113.77 - - [03/Jul/2026:16:38:43 +0000] "GET /assets/app.js HTTP/1.1" 200 21196 "/api/products" "Mozilla/5.0 (iPad; CPU OS 17_4 like Mac OS X) AppleWebKit/605.1.15 Version/17.4 Mobile/15E148 Safari/604.1"
212.76.133.14 - - [03/Jul/2026:16:38:44 +0000] "GET /api/news HTTP/1.1" 304 2200 "/api/news" "Mozilla/5.0 (compatible; YandexBot/3.0; +http://yandex.com/bots)"
203.0.113.77 - - [03/Jul/2026:16:38:45 +0000] "GET /api/products HTTP/1.1" 200 53440 "-" "Mozilla/5.0 (X11; Linux x86_64) AppleWebKit/537.36 Chrome/122.0.0.0 Safari/537.36"
23.129.64.112 - - [03/Jul/2026:16:38:45 +0000] "GET /database.csv HTTP/1.1" 404 1066 "-" "sqlmap/1.8.4#stable"
66.249.75.10 - - [03/Jul/2026:16:38:45 +0000] "GET /robots.txt HTTP/1.1" 200 70729 "-" "Mozilla/5.0 (Macintosh; Intel Mac OS X 14_5) AppleWebKit/605.1.15 Version/17.4 Safari/605.1.15"
212.76.133.14 - - [03/Jul/2026:16:38:46 +0000] "GET /sitemap.xml HTTP/1.1" 304 3722 "/about" "Mozilla/5.0 (iPhone; CPU iPhone OS 17_4 like Mac OS X) AppleWebKit/605.1.15 Version/17.4 Mobile/15E148 Safari/604.1"
10.42.2.4 - - [03/Jul/2026:16:38:46 +0000] "GET /healthz HTTP/1.1" 200 2969 "-" "curl/8.6.0"
104.244.72.115 - - [03/Jul/2026:16:38:46 +0000] "GET /webmaster HTTP/1.1" 404 1920 "-" "Go-http-client/1.1"
80.85.246.17 - - [03/Jul/2026:16:38:46 +0000] "HEAD /cc-errors.txt HTTP/1.1" 404 1757 "-" "feroxbuster/2.11.0"
212.76.133.14 - - [03/Jul/2026:16:38:46 +0000] "GET /api/news HTTP/1.1" 200 22085 "/api/news" "Mozilla/5.0 (iPad; CPU OS 17_4 like Mac OS X) AppleWebKit/605.1.15 Version/17.4 Mobile/15E148 Safari/604.1"
77.88.55.201 - - [03/Jul/2026:16:38:46 +0000] "GET /contacts HTTP/1.1" 200 44337 "/favicon.ico" "Mozilla/5.0 (Macintosh; Intel Mac OS X 14_5) AppleWebKit/605.1.15 Version/17.4 Safari/605.1.15"
193.142.147.55 - - [03/Jul/2026:16:38:46 +0000] "HEAD /erl_crash.dump HTTP/1.1" 403 1190 "-" "dirsearch/0.4.3"
213.24.11.146 - - [03/Jul/2026:16:38:47 +0000] "GET /articles/2026/q2 HTTP/1.1" 200 77103 "-" "Mozilla/5.0 (Windows NT 10.0; Win64; rv:124.0) Gecko/20100101 Firefox/124.0"
10.42.3.170 - - [03/Jul/2026:16:38:47 +0000] "GET /healthz HTTP/1.1" 200 1733 "-" "kube-probe/1.30"
46.188.19.142 - - [03/Jul/2026:16:38:47 +0000] "GET /robots.txt HTTP/1.1" 304 491 "-" "Mozilla/5.0 (Windows NT 10.0; Win64; rv:124.0) Gecko/20100101 Firefox/124.0"
193.142.147.55 - - [03/Jul/2026:16:38:47 +0000] "HEAD /api.py HTTP/1.1" 404 841 "-" "dirsearch/0.4.3"
188.18.77.220 - - [03/Jul/2026:16:38:48 +0000] "GET / HTTP/1.1" 200 14827 "-" "Mozilla/5.0 (Linux; Android 13; SM-S918B) AppleWebKit/537.36 SamsungBrowser/24.0 Chrome/120.0 Mobile Safari/537.36"
80.85.246.17 - - [03/Jul/2026:16:38:49 +0000] "GET /.filezilla/sitemanager.xml.xml HTTP/1.1" 403 2299 "-" "masscan/1.3 (https://github.com/robertdavidgraham/masscan)"
45.9.148.77 - - [03/Jul/2026:16:38:50 +0000] "GET /apache/logs/access.log HTTP/1.1" 302 2546 "-" "Go-http-client/1.1"
66.249.75.10 - - [03/Jul/2026:16:38:50 +0000] "GET /assets/site.css HTTP/1.1" 200 33596 "/about" "Mozilla/5.0 (Macintosh; Intel Mac OS X 14_5) AppleWebKit/537.36 Chrome/124.0.0.0 Safari/537.36"
188.18.77.220 - - [03/Jul/2026:16:38:53 +0000] "GET /assets/app.js HTTP/1.1" 304 1463 "/articles/2026/q2" "Mozilla/5.0 (Windows NT 10.0; Win64; x64) AppleWebKit/537.36 Edg/124.0.0.0"
194.26.29.89 - - [03/Jul/2026:16:38:53 +0000] "GET /github/ HTTP/1.1" 302 261 "-" "python-requests/2.31.0"
104.244.72.115 - - [03/Jul/2026:16:38:53 +0000] "GET /backups.tar.gz HTTP/1.1" 405 1357 "-" "Nmap Scripting Engine"
28.153.201.197 - - [03/Jul/2026:16:38:54 +0000] "GET /robots.txt HTTP/1.1" 200 12936 "-" "Mozilla/5.0 (iPhone; CPU iPhone OS 17_4 like Mac OS X) AppleWebKit/605.1.15 Version/17.4 Mobile/15E148 Safari/604.1"
46.188.19.142 - - [03/Jul/2026:16:38:54 +0000] "GET /articles/2026/q2 HTTP/1.1" 200 57196 "/articles/2026/q2" "Mozilla/5.0 (Linux; Android 13; SM-S918B) AppleWebKit/537.36 SamsungBrowser/24.0 Chrome/120.0 Mobile Safari/537.36"
25.103.45.148 - - [03/Jul/2026:16:38:54 +0000] "GET /vagrant/ HTTP/1.1" 302 400 "-" "masscan/1.3 (https://github.com/robertdavidgraham/masscan)"
66.249.75.10 - - [03/Jul/2026:16:38:55 +0000] "GET /assets/logo.svg HTTP/1.1" 200 73619 "-" "Mozilla/5.0 (compatible; YandexBot/3.0; +http://yandex.com/bots)"
198.51.100.45 - - [03/Jul/2026:16:38:55 +0000] "GET /robots.txt HTTP/1.1" 200 84525 "/articles/2026/q2" "Mozilla/5.0 (iPad; CPU OS 17_4 like Mac OS X) AppleWebKit/605.1.15 Version/17.4 Mobile/15E148 Safari/604.1"
157.55.39.7 - - [03/Jul/2026:16:38:56 +0000] "GET /robots.txt HTTP/1.1" 200 21598 "/products" "Mozilla/5.0 (X11; Linux x86_64) AppleWebKit/537.36 Chrome/122.0.0.0 Safari/537.36"
10.42.1.124 - - [03/Jul/2026:16:38:56 +0000] "GET /healthz HTTP/1.1" 200 3041 "-" "kube-probe/1.30"
157.55.39.7 - - [03/Jul/2026:16:38:56 +0000] "GET /api/news HTTP/1.1" 200 81131 "/" "Mozilla/5.0 (iPhone; CPU iPhone OS 17_4 like Mac OS X) AppleWebKit/605.1.15 Version/17.4 Mobile/15E148 Safari/604.1"
91.198.174.22 - - [03/Jul/2026:16:38:56 +0000] "GET /articles/2026/q2 HTTP/1.1" 200 54805 "/robots.txt" "Mozilla/5.0 (Windows NT 10.0; Win64; x64) AppleWebKit/537.36 Edg/124.0.0.0"
141.8.153.222 - - [03/Jul/2026:16:38:56 +0000] "GET /contacts HTTP/1.1" 304 1441 "-" "Mozilla/5.0 (X11; Linux x86_64) AppleWebKit/537.36 Chrome/122.0.0.0 Safari/537.36"
203.0.113.77 - - [03/Jul/2026:16:38:56 +0000] "GET /assets/site.css HTTP/1.1" 200 69449 "-" "Mozilla/5.0 (Macintosh; Intel Mac OS X 14_5) AppleWebKit/537.36 Chrome/124.0.0.0 Safari/537.36"
45.146.164.12 - - [03/Jul/2026:16:38:56 +0000] "HEAD /monitoring HTTP/1.1" 403 2388 "-" "Wfuzz/3.1.0"
46.188.19.142 - - [03/Jul/2026:16:38:57 +0000] "GET /healthz HTTP/1.1" 200 82470 "/metrics" "Mozilla/5.0 (Windows NT 10.0; Win64; rv:124.0) Gecko/20100101 Firefox/124.0"
141.8.153.222 - - [03/Jul/2026:16:38:57 +0000] "GET /assets/logo.svg HTTP/1.1" 200 73201 "-" "Mozilla/5.0 (iPad; CPU OS 17_4 like Mac OS X) AppleWebKit/605.1.15 Version/17.4 Mobile/15E148 Safari/604.1"
77.88.55.201 - - [03/Jul/2026:16:38:57 +0000] "GET /assets/logo.svg HTTP/1.1" 200 84847 "-" "Mozilla/5.0 (Linux; Android 13; SM-S918B) AppleWebKit/537.36 SamsungBrowser/24.0 Chrome/120.0 Mobile Safari/537.36"
185.220.101.54 - - [03/Jul/2026:16:38:58 +0000] "HEAD /database.zip HTTP/1.1" 404 1184 "-" "gobuster/3.6"
91.198.174.22 - - [03/Jul/2026:16:38:58 +0000] "GET /sitemap.xml HTTP/1.1" 200 43083 "/assets/app.js" "Mozilla/5.0 (Macintosh; Intel Mac OS X 14_5) AppleWebKit/537.36 Chrome/124.0.0.0 Safari/537.36"
194.26.29.89 - - [03/Jul/2026:16:39:00 +0000] "GET /robots.txt HTTP/1.1" 301 1531 "-" "DirBuster-1.0-RC1"
157.55.39.7 - - [03/Jul/2026:16:39:01 +0000] "GET /articles/2026/q2 HTTP/1.1" 200 27793 "-" "Mozilla/5.0 (Macintosh; Intel Mac OS X 14_5) AppleWebKit/537.36 Chrome/124.0.0.0 Safari/537.36"
46.188.19.142 - - [03/Jul/2026:16:39:01 +0000] "GET /assets/app.js HTTP/1.1" 200 69800 "-" "Mozilla/5.0 (iPhone; CPU iPhone OS 17_4 like Mac OS X) AppleWebKit/605.1.15 Version/17.4 Mobile/15E148 Safari/604.1"
45.146.164.12 - - [03/Jul/2026:16:39:03 +0000] "HEAD /modelsearch/ HTTP/1.1" 404 2063 "-" "python-requests/2.31.0"
213.24.11.146 - - [03/Jul/2026:16:39:04 +0000] "GET / HTTP/1.1" 200 22962 "-" "Mozilla/5.0 (Macintosh; Intel Mac OS X 14_5) AppleWebKit/605.1.15 Version/17.4 Safari/605.1.15"
198.51.100.45 - - [03/Jul/2026:16:39:04 +0000] "GET /contacts HTTP/1.1" 304 1034 "-" "DuckDuckBot/1.0; (+http://duckduckgo.com/duckduckbot)"
203.0.113.77 - - [03/Jul/2026:16:39:05 +0000] "GET /api/news HTTP/1.1" 200 24000 "-" "Mozilla/5.0 (Windows NT 10.0; Win64; rv:124.0) Gecko/20100101 Firefox/124.0"
201.81.173.238 - - [03/Jul/2026:16:39:06 +0000] "HEAD /tmp/cache/views/ HTTP/1.1" 302 1848 "-" "python-requests/2.31.0"
91.198.174.22 - - [03/Jul/2026:16:39:06 +0000] "GET /about HTTP/1.1" 200 83434 "/products" "DuckDuckBot/1.0; (+http://duckduckgo.com/duckduckbot)"
193.142.147.55 - - [03/Jul/2026:16:39:06 +0000] "GET /sql.tar HTTP/1.1" 500 1177 "-" "dirsearch/0.4.3"
203.0.113.77 - - [03/Jul/2026:16:39:06 +0000] "GET /api/products HTTP/1.1" 200 58572 "/api/products" "Mozilla/5.0 (compatible; YandexBot/3.0; +http://yandex.com/bots)"
23.129.64.112 - - [03/Jul/2026:16:39:07 +0000] "GET /logs/error_log HTTP/1.1" 500 188 "-" "sqlmap/1.8.4#stable"
91.198.174.22 - - [03/Jul/2026:16:39:07 +0000] "GET /products HTTP/1.1" 200 40542 "/about" "Mozilla/5.0 (iPad; CPU OS 17_4 like Mac OS X) AppleWebKit/605.1.15 Version/17.4 Mobile/15E148 Safari/604.1"
46.188.19.142 - - [03/Jul/2026:16:39:08 +0000] "GET /favicon.ico HTTP/1.1" 200 27117 "/assets/site.css" "Mozilla/5.0 (iPad; CPU OS 17_4 like Mac OS X) AppleWebKit/605.1.15 Version/17.4 Mobile/15E148 Safari/604.1"
91.198.174.22 - - [03/Jul/2026:16:39:09 +0000] "GET /assets/logo.svg HTTP/1.1" 200 31045 "-" "Mozilla/5.0 (compatible; Googlebot/2.1; +http://www.google.com/bot.html)"
198.51.100.45 - - [03/Jul/2026:16:39:09 +0000] "GET /favicon.ico HTTP/1.1" 200 68497 "/articles/2026/q2" "Mozilla/5.0 (Windows NT 10.0; Win64; x64) AppleWebKit/537.36 Chrome/123.0.0.0 Safari/537.36"
185.220.101.54 - - [03/Jul/2026:16:39:10 +0000] "GET /vorud HTTP/1.1" 404 1613 "-" "feroxbuster/2.11.0"
45.146.164.12 - - [03/Jul/2026:16:39:10 +0000] "GET /manager/login.asp HTTP/1.1" 403 2356 "-" "Nmap Scripting Engine"
45.146.164.12 - - [03/Jul/2026:16:39:10 +0000] "OPTIONS /inc/ HTTP/1.1" 301 2236 "-" "masscan/1.3 (https://github.com/robertdavidgraham/masscan)"
46.188.19.142 - - [03/Jul/2026:16:39:11 +0000] "GET /assets/app.js HTTP/1.1" 304 1819 "-" "Mozilla/5.0 (Windows NT 10.0; Win64; x64) AppleWebKit/537.36 Chrome/123.0.0.0 Safari/537.36"
212.76.133.14 - - [03/Jul/2026:16:39:11 +0000] "GET /favicon.ico HTTP/1.1" 200 63449 "/assets/logo.svg" "Mozilla/5.0 (X11; Linux x86_64) AppleWebKit/537.36 Chrome/122.0.0.0 Safari/537.36"
141.8.153.222 - - [03/Jul/2026:16:39:12 +0000] "GET /metrics HTTP/1.1" 200 12151 "-" "Mozilla/5.0 (X11; Linux x86_64) AppleWebKit/537.36 Chrome/122.0.0.0 Safari/537.36"
198.51.100.45 - - [03/Jul/2026:16:39:12 +0000] "GET / HTTP/1.1" 200 6924 "-" "Mozilla/5.0 (compatible; bingbot/2.0; +http://www.bing.com/bingbot.htm)"
45.146.164.12 - - [03/Jul/2026:16:39:12 +0000] "GET /.database.env HTTP/1.1" 404 2354 "-" "masscan/1.3 (https://github.com/robertdavidgraham/masscan)"
21.130.219.122 - - [03/Jul/2026:16:39:13 +0000] "GET /products HTTP/1.1" 200 15007 "-" "Mozilla/5.0 (iPhone; CPU iPhone OS 17_4 like Mac OS X) AppleWebKit/605.1.15 Version/17.4 Mobile/15E148 Safari/604.1"
213.24.11.146 - - [03/Jul/2026:16:39:13 +0000] "GET /favicon.ico HTTP/1.1" 304 1622 "-" "Mozilla/5.0 (iPad; CPU OS 17_4 like Mac OS X) AppleWebKit/605.1.15 Version/17.4 Mobile/15E148 Safari/604.1"
251.206.148.151 - - [03/Jul/2026:16:39:13 +0000] "GET /articles/2026/q2 HTTP/1.1" 200 28199 "/products" "Mozilla/5.0 (Windows NT 10.0; Win64; x64) AppleWebKit/537.36 Chrome/123.0.0.0 Safari/537.36"
91.198.174.22 - - [03/Jul/2026:16:39:13 +0000] "GET / HTTP/1.1" 200 29941 "/assets/site.css" "Mozilla/5.0 (Windows NT 10.0; Win64; rv:124.0) Gecko/20100101 Firefox/124.0"
91.198.174.22 - - [03/Jul/2026:16:39:13 +0000] "GET /assets/site.css HTTP/1.1" 304 2622 "/assets/logo.svg" "Mozilla/5.0 (Windows NT 10.0; Win64; x64) AppleWebKit/537.36 Chrome/123.0.0.0 Safari/537.36"
112.88.147.64 - - [03/Jul/2026:16:39:14 +0000] "GET /about HTTP/1.1" 200 52797 "-" "DuckDuckBot/1.0; (+http://duckduckgo.com/duckduckbot)"
77.88.55.201 - - [03/Jul/2026:16:39:14 +0000] "GET /sitemap.xml HTTP/1.1" 304 3273 "-" "Mozilla/5.0 (Windows NT 10.0; Win64; rv:124.0) Gecko/20100101 Firefox/124.0"
157.55.39.7 - - [03/Jul/2026:16:39:14 +0000] "GET / HTTP/1.1" 200 72996 "-" "Mozilla/5.0 (iPad; CPU OS 17_4 like Mac OS X) AppleWebKit/605.1.15 Version/17.4 Mobile/15E148 Safari/604.1"
203.0.113.77 - - [03/Jul/2026:16:39:14 +0000] "GET /products HTTP/1.1" 200 2080 "/assets/app.js" "Mozilla/5.0 (X11; Linux x86_64) AppleWebKit/537.36 Chrome/122.0.0.0 Safari/537.36"
157.55.39.7 - - [03/Jul/2026:16:39:15 +0000] "GET /healthz HTTP/1.1" 200 54116 "-" "Mozilla/5.0 (Macintosh; Intel Mac OS X 14_5) AppleWebKit/537.36 Chrome/124.0.0.0 Safari/537.36"
193.142.147.55 - - [03/Jul/2026:16:39:15 +0000] "HEAD /admin1.html HTTP/1.1" 404 652 "-" "Wfuzz/3.1.0"
66.249.75.10 - - [03/Jul/2026:16:39:15 +0000] "GET /assets/app.js HTTP/1.1" 304 2815 "-" "Mozilla/5.0 (Windows NT 10.0; Win64; x64) AppleWebKit/537.36 Edg/124.0.0.0"
10.42.1.75 - - [03/Jul/2026:16:39:16 +0000] "GET /healthz HTTP/1.1" 200 1599 "-" "curl/8.6.0"
198.51.100.45 - - [03/Jul/2026:16:39:16 +0000] "GET /about HTTP/1.1" 200 42929 "-" "Mozilla/5.0 (compatible; Googlebot/2.1; +http://www.google.com/bot.html)"
198.51.100.45 - - [03/Jul/2026:16:39:16 +0000] "GET /sitemap.xml HTTP/1.1" 200 11722 "/about" "Mozilla/5.0 (iPhone; CPU iPhone OS 17_4 like Mac OS X) AppleWebKit/605.1.15 Version/17.4 Mobile/15E148 Safari/604.1"
198.51.100.45 - - [03/Jul/2026:16:39:16 +0000] "GET /products HTTP/1.1" 200 20308 "-" "Mozilla/5.0 (iPad; CPU OS 17_4 like Mac OS X) AppleWebKit/605.1.15 Version/17.4 Mobile/15E148 Safari/604.1"
10.42.2.110 - - [03/Jul/2026:16:39:17 +0000] "GET /healthz HTTP/1.1" 200 602 "-" "curl/8.6.0"
213.24.11.146 - - [03/Jul/2026:16:39:17 +0000] "GET /favicon.ico HTTP/1.1" 200 27404 "-" "Mozilla/5.0 (Macintosh; Intel Mac OS X 14_5) AppleWebKit/537.36 Chrome/124.0.0.0 Safari/537.36"
240.46.180.152 - - [03/Jul/2026:16:39:18 +0000] "GET /assets/site.css HTTP/1.1" 200 38025 "/api/news" "Mozilla/5.0 (Windows NT 10.0; Win64; rv:124.0) Gecko/20100101 Firefox/124.0"
141.8.153.222 - - [03/Jul/2026:16:39:18 +0000] "GET /assets/site.css HTTP/1.1" 200 51706 "-" "Mozilla/5.0 (iPad; CPU OS 17_4 like Mac OS X) AppleWebKit/605.1.15 Version/17.4 Mobile/15E148 Safari/604.1"
141.8.153.222 - - [03/Jul/2026:16:39:19 +0000] "GET /about HTTP/1.1" 200 53735 "/assets/logo.svg" "DuckDuckBot/1.0; (+http://duckduckgo.com/duckduckbot)"
193.142.147.55 - - [03/Jul/2026:16:39:19 +0000] "GET /phpMyAdmin-3.1.1/ HTTP/1.1" 302 2383 "-" "dirsearch/0.4.3"
10.42.2.28 - - [03/Jul/2026:16:39:20 +0000] "GET /metrics HTTP/1.1" 200 4471 "-" "curl/8.6.0"
141.8.153.222 - - [03/Jul/2026:16:39:20 +0000] "GET /api/news HTTP/1.1" 200 47888 "-" "Mozilla/5.0 (Windows NT 10.0; Win64; rv:124.0) Gecko/20100101 Firefox/124.0"
46.188.19.142 - - [03/Jul/2026:16:39:20 +0000] "GET /articles/2026/q2 HTTP/1.1" 304 1439 "/favicon.ico" "Mozilla/5.0 (compatible; Googlebot/2.1; +http://www.google.com/bot.html)"
188.18.77.220 - - [03/Jul/2026:16:39:20 +0000] "GET /contacts HTTP/1.1" 200 48150 "/contacts" "Mozilla/5.0 (compatible; Googlebot/2.1; +http://www.google.com/bot.html)"
203.0.113.77 - - [03/Jul/2026:16:39:21 +0000] "GET /api/products HTTP/1.1" 200 15698 "/products" "Mozilla/5.0 (compatible; Googlebot/2.1; +http://www.google.com/bot.html)"
141.8.153.222 - - [03/Jul/2026:16:39:22 +0000] "HEAD /contacts HTTP/1.1" 200 5216 "-" "Mozilla/5.0 (compatible; Googlebot/2.1; +http://www.google.com/bot.html)"
141.8.153.222 - - [03/Jul/2026:16:39:23 +0000] "GET /sitemap.xml HTTP/1.1" 200 71078 "-" "Mozilla/5.0 (Windows NT 10.0; Win64; x64) AppleWebKit/537.36 Edg/124.0.0.0"
5.188.206.67 - - [03/Jul/2026:16:39:23 +0000] "GET /sample.txt~ HTTP/1.1" 404 252 "-" "Nmap Scripting Engine"
10.42.2.62 - - [03/Jul/2026:16:39:23 +0000] "GET /metrics HTTP/1.1" 200 888 "-" "kube-probe/1.30"
194.26.29.89 - - [03/Jul/2026:16:39:24 +0000] "GET /administrator/pma/ HTTP/1.1" 405 2290 "-" "Go-http-client/1.1"
91.198.174.22 - - [03/Jul/2026:16:39:24 +0000] "GET / HTTP/1.1" 304 2768 "-" "DuckDuckBot/1.0; (+http://duckduckgo.com/duckduckbot)"
188.18.77.220 - - [03/Jul/2026:16:39:25 +0000] "GET /contacts HTTP/1.1" 200 28206 "-" "Mozilla/5.0 (iPhone; CPU iPhone OS 17_4 like Mac OS X) AppleWebKit/605.1.15 Version/17.4 Mobile/15E148 Safari/604.1"
77.88.55.201 - - [03/Jul/2026:16:39:26 +0000] "GET /articles/2026/q2 HTTP/1.1" 200 6076 "/api/news" "Mozilla/5.0 (X11; Linux x86_64) AppleWebKit/537.36 Chrome/122.0.0.0 Safari/537.36"
45.9.148.77 - - [03/Jul/2026:16:39:26 +0000] "GET /fckeditor/editor/filemanager/browser/default/connectors/aspx/connector.aspx HTTP/1.1" 404 2077 "-" "dirsearch/0.4.3"
91.198.174.22 - - [03/Jul/2026:16:39:27 +0000] "GET /metrics HTTP/1.1" 304 3054 "/contacts" "Mozilla/5.0 (Windows NT 10.0; Win64; x64) AppleWebKit/537.36 Edg/124.0.0.0"
