215.33.142.136 - - [03/Jul/2026:15:24:12 +0000] "GET /healthz HTTP/1.1" 200 34997 "/metrics" "Mozilla/5.0 (Windows NT 10.0; Win64; x64) AppleWebKit/537.36 Edg/124.0.0.0"
46.188.19.142 - - [03/Jul/2026:15:24:13 +0000] "GET / HTTP/1.1" 200 60185 "/assets/logo.svg" "Mozilla/5.0 (Windows NT 10.0; Win64; x64) AppleWebKit/537.36 Edg/124.0.0.0"
77.88.55.201 - - [03/Jul/2026:15:24:13 +0000] "GET /contacts HTTP/1.1" 200 84790 "/assets/app.js" "Mozilla/5.0 (Macintosh; Intel Mac OS X 14_5) AppleWebKit/537.36 Chrome/124.0.0.0 Safari/537.36"
10.42.2.104 - - [03/Jul/2026:15:24:13 +0000] "GET /healthz HTTP/1.1" 200 4092 "-" "kube-probe/1.30"
213.24.11.146 - - [03/Jul/2026:15:24:13 +0000] "GET /api/news HTTP/1.1" 304 2022 "-" "Mozilla/5.0 (Windows NT 10.0; Win64; x64) AppleWebKit/537.36 Edg/124.0.0.0"
188.18.77.220 - - [03/Jul/2026:15:24:15 +0000] "GET /products HTTP/1.1" 200 22919 "/products" "Mozilla/5.0 (X11; Linux x86_64) AppleWebKit/537.36 Chrome/122.0.0.0 Safari/537.36"
80.185.24.62 - - [03/Jul/2026:15:24:15 +0000] "GET /products HTTP/1.1" 200 73313 "-" "Mozilla/5.0 (iPad; CPU OS 17_4 like Mac OS X) AppleWebKit/605.1.15 Version/17.4 Mobile/15E148 Safari/604.1"
185.193.88.77 - - [03/Jul/2026:15:24:16 +0000] "GET /2021.tar HTTP/1.1" 404 1509 "-" "DirBuster-1.0-RC1"
91.198.174.22 - - [03/Jul/2026:15:24:17 +0000] "GET /sitemap.xml HTTP/1.1" 304 1693 "/assets/logo.svg" "Mozilla/5.0 (Macintosh; Intel Mac OS X 14_5) AppleWebKit/605.1.15 Version/17.4 Safari/605.1.15"
212.76.133.14 - - [03/Jul/2026:15:24:18 +0000] "GET /about HTTP/1.1" 200 56745 "-" "Mozilla/5.0 (Macintosh; Intel Mac OS X 14_5) AppleWebKit/537.36 Chrome/124.0.0.0 Safari/537.36"
91.198.174.22 - - [03/Jul/2026:15:24:18 +0000] "HEAD /favicon.ico HTTP/1.1" 200 7908 "-" "Mozilla/5.0 (Windows NT 10.0; Win64; x64) AppleWebKit/537.36 Chrome/123.0.0.0 Safari/537.36"
10.42.2.155 - - [03/Jul/2026:15:24:20 +0000] "GET /healthz HTTP/1.1" 200 3538 "-" "curl/8.6.0"
198.51.100.45 - - [03/Jul/2026:15:24:20 +0000] "GET /api/news HTTP/1.1" 200 84562 "-" "Mozilla/5.0 (iPhone; CPU iPhone OS 17_4 like Mac OS X) AppleWebKit/605.1.15 Version/17.4 Mobile/15E148 Safari/604.1"
91.198.174.22 - - [03/Jul/2026:15:24:21 +0000] "GET /sitemap.xml HTTP/1.1" 200 35066 "/assets/site.css" "Mozilla/5.0 (Windows NT 10.0; Win64; x64) AppleWebKit/537.36 Edg/124.0.0.0"
194.26.29.89 - - [03/Jul/2026:15:24:22 +0000] "GET /user_guide_src/cilexer/build/ HTTP/1.1" 301 1418 "-" "DirBuster-1.0-RC1"
40.77.167.21 - - [03/Jul/2026:15:24:23 +0000] "GET /metrics HTTP/1.1" 200 73330 "-" "Mozilla/5.0 (iPhone; CPU iPhone OS 17_4 like Mac OS X) AppleWebKit/605.1.15 Version/17.4 Mobile/15E148 Safari/604.1"
40.77.167.21 - - [03/Jul/2026:15:24:23 +0000] "GET /about HTTP/1.1" 304 2678 "-" "Mozilla/5.0 (Windows NT 10.0; Win64; x64) AppleWebKit/537.36 Chrome/123.0.0.0 Safari/537.36"
46.188.19.142 - - [03/Jul/2026:15:24:24 +0000] "GET / HTTP/1.1" 200 70830 "/about" "Mozilla/5.0 (Linux; Android 13; SM-S918B) AppleWebKit/537.36 SamsungBrowser/24.0 Chrome/120.0 Mobile Safari/537.36"
40.77.167.21 - - [03/Jul/2026:15:24:25 +0000] "GET /favicon.ico HTTP/1.1" 200 72492 "-" "Mozilla/5.0 (X11; Linux x86_64) AppleWebKit/537.36 Chrome/122.0.0.0 Safari/537.36"
185.193.88.77 - - [03/Jul/2026:15:24:25 +0000] "GET /wp-login.php HTTP/1.1" 404 619 "-" "python-requests/2.31.0"
91.198.174.22 - - [03/Jul/2026:15:24:25 +0000] "GET /assets/logo.svg HTTP/1.1" 200 51704 "/about" "Mozilla/5.0 (compatible; Googlebot/2.1; +http://www.google.com/bot.html)"
91.198.174.22 - - [03/Jul/2026:15:24:26 +0000] "GET /api/products HTTP/1.1" 200 40298 "-" "Mozilla/5.0 (Macintosh; Intel Mac OS X 14_5) AppleWebKit/537.36 Chrome/124.0.0.0 Safari/537.36"
247.2.154.228 - - [03/Jul/2026:15:24:27 +0000] "GET /nginx-access.log HTTP/1.1" 404 1211 "-" "sqlmap/1.8.4#stable"
212.76.133.14 - - [03/Jul/2026:15:24:28 +0000] "GET /favicon.ico HTTP/1.1" 200 53948 "-" "Mozilla/5.0 (Windows NT 10.0; Win64; rv:124.0) Gecko/20100101 Firefox/124.0"
141.8.153.222 - - [03/Jul/2026:15:24:28 +0000] "GET /articles/2026/q2 HTTP/1.1" 304 1259 "/api/products" "Mozilla/5.0 (Macintosh; Intel Mac OS X 14_5) AppleWebKit/537.36 Chrome/124.0.0.0 Safari/537.36"
104.244.72.115 - - [03/Jul/2026:15:24:29 +0000] "GET /_logs/access.log HTTP/1.1" 404 2062 "-" "ffuf/2.1.0"
10.42.2.152 - - [03/Jul/2026:15:24:29 +0000] "GET /healthz HTTP/1.1" 200 4328 "-" "kube-probe/1.30"
188.18.77.220 - - [03/Jul/2026:15:24:29 +0000] "GET /assets/logo.svg HTTP/1.1" 304 1854 "/metrics" "Mozilla/5.0 (iPhone; CPU iPhone OS 17_4 like Mac OS X) AppleWebKit/605.1.15 Version/17.4 Mobile/15E148 Safari/604.1"
170.129.43.203 - - [03/Jul/2026:15:24:30 +0000] "GET /about HTTP/1.1" 200 3162 "-" "Mozilla/5.0 (Linux; Android 13; SM-S918B) AppleWebKit/537.36 SamsungBrowser/24.0 Chrome/120.0 Mobile Safari/537.36"
106.7.225.23 - - [03/Jul/2026:15:24:30 +0000] "HEAD /assets/logo.svg HTTP/1.1" 200 66692 "-" "Mozilla/5.0 (Windows NT 10.0; Win64; rv:124.0) Gecko/20100101 Firefox/124.0"
66.249.75.10 - - [03/Jul/2026:15:24:30 +0000] "GET /healthz HTTP/1.1" 304 1055 "-" "Mozilla/5.0 (compatible; Googlebot/2.1; +http://www.google.com/bot.html)"
38.48.135.178 - - [03/Jul/2026:15:24:31 +0000] "GET /favicon.ico HTTP/1.1" 200 82871 "-" "Mozilla/5.0 (Windows NT 10.0; Win64; x64) AppleWebKit/537.36 Edg/124.0.0.0"
141.8.153.222 - - [03/Jul/2026:15:24:31 +0000] "GET /api/news HTTP/1.1" 200 50883 "/healthz" "Mozilla/5.0 (X11; Linux x86_64) AppleWebKit/537.36 Chrome/122.0.0.0 Safari/537.36"
212.76.133.14 - - [03/Jul/2026:15:24:31 +0000] "GET /healthz HTTP/1.1" 200 52863 "/products" "Mozilla/5.0 (compatible; bingbot/2.0; +http://www.bing.com/bingbot.htm)"
91.198.174.22 - - [03/Jul/2026:15:24:32 +0000] "GET /metrics HTTP/1.1" 200 72567 "/metrics" "Mozilla/5.0 (compatible; Googlebot/2.1; +http://www.google.com/bot.html)"
141.8.153.222 - - [03/Jul/2026:15:24:33 +0000] "GET /assets/logo.svg HTTP/1.1" 200 5214 "/favicon.ico" "Mozilla/5.0 (Macintosh; Intel Mac OS X 14_5) AppleWebKit/537.36 Chrome/124.0.0.0 Safari/537.36"
194.26.29.89 - - [03/Jul/2026:15:24:33 +0000] "GET /editor-4.6.2.php HTTP/1.1" 404 964 "-" "feroxbuster/2.11.0"
198.51.100.45 - - [03/Jul/2026:15:24:33 +0000] "HEAD /about HTTP/1.1" 200 16630 "-" "Mozilla/5.0 (Windows NT 10.0; Win64; rv:124.0) Gecko/20100101 Firefox/124.0"
117.247.222.36 - - [03/Jul/2026:15:24:34 +0000] "GET /lib/tiny_mce/ HTTP/1.1" 301 1257 "-" "ffuf/2.1.0"
203.0.113.77 - - [03/Jul/2026:15:24:35 +0000] "HEAD /products HTTP/1.1" 200 32331 "/metrics" "Mozilla/5.0 (Windows NT 10.0; Win64; x64) AppleWebKit/537.36 Edg/124.0.0.0"
185.193.88.77 - - [03/Jul/2026:15:24:36 +0000] "GET /adminer-4.7.7-en.php HTTP/1.1" 302 533 "-" "feroxbuster/2.11.0"
193.142.147.55 - - [03/Jul/2026:15:24:36 +0000] "GET /surgemail/mtemp/surgeweb/tpl/shared/modules/swfupload_f9.swf HTTP/1.1" 500 620 "-" "Nmap Scripting Engine"
213.24.11.146 - - [03/Jul/2026:15:24:36 +0000] "GET /contacts HTTP/1.1" 200 19092 "/products" "Mozilla/5.0 (iPhone; CPU iPhone OS 17_4 like Mac OS X) AppleWebKit/605.1.15 Version/17.4 Mobile/15E148 Safari/604.1"
213.24.11.146 - - [03/Jul/2026:15:24:36 +0000] "GET /metrics HTTP/1.1" 200 28211 "/metrics" "Mozilla/5.0 (Windows NT 10.0; Win64; x64) AppleWebKit/537.36 Chrome/123.0.0.0 Safari/537.36"
194.26.29.89 - - [03/Jul/2026:15:24:36 +0000] "HEAD /pma2018/ HTTP/1.1" 403 2367 "-" "Go-http-client/1.1"
62.231.89.89 - - [03/Jul/2026:15:24:36 +0000] "GET /adminer-4.0.0.php HTTP/1.1" 404 2584 "-" "Go-http-client/1.1"
198.51.100.45 - - [03/Jul/2026:15:24:38 +0000] "GET /assets/logo.svg HTTP/1.1" 200 70071 "/sitemap.xml" "Mozilla/5.0 (Linux; Android 13; SM-S918B) AppleWebKit/537.36 SamsungBrowser/24.0 Chrome/120.0 Mobile Safari/537.36"
212.76.133.14 - - [03/Jul/2026:15:24:39 +0000] "GET /products HTTP/1.1" 200 33493 "/favicon.ico" "Mozilla/5.0 (Windows NT 10.0; Win64; x64) AppleWebKit/537.36 Edg/124.0.0.0"
141.8.153.222 - - [03/Jul/2026:15:24:39 +0000] "GET /about HTTP/1.1" 200 71936 "-" "Mozilla/5.0 (X11; Linux x86_64) AppleWebKit/537.36 Chrome/122.0.0.0 Safari/537.36"
40.77.167.21 - - [03/Jul/2026:15:24:39 +0000] "GET /api/products HTTP/1.1" 200 66426 "-" "Mozilla/5.0 (Windows NT 10.0; Win64; x64) AppleWebKit/537.36 Edg/124.0.0.0"
23.129.64.112 - - [03/Jul/2026:15:24:40 +0000] "GET /wp-cli.yml HTTP/1.1" 500 1108 "-" "sqlmap/1.8.4#stable"
46.188.19.142 - - [03/Jul/2026:15:24:41 +0000] "GET /favicon.ico HTTP/1.1" 200 12185 "/api/products" "Mozilla/5.0 (Linux; Android 13; SM-S918B) AppleWebKit/537.36 SamsungBrowser/24.0 Chrome/120.0 Mobile Safari/537.36"
58.123.38.90 - - [03/Jul/2026:15:24:42 +0000] "OPTIONS /FCKeditor2.4/ HTTP/1.1" 404 1686 "-" "Nmap Scripting Engine"
213.24.11.146 - - [03/Jul/2026:15:24:43 +0000] "GET / HTTP/1.1" 200 47020 "-" "Mozilla/5.0 (compatible; bingbot/2.0; +http://www.bing.com/bingbot.htm)"
155.65.182.63 - - [03/Jul/2026:15:24:44 +0000] "HEAD /log/access.log HTTP/1.1" 405 2089 "-" "masscan/1.3 (https://github.com/robertdavidgraham/masscan)"
10.42.1.168 - - [03/Jul/2026:15:24:45 +0000] "GET /healthz HTTP/1.1" 200 2682 "-" "curl/8.6.0"
157.55.39.7 - - [03/Jul/2026:15:24:45 +0000] "GET /assets/app.js HTTP/1.1" 200 66604 "-" "Mozilla/5.0 (Macintosh; Intel Mac OS X 14_5) AppleWebKit/605.1.15 Version/17.4 Safari/605.1.15"
156.146.62.11 - - [03/Jul/2026:15:24:45 +0000] "GET /.env.backup HTTP/1.1" 404 421 "-" "Wfuzz/3.1.0"
171.25.193.20 - - [03/Jul/2026:15:24:46 +0000] "GET /.cvs HTTP/1.1" 404 2447 "-" "gobuster/3.6"
10.42.3.163 - - [03/Jul/2026:15:24:46 +0000] "GET /metrics HTTP/1.1" 200 2873 "-" "curl/8.6.0"
40.77.167.21 - - [03/Jul/2026:15:24:47 +0000] "GET /assets/site.css HTTP/1.1" 200 12953 "-" "Mozilla/5.0 (Windows NT 10.0; Win64; rv:124.0) Gecko/20100101 Firefox/124.0"
198.51.100.45 - - [03/Jul/2026:15:24:47 +0000] "GET /products HTTP/1.1" 304 1929 "/" "Mozilla/5.0 (Linux; Android 13; SM-S918B) AppleWebKit/537.36 SamsungBrowser/24.0 Chrome/120.0 Mobile Safari/537.36"
157.55.39.7 - - [03/Jul/2026:15:24:47 +0000] "GET /assets/app.js HTTP/1.1" 200 7971 "-" "Mozilla/5.0 (Windows NT 10.0; Win64; x64) AppleWebKit/537.36 Edg/124.0.0.0"
80.85.246.17 - - [03/Jul/2026:15:24:48 +0000] "HEAD /_logs/access.log HTTP/1.1" 302 257 "-" "feroxbuster/2.11.0"
156.146.62.11 - - [03/Jul/2026:15:24:48 +0000] "GET /admin_tools/ HTTP/1.1" 403 208 "-" "gobuster/3.6"
203.0.113.77 - - [03/Jul/2026:15:24:48 +0000] "GET /robots.txt HTTP/1.1" 200 48522 "-" "Mozilla/5.0 (Macintosh; Intel Mac OS X 14_5) AppleWebKit/537.36 Chrome/124.0.0.0 Safari/537.36"
212.76.133.14 - - [03/Jul/2026:15:24:48 +0000] "GET /sitemap.xml HTTP/1.1" 200 23120 "-" "Mozilla/5.0 (Windows NT 10.0; Win64; x64) AppleWebKit/537.36 Chrome/123.0.0.0 Safari/537.36"
213.24.11.146 - - [03/Jul/2026:15:24:49 +0000] "GET /metrics HTTP/1.1" 200 17653 "-" "Mozilla/5.0 (iPhone; CPU iPhone OS 17_4 like Mac OS X) AppleWebKit/605.1.15 Version/17.4 Mobile/15E148 Safari/604.1"
80.85.246.17 - - [03/Jul/2026:15:24:50 +0000] "GET /nginx-ssl.access.log HTTP/1.1" 404 1881 "-" "dirsearch/0.4.3"
141.8.153.222 - - [03/Jul/2026:15:24:50 +0000] "GET /robots.txt HTTP/1.1" 200 58578 "-" "DuckDuckBot/1.0; (+http://duckduckgo.com/duckduckbot)"
40.77.167.21 - - [03/Jul/2026:15:24:50 +0000] "GET /articles/2026/q2 HTTP/1.1" 200 24806 "-" "Mozilla/5.0 (X11; Linux x86_64) AppleWebKit/537.36 Chrome/122.0.0.0 Safari/537.36"
213.24.11.146 - - [03/Jul/2026:15:24:50 +0000] "GET /metrics HTTP/1.1" 200 16527 "/api/products" "Mozilla/5.0 (iPad; CPU OS 17_4 like Mac OS X) AppleWebKit/605.1.15 Version/17.4 Mobile/15E148 Safari/604.1"
23.129.64.112 - - [03/Jul/2026:15:24:51 +0000] "HEAD /config.php HTTP/1.1" 404 997 "-" "Go-http-client/1.1"
45.146.164.12 - - [03/Jul/2026:15:24:52 +0000] "GET /mbox HTTP/1.1" 404 227 "-" "ffuf/2.1.0"
5.188.206.67 - - [03/Jul/2026:15:24:52 +0000] "GET /www-test/ HTTP/1.1" 403 1335 "-" "ffuf/2.1.0"
10.42.0.149 - - [03/Jul/2026:15:24:53 +0000] "GET /healthz HTTP/1.1" 200 5786 "-" "curl/8.6.0"
40.77.167.21 - - [03/Jul/2026:15:24:54 +0000] "GET /favicon.ico HTTP/1.1" 304 1209 "-" "Mozilla/5.0 (iPhone; CPU iPhone OS 17_4 like Mac OS X) AppleWebKit/605.1.15 Version/17.4 Mobile/15E148 Safari/604.1"
141.8.153.222 - - [03/Jul/2026:15:24:54 +0000] "GET /api/products HTTP/1.1" 200 58594 "-" "Mozilla/5.0 (Windows NT 10.0; Win64; rv:124.0) Gecko/20100101 Firefox/124.0"
203.0.113.77 - - [03/Jul/2026:15:24:54 +0000] "GET /assets/site.css HTTP/1.1" 200 81332 "/favicon.ico" "Mozilla/5.0 (Macintosh; Intel Mac OS X 14_5) AppleWebKit/605.1.15 Version/17.4 Safari/605.1.15"
212.76.133.14 - - [03/Jul/2026:15:24:54 +0000] "GET /favicon.ico HTTP/1.1" 200 30343 "-" "Mozilla/5.0 (iPad; CPU OS 17_4 like Mac OS X) AppleWebKit/605.1.15 Version/17.4 Mobile/15E148 Safari/604.1"
188.18.77.220 - - [03/Jul/2026:15:24:55 +0000] "GET / HTTP/1.1" 304 3383 "/about" "Mozilla/5.0 (Macintosh; Intel Mac OS X 14_5) AppleWebKit/537.36 Chrome/124.0.0.0 Safari/537.36"
91.198.174.22 - - [03/Jul/2026:15:24:55 +0000] "GET /metrics HTTP/1.1" 304 3006 "-" "Mozilla/5.0 (compatible; bingbot/2.0; +http://www.bing.com/bingbot.htm)"
66.249.75.10 - - [03/Jul/2026:15:24:56 +0000] "GET /contacts HTTP/1.1" 200 6365 "/metrics" "Mozilla/5.0 (iPhone; CPU iPhone OS 17_4 like Mac OS X) AppleWebKit/605.1.15 Version/17.4 Mobile/15E148 Safari/604.1"
157.55.39.7 - - [03/Jul/2026:15:24:56 +0000] "GET /api/news HTTP/1.1" 200 57084 "-" "Mozilla/5.0 (compatible; Googlebot/2.1; +http://www.google.com/bot.html)"
213.24.11.146 - - [03/Jul/2026:15:24:56 +0000] "GET /assets/logo.svg HTTP/1.1" 200 50576 "/" "Mozilla/5.0 (Macintosh; Intel Mac OS X 14_5) AppleWebKit/605.1.15 Version/17.4 Safari/605.1.15"
32.25.145.203 - - [03/Jul/2026:15:24:56 +0000] "GET /metrics HTTP/1.1" 200 8285 "-" "Mozilla/5.0 (Linux; Android 13; SM-S918B) AppleWebKit/537.36 SamsungBrowser/24.0 Chrome/120.0 Mobile Safari/537.36"
195.143.169.51 - - [03/Jul/2026:15:24:57 +0000] "OPTIONS /tmp/access.log HTTP/1.1" 403 1252 "-" "ffuf/2.1.0"
74.189.163.119 - - [03/Jul/2026:15:24:57 +0000] "HEAD /_private HTTP/1.1" 405 2138 "-" "Wfuzz/3.1.0"
66.249.75.10 - - [03/Jul/2026:15:24:57 +0000] "HEAD /api/news HTTP/1.1" 200 6398 "-" "Mozilla/5.0 (Windows NT 10.0; Win64; x64) AppleWebKit/537.36 Edg/124.0.0.0"
213.24.11.146 - - [03/Jul/2026:15:24:58 +0000] "GET /robots.txt HTTP/1.1" 200 33341 "/assets/app.js" "Mozilla/5.0 (Windows NT 10.0; Win64; x64) AppleWebKit/537.36 Chrome/123.0.0.0 Safari/537.36"
45.146.164.12 - - [03/Jul/2026:15:24:58 +0000] "GET /install.inc HTTP/1.1" 500 2255 "-" "Go-http-client/1.1"
157.55.39.7 - - [03/Jul/2026:15:24:58 +0000] "GET /products HTTP/1.1" 200 29036 "-" "Mozilla/5.0 (X11; Linux x86_64) AppleWebKit/537.36 Chrome/122.0.0.0 Safari/537.36"
66.249.75.10 - - [03/Jul/2026:15:24:58 +0000] "GET /robots.txt HTTP/1.1" 200 46681 "-" "Mozilla/5.0 (compatible; YandexBot/3.0; +http://yandex.com/bots)"
157.55.39.7 - - [03/Jul/2026:15:25:00 +0000] "GET /assets/app.js HTTP/1.1" 200 12030 "-" "Mozilla/5.0 (X11; Linux x86_64) AppleWebKit/537.36 Chrome/122.0.0.0 Safari/537.36"
157.55.39.7 - - [03/Jul/2026:15:25:00 +0000] "GET /api/products HTTP/1.1" 200 69412 "-" "Mozilla/5.0 (compatible; bingbot/2.0; +http://www.bing.com/bingbot.htm)"
171.25.193.20 - - [03/Jul/2026:15:25:01 +0000] "GET /sqldump.sql HTTP/1.1" 404 646 "-" "Nmap Scripting Engine"
77.88.55.201 - - [03/Jul/2026:15:25:01 +0000] "GET /assets/site.css HTTP/1.1" 200 44825 "/robots.txt" "Mozilla/5.0 (Windows NT 10.0; Win64; x64) AppleWebKit/537.36 Chrome/123.0.0.0 Safari/537.36"
91.198.174.22 - - [03/Jul/2026:15:25:01 +0000] "GET /assets/logo.svg HTTP/1.1" 304 1220 "/api/news" "Mozilla/5.0 (Windows NT 10.0; Win64; x64) AppleWebKit/537.36 Edg/124.0.0.0"
155.171.164.169 - - [03/Jul/2026:15:25:01 +0000] "GET / HTTP/1.1" 200 4815 "/api/products" "Mozilla/5.0 (iPhone; CPU iPhone OS 17_4 like Mac OS X) AppleWebKit/605.1.15 Version/17.4 Mobile/15E148 Safari/604.1"
40.77.167.21 - - [03/Jul/2026:15:25:02 +0000] "GET /products HTTP/1.1" 200 36577 "-" "Mozilla/5.0 (iPad; CPU OS 17_4 like Mac OS X) AppleWebKit/605.1.15 Version/17.4 Mobile/15E148 Safari/604.1"
156.146.62.11 - - [03/Jul/2026:15:25:03 +0000] "OPTIONS /prv/ HTTP/1.1" 405 424 "-" "DirBuster-1.0-RC1"
94.104.74.149 - - [03/Jul/2026:15:25:04 +0000] "GET / HTTP/1.1" 304 2473 "-" "Mozilla/5.0 (iPad; CPU OS 17_4 like Mac OS X) AppleWebKit/605.1.15 Version/17.4 Mobile/15E148 Safari/604.1"
46.188.19.142 - - [03/Jul/2026:15:25:05 +0000] "GET /articles/2026/q2 HTTP/1.1" 200 81861 "-" "Mozilla/5.0 (Macintosh; Intel Mac OS X 14_5) AppleWebKit/537.36 Chrome/124.0.0.0 Safari/537.36"
156.146.62.11 - - [03/Jul/2026:15:25:05 +0000] "HEAD /db_backups/ HTTP/1.1" 404 260 "-" "DirBuster-1.0-RC1"
212.76.133.14 - - [03/Jul/2026:15:25:06 +0000] "GET / HTTP/1.1" 200 49338 "-" "Mozilla/5.0 (Windows NT 10.0; Win64; x64) AppleWebKit/537.36 Edg/124.0.0.0"
45.146.164.12 - - [03/Jul/2026:15:25:06 +0000] "GET /sales.sql HTTP/1.1" 302 1134 "-" "DirBuster-1.0-RC1"
203.0.113.77 - - [03/Jul/2026:15:25:06 +0000] "GET /assets/app.js HTTP/1.1" 304 1620 "/api/news" "Mozilla/5.0 (Linux; Android 13; SM-S918B) AppleWebKit/537.36 SamsungBrowser/24.0 Chrome/120.0 Mobile Safari/537.36"
10.42.0.173 - - [03/Jul/2026:15:25:07 +0000] "GET /healthz HTTP/1.1" 200 5897 "-" "curl/8.6.0"
213.24.11.146 - - [03/Jul/2026:15:25:10 +0000] "GET /articles/2026/q2 HTTP/1.1" 200 36735 "-" "Mozilla/5.0 (iPhone; CPU iPhone OS 17_4 like Mac OS X) AppleWebKit/605.1.15 Version/17.4 Mobile/15E148 Safari/604.1"
80.85.246.17 - - [03/Jul/2026:15:25:10 +0000] "GET /tmp/cache/models/ HTTP/1.1" 404 533 "-" "Wfuzz/3.1.0"
188.18.77.220 - - [03/Jul/2026:15:25:10 +0000] "GET /api/products HTTP/1.1" 200 67503 "-" "Mozilla/5.0 (Windows NT 10.0; Win64; rv:124.0) Gecko/20100101 Firefox/124.0"
213.24.11.146 - - [03/Jul/2026:15:25:11 +0000] "GET /products HTTP/1.1" 200 51642 "-" "Mozilla/5.0 (Windows NT 10.0; Win64; rv:124.0) Gecko/20100101 Firefox/124.0"
77.88.55.201 - - [03/Jul/2026:15:25:11 +0000] "GET /healthz HTTP/1.1" 200 28957 "-" "DuckDuckBot/1.0; (+http://duckduckgo.com/duckduckbot)"
104.244.72.115 - - [03/Jul/2026:15:25:14 +0000] "GET /github/ HTTP/1.1" 500 1537 "-" "sqlmap/1.8.4#stable"
203.0.113.77 - - [03/Jul/2026:15:25:14 +0000] "GET /api/products HTTP/1.1" 304 874 "-" "Mozilla/5.0 (Macintosh; Intel Mac OS X 14_5) AppleWebKit/537.36 Chrome/124.0.0.0 Safari/537.36"
16.197.65.5 - - [03/Jul/2026:15:25:14 +0000] "GET /wwwroot.zip HTTP/1.1" 405 2439 "-" "sqlmap/1.8.4#stable"
189.34.179.106 - - [03/Jul/2026:15:25:15 +0000] "GET /api/products HTTP/1.1" 200 30109 "/assets/logo.svg" "Mozilla/5.0 (compatible; Googlebot/2.1; +http://www.google.com/bot.html)"
77.88.55.201 - - [03/Jul/2026:15:25:16 +0000] "GET /sitemap.xml HTTP/1.1" 200 78319 "-" "Mozilla/5.0 (iPhone; CPU iPhone OS 17_4 like Mac OS X) AppleWebKit/605.1.15 Version/17.4 Mobile/15E148 Safari/604.1"
213.24.11.146 - - [03/Jul/2026:15:25:17 +0000] "GET /api/products HTTP/1.1" 200 66365 "/assets/site.css" "Mozilla/5.0 (Windows NT 10.0; Win64; x64) AppleWebKit/537.36 Chrome/123.0.0.0 Safari/537.36"
45.146.164.12 - - [03/Jul/2026:15:25:17 +0000] "GET /.hgignore HTTP/1.1" 302 1619 "-" "DirBuster-1.0-RC1"
104.244.72.115 - - [03/Jul/2026:15:25:17 +0000] "GET /.capistrano/metrics/ HTTP/1.1" 301 1679 "-" "dirsearch/0.4.3"
157.55.39.7 - - [03/Jul/2026:15:25:18 +0000] "GET /assets/app.js HTTP/1.1" 200 62258 "/api/products" "Mozilla/5.0 (iPad; CPU OS 17_4 like Mac OS X) AppleWebKit/605.1.15 Version/17.4 Mobile/15E148 Safari/604.1"
188.18.77.220 - - [03/Jul/2026:15:25:18 +0000] "GET /api/news HTTP/1.1" 200 29260 "-" "Mozilla/5.0 (Macintosh; Intel Mac OS X 14_5) AppleWebKit/537.36 Chrome/124.0.0.0 Safari/537.36"
45.146.164.12 - - [03/Jul/2026:15:25:19 +0000] "GET /instance/ HTTP/1.1" 500 393 "-" "Nmap Scripting Engine"
66.249.75.10 - - [03/Jul/2026:15:25:19 +0000] "GET /about HTTP/1.1" 200 69541 "-" "Mozilla/5.0 (Windows NT 10.0; Win64; x64) AppleWebKit/537.36 Chrome/123.0.0.0 Safari/537.36"
171.25.193.20 - - [03/Jul/2026:15:25:19 +0000] "OPTIONS /.influx_history HTTP/1.1" 404 537 "-" "python-requests/2.31.0"
5.188.206.67 - - [03/Jul/2026:15:25:20 +0000] "GET /Cgishell.pl HTTP/1.1" 301 1240 "-" "ffuf/2.1.0"
40.77.167.21 - - [03/Jul/2026:15:25:21 +0000] "GET /assets/logo.svg HTTP/1.1" 200 24965 "-" "Mozilla/5.0 (Linux; Android 13; SM-S918B) AppleWebKit/537.36 SamsungBrowser/24.0 Chrome/120.0 Mobile Safari/537.36"
66.249.75.10 - - [03/Jul/2026:15:25:21 +0000] "GET /assets/site.css HTTP/1.1" 304 2751 "-" "Mozilla/5.0 (iPhone; CPU iPhone OS 17_4 like Mac OS X) AppleWebKit/605.1.15 Version/17.4 Mobile/15E148 Safari/604.1"
203.0.113.77 - - [03/Jul/2026:15:25:21 +0000] "GET /sitemap.xml HTTP/1.1" 200 65058 "/articles/2026/q2" "Mozilla/5.0 (Windows NT 10.0; Win64; x64) AppleWebKit/537.36 Chrome/123.0.0.0 Safari/537.36"
23.129.64.112 - - [03/Jul/2026:15:25:22 +0000] "OPTIONS /authentication.php HTTP/1.1" 301 2094 "-" "feroxbuster/2.11.0"
80.85.246.17 - - [03/Jul/2026:15:25:22 +0000] "GET /webticket/webticketservice.svc HTTP/1.1" 405 1761 "-" "python-requests/2.31.0"
45.9.148.77 - - [03/Jul/2026:15:25:24 +0000] "GET /asset.. HTTP/1.1" 404 1402 "-" "Go-http-client/1.1"
10.42.3.114 - - [03/Jul/2026:15:25:25 +0000] "GET /metrics HTTP/1.1" 200 2274 "-" "kube-probe/1.30"
213.24.11.146 - - [03/Jul/2026:15:25:25 +0000] "GET /healthz HTTP/1.1" 200 14547 "-" "Mozilla/5.0 (Windows NT 10.0; Win64; x64) AppleWebKit/537.36 Edg/124.0.0.0"
66.249.75.10 - - [03/Jul/2026:15:25:26 +0000] "GET /api/news HTTP/1.1" 304 2090 "/assets/app.js" "Mozilla/5.0 (iPad; CPU OS 17_4 like Mac OS X) AppleWebKit/605.1.15 Version/17.4 Mobile/15E148 Safari/604.1"
156.146.62.11 - - [03/Jul/2026:15:25:26 +0000] "GET /plugins.log HTTP/1.1" 404 1573 "-" "ffuf/2.1.0"
104.244.72.115 - - [03/Jul/2026:15:25:26 +0000] "HEAD /sql/phpmy-admin/ HTTP/1.1" 302 962 "-" "ffuf/2.1.0"
213.24.11.146 - - [03/Jul/2026:15:25:26 +0000] "GET /contacts HTTP/1.1" 200 74157 "-" "Mozilla/5.0 (Windows NT 10.0; Win64; rv:124.0) Gecko/20100101 Firefox/124.0"
203.0.113.77 - - [03/Jul/2026:15:25:26 +0000] "GET /favicon.ico HTTP/1.1" 304 2870 "-" "Mozilla/5.0 (compatible; Googlebot/2.1; +http://www.google.com/bot.html)"
203.0.113.77 - - [03/Jul/2026:15:25:27 +0000] "GET /assets/site.css HTTP/1.1" 200 41437 "-" "Mozilla/5.0 (Windows NT 10.0; Win64; x64) AppleWebKit/537.36 Chrome/123.0.0.0 Safari/537.36"
26.145.47.33 - - [03/Jul/2026:15:25:27 +0000] "OPTIONS /admin-dev/export/ HTTP/1.1" 404 1955 "-" "masscan/1.3 (https://github.com/robertdavidgraham/masscan)"
104.244.72.115 - - [03/Jul/2026:15:25:28 +0000] "HEAD /adminer-4.2.2-mysql.php HTTP/1.1" 403 1184 "-" "gobuster/3.6"
77.88.55.201 - - [03/Jul/2026:15:25:28 +0000] "GET /metrics HTTP/1.1" 200 28083 "-" "Mozilla/5.0 (Windows NT 10.0; Win64; x64) AppleWebKit/537.36 Chrome/123.0.0.0 Safari/537.36"
202.5.9.226 - - [03/Jul/2026:15:25:28 +0000] "GET / HTTP/1.1" 304 1086 "/assets/logo.svg" "Mozilla/5.0 (Windows NT 10.0; Win64; x64) AppleWebKit/537.36 Chrome/123.0.0.0 Safari/537.36"
46.188.19.142 - - [03/Jul/2026:15:25:28 +0000] "HEAD /assets/site.css HTTP/1.1" 200 72416 "-" "Mozilla/5.0 (X11; Linux x86_64) AppleWebKit/537.36 Chrome/122.0.0.0 Safari/537.36"
244.170.229.69 - - [03/Jul/2026:15:25:28 +0000] "GET / HTTP/1.1" 200 58930 "-" "Mozilla/5.0 (Windows NT 10.0; Win64; rv:124.0) Gecko/20100101 Firefox/124.0"
104.244.72.115 - - [03/Jul/2026:15:25:29 +0000] "OPTIONS /authenticate.php HTTP/1.1" 404 2480 "-" "dirsearch/0.4.3"
104.244.72.115 - - [03/Jul/2026:15:25:29 +0000] "GET /plugins/web.config HTTP/1.1" 404 1622 "-" "DirBuster-1.0-RC1"
45.9.148.77 - - [03/Jul/2026:15:25:29 +0000] "HEAD /tmp/access.log HTTP/1.1" 301 465 "-" "DirBuster-1.0-RC1"
203.0.113.77 - - [03/Jul/2026:15:25:30 +0000] "GET /favicon.ico HTTP/1.1" 200 1900 "-" "Mozilla/5.0 (Linux; Android 13; SM-S918B) AppleWebKit/537.36 SamsungBrowser/24.0 Chrome/120.0 Mobile Safari/537.36"
104.244.72.115 - - [03/Jul/2026:15:25:30 +0000] "OPTIONS /nstview.php HTTP/1.1" 404 2226 "-" "masscan/1.3 (https://github.com/robertdavidgraham/masscan)"
91.198.174.22 - - [03/Jul/2026:15:25:31 +0000] "GET /api/news HTTP/1.1" 200 6031 "/products" "Mozilla/5.0 (Macintosh; Intel Mac OS X 14_5) AppleWebKit/537.36 Chrome/124.0.0.0 Safari/537.36"
203.0.113.77 - - [03/Jul/2026:15:25:31 +0000] "GET /metrics HTTP/1.1" 200 72584 "/articles/2026/q2" "Mozilla/5.0 (compatible; bingbot/2.0; +http://www.bing.com/bingbot.htm)"
23.129.64.112 - - [03/Jul/2026:15:25:31 +0000] "GET /_mmServerScripts/MMHTTPDB.php HTTP/1.1" 500 2170 "-" "dirsearch/0.4.3"
193.142.147.55 - - [03/Jul/2026:15:25:34 +0000] "HEAD /ltmain.sh HTTP/1.1" 404 1391 "-" "masscan/1.3 (https://github.com/robertdavidgraham/masscan)"
213.24.11.146 - - [03/Jul/2026:15:25:35 +0000] "HEAD /favicon.ico HTTP/1.1" 200 67368 "-" "Mozilla/5.0 (Macintosh; Intel Mac OS X 14_5) AppleWebKit/537.36 Chrome/124.0.0.0 Safari/537.36"
203.0.113.77 - - [03/Jul/2026:15:25:35 +0000] "GET /api/news HTTP/1.1" 200 13773 "/assets/logo.svg" "Mozilla/5.0 (compatible; Googlebot/2.1; +http://www.google.com/bot.html)"
66.249.75.10 - - [03/Jul/2026:15:25:36 +0000] "GET /healthz HTTP/1.1" 304 250 "-" "Mozilla/5.0 (Windows NT 10.0; Win64; x64) AppleWebKit/537.36 Chrome/123.0.0.0 Safari/537.36"
80.85.246.17 - - [03/Jul/2026:15:25:36 +0000] "GET /Brocfile.coffee HTTP/1.1" 301 234 "-" "sqlmap/1.8.4#stable"
37.82.49.52 - - [03/Jul/2026:15:25:36 +0000] "OPTIONS /file_upload.htm HTTP/1.1" 404 1607 "-" "Nmap Scripting Engine"
23.129.64.112 - - [03/Jul/2026:15:25:36 +0000] "OPTIONS /templates/ HTTP/1.1" 403 143 "-" "Nmap Scripting Engine"
164.100.80.178 - - [03/Jul/2026:15:25:37 +0000] "GET /api/news HTTP/1.1" 200 64789 "-" "Mozilla/5.0 (Macintosh; Intel Mac OS X 14_5) AppleWebKit/605.1.15 Version/17.4 Safari/605.1.15"
203.0.113.77 - - [03/Jul/2026:15:25:37 +0000] "GET /api/news HTTP/1.1" 200 25557 "-" "Mozilla/5.0 (Linux; Android 13; SM-S918B) AppleWebKit/537.36 SamsungBrowser/24.0 Chrome/120.0 Mobile Safari/537.36"
5.188.206.67 - - [03/Jul/2026:15:25:37 +0000] "OPTIONS /_tracks HTTP/1.1" 404 1935 "-" "ffuf/2.1.0"
10.42.0.87 - - [03/Jul/2026:15:25:37 +0000] "GET /healthz HTTP/1.1" 200 2681 "-" "curl/8.6.0"
193.142.147.55 - - [03/Jul/2026:15:25:39 +0000] "OPTIONS /modelsearch/admin.php HTTP/1.1" 500 421 "-" "ffuf/2.1.0"
198.51.100.45 - - [03/Jul/2026:15:25:39 +0000] "GET /contacts HTTP/1.1" 304 640 "/sitemap.xml" "Mozilla/5.0 (Windows NT 10.0; Win64; x64) AppleWebKit/537.36 Chrome/123.0.0.0 Safari/537.36"
10.42.2.30 - - [03/Jul/2026:15:25:40 +0000] "GET /healthz HTTP/1.1" 200 593 "-" "curl/8.6.0"
157.55.39.7 - - [03/Jul/2026:15:25:41 +0000] "GET /favicon.ico HTTP/1.1" 200 54270 "-" "DuckDuckBot/1.0; (+http://duckduckgo.com/duckduckbot)"
198.51.100.45 - - [03/Jul/2026:15:25:42 +0000] "GET /assets/app.js HTTP/1.1" 304 3217 "-" "Mozilla/5.0 (compatible; Googlebot/2.1; +http://www.google.com/bot.html)"
66.249.75.10 - - [03/Jul/2026:15:25:42 +0000] "HEAD /robots.txt HTTP/1.1" 304 2951 "/api/products" "Mozilla/5.0 (Windows NT 10.0; Win64; rv:124.0) Gecko/20100101 Firefox/124.0"
185.220.101.54 - - [03/Jul/2026:15:25:43 +0000] "OPTIONS /bitrix/components/bitrix/player/player_playlist_edit.php HTTP/1.1" 405 219 "-" "dirsearch/0.4.3"
66.249.75.10 - - [03/Jul/2026:15:25:44 +0000] "GET /healthz HTTP/1.1" 200 50381 "/sitemap.xml" "DuckDuckBot/1.0; (+http://duckduckgo.com/duckduckbot)"
185.220.101.54 - - [03/Jul/2026:15:25:44 +0000] "GET /php4.ini HTTP/1.1" 302 1029 "-" "DirBuster-1.0-RC1"
40.77.167.21 - - [03/Jul/2026:15:25:45 +0000] "GET /healthz HTTP/1.1" 200 13950 "-" "Mozilla/5.0 (Macintosh; Intel Mac OS X 14_5) AppleWebKit/537.36 Chrome/124.0.0.0 Safari/537.36"
157.55.39.7 - - [03/Jul/2026:15:25:45 +0000] "GET / HTTP/1.1" 200 35541 "/favicon.ico" "Mozilla/5.0 (X11; Linux x86_64) AppleWebKit/537.36 Chrome/122.0.0.0 Safari/537.36"
157.55.39.7 - - [03/Jul/2026:15:25:45 +0000] "GET /healthz HTTP/1.1" 200 42835 "-" "Mozilla/5.0 (Windows NT 10.0; Win64; rv:124.0) Gecko/20100101 Firefox/124.0"
45.9.148.77 - - [03/Jul/2026:15:25:45 +0000] "HEAD /Homestead.yaml HTTP/1.1" 500 806 "-" "Wfuzz/3.1.0"
198.51.100.45 - - [03/Jul/2026:15:25:46 +0000] "GET /sitemap.xml HTTP/1.1" 200 36681 "/assets/logo.svg" "Mozilla/5.0 (Macintosh; Intel Mac OS X 14_5) AppleWebKit/537.36 Chrome/124.0.0.0 Safari/537.36"
198.51.100.45 - - [03/Jul/2026:15:25:48 +0000] "GET /robots.txt HTTP/1.1" 200 39672 "-" "Mozilla/5.0 (iPad; CPU OS 17_4 like Mac OS X) AppleWebKit/605.1.15 Version/17.4 Mobile/15E148 Safari/604.1"
4.46.233.188 - - [03/Jul/2026:15:25:50 +0000] "GET /assets/site.css HTTP/1.1" 200 64854 "-" "Mozilla/5.0 (compatible; Googlebot/2.1; +http://www.google.com/bot.html)"
234.253.193.131 - - [03/Jul/2026:15:25:50 +0000] "GET /metrics HTTP/1.1" 200 51678 "/robots.txt" "Mozilla/5.0 (Macintosh; Intel Mac OS X 14_5) AppleWebKit/537.36 Chrome/124.0.0.0 Safari/537.36"
188.18.77.220 - - [03/Jul/2026:15:25:50 +0000] "GET / HTTP/1.1" 200 39366 "/metrics" "DuckDuckBot/1.0; (+http://duckduckgo.com/duckduckbot)"
167.90.16.69 - - [03/Jul/2026:15:25:51 +0000] "GET /robots.txt HTTP/1.1" 304 465 "-" "Mozilla/5.0 (iPhone; CPU iPhone OS 17_4 like Mac OS X) AppleWebKit/605.1.15 Version/17.4 Mobile/15E148 Safari/604.1"
80.101.132.23 - - [03/Jul/2026:15:25:51 +0000] "GET /favicon.ico HTTP/1.1" 304 3366 "/articles/2026/q2" "Mozilla/5.0 (iPhone; CPU iPhone OS 17_4 like Mac OS X) AppleWebKit/605.1.15 Version/17.4 Mobile/15E148 Safari/604.1"
10.42.0.78 - - [03/Jul/2026:15:25:53 +0000] "GET /healthz HTTP/1.1" 200 1811 "-" "curl/8.6.0"
171.25.193.20 - - [03/Jul/2026:15:25:53 +0000] "GET /plugins/web.config HTTP/1.1" 404 2224 "-" "Go-http-client/1.1"
141.8.153.222 - - [03/Jul/2026:15:25:54 +0000] "GET /assets/app.js HTTP/1.1" 200 53750 "/sitemap.xml" "Mozilla/5.0 (Macintosh; Intel Mac OS X 14_5) AppleWebKit/537.36 Chrome/124.0.0.0 Safari/537.36"
188.18.77.220 - - [03/Jul/2026:15:25:54 +0000] "GET /api/news HTTP/1.1" 200 55945 "-" "Mozilla/5.0 (Linux; Android 13; SM-S918B) AppleWebKit/537.36 SamsungBrowser/24.0 Chrome/120.0 Mobile Safari/537.36"
10.42.1.194 - - [03/Jul/2026:15:25:54 +0000] "GET /healthz HTTP/1.1" 200 5038 "-" "curl/8.6.0"
141.8.153.222 - - [03/Jul/2026:15:25:55 +0000] "GET /articles/2026/q2 HTTP/1.1" 200 14330 "/api/news" "Mozilla/5.0 (Macintosh; Intel Mac OS X 14_5) AppleWebKit/605.1.15 Version/17.4 Safari/605.1.15"
55.139.140.190 - - [03/Jul/2026:15:25:55 +0000] "GET /articles/2026/q2 HTTP/1.1" 200 59296 "/about" "Mozilla/5.0 (iPhone; CPU iPhone OS 17_4 like Mac OS X) AppleWebKit/605.1.15 Version/17.4 Mobile/15E148 Safari/604.1"
157.55.39.7 - - [03/Jul/2026:15:25:55 +0000] "GET /articles/2026/q2 HTTP/1.1" 200 70926 "/articles/2026/q2" "Mozilla/5.0 (iPad; CPU OS 17_4 like Mac OS X) AppleWebKit/605.1.15 Version/17.4 Mobile/15E148 Safari/604.1"
45.146.164.12 - - [03/Jul/2026:15:25:55 +0000] "GET /acceso.php HTTP/1.1" 405 1305 "-" "masscan/1.3 (https://github.com/robertdavidgraham/masscan)"
185.193.88.77 - - [03/Jul/2026:15:25:56 +0000] "GET /nginx-ssl.access.log HTTP/1.1" 404 1273 "-" "feroxbuster/2.11.0"
77.88.55.201 - - [03/Jul/2026:15:25:56 +0000] "GET /healthz HTTP/1.1" 200 64601 "-" "Mozilla/5.0 (Windows NT 10.0; Win64; x64) AppleWebKit/537.36 Edg/124.0.0.0"
194.26.29.89 - - [03/Jul/2026:15:25:56 +0000] "GET /webadmin/index.php HTTP/1.1" 405 1833 "-" "Wfuzz/3.1.0"
193.142.147.55 - - [03/Jul/2026:15:25:56 +0000] "OPTIONS /httpd/logs/access.log HTTP/1.1" 404 2106 "-" "masscan/1.3 (https://github.com/robertdavidgraham/masscan)"
91.198.174.22 - - [03/Jul/2026:15:25:56 +0000] "GET /assets/app.js HTTP/1.1" 200 65298 "/favicon.ico" "DuckDuckBot/1.0; (+http://duckduckgo.com/duckduckbot)"
213.24.11.146 - - [03/Jul/2026:15:25:57 +0000] "GET /assets/site.css HTTP/1.1" 304 3529 "-" "Mozilla/5.0 (Linux; Android 13; SM-S918B) AppleWebKit/537.36 SamsungBrowser/24.0 Chrome/120.0 Mobile Safari/537.36"
45.9.148.77 - - [03/Jul/2026:15:25:57 +0000] "GET /db/index.php HTTP/1.1" 404 584 "-" "gobuster/3.6"
46.188.19.142 - - [03/Jul/2026:15:25:58 +0000] "GET /assets/app.js HTTP/1.1" 200 37691 "/api/products" "Mozilla/5.0 (Windows NT 10.0; Win64; x64) AppleWebKit/537.36 Edg/124.0.0.0"
10.42.3.212 - - [03/Jul/2026:15:25:58 +0000] "GET /metrics HTTP/1.1" 200 5242 "-" "kube-probe/1.30"
45.146.164.12 - - [03/Jul/2026:15:25:58 +0000] "OPTIONS /apache/logs/access.log HTTP/1.1" 301 2590 "-" "masscan/1.3 (https://github.com/robertdavidgraham/masscan)"
157.55.39.7 - - [03/Jul/2026:15:25:58 +0000] "GET /products HTTP/1.1" 200 66875 "-" "Mozilla/5.0 (iPhone; CPU iPhone OS 17_4 like Mac OS X) AppleWebKit/605.1.15 Version/17.4 Mobile/15E148 Safari/604.1"
91.198.174.22 - - [03/Jul/2026:15:25:59 +0000] "GET /contacts HTTP/1.1" 200 82481 "-" "Mozilla/5.0 (Macintosh; Intel Mac OS X 14_5) AppleWebKit/605.1.15 Version/17.4 Safari/605.1.15"
23.129.64.112 - - [03/Jul/2026:15:25:59 +0000] "HEAD /2020.tar HTTP/1.1" 404 613 "-" "gobuster/3.6"
45.146.164.12 - - [03/Jul/2026:15:25:59 +0000] "OPTIONS /owa/ HTTP/1.1" 403 1432 "-" "dirsearch/0.4.3"
185.220.101.54 - - [03/Jul/2026:15:26:00 +0000] "OPTIONS /admin_area/admin.php HTTP/1.1" 403 1907 "-" "sqlmap/1.8.4#stable"
40.77.167.21 - - [03/Jul/2026:15:26:01 +0000] "GET /sitemap.xml HTTP/1.1" 200 55994 "/articles/2026/q2" "Mozilla/5.0 (Windows NT 10.0; Win64; x64) AppleWebKit/537.36 Edg/124.0.0.0"
212.76.133.14 - - [03/Jul/2026:15:26:01 +0000] "GET /metrics HTTP/1.1" 304 1964 "/metrics" "Mozilla/5.0 (compatible; bingbot/2.0; +http://www.bing.com/bingbot.htm)"
23.129.64.112 - - [03/Jul/2026:15:26:01 +0000] "GET /.git_release HTTP/1.1" 403 553 "-" "Go-http-client/1.1"
45.146.164.12 - - [03/Jul/2026:15:26:02 +0000] "HEAD /configuration.ini HTTP/1.1" 301 1285 "-" "Wfuzz/3.1.0"
91.198.174.22 - - [03/Jul/2026:15:26:02 +0000] "GET /healthz HTTP/1.1" 304 391 "/sitemap.xml" "Mozilla/5.0 (compatible; YandexBot/3.0; +http://yandex.com/bots)"
66.249.75.10 - - [03/Jul/2026:15:26:03 +0000] "GET /contacts HTTP/1.1" 304 2147 "/api/products" "Mozilla/5.0 (Windows NT 10.0; Win64; x64) AppleWebKit/537.36 Chrome/123.0.0.0 Safari/537.36"
157.55.39.7 - - [03/Jul/2026:15:26:04 +0000] "GET / HTTP/1.1" 304 1586 "/products" "Mozilla/5.0 (Linux; Android 13; SM-S918B) AppleWebKit/537.36 SamsungBrowser/24.0 Chrome/120.0 Mobile Safari/537.36"
148.212.87.193 - - [03/Jul/2026:15:26:04 +0000] "GET / HTTP/1.1" 200 42672 "-" "Mozilla/5.0 (iPad; CPU OS 17_4 like Mac OS X) AppleWebKit/605.1.15 Version/17.4 Mobile/15E148 Safari/604.1"
213.24.11.146 - - [03/Jul/2026:15:26:05 +0000] "GET /sitemap.xml HTTP/1.1" 200 82945 "/api/news" "Mozilla/5.0 (iPhone; CPU iPhone OS 17_4 like Mac OS X) AppleWebKit/605.1.15 Version/17.4 Mobile/15E148 Safari/604.1"
46.188.19.142 - - [03/Jul/2026:15:26:06 +0000] "GET /assets/app.js HTTP/1.1" 200 50657 "/products" "Mozilla/5.0 (iPhone; CPU iPhone OS 17_4 like Mac OS X) AppleWebKit/605.1.15 Version/17.4 Mobile/15E148 Safari/604.1"
193.142.147.55 - - [03/Jul/2026:15:26:06 +0000] "GET /nginx-ssl.access.log HTTP/1.1" 403 873 "-" "sqlmap/1.8.4#stable"
198.51.100.45 - - [03/Jul/2026:15:26:08 +0000] "GET /assets/app.js HTTP/1.1" 304 3813 "/products" "Mozilla/5.0 (Windows NT 10.0; Win64; x64) AppleWebKit/537.36 Edg/124.0.0.0"
203.0.113.77 - - [03/Jul/2026:15:26:08 +0000] "GET /metrics HTTP/1.1" 304 3682 "-" "Mozilla/5.0 (Windows NT 10.0; Win64; x64) AppleWebKit/537.36 Edg/124.0.0.0"
157.55.39.7 - - [03/Jul/2026:15:26:09 +0000] "GET /articles/2026/q2 HTTP/1.1" 200 59393 "-" "Mozilla/5.0 (compatible; Googlebot/2.1; +http://www.google.com/bot.html)"
91.198.174.22 - - [03/Jul/2026:15:26:09 +0000] "GET / HTTP/1.1" 200 32103 "-" "Mozilla/5.0 (X11; Linux x86_64) AppleWebKit/537.36 Chrome/122.0.0.0 Safari/537.36"
46.188.19.142 - - [03/Jul/2026:15:26:10 +0000] "GET /healthz HTTP/1.1" 304 2384 "-" "Mozilla/5.0 (Windows NT 10.0; Win64; x64) AppleWebKit/537.36 Edg/124.0.0.0"
194.26.29.89 - - [03/Jul/2026:15:26:10 +0000] "GET /program/ HTTP/1.1" 405 1643 "-" "feroxbuster/2.11.0"
157.55.39.7 - - [03/Jul/2026:15:26:11 +0000] "GET /favicon.ico HTTP/1.1" 200 33997 "/contacts" "Mozilla/5.0 (Windows NT 10.0; Win64; x64) AppleWebKit/537.36 Edg/124.0.0.0"
188.18.77.220 - - [03/Jul/2026:15:26:12 +0000] "GET /articles/2026/q2 HTTP/1.1" 304 291 "-" "Mozilla/5.0 (Windows NT 10.0; Win64; rv:124.0) Gecko/20100101 Firefox/124.0"
141.8.153.222 - - [03/Jul/2026:15:26:12 +0000] "GET /api/news HTTP/1.1" 200 24913 "-" "Mozilla/5.0 (Windows NT 10.0; Win64; x64) AppleWebKit/537.36 Chrome/123.0.0.0 Safari/537.36"
5.188.206.67 - - [03/Jul/2026:15:26:12 +0000] "HEAD /.wwwacl HTTP/1.1" 302 1498 "-" "sqlmap/1.8.4#stable"
45.9.148.77 - - [03/Jul/2026:15:26:13 +0000] "OPTIONS /autologin.php HTTP/1.1" 404 571 "-" "python-requests/2.31.0"
184.210.171.37 - - [03/Jul/2026:15:26:14 +0000] "GET / HTTP/1.1" 200 26407 "-" "DuckDuckBot/1.0; (+http://duckduckgo.com/duckduckbot)"
203.0.113.77 - - [03/Jul/2026:15:26:14 +0000] "HEAD /metrics HTTP/1.1" 200 71661 "-" "Mozilla/5.0 (Windows NT 10.0; Win64; rv:124.0) Gecko/20100101 Firefox/124.0"
171.138.127.71 - - [03/Jul/2026:15:26:14 +0000] "GET /products HTTP/1.1" 200 66745 "/api/products" "Mozilla/5.0 (iPad; CPU OS 17_4 like Mac OS X) AppleWebKit/605.1.15 Version/17.4 Mobile/15E148 Safari/604.1"
203.0.113.77 - - [03/Jul/2026:15:26:14 +0000] "GET / HTTP/1.1" 200 16116 "-" "Mozilla/5.0 (iPad; CPU OS 17_4 like Mac OS X) AppleWebKit/605.1.15 Version/17.4 Mobile/15E148 Safari/604.1"
40.77.167.21 - - [03/Jul/2026:15:26:15 +0000] "GET /articles/2026/q2 HTTP/1.1" 304 2035 "/api/products" "Mozilla/5.0 (compatible; YandexBot/3.0; +http://yandex.com/bots)"
66.249.75.10 - - [03/Jul/2026:15:26:17 +0000] "GET /robots.txt HTTP/1.1" 200 58626 "/robots.txt" "DuckDuckBot/1.0; (+http://duckduckgo.com/duckduckbot)"
198.51.100.45 - - [03/Jul/2026:15:26:17 +0000] "GET /assets/logo.svg HTTP/1.1" 200 20450 "/api/products" "Mozilla/5.0 (iPhone; CPU iPhone OS 17_4 like Mac OS X) AppleWebKit/605.1.15 Version/17.4 Mobile/15E148 Safari/604.1"
10.42.2.149 - - [03/Jul/2026:15:26:17 +0000] "GET /healthz HTTP/1.1" 200 1752 "-" "curl/8.6.0"
157.55.39.7 - - [03/Jul/2026:15:26:18 +0000] "GET /articles/2026/q2 HTTP/1.1" 200 39862 "-" "Mozilla/5.0 (Macintosh; Intel Mac OS X 14_5) AppleWebKit/605.1.15 Version/17.4 Safari/605.1.15"
194.26.29.89 - - [03/Jul/2026:15:26:18 +0000] "GET /error_log.txt HTTP/1.1" 404 1351 "-" "DirBuster-1.0-RC1"
91.198.174.22 - - [03/Jul/2026:15:26:19 +0000] "GET / HTTP/1.1" 304 3931 "-" "Mozilla/5.0 (iPad; CPU OS 17_4 like Mac OS X) AppleWebKit/605.1.15 Version/17.4 Mobile/15E148 Safari/604.1"
212.76.133.14 - - [03/Jul/2026:15:26:19 +0000] "GET /sitemap.xml HTTP/1.1" 200 56361 "-" "DuckDuckBot/1.0; (+http://duckduckgo.com/duckduckbot)"
185.220.101.54 - - [03/Jul/2026:15:26:19 +0000] "GET /adminer-4.0.0.php HTTP/1.1" 500 2454 "-" "python-requests/2.31.0"
77.88.55.201 - - [03/Jul/2026:15:26:20 +0000] "GET / HTTP/1.1" 200 3487 "/sitemap.xml" "Mozilla/5.0 (compatible; YandexBot/3.0; +http://yandex.com/bots)"
216.194.199.226 - - [03/Jul/2026:15:26:20 +0000] "GET /contacts HTTP/1.1" 200 45605 "-" "Mozilla/5.0 (X11; Linux x86_64) AppleWebKit/537.36 Chrome/122.0.0.0 Safari/537.36"
213.24.11.146 - - [03/Jul/2026:15:26:20 +0000] "GET /metrics HTTP/1.1" 200 15714 "-" "Mozilla/5.0 (Linux; Android 13; SM-S918B) AppleWebKit/537.36 SamsungBrowser/24.0 Chrome/120.0 Mobile Safari/537.36"
46.188.19.142 - - [03/Jul/2026:15:26:20 +0000] "GET / HTTP/1.1" 200 46734 "/assets/logo.svg" "Mozilla/5.0 (iPhone; CPU iPhone OS 17_4 like Mac OS X) AppleWebKit/605.1.15 Version/17.4 Mobile/15E148 Safari/604.1"
10.42.2.128 - - [03/Jul/2026:15:26:22 +0000] "GET /healthz HTTP/1.1" 200 5633 "-" "curl/8.6.0"
212.76.133.14 - - [03/Jul/2026:15:26:22 +0000] "GET /api/news HTTP/1.1" 200 32247 "-" "Mozilla/5.0 (X11; Linux x86_64) AppleWebKit/537.36 Chrome/122.0.0.0 Safari/537.36"
141.8.153.222 - - [03/Jul/2026:15:26:23 +0000] "GET /api/products HTTP/1.1" 200 17370 "-" "Mozilla/5.0 (Macintosh; Intel Mac OS X 14_5) AppleWebKit/537.36 Chrome/124.0.0.0 Safari/537.36"
40.77.167.21 - - [03/Jul/2026:15:26:23 +0000] "GET /sitemap.xml HTTP/1.1" 200 27107 "/contacts" "Mozilla/5.0 (Macintosh; Intel Mac OS X 14_5) AppleWebKit/605.1.15 Version/17.4 Safari/605.1.15"
198.51.100.45 - - [03/Jul/2026:15:26:23 +0000] "GET /metrics HTTP/1.1" 200 31800 "/api/products" "Mozilla/5.0 (Linux; Android 13; SM-S918B) AppleWebKit/537.36 SamsungBrowser/24.0 Chrome/120.0 Mobile Safari/537.36"
23.129.64.112 - - [03/Jul/2026:15:26:24 +0000] "GET /.settings/ HTTP/1.1" 301 301 "-" "dirsearch/0.4.3"
24.147.159.169 - - [03/Jul/2026:15:26:24 +0000] "GET /articles/2026/q2 HTTP/1.1" 200 2415 "-" "Mozilla/5.0 (iPhone; CPU iPhone OS 17_4 like Mac OS X) AppleWebKit/605.1.15 Version/17.4 Mobile/15E148 Safari/604.1"
247.221.108.236 - - [03/Jul/2026:15:26:24 +0000] "GET /sitemap.xml HTTP/1.1" 200 74566 "-" "Mozilla/5.0 (compatible; Googlebot/2.1; +http://www.google.com/bot.html)"
140.212.101.224 - - [03/Jul/2026:15:26:24 +0000] "GET /admin/pol_log.txt HTTP/1.1" 403 848 "-" "dirsearch/0.4.3"
91.198.174.22 - - [03/Jul/2026:15:26:25 +0000] "GET /about HTTP/1.1" 200 48792 "-" "Mozilla/5.0 (Macintosh; Intel Mac OS X 14_5) AppleWebKit/605.1.15 Version/17.4 Safari/605.1.15"
45.9.148.77 - - [03/Jul/2026:15:26:25 +0000] "HEAD /tmp/madspotshell.php HTTP/1.1" 404 135 "-" "ffuf/2.1.0"
40.77.167.21 - - [03/Jul/2026:15:26:26 +0000] "GET /robots.txt HTTP/1.1" 200 72448 "/about" "Mozilla/5.0 (Linux; Android 13; SM-S918B) AppleWebKit/537.36 SamsungBrowser/24.0 Chrome/120.0 Mobile Safari/537.36"
84.160.136.125 - - [03/Jul/2026:15:26:26 +0000] "GET /sitemap.xml HTTP/1.1" 200 58630 "/" "Mozilla/5.0 (Windows NT 10.0; Win64; x64) AppleWebKit/537.36 Edg/124.0.0.0"
181.10.100.140 - - [03/Jul/2026:15:26:26 +0000] "GET /metrics HTTP/1.1" 200 43921 "/healthz" "Mozilla/5.0 (X11; Linux x86_64) AppleWebKit/537.36 Chrome/122.0.0.0 Safari/537.36"
77.88.55.201 - - [03/Jul/2026:15:26:26 +0000] "GET / HTTP/1.1" 200 75704 "-" "Mozilla/5.0 (compatible; Googlebot/2.1; +http://www.google.com/bot.html)"
188.18.77.220 - - [03/Jul/2026:15:26:27 +0000] "GET /metrics HTTP/1.1" 304 2827 "-" "Mozilla/5.0 (compatible; YandexBot/3.0; +http://yandex.com/bots)"
72.110.85.224 - - [03/Jul/2026:15:26:28 +0000] "GET /about HTTP/1.1" 200 80174 "-" "Mozilla/5.0 (Macintosh; Intel Mac OS X 14_5) AppleWebKit/605.1.15 Version/17.4 Safari/605.1.15"
157.55.39.7 - - [03/Jul/2026:15:26:29 +0000] "GET /robots.txt HTTP/1.1" 200 35085 "-" "Mozilla/5.0 (Linux; Android 13; SM-S918B) AppleWebKit/537.36 SamsungBrowser/24.0 Chrome/120.0 Mobile Safari/537.36"
156.146.62.11 - - [03/Jul/2026:15:26:29 +0000] "GET /nginx-ssl.access.log HTTP/1.1" 405 2391 "-" "feroxbuster/2.11.0"
77.88.55.201 - - [03/Jul/2026:15:26:30 +0000] "GET /articles/2026/q2 HTTP/1.1" 200 17602 "/assets/site.css" "Mozilla/5.0 (X11; Linux x86_64) AppleWebKit/537.36 Chrome/122.0.0.0 Safari/537.36"
193.142.147.55 - - [03/Jul/2026:15:26:31 +0000] "GET /configuration.php.swp HTTP/1.1" 404 1081 "-" "feroxbuster/2.11.0"
10.42.3.131 - - [03/Jul/2026:15:26:32 +0000] "GET /healthz HTTP/1.1" 200 272 "-" "curl/8.6.0"
45.9.148.77 - - [03/Jul/2026:15:26:34 +0000] "HEAD /plugins/tinymce/ HTTP/1.1" 404 1089 "-" "python-requests/2.31.0"
213.24.11.146 - - [03/Jul/2026:15:26:36 +0000] "GET /metrics HTTP/1.1" 200 56936 "-" "Mozilla/5.0 (Macintosh; Intel Mac OS X 14_5) AppleWebKit/537.36 Chrome/124.0.0.0 Safari/537.36"
141.8.153.222 - - [03/Jul/2026:15:26:37 +0000] "GET /api/news HTTP/1.1" 304 2492 "-" "DuckDuckBot/1.0; (+http://duckduckgo.com/duckduckbot)"
77.88.55.201 - - [03/Jul/2026:15:26:37 +0000] "GET /favicon.ico HTTP/1.1" 200 42593 "/articles/2026/q2" "Mozilla/5.0 (Macintosh; Intel Mac OS X 14_5) AppleWebKit/605.1.15 Version/17.4 Safari/605.1.15"
212.76.133.14 - - [03/Jul/2026:15:26:38 +0000] "GET /assets/app.js HTTP/1.1" 200 19130 "-" "Mozilla/5.0 (iPad; CPU OS 17_4 like Mac OS X) AppleWebKit/605.1.15 Version/17.4 Mobile/15E148 Safari/604.1"
141.8.153.222 - - [03/Jul/2026:15:26:38 +0000] "HEAD /robots.txt HTTP/1.1" 200 49004 "/healthz" "Mozilla/5.0 (Windows NT 10.0; Win64; rv:124.0) Gecko/20100101 Firefox/124.0"
23.129.64.112 - - [03/Jul/2026:15:26:38 +0000] "GET /apibuild.pyc HTTP/1.1" 500 398 "-" "gobuster/3.6"
66.249.75.10 - - [03/Jul/2026:15:26:39 +0000] "GET /robots.txt HTTP/1.1" 304 1241 "-" "Mozilla/5.0 (iPhone; CPU iPhone OS 17_4 like Mac OS X) AppleWebKit/605.1.15 Version/17.4 Mobile/15E148 Safari/604.1"
10.42.0.221 - - [03/Jul/2026:15:26:40 +0000] "GET /healthz HTTP/1.1" 200 3358 "-" "kube-probe/1.30"
194.26.29.89 - - [03/Jul/2026:15:26:41 +0000] "OPTIONS /junit/ HTTP/1.1" 405 764 "-" "python-requests/2.31.0"
102.172.88.156 - - [03/Jul/2026:15:26:41 +0000] "GET / HTTP/1.1" 304 2357 "/articles/2026/q2" "Mozilla/5.0 (compatible; bingbot/2.0; +http://www.bing.com/bingbot.htm)"
171.25.193.20 - - [03/Jul/2026:15:26:41 +0000] "GET /nginx-ssl.access.log HTTP/1.1" 500 395 "-" "DirBuster-1.0-RC1"
46.188.19.142 - - [03/Jul/2026:15:26:41 +0000] "GET /healthz HTTP/1.1" 200 44459 "-" "Mozilla/5.0 (compatible; bingbot/2.0; +http://www.bing.com/bingbot.htm)"
194.26.29.89 - - [03/Jul/2026:15:26:42 +0000] "GET /configprops HTTP/1.1" 404 442 "-" "Wfuzz/3.1.0"
77.88.55.201 - - [03/Jul/2026:15:26:42 +0000] "GET /api/news HTTP/1.1" 304 3158 "/assets/app.js" "Mozilla/5.0 (Macintosh; Intel Mac OS X 14_5) AppleWebKit/605.1.15 Version/17.4 Safari/605.1.15"
188.18.77.220 - - [03/Jul/2026:15:26:42 +0000] "GET /metrics HTTP/1.1" 304 3069 "/" "Mozilla/5.0 (iPad; CPU OS 17_4 like Mac OS X) AppleWebKit/605.1.15 Version/17.4 Mobile/15E148 Safari/604.1"
212.76.133.14 - - [03/Jul/2026:15:26:43 +0000] "GET /contacts HTTP/1.1" 200 7026 "/favicon.ico" "Mozilla/5.0 (Linux; Android 13; SM-S918B) AppleWebKit/537.36 SamsungBrowser/24.0 Chrome/120.0 Mobile Safari/537.36"
66.249.75.10 - - [03/Jul/2026:15:26:43 +0000] "GET /articles/2026/q2 HTTP/1.1" 200 60671 "-" "Mozilla/5.0 (compatible; YandexBot/3.0; +http://yandex.com/bots)"
193.142.147.55 - - [03/Jul/2026:15:26:44 +0000] "GET /routes HTTP/1.1" 404 1564 "-" "dirsearch/0.4.3"
188.18.77.220 - - [03/Jul/2026:15:26:46 +0000] "GET /sitemap.xml HTTP/1.1" 200 24720 "/api/news" "Mozilla/5.0 (X11; Linux x86_64) AppleWebKit/537.36 Chrome/122.0.0.0 Safari/537.36"
10.42.3.49 - - [03/Jul/2026:15:26:46 +0000] "GET /metrics HTTP/1.1" 503 443 "-" "kube-probe/1.30"
80.85.246.17 - - [03/Jul/2026:15:26:46 +0000] "HEAD /instadmin/ HTTP/1.1" 404 2300 "-" "Nmap Scripting Engine"
46.188.19.142 - - [03/Jul/2026:15:26:48 +0000] "GET /assets/app.js HTTP/1.1" 304 2903 "/favicon.ico" "Mozilla/5.0 (X11; Linux x86_64) AppleWebKit/537.36 Chrome/122.0.0.0 Safari/537.36"
203.0.113.77 - - [03/Jul/2026:15:26:48 +0000] "GET /sitemap.xml HTTP/1.1" 200 35935 "/robots.txt" "Mozilla/5.0 (Macintosh; Intel Mac OS X 14_5) AppleWebKit/605.1.15 Version/17.4 Safari/605.1.15"
45.146.164.12 - - [03/Jul/2026:15:26:49 +0000] "HEAD /letmein.php HTTP/1.1" 404 551 "-" "feroxbuster/2.11.0"
214.107.56.243 - - [03/Jul/2026:15:26:49 +0000] "HEAD /metrics HTTP/1.1" 200 27951 "/about" "Mozilla/5.0 (iPhone; CPU iPhone OS 17_4 like Mac OS X) AppleWebKit/605.1.15 Version/17.4 Mobile/15E148 Safari/604.1"
45.146.164.12 - - [03/Jul/2026:15:26:50 +0000] "OPTIONS /.influx_history HTTP/1.1" 301 371 "-" "DirBuster-1.0-RC1"
10.42.3.31 - - [03/Jul/2026:15:26:51 +0000] "GET /healthz HTTP/1.1" 200 1034 "-" "curl/8.6.0"
80.85.246.17 - - [03/Jul/2026:15:26:52 +0000] "OPTIONS /read.me HTTP/1.1" 500 321 "-" "masscan/1.3 (https://github.com/robertdavidgraham/masscan)"
213.24.11.146 - - [03/Jul/2026:15:26:52 +0000] "GET /api/news HTTP/1.1" 200 65810 "-" "Mozilla/5.0 (Linux; Android 13; SM-S918B) AppleWebKit/537.36 SamsungBrowser/24.0 Chrome/120.0 Mobile Safari/537.36"
212.76.133.14 - - [03/Jul/2026:15:26:52 +0000] "GET /assets/site.css HTTP/1.1" 200 66565 "-" "Mozilla/5.0 (Windows NT 10.0; Win64; x64) AppleWebKit/537.36 Chrome/123.0.0.0 Safari/537.36"
66.249.75.10 - - [03/Jul/2026:15:26:53 +0000] "GET /favicon.ico HTTP/1.1" 304 3531 "-" "Mozilla/5.0 (iPad; CPU OS 17_4 like Mac OS X) AppleWebKit/605.1.15 Version/17.4 Mobile/15E148 Safari/604.1"
40.77.167.21 - - [03/Jul/2026:15:26:53 +0000] "GET /sitemap.xml HTTP/1.1" 304 3641 "-" "Mozilla/5.0 (Macintosh; Intel Mac OS X 14_5) AppleWebKit/537.36 Chrome/124.0.0.0 Safari/537.36"
246.22.202.196 - - [03/Jul/2026:15:26:53 +0000] "GET /metrics HTTP/1.1" 200 61595 "/contacts" "Mozilla/5.0 (Windows NT 10.0; Win64; x64) AppleWebKit/537.36 Chrome/123.0.0.0 Safari/537.36"
212.76.133.14 - - [03/Jul/2026:15:26:53 +0000] "GET /articles/2026/q2 HTTP/1.1" 200 55316 "/articles/2026/q2" "Mozilla/5.0 (Windows NT 10.0; Win64; x64) AppleWebKit/537.36 Edg/124.0.0.0"
171.25.193.20 - - [03/Jul/2026:15:26:54 +0000] "GET /rpcwithcert/ HTTP/1.1" 403 2321 "-" "python-requests/2.31.0"
10.42.1.138 - - [03/Jul/2026:15:26:54 +0000] "GET /metrics HTTP/1.1" 200 2009 "-" "kube-probe/1.30"
77.88.55.201 - - [03/Jul/2026:15:26:54 +0000] "GET /api/news HTTP/1.1" 200 60586 "-" "Mozilla/5.0 (iPad; CPU OS 17_4 like Mac OS X) AppleWebKit/605.1.15 Version/17.4 Mobile/15E148 Safari/604.1"
198.51.100.45 - - [03/Jul/2026:15:26:54 +0000] "GET /favicon.ico HTTP/1.1" 200 29002 "/api/products" "Mozilla/5.0 (Linux; Android 13; SM-S918B) AppleWebKit/537.36 SamsungBrowser/24.0 Chrome/120.0 Mobile Safari/537.36"
141.8.153.222 - - [03/Jul/2026:15:26:57 +0000] "GET /products HTTP/1.1" 304 1582 "-" "Mozilla/5.0 (iPad; CPU OS 17_4 like Mac OS X) AppleWebKit/605.1.15 Version/17.4 Mobile/15E148 Safari/604.1"
157.55.39.7 - - [03/Jul/2026:15:26:57 +0000] "GET /assets/logo.svg HTTP/1.1" 200 57501 "/api/products" "Mozilla/5.0 (Linux; Android 13; SM-S918B) AppleWebKit/537.36 SamsungBrowser/24.0 Chrome/120.0 Mobile Safari/537.36"
213.24.11.146 - - [03/Jul/2026:15:26:57 +0000] "GET / HTTP/1.1" 200 18149 "-" "Mozilla/5.0 (Macintosh; Intel Mac OS X 14_5) AppleWebKit/537.36 Chrome/124.0.0.0 Safari/537.36"
157.55.39.7 - - [03/Jul/2026:15:26:57 +0000] "GET / HTTP/1.1" 200 70456 "-" "Mozilla/5.0 (Macintosh; Intel Mac OS X 14_5) AppleWebKit/605.1.15 Version/17.4 Safari/605.1.15"
157.55.39.7 - - [03/Jul/2026:15:26:58 +0000] "GET /robots.txt HTTP/1.1" 304 3709 "/api/products" "Mozilla/5.0 (Windows NT 10.0; Win64; x64) AppleWebKit/537.36 Chrome/123.0.0.0 Safari/537.36"
45.9.148.77 - - [03/Jul/2026:15:26:59 +0000] "GET /stash/ HTTP/1.1" 404 1966 "-" "ffuf/2.1.0"
