188.18.77.220 - - [03/Jul/2026:16:26:23 +0000] "GET /assets/site.css HTTP/1.1" 200 21510 "-" "Mozilla/5.0 (compatible; bingbot/2.0; +http://www.bing.com/bingbot.htm)"
171.25.193.20 - - [03/Jul/2026:16:26:23 +0000] "HEAD /swagger-ui.html/v2/api-docs HTTP/1.1" 404 1499 "-" "Go-http-client/1.1"
157.55.39.7 - - [03/Jul/2026:16:26:24 +0000] "GET /assets/logo.svg HTTP/1.1" 200 60971 "-" "Mozilla/5.0 (iPhone; CPU iPhone OS 17_4 like Mac OS X) AppleWebKit/605.1.15 Version/17.4 Mobile/15E148 Safari/604.1"
66.249.75.10 - - [03/Jul/2026:16:26:25 +0000] "GET /products HTTP/1.1" 200 32920 "/api/products" "Mozilla/5.0 (X11; Linux x86_64) AppleWebKit/537.36 Chrome/122.0.0.0 Safari/537.36"
27.74.140.194 - - [03/Jul/2026:16:26:25 +0000] "GET /robots.txt HTTP/1.1" 200 54274 "-" "Mozilla/5.0 (Windows NT 10.0; Win64; x64) AppleWebKit/537.36 Edg/124.0.0.0"
23.129.64.112 - - [03/Jul/2026:16:26:25 +0000] "GET /tmp/killer.php HTTP/1.1" 404 450 "-" "dirsearch/0.4.3"
46.188.19.142 - - [03/Jul/2026:16:26:26 +0000] "GET /about HTTP/1.1" 304 1841 "/articles/2026/q2" "Mozilla/5.0 (X11; Linux x86_64) AppleWebKit/537.36 Chrome/122.0.0.0 Safari/537.36"
141.8.153.222 - - [03/Jul/2026:16:26:26 +0000] "GET /contacts HTTP/1.1" 200 55523 "-" "Mozilla/5.0 (compatible; Googlebot/2.1; +http://www.google.com/bot.html)"
10.42.3.74 - - [03/Jul/2026:16:26:26 +0000] "GET /healthz HTTP/1.1" 200 3506 "-" "curl/8.6.0"
77.88.55.201 - - [03/Jul/2026:16:26:27 +0000] "GET /api/products HTTP/1.1" 200 28087 "-" "Mozilla/5.0 (Windows NT 10.0; Win64; rv:124.0) Gecko/20100101 Firefox/124.0"
141.8.153.222 - - [03/Jul/2026:16:26:27 +0000] "GET /api/news HTTP/1.1" 200 60246 "/sitemap.xml" "Mozilla/5.0 (Linux; Android 13; SM-S918B) AppleWebKit/537.36 SamsungBrowser/24.0 Chrome/120.0 Mobile Safari/537.36"
212.76.133.14 - - [03/Jul/2026:16:26:29 +0000] "GET /metrics HTTP/1.1" 200 37418 "/api/news" "Mozilla/5.0 (iPhone; CPU iPhone OS 17_4 like Mac OS X) AppleWebKit/605.1.15 Version/17.4 Mobile/15E148 Safari/604.1"
171.25.193.20 - - [03/Jul/2026:16:26:29 +0000] "HEAD /soapdocs/ HTTP/1.1" 404 675 "-" "masscan/1.3 (https://github.com/robertdavidgraham/masscan)"
157.55.39.7 - - [03/Jul/2026:16:26:29 +0000] "GET / HTTP/1.1" 200 29783 "/api/products" "Mozilla/5.0 (Linux; Android 13; SM-S918B) AppleWebKit/537.36 SamsungBrowser/24.0 Chrome/120.0 Mobile Safari/537.36"
10.42.0.223 - - [03/Jul/2026:16:26:29 +0000] "GET /healthz HTTP/1.1" 200 350 "-" "kube-probe/1.30"
188.18.77.220 - - [03/Jul/2026:16:26:30 +0000] "GET /assets/app.js HTTP/1.1" 200 72042 "-" "Mozilla/5.0 (compatible; YandexBot/3.0; +http://yandex.com/bots)"
198.51.100.45 - - [03/Jul/2026:16:26:32 +0000] "HEAD /api/news HTTP/1.1" 200 5720 "-" "Mozilla/5.0 (compatible; YandexBot/3.0; +http://yandex.com/bots)"
213.24.11.146 - - [03/Jul/2026:16:26:32 +0000] "GET /api/products HTTP/1.1" 200 61049 "-" "Mozilla/5.0 (compatible; Googlebot/2.1; +http://www.google.com/bot.html)"
198.51.100.45 - - [03/Jul/2026:16:26:32 +0000] "GET /assets/site.css HTTP/1.1" 304 671 "/metrics" "Mozilla/5.0 (compatible; bingbot/2.0; +http://www.bing.com/bingbot.htm)"
203.0.113.77 - - [03/Jul/2026:16:26:33 +0000] "HEAD /healthz HTTP/1.1" 200 18507 "-" "Mozilla/5.0 (Windows NT 10.0; Win64; rv:124.0) Gecko/20100101 Firefox/124.0"
198.51.100.45 - - [03/Jul/2026:16:26:33 +0000] "GET / HTTP/1.1" 200 82700 "-" "Mozilla/5.0 (Macintosh; Intel Mac OS X 14_5) AppleWebKit/537.36 Chrome/124.0.0.0 Safari/537.36"
198.51.100.45 - - [03/Jul/2026:16:26:33 +0000] "GET /sitemap.xml HTTP/1.1" 304 2866 "/articles/2026/q2" "Mozilla/5.0 (X11; Linux x86_64) AppleWebKit/537.36 Chrome/122.0.0.0 Safari/537.36"
66.249.75.10 - - [03/Jul/2026:16:26:33 +0000] "GET /assets/site.css HTTP/1.1" 200 11996 "-" "Mozilla/5.0 (compatible; YandexBot/3.0; +http://yandex.com/bots)"
10.42.0.57 - - [03/Jul/2026:16:26:34 +0000] "GET /healthz HTTP/1.1" 200 1358 "-" "kube-probe/1.30"
66.249.75.10 - - [03/Jul/2026:16:26:34 +0000] "GET /about HTTP/1.1" 200 25007 "-" "Mozilla/5.0 (X11; Linux x86_64) AppleWebKit/537.36 Chrome/122.0.0.0 Safari/537.36"
40.77.167.21 - - [03/Jul/2026:16:26:35 +0000] "GET /api/products HTTP/1.1" 200 39943 "/articles/2026/q2" "Mozilla/5.0 (Windows NT 10.0; Win64; rv:124.0) Gecko/20100101 Firefox/124.0"
112.32.200.114 - - [03/Jul/2026:16:26:36 +0000] "HEAD /sitemap.xml HTTP/1.1" 200 19517 "-" "DuckDuckBot/1.0; (+http://duckduckgo.com/duckduckbot)"
141.8.153.222 - - [03/Jul/2026:16:26:37 +0000] "HEAD /favicon.ico HTTP/1.1" 304 347 "/favicon.ico" "Mozilla/5.0 (Macintosh; Intel Mac OS X 14_5) AppleWebKit/537.36 Chrome/124.0.0.0 Safari/537.36"
80.68.72.173 - - [03/Jul/2026:16:26:37 +0000] "GET /about HTTP/1.1" 200 40318 "/assets/app.js" "Mozilla/5.0 (Linux; Android 13; SM-S918B) AppleWebKit/537.36 SamsungBrowser/24.0 Chrome/120.0 Mobile Safari/537.36"
198.51.100.45 - - [03/Jul/2026:16:26:38 +0000] "GET /articles/2026/q2 HTTP/1.1" 200 20085 "/about" "Mozilla/5.0 (Linux; Android 13; SM-S918B) AppleWebKit/537.36 SamsungBrowser/24.0 Chrome/120.0 Mobile Safari/537.36"
198.51.100.45 - - [03/Jul/2026:16:26:38 +0000] "GET /about HTTP/1.1" 304 3749 "-" "Mozilla/5.0 (Windows NT 10.0; Win64; rv:124.0) Gecko/20100101 Firefox/124.0"
213.24.11.146 - - [03/Jul/2026:16:26:38 +0000] "GET /products HTTP/1.1" 200 5162 "-" "Mozilla/5.0 (Macintosh; Intel Mac OS X 14_5) AppleWebKit/605.1.15 Version/17.4 Safari/605.1.15"
156.146.62.11 - - [03/Jul/2026:16:26:38 +0000] "GET /nginx-access.log HTTP/1.1" 302 2472 "-" "sqlmap/1.8.4#stable"
5.188.206.67 - - [03/Jul/2026:16:26:39 +0000] "OPTIONS /config/banned_words.txt HTTP/1.1" 405 298 "-" "Nmap Scripting Engine"
91.198.174.22 - - [03/Jul/2026:16:26:39 +0000] "GET /assets/site.css HTTP/1.1" 304 3276 "/robots.txt" "Mozilla/5.0 (compatible; bingbot/2.0; +http://www.bing.com/bingbot.htm)"
91.198.174.22 - - [03/Jul/2026:16:26:39 +0000] "GET /about HTTP/1.1" 304 3684 "-" "Mozilla/5.0 (iPad; CPU OS 17_4 like Mac OS X) AppleWebKit/605.1.15 Version/17.4 Mobile/15E148 Safari/604.1"
188.18.77.220 - - [03/Jul/2026:16:26:40 +0000] "GET /healthz HTTP/1.1" 200 21699 "-" "Mozilla/5.0 (X11; Linux x86_64) AppleWebKit/537.36 Chrome/122.0.0.0 Safari/537.36"
157.55.39.7 - - [03/Jul/2026:16:26:41 +0000] "GET /api/products HTTP/1.1" 200 60215 "-" "Mozilla/5.0 (iPhone; CPU iPhone OS 17_4 like Mac OS X) AppleWebKit/605.1.15 Version/17.4 Mobile/15E148 Safari/604.1"
104.244.72.115 - - [03/Jul/2026:16:26:42 +0000] "GET /list_emails HTTP/1.1" 404 2402 "-" "Nmap Scripting Engine"
46.188.19.142 - - [03/Jul/2026:16:26:42 +0000] "GET / HTTP/1.1" 304 1081 "-" "DuckDuckBot/1.0; (+http://duckduckgo.com/duckduckbot)"
212.76.133.14 - - [03/Jul/2026:16:26:43 +0000] "GET /api/products HTTP/1.1" 304 1556 "-" "Mozilla/5.0 (Macintosh; Intel Mac OS X 14_5) AppleWebKit/537.36 Chrome/124.0.0.0 Safari/537.36"
207.186.199.103 - - [03/Jul/2026:16:26:43 +0000] "GET /license.md HTTP/1.1" 404 1259 "-" "gobuster/3.6"
213.24.11.146 - - [03/Jul/2026:16:26:43 +0000] "GET /assets/site.css HTTP/1.1" 200 50972 "-" "Mozilla/5.0 (Linux; Android 13; SM-S918B) AppleWebKit/537.36 SamsungBrowser/24.0 Chrome/120.0 Mobile Safari/537.36"
91.198.174.22 - - [03/Jul/2026:16:26:46 +0000] "GET /assets/app.js HTTP/1.1" 200 15687 "-" "Mozilla/5.0 (Linux; Android 13; SM-S918B) AppleWebKit/537.36 SamsungBrowser/24.0 Chrome/120.0 Mobile Safari/537.36"
157.55.39.7 - - [03/Jul/2026:16:26:47 +0000] "GET /robots.txt HTTP/1.1" 200 68763 "/metrics" "Mozilla/5.0 (Windows NT 10.0; Win64; rv:124.0) Gecko/20100101 Firefox/124.0"
46.188.19.142 - - [03/Jul/2026:16:26:48 +0000] "GET /contacts HTTP/1.1" 304 2859 "/api/products" "Mozilla/5.0 (compatible; Googlebot/2.1; +http://www.google.com/bot.html)"
193.142.147.55 - - [03/Jul/2026:16:26:48 +0000] "GET /.config/ HTTP/1.1" 405 600 "-" "ffuf/2.1.0"
40.77.167.21 - - [03/Jul/2026:16:26:49 +0000] "GET /articles/2026/q2 HTTP/1.1" 304 2718 "-" "Mozilla/5.0 (Windows NT 10.0; Win64; rv:124.0) Gecko/20100101 Firefox/124.0"
193.142.147.55 - - [03/Jul/2026:16:26:49 +0000] "GET /tmp/access.log HTTP/1.1" 500 1401 "-" "masscan/1.3 (https://github.com/robertdavidgraham/masscan)"
10.42.0.198 - - [03/Jul/2026:16:26:50 +0000] "GET /healthz HTTP/1.1" 200 1392 "-" "curl/8.6.0"
40.77.167.21 - - [03/Jul/2026:16:26:51 +0000] "GET /contacts HTTP/1.1" 304 3136 "/robots.txt" "Mozilla/5.0 (Windows NT 10.0; Win64; rv:124.0) Gecko/20100101 Firefox/124.0"
91.198.174.22 - - [03/Jul/2026:16:26:52 +0000] "GET /assets/site.css HTTP/1.1" 200 41224 "/favicon.ico" "Mozilla/5.0 (compatible; YandexBot/3.0; +http://yandex.com/bots)"
212.76.133.14 - - [03/Jul/2026:16:26:52 +0000] "GET /robots.txt HTTP/1.1" 304 1765 "/assets/logo.svg" "Mozilla/5.0 (compatible; Googlebot/2.1; +http://www.google.com/bot.html)"
5.188.206.67 - - [03/Jul/2026:16:26:52 +0000] "OPTIONS /nginx-access.log HTTP/1.1" 404 489 "-" "dirsearch/0.4.3"
80.85.246.17 - - [03/Jul/2026:16:26:53 +0000] "GET /modelsearch/admin.html HTTP/1.1" 301 1481 "-" "Go-http-client/1.1"
66.249.75.10 - - [03/Jul/2026:16:26:54 +0000] "GET /about HTTP/1.1" 200 60881 "-" "Mozilla/5.0 (Windows NT 10.0; Win64; x64) AppleWebKit/537.36 Chrome/123.0.0.0 Safari/537.36"
10.42.3.29 - - [03/Jul/2026:16:26:55 +0000] "GET /metrics HTTP/1.1" 200 4266 "-" "curl/8.6.0"
46.188.19.142 - - [03/Jul/2026:16:26:55 +0000] "GET /assets/app.js HTTP/1.1" 200 21261 "-" "Mozilla/5.0 (Macintosh; Intel Mac OS X 14_5) AppleWebKit/605.1.15 Version/17.4 Safari/605.1.15"
40.77.167.21 - - [03/Jul/2026:16:26:56 +0000] "GET /favicon.ico HTTP/1.1" 304 2539 "-" "Mozilla/5.0 (Linux; Android 13; SM-S918B) AppleWebKit/537.36 SamsungBrowser/24.0 Chrome/120.0 Mobile Safari/537.36"
157.55.39.7 - - [03/Jul/2026:16:26:57 +0000] "GET /assets/site.css HTTP/1.1" 200 60214 "-" "Mozilla/5.0 (Windows NT 10.0; Win64; x64) AppleWebKit/537.36 Edg/124.0.0.0"
203.0.113.77 - - [03/Jul/2026:16:26:57 +0000] "GET /products HTTP/1.1" 200 27500 "/articles/2026/q2" "DuckDuckBot/1.0; (+http://duckduckgo.com/duckduckbot)"
46.188.19.142 - - [03/Jul/2026:16:26:58 +0000] "GET / HTTP/1.1" 200 27024 "-" "Mozilla/5.0 (iPad; CPU OS 17_4 like Mac OS X) AppleWebKit/605.1.15 Version/17.4 Mobile/15E148 Safari/604.1"
40.77.167.21 - - [03/Jul/2026:16:26:59 +0000] "GET /articles/2026/q2 HTTP/1.1" 200 14625 "-" "Mozilla/5.0 (Windows NT 10.0; Win64; x64) AppleWebKit/537.36 Edg/124.0.0.0"
91.198.174.22 - - [03/Jul/2026:16:26:59 +0000] "GET /about HTTP/1.1" 200 56502 "-" "Mozilla/5.0 (X11; Linux x86_64) AppleWebKit/537.36 Chrome/122.0.0.0 Safari/537.36"
46.188.19.142 - - [03/Jul/2026:16:27:00 +0000] "GET /healthz HTTP/1.1" 200 10337 "-" "DuckDuckBot/1.0; (+http://duckduckgo.com/duckduckbot)"
156.146.62.11 - - [03/Jul/2026:16:27:00 +0000] "GET /httpd/logs/access.log HTTP/1.1" 500 2396 "-" "python-requests/2.31.0"
171.25.193.20 - - [03/Jul/2026:16:27:00 +0000] "GET /nginx-ssl.access.log HTTP/1.1" 405 1781 "-" "Go-http-client/1.1"
66.249.75.10 - - [03/Jul/2026:16:27:00 +0000] "HEAD /sitemap.xml HTTP/1.1" 200 64628 "-" "Mozilla/5.0 (Macintosh; Intel Mac OS X 14_5) AppleWebKit/605.1.15 Version/17.4 Safari/605.1.15"
10.42.2.179 - - [03/Jul/2026:16:27:01 +0000] "GET /metrics HTTP/1.1" 200 1173 "-" "kube-probe/1.30"
193.142.147.55 - - [03/Jul/2026:16:27:02 +0000] "HEAD /_logs/access.log HTTP/1.1" 403 2484 "-" "DirBuster-1.0-RC1"
77.88.55.201 - - [03/Jul/2026:16:27:02 +0000] "GET /products HTTP/1.1" 200 9098 "-" "DuckDuckBot/1.0; (+http://duckduckgo.com/duckduckbot)"
213.24.11.146 - - [03/Jul/2026:16:27:02 +0000] "GET /sitemap.xml HTTP/1.1" 200 74341 "/articles/2026/q2" "Mozilla/5.0 (Windows NT 10.0; Win64; x64) AppleWebKit/537.36 Edg/124.0.0.0"
233.7.121.33 - - [03/Jul/2026:16:27:02 +0000] "GET /contacts HTTP/1.1" 304 2328 "/healthz" "Mozilla/5.0 (Linux; Android 13; SM-S918B) AppleWebKit/537.36 SamsungBrowser/24.0 Chrome/120.0 Mobile Safari/537.36"
104.244.72.115 - - [03/Jul/2026:16:27:03 +0000] "GET /tasks/ HTTP/1.1" 302 973 "-" "Wfuzz/3.1.0"
141.8.153.222 - - [03/Jul/2026:16:27:03 +0000] "GET /articles/2026/q2 HTTP/1.1" 200 51895 "-" "Mozilla/5.0 (Macintosh; Intel Mac OS X 14_5) AppleWebKit/605.1.15 Version/17.4 Safari/605.1.15"
212.76.133.14 - - [03/Jul/2026:16:27:04 +0000] "GET /products HTTP/1.1" 200 1598 "/sitemap.xml" "Mozilla/5.0 (Windows NT 10.0; Win64; rv:124.0) Gecko/20100101 Firefox/124.0"
66.249.75.10 - - [03/Jul/2026:16:27:04 +0000] "GET /assets/app.js HTTP/1.1" 200 37009 "-" "Mozilla/5.0 (iPhone; CPU iPhone OS 17_4 like Mac OS X) AppleWebKit/605.1.15 Version/17.4 Mobile/15E148 Safari/604.1"
77.88.55.201 - - [03/Jul/2026:16:27:04 +0000] "GET /products HTTP/1.1" 304 305 "-" "Mozilla/5.0 (Macintosh; Intel Mac OS X 14_5) AppleWebKit/537.36 Chrome/124.0.0.0 Safari/537.36"
23.129.64.112 - - [03/Jul/2026:16:27:05 +0000] "GET /ci/ HTTP/1.1" 404 2391 "-" "Nmap Scripting Engine"
77.88.55.201 - - [03/Jul/2026:16:27:05 +0000] "GET /assets/site.css HTTP/1.1" 304 3821 "-" "Mozilla/5.0 (Windows NT 10.0; Win64; rv:124.0) Gecko/20100101 Firefox/124.0"
45.9.148.77 - - [03/Jul/2026:16:27:07 +0000] "GET /old HTTP/1.1" 404 484 "-" "ffuf/2.1.0"
194.26.29.89 - - [03/Jul/2026:16:27:07 +0000] "GET /api/udp/services HTTP/1.1" 403 2079 "-" "Wfuzz/3.1.0"
194.26.29.89 - - [03/Jul/2026:16:27:07 +0000] "GET /sonar/ HTTP/1.1" 302 1082 "-" "gobuster/3.6"
185.193.88.77 - - [03/Jul/2026:16:27:08 +0000] "GET /v3/api-docs HTTP/1.1" 301 958 "-" "gobuster/3.6"
156.146.62.11 - - [03/Jul/2026:16:27:08 +0000] "GET /ci/ HTTP/1.1" 404 1578 "-" "ffuf/2.1.0"
91.198.174.22 - - [03/Jul/2026:16:27:09 +0000] "GET / HTTP/1.1" 200 16845 "/contacts" "Mozilla/5.0 (Windows NT 10.0; Win64; x64) AppleWebKit/537.36 Edg/124.0.0.0"
198.51.100.45 - - [03/Jul/2026:16:27:10 +0000] "GET / HTTP/1.1" 200 18553 "-" "Mozilla/5.0 (Windows NT 10.0; Win64; rv:124.0) Gecko/20100101 Firefox/124.0"
198.51.100.45 - - [03/Jul/2026:16:27:10 +0000] "GET /api/news HTTP/1.1" 200 76659 "-" "Mozilla/5.0 (Windows NT 10.0; Win64; x64) AppleWebKit/537.36 Edg/124.0.0.0"
40.77.167.21 - - [03/Jul/2026:16:27:11 +0000] "GET /api/news HTTP/1.1" 304 2213 "-" "Mozilla/5.0 (Linux; Android 13; SM-S918B) AppleWebKit/537.36 SamsungBrowser/24.0 Chrome/120.0 Mobile Safari/537.36"
212.76.133.14 - - [03/Jul/2026:16:27:12 +0000] "GET /assets/app.js HTTP/1.1" 304 1869 "/assets/app.js" "Mozilla/5.0 (Linux; Android 13; SM-S918B) AppleWebKit/537.36 SamsungBrowser/24.0 Chrome/120.0 Mobile Safari/537.36"
213.24.11.146 - - [03/Jul/2026:16:27:12 +0000] "GET /articles/2026/q2 HTTP/1.1" 200 38361 "/api/products" "Mozilla/5.0 (iPhone; CPU iPhone OS 17_4 like Mac OS X) AppleWebKit/605.1.15 Version/17.4 Mobile/15E148 Safari/604.1"
5.188.206.67 - - [03/Jul/2026:16:27:13 +0000] "HEAD /.localcache/ HTTP/1.1" 301 666 "-" "masscan/1.3 (https://github.com/robertdavidgraham/masscan)"
213.24.11.146 - - [03/Jul/2026:16:27:13 +0000] "HEAD /robots.txt HTTP/1.1" 200 15055 "/healthz" "Mozilla/5.0 (Windows NT 10.0; Win64; x64) AppleWebKit/537.36 Chrome/123.0.0.0 Safari/537.36"
213.24.11.146 - - [03/Jul/2026:16:27:13 +0000] "GET / HTTP/1.1" 304 1087 "-" "Mozilla/5.0 (Linux; Android 13; SM-S918B) AppleWebKit/537.36 SamsungBrowser/24.0 Chrome/120.0 Mobile Safari/537.36"
66.249.75.10 - - [03/Jul/2026:16:27:14 +0000] "GET /sitemap.xml HTTP/1.1" 304 2231 "-" "Mozilla/5.0 (Windows NT 10.0; Win64; rv:124.0) Gecko/20100101 Firefox/124.0"
213.24.11.146 - - [03/Jul/2026:16:27:16 +0000] "GET /assets/site.css HTTP/1.1" 200 2268 "/healthz" "Mozilla/5.0 (iPad; CPU OS 17_4 like Mac OS X) AppleWebKit/605.1.15 Version/17.4 Mobile/15E148 Safari/604.1"
188.18.77.220 - - [03/Jul/2026:16:27:17 +0000] "GET /contacts HTTP/1.1" 200 18467 "-" "Mozilla/5.0 (iPad; CPU OS 17_4 like Mac OS X) AppleWebKit/605.1.15 Version/17.4 Mobile/15E148 Safari/604.1"
91.198.174.22 - - [03/Jul/2026:16:27:17 +0000] "GET /assets/site.css HTTP/1.1" 200 13077 "/assets/app.js" "Mozilla/5.0 (Windows NT 10.0; Win64; x64) AppleWebKit/537.36 Chrome/123.0.0.0 Safari/537.36"
40.77.167.21 - - [03/Jul/2026:16:27:17 +0000] "GET /products HTTP/1.1" 200 2225 "-" "Mozilla/5.0 (X11; Linux x86_64) AppleWebKit/537.36 Chrome/122.0.0.0 Safari/537.36"
193.142.147.55 - - [03/Jul/2026:16:27:17 +0000] "GET /status.xsl HTTP/1.1" 301 1492 "-" "Nmap Scripting Engine"
212.76.133.14 - - [03/Jul/2026:16:27:18 +0000] "GET /assets/site.css HTTP/1.1" 304 2462 "/about" "Mozilla/5.0 (Macintosh; Intel Mac OS X 14_5) AppleWebKit/605.1.15 Version/17.4 Safari/605.1.15"
157.55.39.7 - - [03/Jul/2026:16:27:19 +0000] "GET /assets/app.js HTTP/1.1" 200 58353 "/assets/app.js" "Mozilla/5.0 (Linux; Android 13; SM-S918B) AppleWebKit/537.36 SamsungBrowser/24.0 Chrome/120.0 Mobile Safari/537.36"
40.77.167.21 - - [03/Jul/2026:16:27:19 +0000] "GET /assets/site.css HTTP/1.1" 200 50529 "/favicon.ico" "Mozilla/5.0 (Linux; Android 13; SM-S918B) AppleWebKit/537.36 SamsungBrowser/24.0 Chrome/120.0 Mobile Safari/537.36"
188.18.77.220 - - [03/Jul/2026:16:27:19 +0000] "GET /favicon.ico HTTP/1.1" 200 76155 "/assets/site.css" "Mozilla/5.0 (X11; Linux x86_64) AppleWebKit/537.36 Chrome/122.0.0.0 Safari/537.36"
198.51.100.45 - - [03/Jul/2026:16:27:19 +0000] "GET /products HTTP/1.1" 200 41873 "-" "Mozilla/5.0 (Windows NT 10.0; Win64; x64) AppleWebKit/537.36 Edg/124.0.0.0"
46.188.19.142 - - [03/Jul/2026:16:27:19 +0000] "HEAD /sitemap.xml HTTP/1.1" 304 970 "/favicon.ico" "Mozilla/5.0 (Windows NT 10.0; Win64; rv:124.0) Gecko/20100101 Firefox/124.0"
167.167.3.115 - - [03/Jul/2026:16:27:21 +0000] "GET /metrics HTTP/1.1" 200 15306 "/api/products" "Mozilla/5.0 (Linux; Android 13; SM-S918B) AppleWebKit/537.36 SamsungBrowser/24.0 Chrome/120.0 Mobile Safari/537.36"
213.24.11.146 - - [03/Jul/2026:16:27:21 +0000] "GET /about HTTP/1.1" 200 23623 "-" "Mozilla/5.0 (iPad; CPU OS 17_4 like Mac OS X) AppleWebKit/605.1.15 Version/17.4 Mobile/15E148 Safari/604.1"
21.127.173.91 - - [03/Jul/2026:16:27:22 +0000] "GET /favicon.ico HTTP/1.1" 200 45293 "/products" "Mozilla/5.0 (compatible; YandexBot/3.0; +http://yandex.com/bots)"
11.173.6.221 - - [03/Jul/2026:16:27:22 +0000] "GET /api/products HTTP/1.1" 304 3386 "/products" "Mozilla/5.0 (Windows NT 10.0; Win64; x64) AppleWebKit/537.36 Edg/124.0.0.0"
157.55.39.7 - - [03/Jul/2026:16:27:22 +0000] "GET /api/products HTTP/1.1" 200 909 "-" "Mozilla/5.0 (iPad; CPU OS 17_4 like Mac OS X) AppleWebKit/605.1.15 Version/17.4 Mobile/15E148 Safari/604.1"
80.85.246.17 - - [03/Jul/2026:16:27:23 +0000] "HEAD /vpn/ HTTP/1.1" 404 212 "-" "Go-http-client/1.1"
212.76.133.14 - - [03/Jul/2026:16:27:24 +0000] "GET /about HTTP/1.1" 200 59027 "/favicon.ico" "Mozilla/5.0 (Windows NT 10.0; Win64; x64) AppleWebKit/537.36 Chrome/123.0.0.0 Safari/537.36"
46.188.19.142 - - [03/Jul/2026:16:27:24 +0000] "GET /api/news HTTP/1.1" 200 17092 "-" "DuckDuckBot/1.0; (+http://duckduckgo.com/duckduckbot)"
91.198.174.22 - - [03/Jul/2026:16:27:24 +0000] "GET /metrics HTTP/1.1" 200 54140 "/products" "Mozilla/5.0 (Linux; Android 13; SM-S918B) AppleWebKit/537.36 SamsungBrowser/24.0 Chrome/120.0 Mobile Safari/537.36"
212.76.133.14 - - [03/Jul/2026:16:27:24 +0000] "GET /products HTTP/1.1" 200 84010 "-" "Mozilla/5.0 (compatible; bingbot/2.0; +http://www.bing.com/bingbot.htm)"
193.142.147.55 - - [03/Jul/2026:16:27:24 +0000] "HEAD /_logs/access.log HTTP/1.1" 404 1014 "-" "ffuf/2.1.0"
171.25.193.20 - - [03/Jul/2026:16:27:24 +0000] "GET /nginx-ssl.access.log HTTP/1.1" 405 886 "-" "Go-http-client/1.1"
185.193.88.77 - - [03/Jul/2026:16:27:25 +0000] "GET /index.xml HTTP/1.1" 403 702 "-" "Go-http-client/1.1"
156.146.62.11 - - [03/Jul/2026:16:27:25 +0000] "GET /upload/loginIxje.php HTTP/1.1" 404 196 "-" "Wfuzz/3.1.0"
188.18.77.220 - - [03/Jul/2026:16:27:26 +0000] "HEAD /assets/logo.svg HTTP/1.1" 200 44396 "-" "Mozilla/5.0 (Macintosh; Intel Mac OS X 14_5) AppleWebKit/537.36 Chrome/124.0.0.0 Safari/537.36"
80.85.246.17 - - [03/Jul/2026:16:27:26 +0000] "GET /.idea/WebServers.xml HTTP/1.1" 404 1222 "-" "ffuf/2.1.0"
45.9.148.77 - - [03/Jul/2026:16:27:26 +0000] "GET /phpfm-1.7.1/ HTTP/1.1" 404 2586 "-" "python-requests/2.31.0"
212.76.133.14 - - [03/Jul/2026:16:27:26 +0000] "GET /assets/site.css HTTP/1.1" 200 52307 "-" "Mozilla/5.0 (iPhone; CPU iPhone OS 17_4 like Mac OS X) AppleWebKit/605.1.15 Version/17.4 Mobile/15E148 Safari/604.1"
158.214.246.105 - - [03/Jul/2026:16:27:26 +0000] "GET /metrics HTTP/1.1" 200 72917 "-" "Mozilla/5.0 (Linux; Android 13; SM-S918B) AppleWebKit/537.36 SamsungBrowser/24.0 Chrome/120.0 Mobile Safari/537.36"
97.154.6.197 - - [03/Jul/2026:16:27:26 +0000] "GET /robots.txt HTTP/1.1" 200 68678 "/sitemap.xml" "Mozilla/5.0 (Macintosh; Intel Mac OS X 14_5) AppleWebKit/605.1.15 Version/17.4 Safari/605.1.15"
46.188.19.142 - - [03/Jul/2026:16:27:26 +0000] "HEAD /assets/logo.svg HTTP/1.1" 200 13564 "-" "DuckDuckBot/1.0; (+http://duckduckgo.com/duckduckbot)"
221.241.116.241 - - [03/Jul/2026:16:27:26 +0000] "GET /healthz HTTP/1.1" 200 32350 "-" "Mozilla/5.0 (Linux; Android 13; SM-S918B) AppleWebKit/537.36 SamsungBrowser/24.0 Chrome/120.0 Mobile Safari/537.36"
77.88.55.201 - - [03/Jul/2026:16:27:27 +0000] "GET /assets/site.css HTTP/1.1" 304 825 "-" "Mozilla/5.0 (Linux; Android 13; SM-S918B) AppleWebKit/537.36 SamsungBrowser/24.0 Chrome/120.0 Mobile Safari/537.36"
203.85.60.202 - - [03/Jul/2026:16:27:28 +0000] "GET /assets/app.js HTTP/1.1" 200 68829 "-" "Mozilla/5.0 (Windows NT 10.0; Win64; x64) AppleWebKit/537.36 Chrome/123.0.0.0 Safari/537.36"
141.9.150.18 - - [03/Jul/2026:16:27:28 +0000] "GET /classes/ HTTP/1.1" 404 1759 "-" "DirBuster-1.0-RC1"
203.0.113.77 - - [03/Jul/2026:16:27:28 +0000] "GET /assets/logo.svg HTTP/1.1" 304 2653 "/contacts" "Mozilla/5.0 (X11; Linux x86_64) AppleWebKit/537.36 Chrome/122.0.0.0 Safari/537.36"
141.8.153.222 - - [03/Jul/2026:16:27:28 +0000] "GET /favicon.ico HTTP/1.1" 304 1485 "-" "Mozilla/5.0 (Macintosh; Intel Mac OS X 14_5) AppleWebKit/537.36 Chrome/124.0.0.0 Safari/537.36"
212.76.133.14 - - [03/Jul/2026:16:27:29 +0000] "GET /assets/logo.svg HTTP/1.1" 200 41500 "-" "Mozilla/5.0 (Macintosh; Intel Mac OS X 14_5) AppleWebKit/537.36 Chrome/124.0.0.0 Safari/537.36"
141.8.153.222 - - [03/Jul/2026:16:27:29 +0000] "GET /about HTTP/1.1" 200 29917 "/articles/2026/q2" "Mozilla/5.0 (Macintosh; Intel Mac OS X 14_5) AppleWebKit/537.36 Chrome/124.0.0.0 Safari/537.36"
91.198.174.22 - - [03/Jul/2026:16:27:29 +0000] "GET /about HTTP/1.1" 200 19579 "-" "Mozilla/5.0 (iPhone; CPU iPhone OS 17_4 like Mac OS X) AppleWebKit/605.1.15 Version/17.4 Mobile/15E148 Safari/604.1"
130.206.96.170 - - [03/Jul/2026:16:27:29 +0000] "GET /robots.txt HTTP/1.1" 200 34049 "/articles/2026/q2" "Mozilla/5.0 (Macintosh; Intel Mac OS X 14_5) AppleWebKit/537.36 Chrome/124.0.0.0 Safari/537.36"
171.25.193.20 - - [03/Jul/2026:16:27:30 +0000] "HEAD /.pydevproject HTTP/1.1" 405 2116 "-" "sqlmap/1.8.4#stable"
252.194.197.120 - - [03/Jul/2026:16:27:30 +0000] "GET /products HTTP/1.1" 200 54093 "/api/news" "Mozilla/5.0 (Windows NT 10.0; Win64; x64) AppleWebKit/537.36 Chrome/123.0.0.0 Safari/537.36"
141.8.153.222 - - [03/Jul/2026:16:27:30 +0000] "GET /sitemap.xml HTTP/1.1" 304 1881 "-" "Mozilla/5.0 (Windows NT 10.0; Win64; x64) AppleWebKit/537.36 Chrome/123.0.0.0 Safari/537.36"
141.8.153.222 - - [03/Jul/2026:16:27:30 +0000] "GET /api/news HTTP/1.1" 200 13042 "-" "Mozilla/5.0 (iPhone; CPU iPhone OS 17_4 like Mac OS X) AppleWebKit/605.1.15 Version/17.4 Mobile/15E148 Safari/604.1"
5.188.206.67 - - [03/Jul/2026:16:27:30 +0000] "OPTIONS /tmp/access.log HTTP/1.1" 404 2169 "-" "Go-http-client/1.1"
157.55.39.7 - - [03/Jul/2026:16:27:31 +0000] "GET /about HTTP/1.1" 200 403 "/assets/app.js" "Mozilla/5.0 (compatible; Googlebot/2.1; +http://www.google.com/bot.html)"
10.42.1.8 - - [03/Jul/2026:16:27:31 +0000] "GET /metrics HTTP/1.1" 200 1343 "-" "curl/8.6.0"
232.254.56.11 - - [03/Jul/2026:16:27:32 +0000] "GET /healthz HTTP/1.1" 304 542 "-" "Mozilla/5.0 (Windows NT 10.0; Win64; x64) AppleWebKit/537.36 Edg/124.0.0.0"
188.18.77.220 - - [03/Jul/2026:16:27:32 +0000] "GET /api/products HTTP/1.1" 200 4381 "-" "Mozilla/5.0 (Linux; Android 13; SM-S918B) AppleWebKit/537.36 SamsungBrowser/24.0 Chrome/120.0 Mobile Safari/537.36"
141.8.153.222 - - [03/Jul/2026:16:27:32 +0000] "GET /sitemap.xml HTTP/1.1" 304 881 "-" "Mozilla/5.0 (X11; Linux x86_64) AppleWebKit/537.36 Chrome/122.0.0.0 Safari/537.36"
157.55.39.7 - - [03/Jul/2026:16:27:34 +0000] "GET /metrics HTTP/1.1" 304 1820 "-" "Mozilla/5.0 (Windows NT 10.0; Win64; rv:124.0) Gecko/20100101 Firefox/124.0"
10.42.2.252 - - [03/Jul/2026:16:27:35 +0000] "GET /healthz HTTP/1.1" 200 2048 "-" "kube-probe/1.30"
212.76.133.14 - - [03/Jul/2026:16:27:36 +0000] "GET /robots.txt HTTP/1.1" 200 76728 "-" "Mozilla/5.0 (compatible; Googlebot/2.1; +http://www.google.com/bot.html)"
104.244.72.115 - - [03/Jul/2026:16:27:36 +0000] "HEAD /log/access.log HTTP/1.1" 302 955 "-" "ffuf/2.1.0"
10.42.3.185 - - [03/Jul/2026:16:27:37 +0000] "GET /metrics HTTP/1.1" 200 4556 "-" "kube-probe/1.30"
171.25.193.20 - - [03/Jul/2026:16:27:37 +0000] "GET /adminer-4.2.5-mysql.php HTTP/1.1" 404 212 "-" "feroxbuster/2.11.0"
10.42.0.180 - - [03/Jul/2026:16:27:37 +0000] "GET /healthz HTTP/1.1" 200 813 "-" "kube-probe/1.30"
45.9.148.77 - - [03/Jul/2026:16:27:38 +0000] "GET /nginx-access.log HTTP/1.1" 403 1219 "-" "Wfuzz/3.1.0"
46.188.19.142 - - [03/Jul/2026:16:27:38 +0000] "GET /assets/logo.svg HTTP/1.1" 200 53704 "-" "Mozilla/5.0 (Macintosh; Intel Mac OS X 14_5) AppleWebKit/605.1.15 Version/17.4 Safari/605.1.15"
46.188.19.142 - - [03/Jul/2026:16:27:39 +0000] "GET /assets/app.js HTTP/1.1" 200 39507 "/api/news" "Mozilla/5.0 (compatible; bingbot/2.0; +http://www.bing.com/bingbot.htm)"
157.55.39.7 - - [03/Jul/2026:16:27:40 +0000] "GET /products HTTP/1.1" 304 660 "/articles/2026/q2" "Mozilla/5.0 (compatible; YandexBot/3.0; +http://yandex.com/bots)"
66.249.75.10 - - [03/Jul/2026:16:27:40 +0000] "GET /assets/site.css HTTP/1.1" 200 55805 "/healthz" "Mozilla/5.0 (iPhone; CPU iPhone OS 17_4 like Mac OS X) AppleWebKit/605.1.15 Version/17.4 Mobile/15E148 Safari/604.1"
198.51.100.45 - - [03/Jul/2026:16:27:40 +0000] "GET /assets/site.css HTTP/1.1" 304 621 "-" "Mozilla/5.0 (Macintosh; Intel Mac OS X 14_5) AppleWebKit/605.1.15 Version/17.4 Safari/605.1.15"
104.244.72.115 - - [03/Jul/2026:16:27:41 +0000] "OPTIONS /github-cache HTTP/1.1" 404 1017 "-" "masscan/1.3 (https://github.com/robertdavidgraham/masscan)"
46.188.19.142 - - [03/Jul/2026:16:27:41 +0000] "GET / HTTP/1.1" 304 1353 "/articles/2026/q2" "Mozilla/5.0 (iPhone; CPU iPhone OS 17_4 like Mac OS X) AppleWebKit/605.1.15 Version/17.4 Mobile/15E148 Safari/604.1"
171.25.193.20 - - [03/Jul/2026:16:27:42 +0000] "GET /httpd/logs/access.log HTTP/1.1" 404 803 "-" "dirsearch/0.4.3"
213.24.11.146 - - [03/Jul/2026:16:27:43 +0000] "GET /contacts HTTP/1.1" 200 42270 "/favicon.ico" "Mozilla/5.0 (Windows NT 10.0; Win64; x64) AppleWebKit/537.36 Chrome/123.0.0.0 Safari/537.36"
171.25.193.20 - - [03/Jul/2026:16:27:43 +0000] "OPTIONS /encode-explorer_5.1/ HTTP/1.1" 500 2251 "-" "feroxbuster/2.11.0"
168.38.127.52 - - [03/Jul/2026:16:27:44 +0000] "GET /articles/2026/q2 HTTP/1.1" 200 83680 "-" "Mozilla/5.0 (compatible; bingbot/2.0; +http://www.bing.com/bingbot.htm)"
213.24.11.146 - - [03/Jul/2026:16:27:44 +0000] "GET /api/news HTTP/1.1" 200 62194 "-" "Mozilla/5.0 (Macintosh; Intel Mac OS X 14_5) AppleWebKit/605.1.15 Version/17.4 Safari/605.1.15"
40.77.167.21 - - [03/Jul/2026:16:27:45 +0000] "GET /about HTTP/1.1" 200 19833 "-" "Mozilla/5.0 (Windows NT 10.0; Win64; rv:124.0) Gecko/20100101 Firefox/124.0"
10.42.2.68 - - [03/Jul/2026:16:27:45 +0000] "GET /metrics HTTP/1.1" 200 4343 "-" "curl/8.6.0"
101.101.135.175 - - [03/Jul/2026:16:27:45 +0000] "GET /sitemap.xml HTTP/1.1" 200 42012 "/articles/2026/q2" "Mozilla/5.0 (Macintosh; Intel Mac OS X 14_5) AppleWebKit/605.1.15 Version/17.4 Safari/605.1.15"
212.76.133.14 - - [03/Jul/2026:16:27:47 +0000] "GET /assets/app.js HTTP/1.1" 304 1910 "-" "Mozilla/5.0 (iPhone; CPU iPhone OS 17_4 like Mac OS X) AppleWebKit/605.1.15 Version/17.4 Mobile/15E148 Safari/604.1"
70.63.131.7 - - [03/Jul/2026:16:27:48 +0000] "GET /favicon.ico HTTP/1.1" 200 84360 "/favicon.ico" "Mozilla/5.0 (Windows NT 10.0; Win64; rv:124.0) Gecko/20100101 Firefox/124.0"
77.88.55.201 - - [03/Jul/2026:16:27:50 +0000] "GET /assets/app.js HTTP/1.1" 200 80704 "-" "Mozilla/5.0 (Macintosh; Intel Mac OS X 14_5) AppleWebKit/605.1.15 Version/17.4 Safari/605.1.15"
157.55.39.7 - - [03/Jul/2026:16:27:50 +0000] "GET /sitemap.xml HTTP/1.1" 200 71326 "-" "Mozilla/5.0 (Linux; Android 13; SM-S918B) AppleWebKit/537.36 SamsungBrowser/24.0 Chrome/120.0 Mobile Safari/537.36"
198.51.100.45 - - [03/Jul/2026:16:27:50 +0000] "GET /about HTTP/1.1" 200 16292 "/assets/site.css" "Mozilla/5.0 (X11; Linux x86_64) AppleWebKit/537.36 Chrome/122.0.0.0 Safari/537.36"
91.198.174.22 - - [03/Jul/2026:16:27:52 +0000] "GET /metrics HTTP/1.1" 200 56034 "/api/products" "Mozilla/5.0 (iPhone; CPU iPhone OS 17_4 like Mac OS X) AppleWebKit/605.1.15 Version/17.4 Mobile/15E148 Safari/604.1"
213.24.11.146 - - [03/Jul/2026:16:27:52 +0000] "GET /api/products HTTP/1.1" 200 47443 "-" "Mozilla/5.0 (Linux; Android 13; SM-S918B) AppleWebKit/537.36 SamsungBrowser/24.0 Chrome/120.0 Mobile Safari/537.36"
45.9.148.77 - - [03/Jul/2026:16:27:54 +0000] "GET /config/settings.ini HTTP/1.1" 405 2547 "-" "dirsearch/0.4.3"
45.146.164.12 - - [03/Jul/2026:16:27:54 +0000] "GET /cpbackup-exclude.conf HTTP/1.1" 404 585 "-" "gobuster/3.6"
194.26.29.89 - - [03/Jul/2026:16:27:54 +0000] "GET /tmp/access.log HTTP/1.1" 404 590 "-" "Wfuzz/3.1.0"
77.88.55.201 - - [03/Jul/2026:16:27:55 +0000] "GET / HTTP/1.1" 200 44534 "-" "Mozilla/5.0 (Macintosh; Intel Mac OS X 14_5) AppleWebKit/537.36 Chrome/124.0.0.0 Safari/537.36"
141.8.153.222 - - [03/Jul/2026:16:27:55 +0000] "GET /healthz HTTP/1.1" 200 37987 "/assets/site.css" "Mozilla/5.0 (Macintosh; Intel Mac OS X 14_5) AppleWebKit/605.1.15 Version/17.4 Safari/605.1.15"
157.55.39.7 - - [03/Jul/2026:16:27:56 +0000] "GET /assets/site.css HTTP/1.1" 200 61114 "/healthz" "Mozilla/5.0 (Windows NT 10.0; Win64; rv:124.0) Gecko/20100101 Firefox/124.0"
203.0.113.77 - - [03/Jul/2026:16:27:57 +0000] "GET /products HTTP/1.1" 200 64575 "/articles/2026/q2" "Mozilla/5.0 (Linux; Android 13; SM-S918B) AppleWebKit/537.36 SamsungBrowser/24.0 Chrome/120.0 Mobile Safari/537.36"
141.8.153.222 - - [03/Jul/2026:16:27:58 +0000] "GET /about HTTP/1.1" 200 25775 "/assets/logo.svg" "Mozilla/5.0 (Macintosh; Intel Mac OS X 14_5) AppleWebKit/537.36 Chrome/124.0.0.0 Safari/537.36"
193.142.147.55 - - [03/Jul/2026:16:27:58 +0000] "GET /metrics HTTP/1.1" 404 2427 "-" "Go-http-client/1.1"
213.24.11.146 - - [03/Jul/2026:16:27:58 +0000] "GET /sitemap.xml HTTP/1.1" 200 67245 "-" "Mozilla/5.0 (Macintosh; Intel Mac OS X 14_5) AppleWebKit/605.1.15 Version/17.4 Safari/605.1.15"
91.198.174.22 - - [03/Jul/2026:16:27:59 +0000] "GET /metrics HTTP/1.1" 200 19746 "/metrics" "Mozilla/5.0 (Linux; Android 13; SM-S918B) AppleWebKit/537.36 SamsungBrowser/24.0 Chrome/120.0 Mobile Safari/537.36"
91.198.174.22 - - [03/Jul/2026:16:27:59 +0000] "GET /contacts HTTP/1.1" 200 45183 "/about" "Mozilla/5.0 (X11; Linux x86_64) AppleWebKit/537.36 Chrome/122.0.0.0 Safari/537.36"
212.76.133.14 - - [03/Jul/2026:16:27:59 +0000] "GET /sitemap.xml HTTP/1.1" 304 2146 "-" "Mozilla/5.0 (Windows NT 10.0; Win64; rv:124.0) Gecko/20100101 Firefox/124.0"
193.142.147.55 - - [03/Jul/2026:16:28:01 +0000] "GET /config.inc.txt HTTP/1.1" 404 1272 "-" "python-requests/2.31.0"
156.146.62.11 - - [03/Jul/2026:16:28:01 +0000] "OPTIONS /.cpan HTTP/1.1" 301 1498 "-" "gobuster/3.6"
66.249.75.10 - - [03/Jul/2026:16:28:01 +0000] "GET /robots.txt HTTP/1.1" 200 81911 "/assets/site.css" "Mozilla/5.0 (Linux; Android 13; SM-S918B) AppleWebKit/537.36 SamsungBrowser/24.0 Chrome/120.0 Mobile Safari/537.36"
66.249.75.10 - - [03/Jul/2026:16:28:01 +0000] "HEAD /articles/2026/q2 HTTP/1.1" 200 1732 "-" "Mozilla/5.0 (Windows NT 10.0; Win64; rv:124.0) Gecko/20100101 Firefox/124.0"
188.18.77.220 - - [03/Jul/2026:16:28:02 +0000] "GET /assets/site.css HTTP/1.1" 304 183 "/assets/app.js" "Mozilla/5.0 (Macintosh; Intel Mac OS X 14_5) AppleWebKit/537.36 Chrome/124.0.0.0 Safari/537.36"
188.18.77.220 - - [03/Jul/2026:16:28:02 +0000] "GET /robots.txt HTTP/1.1" 200 22605 "/contacts" "Mozilla/5.0 (Windows NT 10.0; Win64; x64) AppleWebKit/537.36 Chrome/123.0.0.0 Safari/537.36"
77.88.55.201 - - [03/Jul/2026:16:28:03 +0000] "GET /assets/app.js HTTP/1.1" 304 1672 "-" "DuckDuckBot/1.0; (+http://duckduckgo.com/duckduckbot)"
91.198.174.22 - - [03/Jul/2026:16:28:04 +0000] "HEAD /healthz HTTP/1.1" 200 1262 "-" "Mozilla/5.0 (iPhone; CPU iPhone OS 17_4 like Mac OS X) AppleWebKit/605.1.15 Version/17.4 Mobile/15E148 Safari/604.1"
45.146.164.12 - - [03/Jul/2026:16:28:04 +0000] "HEAD /AutoTest.Net/ HTTP/1.1" 403 1853 "-" "Nmap Scripting Engine"
80.85.246.17 - - [03/Jul/2026:16:28:04 +0000] "HEAD /webgrind HTTP/1.1" 404 1746 "-" "gobuster/3.6"
40.77.167.21 - - [03/Jul/2026:16:28:04 +0000] "GET /metrics HTTP/1.1" 200 27248 "/assets/app.js" "Mozilla/5.0 (Windows NT 10.0; Win64; x64) AppleWebKit/537.36 Chrome/123.0.0.0 Safari/537.36"
23.129.64.112 - - [03/Jul/2026:16:28:04 +0000] "HEAD /pma2015/ HTTP/1.1" 403 1968 "-" "gobuster/3.6"
66.249.75.10 - - [03/Jul/2026:16:28:05 +0000] "GET /robots.txt HTTP/1.1" 200 46801 "-" "Mozilla/5.0 (Windows NT 10.0; Win64; x64) AppleWebKit/537.36 Chrome/123.0.0.0 Safari/537.36"
66.249.75.10 - - [03/Jul/2026:16:28:05 +0000] "GET /assets/logo.svg HTTP/1.1" 200 609 "/products" "Mozilla/5.0 (Macintosh; Intel Mac OS X 14_5) AppleWebKit/605.1.15 Version/17.4 Safari/605.1.15"
40.77.167.21 - - [03/Jul/2026:16:28:05 +0000] "GET /assets/site.css HTTP/1.1" 200 48583 "-" "Mozilla/5.0 (compatible; YandexBot/3.0; +http://yandex.com/bots)"
157.55.39.7 - - [03/Jul/2026:16:28:06 +0000] "GET /api/news HTTP/1.1" 200 9953 "-" "Mozilla/5.0 (Windows NT 10.0; Win64; x64) AppleWebKit/537.36 Chrome/123.0.0.0 Safari/537.36"
194.26.29.89 - - [03/Jul/2026:16:28:06 +0000] "GET /adminer-4.6.0-mysql-en.php HTTP/1.1" 500 2101 "-" "masscan/1.3 (https://github.com/robertdavidgraham/masscan)"
212.76.133.14 - - [03/Jul/2026:16:28:07 +0000] "GET /assets/logo.svg HTTP/1.1" 200 81412 "-" "Mozilla/5.0 (iPad; CPU OS 17_4 like Mac OS X) AppleWebKit/605.1.15 Version/17.4 Mobile/15E148 Safari/604.1"
198.51.100.45 - - [03/Jul/2026:16:28:09 +0000] "GET /api/products HTTP/1.1" 200 57729 "-" "Mozilla/5.0 (iPad; CPU OS 17_4 like Mac OS X) AppleWebKit/605.1.15 Version/17.4 Mobile/15E148 Safari/604.1"
77.88.55.201 - - [03/Jul/2026:16:28:09 +0000] "GET /api/products HTTP/1.1" 200 10451 "/metrics" "Mozilla/5.0 (Windows NT 10.0; Win64; x64) AppleWebKit/537.36 Chrome/123.0.0.0 Safari/537.36"
23.129.64.112 - - [03/Jul/2026:16:28:09 +0000] "HEAD /Vagrantfile.backup HTTP/1.1" 404 215 "-" "ffuf/2.1.0"
45.9.148.77 - - [03/Jul/2026:16:28:09 +0000] "OPTIONS /management HTTP/1.1" 301 2364 "-" "masscan/1.3 (https://github.com/robertdavidgraham/masscan)"
46.188.19.142 - - [03/Jul/2026:16:28:10 +0000] "GET /products HTTP/1.1" 200 46065 "/api/news" "Mozilla/5.0 (Windows NT 10.0; Win64; x64) AppleWebKit/537.36 Chrome/123.0.0.0 Safari/537.36"
5.188.206.67 - - [03/Jul/2026:16:28:10 +0000] "GET /test.asp HTTP/1.1" 404 1096 "-" "Go-http-client/1.1"
250.44.63.26 - - [03/Jul/2026:16:28:10 +0000] "GET /assets/logo.svg HTTP/1.1" 200 84189 "/about" "Mozilla/5.0 (Windows NT 10.0; Win64; x64) AppleWebKit/537.36 Edg/124.0.0.0"
156.146.62.11 - - [03/Jul/2026:16:28:11 +0000] "GET /_logs/access.log HTTP/1.1" 404 2228 "-" "sqlmap/1.8.4#stable"
23.129.64.112 - - [03/Jul/2026:16:28:12 +0000] "HEAD /admin.htm HTTP/1.1" 404 1916 "-" "masscan/1.3 (https://github.com/robertdavidgraham/masscan)"
157.55.39.7 - - [03/Jul/2026:16:28:12 +0000] "GET /assets/logo.svg HTTP/1.1" 200 34078 "/articles/2026/q2" "DuckDuckBot/1.0; (+http://duckduckgo.com/duckduckbot)"
191.210.193.205 - - [03/Jul/2026:16:28:13 +0000] "GET /about HTTP/1.1" 200 32429 "/assets/site.css" "Mozilla/5.0 (Windows NT 10.0; Win64; rv:124.0) Gecko/20100101 Firefox/124.0"
198.51.100.45 - - [03/Jul/2026:16:28:13 +0000] "GET /api/products HTTP/1.1" 200 55869 "-" "Mozilla/5.0 (compatible; YandexBot/3.0; +http://yandex.com/bots)"
66.249.75.10 - - [03/Jul/2026:16:28:14 +0000] "GET /sitemap.xml HTTP/1.1" 200 33012 "/articles/2026/q2" "Mozilla/5.0 (Windows NT 10.0; Win64; x64) AppleWebKit/537.36 Edg/124.0.0.0"
157.55.39.7 - - [03/Jul/2026:16:28:17 +0000] "GET /products HTTP/1.1" 200 36735 "-" "Mozilla/5.0 (Windows NT 10.0; Win64; x64) AppleWebKit/537.36 Chrome/123.0.0.0 Safari/537.36"
5.188.206.67 - - [03/Jul/2026:16:28:17 +0000] "GET /local_bd_old.txt HTTP/1.1" 403 1125 "-" "gobuster/3.6"
157.55.39.7 - - [03/Jul/2026:16:28:17 +0000] "HEAD /healthz HTTP/1.1" 200 72906 "/robots.txt" "Mozilla/5.0 (Windows NT 10.0; Win64; x64) AppleWebKit/537.36 Chrome/123.0.0.0 Safari/537.36"
213.24.11.146 - - [03/Jul/2026:16:28:17 +0000] "GET /robots.txt HTTP/1.1" 304 429 "-" "Mozilla/5.0 (Windows NT 10.0; Win64; rv:124.0) Gecko/20100101 Firefox/124.0"
66.249.75.10 - - [03/Jul/2026:16:28:18 +0000] "GET /contacts HTTP/1.1" 200 58920 "-" "Mozilla/5.0 (Windows NT 10.0; Win64; x64) AppleWebKit/537.36 Edg/124.0.0.0"
198.51.100.45 - - [03/Jul/2026:16:28:18 +0000] "GET /api/products HTTP/1.1" 200 5324 "-" "Mozilla/5.0 (Macintosh; Intel Mac OS X 14_5) AppleWebKit/537.36 Chrome/124.0.0.0 Safari/537.36"
141.8.153.222 - - [03/Jul/2026:16:28:19 +0000] "GET /assets/logo.svg HTTP/1.1" 200 47979 "/api/products" "Mozilla/5.0 (Windows NT 10.0; Win64; rv:124.0) Gecko/20100101 Firefox/124.0"
40.77.167.21 - - [03/Jul/2026:16:28:19 +0000] "GET /assets/app.js HTTP/1.1" 200 59634 "-" "Mozilla/5.0 (compatible; Googlebot/2.1; +http://www.google.com/bot.html)"
212.76.133.14 - - [03/Jul/2026:16:28:19 +0000] "GET /articles/2026/q2 HTTP/1.1" 200 10061 "/sitemap.xml" "Mozilla/5.0 (Windows NT 10.0; Win64; x64) AppleWebKit/537.36 Edg/124.0.0.0"
194.26.29.89 - - [03/Jul/2026:16:28:19 +0000] "HEAD /access.log HTTP/1.1" 405 2321 "-" "ffuf/2.1.0"
103.234.55.188 - - [03/Jul/2026:16:28:20 +0000] "GET /assets/logo.svg HTTP/1.1" 200 74930 "-" "Mozilla/5.0 (Macintosh; Intel Mac OS X 14_5) AppleWebKit/537.36 Chrome/124.0.0.0 Safari/537.36"
212.76.133.14 - - [03/Jul/2026:16:28:21 +0000] "HEAD /assets/site.css HTTP/1.1" 200 38343 "-" "Mozilla/5.0 (compatible; YandexBot/3.0; +http://yandex.com/bots)"
46.188.19.142 - - [03/Jul/2026:16:28:22 +0000] "GET /assets/logo.svg HTTP/1.1" 200 35725 "/assets/site.css" "Mozilla/5.0 (Windows NT 10.0; Win64; x64) AppleWebKit/537.36 Chrome/123.0.0.0 Safari/537.36"
188.18.77.220 - - [03/Jul/2026:16:28:22 +0000] "GET /api/products HTTP/1.1" 200 20302 "-" "Mozilla/5.0 (Windows NT 10.0; Win64; rv:124.0) Gecko/20100101 Firefox/124.0"
171.25.193.20 - - [03/Jul/2026:16:28:23 +0000] "GET /log/access.log HTTP/1.1" 405 2433 "-" "dirsearch/0.4.3"
193.142.147.55 - - [03/Jul/2026:16:28:23 +0000] "GET /_logs/access.log HTTP/1.1" 404 586 "-" "Go-http-client/1.1"
112.227.240.46 - - [03/Jul/2026:16:28:25 +0000] "GET /robots.txt HTTP/1.1" 304 256 "/assets/logo.svg" "Mozilla/5.0 (Linux; Android 13; SM-S918B) AppleWebKit/537.36 SamsungBrowser/24.0 Chrome/120.0 Mobile Safari/537.36"
91.198.174.22 - - [03/Jul/2026:16:28:25 +0000] "GET /products HTTP/1.1" 200 41106 "-" "DuckDuckBot/1.0; (+http://duckduckgo.com/duckduckbot)"
5.188.206.67 - - [03/Jul/2026:16:28:25 +0000] "GET /printenv HTTP/1.1" 404 1674 "-" "feroxbuster/2.11.0"
157.55.39.7 - - [03/Jul/2026:16:28:25 +0000] "GET /products HTTP/1.1" 200 42214 "/assets/site.css" "Mozilla/5.0 (Windows NT 10.0; Win64; x64) AppleWebKit/537.36 Edg/124.0.0.0"
194.26.29.89 - - [03/Jul/2026:16:28:27 +0000] "OPTIONS /docker-compose-dev.yml HTTP/1.1" 301 1860 "-" "Wfuzz/3.1.0"
66.249.75.10 - - [03/Jul/2026:16:28:28 +0000] "GET /about HTTP/1.1" 200 3510 "-" "Mozilla/5.0 (Windows NT 10.0; Win64; rv:124.0) Gecko/20100101 Firefox/124.0"
212.76.133.14 - - [03/Jul/2026:16:28:28 +0000] "GET /products HTTP/1.1" 200 78319 "/products" "Mozilla/5.0 (Windows NT 10.0; Win64; rv:124.0) Gecko/20100101 Firefox/124.0"
77.88.55.201 - - [03/Jul/2026:16:28:29 +0000] "GET /healthz HTTP/1.1" 304 947 "-" "Mozilla/5.0 (iPad; CPU OS 17_4 like Mac OS X) AppleWebKit/605.1.15 Version/17.4 Mobile/15E148 Safari/604.1"
45.146.164.12 - - [03/Jul/2026:16:28:29 +0000] "GET /apache/logs/access.log HTTP/1.1" 403 2402 "-" "Go-http-client/1.1"
213.24.11.146 - - [03/Jul/2026:16:28:30 +0000] "GET /favicon.ico HTTP/1.1" 200 31861 "-" "Mozilla/5.0 (iPad; CPU OS 17_4 like Mac OS X) AppleWebKit/605.1.15 Version/17.4 Mobile/15E148 Safari/604.1"
213.24.11.146 - - [03/Jul/2026:16:28:30 +0000] "HEAD /about HTTP/1.1" 200 12852 "-" "Mozilla/5.0 (Linux; Android 13; SM-S918B) AppleWebKit/537.36 SamsungBrowser/24.0 Chrome/120.0 Mobile Safari/537.36"
198.51.100.45 - - [03/Jul/2026:16:28:30 +0000] "GET /assets/app.js HTTP/1.1" 200 18469 "-" "Mozilla/5.0 (Windows NT 10.0; Win64; rv:124.0) Gecko/20100101 Firefox/124.0"
213.24.11.146 - - [03/Jul/2026:16:28:30 +0000] "GET /favicon.ico HTTP/1.1" 304 2653 "/sitemap.xml" "Mozilla/5.0 (compatible; YandexBot/3.0; +http://yandex.com/bots)"
40.77.167.21 - - [03/Jul/2026:16:28:31 +0000] "GET /favicon.ico HTTP/1.1" 304 247 "/products" "Mozilla/5.0 (Windows NT 10.0; Win64; x64) AppleWebKit/537.36 Chrome/123.0.0.0 Safari/537.36"
1.208.188.140 - - [03/Jul/2026:16:28:31 +0000] "GET /api/news HTTP/1.1" 200 60643 "/favicon.ico" "Mozilla/5.0 (Macintosh; Intel Mac OS X 14_5) AppleWebKit/605.1.15 Version/17.4 Safari/605.1.15"
171.25.193.20 - - [03/Jul/2026:16:28:32 +0000] "HEAD /conditions HTTP/1.1" 302 2057 "-" "ffuf/2.1.0"
88.86.18.233 - - [03/Jul/2026:16:28:32 +0000] "GET /metrics HTTP/1.1" 200 69986 "/contacts" "DuckDuckBot/1.0; (+http://duckduckgo.com/duckduckbot)"
40.77.167.21 - - [03/Jul/2026:16:28:32 +0000] "GET /assets/logo.svg HTTP/1.1" 200 2790 "/contacts" "Mozilla/5.0 (Windows NT 10.0; Win64; x64) AppleWebKit/537.36 Edg/124.0.0.0"
222.112.97.49 - - [03/Jul/2026:16:28:32 +0000] "GET /contacts HTTP/1.1" 200 46697 "-" "Mozilla/5.0 (iPad; CPU OS 17_4 like Mac OS X) AppleWebKit/605.1.15 Version/17.4 Mobile/15E148 Safari/604.1"
40.77.167.21 - - [03/Jul/2026:16:28:33 +0000] "GET /favicon.ico HTTP/1.1" 200 29682 "-" "Mozilla/5.0 (iPhone; CPU iPhone OS 17_4 like Mac OS X) AppleWebKit/605.1.15 Version/17.4 Mobile/15E148 Safari/604.1"
194.26.29.89 - - [03/Jul/2026:16:28:33 +0000] "GET /admin/ HTTP/1.1" 404 1226 "-" "DirBuster-1.0-RC1"
77.88.55.201 - - [03/Jul/2026:16:28:33 +0000] "GET /robots.txt HTTP/1.1" 200 20708 "-" "Mozilla/5.0 (compatible; YandexBot/3.0; +http://yandex.com/bots)"
91.198.174.22 - - [03/Jul/2026:16:28:34 +0000] "GET /articles/2026/q2 HTTP/1.1" 304 994 "-" "Mozilla/5.0 (X11; Linux x86_64) AppleWebKit/537.36 Chrome/122.0.0.0 Safari/537.36"
213.24.11.146 - - [03/Jul/2026:16:28:34 +0000] "GET /contacts HTTP/1.1" 304 2077 "/assets/logo.svg" "Mozilla/5.0 (Macintosh; Intel Mac OS X 14_5) AppleWebKit/537.36 Chrome/124.0.0.0 Safari/537.36"
23.129.64.112 - - [03/Jul/2026:16:28:37 +0000] "GET /admin/mysql2/index.php HTTP/1.1" 404 586 "-" "DirBuster-1.0-RC1"
193.142.147.55 - - [03/Jul/2026:16:28:37 +0000] "OPTIONS /myadmin/ HTTP/1.1" 404 1129 "-" "gobuster/3.6"
10.42.3.237 - - [03/Jul/2026:16:28:38 +0000] "GET /healthz HTTP/1.1" 200 5511 "-" "kube-probe/1.30"
212.76.133.14 - - [03/Jul/2026:16:28:40 +0000] "GET /contacts HTTP/1.1" 200 13768 "/assets/app.js" "Mozilla/5.0 (Linux; Android 13; SM-S918B) AppleWebKit/537.36 SamsungBrowser/24.0 Chrome/120.0 Mobile Safari/537.36"
91.198.174.22 - - [03/Jul/2026:16:28:41 +0000] "HEAD /metrics HTTP/1.1" 304 1243 "-" "Mozilla/5.0 (compatible; YandexBot/3.0; +http://yandex.com/bots)"
66.249.75.10 - - [03/Jul/2026:16:28:42 +0000] "GET /metrics HTTP/1.1" 200 74612 "/about" "Mozilla/5.0 (iPad; CPU OS 17_4 like Mac OS X) AppleWebKit/605.1.15 Version/17.4 Mobile/15E148 Safari/604.1"
185.193.88.77 - - [03/Jul/2026:16:28:43 +0000] "GET /loginsave/ HTTP/1.1" 405 2211 "-" "Nmap Scripting Engine"
135.214.66.137 - - [03/Jul/2026:16:28:43 +0000] "GET /articles/2026/q2 HTTP/1.1" 200 60346 "/" "Mozilla/5.0 (Macintosh; Intel Mac OS X 14_5) AppleWebKit/605.1.15 Version/17.4 Safari/605.1.15"
193.142.147.55 - - [03/Jul/2026:16:28:43 +0000] "GET /hystrix HTTP/1.1" 500 1116 "-" "python-requests/2.31.0"
77.88.55.201 - - [03/Jul/2026:16:28:44 +0000] "GET /about HTTP/1.1" 304 276 "/healthz" "Mozilla/5.0 (iPhone; CPU iPhone OS 17_4 like Mac OS X) AppleWebKit/605.1.15 Version/17.4 Mobile/15E148 Safari/604.1"
198.51.100.45 - - [03/Jul/2026:16:28:45 +0000] "GET /api/news HTTP/1.1" 200 66120 "/contacts" "Mozilla/5.0 (X11; Linux x86_64) AppleWebKit/537.36 Chrome/122.0.0.0 Safari/537.36"
220.236.164.6 - - [03/Jul/2026:16:28:45 +0000] "GET /api/news HTTP/1.1" 200 14864 "/favicon.ico" "Mozilla/5.0 (Windows NT 10.0; Win64; x64) AppleWebKit/537.36 Edg/124.0.0.0"
157.55.39.7 - - [03/Jul/2026:16:28:46 +0000] "GET /about HTTP/1.1" 200 66900 "-" "Mozilla/5.0 (compatible; Googlebot/2.1; +http://www.google.com/bot.html)"
193.142.147.55 - - [03/Jul/2026:16:28:47 +0000] "GET /logout/ HTTP/1.1" 403 2176 "-" "Go-http-client/1.1"
185.220.101.54 - - [03/Jul/2026:16:28:47 +0000] "GET /clients.sql HTTP/1.1" 403 2001 "-" "Go-http-client/1.1"
45.9.148.77 - - [03/Jul/2026:16:28:49 +0000] "OPTIONS /.pwd HTTP/1.1" 403 954 "-" "DirBuster-1.0-RC1"
77.88.55.201 - - [03/Jul/2026:16:28:49 +0000] "GET / HTTP/1.1" 200 31489 "-" "Mozilla/5.0 (Windows NT 10.0; Win64; x64) AppleWebKit/537.36 Chrome/123.0.0.0 Safari/537.36"
66.249.75.10 - - [03/Jul/2026:16:28:49 +0000] "GET /assets/site.css HTTP/1.1" 200 53548 "-" "DuckDuckBot/1.0; (+http://duckduckgo.com/duckduckbot)"
188.18.77.220 - - [03/Jul/2026:16:28:50 +0000] "GET /sitemap.xml HTTP/1.1" 200 64961 "-" "Mozilla/5.0 (Macintosh; Intel Mac OS X 14_5) AppleWebKit/605.1.15 Version/17.4 Safari/605.1.15"
213.141.18.246 - - [03/Jul/2026:16:28:50 +0000] "GET /debug/pprof HTTP/1.1" 302 1435 "-" "ffuf/2.1.0"
156.146.62.11 - - [03/Jul/2026:16:28:51 +0000] "GET /configs/ HTTP/1.1" 301 2140 "-" "DirBuster-1.0-RC1"
171.25.193.20 - - [03/Jul/2026:16:28:53 +0000] "OPTIONS /nginx.conf HTTP/1.1" 404 1705 "-" "Go-http-client/1.1"
212.76.133.14 - - [03/Jul/2026:16:28:53 +0000] "HEAD /healthz HTTP/1.1" 200 11921 "/metrics" "Mozilla/5.0 (iPhone; CPU iPhone OS 17_4 like Mac OS X) AppleWebKit/605.1.15 Version/17.4 Mobile/15E148 Safari/604.1"
203.0.113.77 - - [03/Jul/2026:16:28:53 +0000] "GET /articles/2026/q2 HTTP/1.1" 304 1246 "/favicon.ico" "Mozilla/5.0 (X11; Linux x86_64) AppleWebKit/537.36 Chrome/122.0.0.0 Safari/537.36"
198.51.100.45 - - [03/Jul/2026:16:28:53 +0000] "GET / HTTP/1.1" 200 51241 "/api/news" "Mozilla/5.0 (compatible; Googlebot/2.1; +http://www.google.com/bot.html)"
46.188.19.142 - - [03/Jul/2026:16:28:53 +0000] "GET /products HTTP/1.1" 304 2459 "-" "Mozilla/5.0 (Windows NT 10.0; Win64; x64) AppleWebKit/537.36 Chrome/123.0.0.0 Safari/537.36"
193.142.147.55 - - [03/Jul/2026:16:28:54 +0000] "GET /nginx-ssl.access.log HTTP/1.1" 405 1935 "-" "DirBuster-1.0-RC1"
203.0.113.77 - - [03/Jul/2026:16:28:55 +0000] "HEAD /assets/logo.svg HTTP/1.1" 200 39222 "/assets/logo.svg" "Mozilla/5.0 (iPhone; CPU iPhone OS 17_4 like Mac OS X) AppleWebKit/605.1.15 Version/17.4 Mobile/15E148 Safari/604.1"
157.55.39.7 - - [03/Jul/2026:16:28:56 +0000] "GET /robots.txt HTTP/1.1" 200 33975 "-" "Mozilla/5.0 (X11; Linux x86_64) AppleWebKit/537.36 Chrome/122.0.0.0 Safari/537.36"
46.188.19.142 - - [03/Jul/2026:16:28:56 +0000] "GET /assets/site.css HTTP/1.1" 200 21817 "/articles/2026/q2" "Mozilla/5.0 (Linux; Android 13; SM-S918B) AppleWebKit/537.36 SamsungBrowser/24.0 Chrome/120.0 Mobile Safari/537.36"
185.220.101.54 - - [03/Jul/2026:16:28:57 +0000] "HEAD /pom.xml.versionsBackup HTTP/1.1" 404 2078 "-" "sqlmap/1.8.4#stable"
10.42.1.180 - - [03/Jul/2026:16:28:57 +0000] "GET /healthz HTTP/1.1" 200 728 "-" "kube-probe/1.30"
77.88.55.201 - - [03/Jul/2026:16:28:58 +0000] "GET /assets/logo.svg HTTP/1.1" 200 30895 "/articles/2026/q2" "Mozilla/5.0 (iPhone; CPU iPhone OS 17_4 like Mac OS X) AppleWebKit/605.1.15 Version/17.4 Mobile/15E148 Safari/604.1"
206.17.251.9 - - [03/Jul/2026:16:28:58 +0000] "GET /api/products HTTP/1.1" 200 81268 "-" "Mozilla/5.0 (Macintosh; Intel Mac OS X 14_5) AppleWebKit/537.36 Chrome/124.0.0.0 Safari/537.36"
104.244.72.115 - - [03/Jul/2026:16:28:59 +0000] "HEAD /scripts/ckeditor/ckfinder/core/connector/php/connector.php HTTP/1.1" 403 1333 "-" "dirsearch/0.4.3"
45.9.148.77 - - [03/Jul/2026:16:28:59 +0000] "GET /.sublime-gulp.cache HTTP/1.1" 403 1137 "-" "DirBuster-1.0-RC1"
5.188.206.67 - - [03/Jul/2026:16:29:01 +0000] "HEAD /.htaccess HTTP/1.1" 404 2512 "-" "sqlmap/1.8.4#stable"
40.77.167.21 - - [03/Jul/2026:16:29:01 +0000] "GET /about HTTP/1.1" 200 1476 "/assets/logo.svg" "Mozilla/5.0 (Linux; Android 13; SM-S918B) AppleWebKit/537.36 SamsungBrowser/24.0 Chrome/120.0 Mobile Safari/537.36"
66.249.75.10 - - [03/Jul/2026:16:29:01 +0000] "GET /api/products HTTP/1.1" 200 21156 "-" "DuckDuckBot/1.0; (+http://duckduckgo.com/duckduckbot)"
10.42.2.216 - - [03/Jul/2026:16:29:01 +0000] "GET /healthz HTTP/1.1" 200 5832 "-" "curl/8.6.0"
10.42.0.112 - - [03/Jul/2026:16:29:02 +0000] "GET /metrics HTTP/1.1" 200 373 "-" "kube-probe/1.30"
40.77.167.21 - - [03/Jul/2026:16:29:02 +0000] "GET /metrics HTTP/1.1" 200 63626 "-" "Mozilla/5.0 (Windows NT 10.0; Win64; x64) AppleWebKit/537.36 Chrome/123.0.0.0 Safari/537.36"
46.188.19.142 - - [03/Jul/2026:16:29:02 +0000] "GET /contacts HTTP/1.1" 304 3648 "/robots.txt" "Mozilla/5.0 (Linux; Android 13; SM-S918B) AppleWebKit/537.36 SamsungBrowser/24.0 Chrome/120.0 Mobile Safari/537.36"
77.88.55.201 - - [03/Jul/2026:16:29:02 +0000] "GET /products HTTP/1.1" 200 52102 "-" "Mozilla/5.0 (Macintosh; Intel Mac OS X 14_5) AppleWebKit/537.36 Chrome/124.0.0.0 Safari/537.36"
40.77.167.21 - - [03/Jul/2026:16:29:03 +0000] "GET /assets/app.js HTTP/1.1" 200 14713 "/robots.txt" "Mozilla/5.0 (Windows NT 10.0; Win64; rv:124.0) Gecko/20100101 Firefox/124.0"
157.55.39.7 - - [03/Jul/2026:16:29:03 +0000] "GET /favicon.ico HTTP/1.1" 200 68462 "-" "Mozilla/5.0 (Linux; Android 13; SM-S918B) AppleWebKit/537.36 SamsungBrowser/24.0 Chrome/120.0 Mobile Safari/537.36"
10.42.0.101 - - [03/Jul/2026:16:29:04 +0000] "GET /healthz HTTP/1.1" 200 1492 "-" "kube-probe/1.30"
185.193.88.77 - - [03/Jul/2026:16:29:05 +0000] "GET /cgi.pl/ HTTP/1.1" 403 732 "-" "dirsearch/0.4.3"
