203.0.113.77 - - [03/Jul/2026:15:48:24 +0000] "GET /robots.txt HTTP/1.1" 200 2771 "/" "Mozilla/5.0 (Macintosh; Intel Mac OS X 14_5) AppleWebKit/537.36 Chrome/124.0.0.0 Safari/537.36"
91.198.174.22 - - [03/Jul/2026:15:48:24 +0000] "GET /assets/logo.svg HTTP/1.1" 200 64739 "/api/products" "Mozilla/5.0 (iPhone; CPU iPhone OS 17_4 like Mac OS X) AppleWebKit/605.1.15 Version/17.4 Mobile/15E148 Safari/604.1"
40.77.167.21 - - [03/Jul/2026:15:48:24 +0000] "GET /favicon.ico HTTP/1.1" 200 84699 "-" "Mozilla/5.0 (Windows NT 10.0; Win64; x64) AppleWebKit/537.36 Chrome/123.0.0.0 Safari/537.36"
104.244.72.115 - - [03/Jul/2026:15:48:25 +0000] "GET /db.sqlite HTTP/1.1" 301 803 "-" "Go-http-client/1.1"
40.77.167.21 - - [03/Jul/2026:15:48:25 +0000] "GET /products HTTP/1.1" 200 79083 "/assets/site.css" "Mozilla/5.0 (Macintosh; Intel Mac OS X 14_5) AppleWebKit/537.36 Chrome/124.0.0.0 Safari/537.36"
91.198.174.22 - - [03/Jul/2026:15:48:25 +0000] "GET /favicon.ico HTTP/1.1" 304 873 "-" "Mozilla/5.0 (Linux; Android 13; SM-S918B) AppleWebKit/537.36 SamsungBrowser/24.0 Chrome/120.0 Mobile Safari/537.36"
83.50.19.73 - - [03/Jul/2026:15:48:26 +0000] "HEAD /api/news HTTP/1.1" 304 3682 "-" "Mozilla/5.0 (Macintosh; Intel Mac OS X 14_5) AppleWebKit/605.1.15 Version/17.4 Safari/605.1.15"
188.18.77.220 - - [03/Jul/2026:15:48:26 +0000] "GET /assets/logo.svg HTTP/1.1" 200 48555 "/assets/app.js" "Mozilla/5.0 (iPhone; CPU iPhone OS 17_4 like Mac OS X) AppleWebKit/605.1.15 Version/17.4 Mobile/15E148 Safari/604.1"
203.0.113.77 - - [03/Jul/2026:15:48:26 +0000] "GET /assets/app.js HTTP/1.1" 200 43525 "/api/products" "Mozilla/5.0 (compatible; bingbot/2.0; +http://www.bing.com/bingbot.htm)"
10.42.0.95 - - [03/Jul/2026:15:48:26 +0000] "GET /healthz HTTP/1.1" 200 3022 "-" "kube-probe/1.30"
46.188.19.142 - - [03/Jul/2026:15:48:26 +0000] "GET /favicon.ico HTTP/1.1" 200 65360 "-" "Mozilla/5.0 (Windows NT 10.0; Win64; rv:124.0) Gecko/20100101 Firefox/124.0"
77.88.55.201 - - [03/Jul/2026:15:48:26 +0000] "GET /favicon.ico HTTP/1.1" 200 82109 "-" "Mozilla/5.0 (Linux; Android 13; SM-S918B) AppleWebKit/537.36 SamsungBrowser/24.0 Chrome/120.0 Mobile Safari/537.36"
141.8.153.222 - - [03/Jul/2026:15:48:26 +0000] "HEAD /api/products HTTP/1.1" 200 1890 "-" "Mozilla/5.0 (Macintosh; Intel Mac OS X 14_5) AppleWebKit/537.36 Chrome/124.0.0.0 Safari/537.36"
46.188.19.142 - - [03/Jul/2026:15:48:27 +0000] "GET /contacts HTTP/1.1" 200 49713 "-" "Mozilla/5.0 (Windows NT 10.0; Win64; rv:124.0) Gecko/20100101 Firefox/124.0"
188.18.77.220 - - [03/Jul/2026:15:48:27 +0000] "GET /assets/logo.svg HTTP/1.1" 200 44200 "/about" "DuckDuckBot/1.0; (+http://duckduckgo.com/duckduckbot)"
91.198.174.22 - - [03/Jul/2026:15:48:27 +0000] "GET /api/products HTTP/1.1" 304 2947 "-" "Mozilla/5.0 (compatible; Googlebot/2.1; +http://www.google.com/bot.html)"
198.51.100.45 - - [03/Jul/2026:15:48:28 +0000] "GET /favicon.ico HTTP/1.1" 200 29849 "-" "Mozilla/5.0 (iPad; CPU OS 17_4 like Mac OS X) AppleWebKit/605.1.15 Version/17.4 Mobile/15E148 Safari/604.1"
10.42.2.49 - - [03/Jul/2026:15:48:28 +0000] "GET /healthz HTTP/1.1" 200 5724 "-" "curl/8.6.0"
5.188.206.67 - - [03/Jul/2026:15:48:28 +0000] "GET /variant/ HTTP/1.1" 404 2182 "-" "sqlmap/1.8.4#stable"
213.24.11.146 - - [03/Jul/2026:15:48:28 +0000] "HEAD /api/news HTTP/1.1" 304 312 "-" "Mozilla/5.0 (Windows NT 10.0; Win64; rv:124.0) Gecko/20100101 Firefox/124.0"
45.9.148.77 - - [03/Jul/2026:15:48:29 +0000] "GET /passlist.txt HTTP/1.1" 403 596 "-" "Go-http-client/1.1"
141.8.153.222 - - [03/Jul/2026:15:48:29 +0000] "GET /metrics HTTP/1.1" 200 39561 "-" "Mozilla/5.0 (Windows NT 10.0; Win64; rv:124.0) Gecko/20100101 Firefox/124.0"
188.18.77.220 - - [03/Jul/2026:15:48:29 +0000] "GET /assets/app.js HTTP/1.1" 200 77024 "/api/products" "Mozilla/5.0 (Macintosh; Intel Mac OS X 14_5) AppleWebKit/605.1.15 Version/17.4 Safari/605.1.15"
45.9.148.77 - - [03/Jul/2026:15:48:29 +0000] "OPTIONS /.vimrc HTTP/1.1" 403 1778 "-" "masscan/1.3 (https://github.com/robertdavidgraham/masscan)"
141.8.153.222 - - [03/Jul/2026:15:48:29 +0000] "GET /robots.txt HTTP/1.1" 200 16945 "/contacts" "Mozilla/5.0 (X11; Linux x86_64) AppleWebKit/537.36 Chrome/122.0.0.0 Safari/537.36"
250.51.34.112 - - [03/Jul/2026:15:48:29 +0000] "GET /assets/app.js HTTP/1.1" 200 40335 "/api/products" "Mozilla/5.0 (Macintosh; Intel Mac OS X 14_5) AppleWebKit/605.1.15 Version/17.4 Safari/605.1.15"
40.77.167.21 - - [03/Jul/2026:15:48:30 +0000] "GET /assets/app.js HTTP/1.1" 200 67560 "-" "Mozilla/5.0 (iPhone; CPU iPhone OS 17_4 like Mac OS X) AppleWebKit/605.1.15 Version/17.4 Mobile/15E148 Safari/604.1"
91.198.174.22 - - [03/Jul/2026:15:48:31 +0000] "GET /about HTTP/1.1" 200 84135 "-" "Mozilla/5.0 (Macintosh; Intel Mac OS X 14_5) AppleWebKit/537.36 Chrome/124.0.0.0 Safari/537.36"
34.253.50.224 - - [03/Jul/2026:15:48:31 +0000] "GET /_logs/access.log HTTP/1.1" 500 2229 "-" "ffuf/2.1.0"
157.55.39.7 - - [03/Jul/2026:15:48:31 +0000] "GET /robots.txt HTTP/1.1" 304 3355 "-" "Mozilla/5.0 (X11; Linux x86_64) AppleWebKit/537.36 Chrome/122.0.0.0 Safari/537.36"
229.210.232.194 - - [03/Jul/2026:15:48:32 +0000] "GET /bower_components/ HTTP/1.1" 404 2507 "-" "ffuf/2.1.0"
156.146.62.11 - - [03/Jul/2026:15:48:32 +0000] "HEAD /apache/logs/access.log HTTP/1.1" 404 2491 "-" "Go-http-client/1.1"
10.42.2.239 - - [03/Jul/2026:15:48:33 +0000] "GET /healthz HTTP/1.1" 200 3385 "-" "curl/8.6.0"
77.88.55.201 - - [03/Jul/2026:15:48:35 +0000] "GET /contacts HTTP/1.1" 304 2043 "-" "Mozilla/5.0 (Macintosh; Intel Mac OS X 14_5) AppleWebKit/537.36 Chrome/124.0.0.0 Safari/537.36"
91.198.174.22 - - [03/Jul/2026:15:48:36 +0000] "GET /api/products HTTP/1.1" 200 38338 "/api/products" "Mozilla/5.0 (iPhone; CPU iPhone OS 17_4 like Mac OS X) AppleWebKit/605.1.15 Version/17.4 Mobile/15E148 Safari/604.1"
77.88.55.201 - - [03/Jul/2026:15:48:36 +0000] "GET /metrics HTTP/1.1" 200 79295 "-" "Mozilla/5.0 (compatible; bingbot/2.0; +http://www.bing.com/bingbot.htm)"
235.191.110.194 - - [03/Jul/2026:15:48:36 +0000] "GET /robots.txt HTTP/1.1" 200 36230 "-" "Mozilla/5.0 (iPad; CPU OS 17_4 like Mac OS X) AppleWebKit/605.1.15 Version/17.4 Mobile/15E148 Safari/604.1"
214.85.107.132 - - [03/Jul/2026:15:48:37 +0000] "GET /sitemap.xml HTTP/1.1" 200 70625 "-" "Mozilla/5.0 (iPad; CPU OS 17_4 like Mac OS X) AppleWebKit/605.1.15 Version/17.4 Mobile/15E148 Safari/604.1"
141.8.153.222 - - [03/Jul/2026:15:48:38 +0000] "GET /assets/logo.svg HTTP/1.1" 200 49674 "-" "Mozilla/5.0 (Windows NT 10.0; Win64; x64) AppleWebKit/537.36 Chrome/123.0.0.0 Safari/537.36"
212.76.133.14 - - [03/Jul/2026:15:48:38 +0000] "GET /assets/app.js HTTP/1.1" 304 2059 "/robots.txt" "DuckDuckBot/1.0; (+http://duckduckgo.com/duckduckbot)"
194.26.29.89 - - [03/Jul/2026:15:48:38 +0000] "HEAD /apache/logs/access.log HTTP/1.1" 301 559 "-" "Wfuzz/3.1.0"
66.249.75.10 - - [03/Jul/2026:15:48:39 +0000] "GET / HTTP/1.1" 200 67779 "-" "Mozilla/5.0 (Windows NT 10.0; Win64; x64) AppleWebKit/537.36 Chrome/123.0.0.0 Safari/537.36"
91.198.174.22 - - [03/Jul/2026:15:48:39 +0000] "GET /robots.txt HTTP/1.1" 200 53039 "-" "Mozilla/5.0 (iPhone; CPU iPhone OS 17_4 like Mac OS X) AppleWebKit/605.1.15 Version/17.4 Mobile/15E148 Safari/604.1"
77.88.55.201 - - [03/Jul/2026:15:48:40 +0000] "GET /favicon.ico HTTP/1.1" 304 2510 "-" "Mozilla/5.0 (Windows NT 10.0; Win64; rv:124.0) Gecko/20100101 Firefox/124.0"
66.249.75.10 - - [03/Jul/2026:15:48:40 +0000] "GET /assets/site.css HTTP/1.1" 304 2757 "-" "Mozilla/5.0 (iPad; CPU OS 17_4 like Mac OS X) AppleWebKit/605.1.15 Version/17.4 Mobile/15E148 Safari/604.1"
198.51.100.45 - - [03/Jul/2026:15:48:42 +0000] "GET /api/news HTTP/1.1" 200 70904 "/" "Mozilla/5.0 (Windows NT 10.0; Win64; rv:124.0) Gecko/20100101 Firefox/124.0"
212.76.133.14 - - [03/Jul/2026:15:48:43 +0000] "GET /sitemap.xml HTTP/1.1" 200 11564 "-" "Mozilla/5.0 (Windows NT 10.0; Win64; x64) AppleWebKit/537.36 Chrome/123.0.0.0 Safari/537.36"
80.85.246.17 - - [03/Jul/2026:15:48:43 +0000] "GET /maintenance/test2.php HTTP/1.1" 301 1607 "-" "python-requests/2.31.0"
45.146.164.12 - - [03/Jul/2026:15:48:43 +0000] "OPTIONS /manager/login HTTP/1.1" 404 1126 "-" "Go-http-client/1.1"
203.0.113.77 - - [03/Jul/2026:15:48:43 +0000] "GET /api/products HTTP/1.1" 200 48645 "-" "Mozilla/5.0 (compatible; bingbot/2.0; +http://www.bing.com/bingbot.htm)"
48.229.103.95 - - [03/Jul/2026:15:48:43 +0000] "GET /favicon.ico HTTP/1.1" 200 19054 "/api/products" "Mozilla/5.0 (Linux; Android 13; SM-S918B) AppleWebKit/537.36 SamsungBrowser/24.0 Chrome/120.0 Mobile Safari/537.36"
23.129.64.112 - - [03/Jul/2026:15:48:44 +0000] "GET /.ssh/known_hosts HTTP/1.1" 403 1865 "-" "Nmap Scripting Engine"
45.9.148.77 - - [03/Jul/2026:15:48:44 +0000] "GET /bx_1c_import.php HTTP/1.1" 500 2386 "-" "python-requests/2.31.0"
188.18.77.220 - - [03/Jul/2026:15:48:44 +0000] "GET /assets/app.js HTTP/1.1" 304 1885 "-" "Mozilla/5.0 (compatible; Googlebot/2.1; +http://www.google.com/bot.html)"
66.249.75.10 - - [03/Jul/2026:15:48:45 +0000] "GET /robots.txt HTTP/1.1" 200 48116 "-" "Mozilla/5.0 (iPhone; CPU iPhone OS 17_4 like Mac OS X) AppleWebKit/605.1.15 Version/17.4 Mobile/15E148 Safari/604.1"
104.244.72.115 - - [03/Jul/2026:15:48:45 +0000] "GET /resources/sass/.sass-cache/ HTTP/1.1" 302 583 "-" "feroxbuster/2.11.0"
198.51.100.45 - - [03/Jul/2026:15:48:45 +0000] "GET /articles/2026/q2 HTTP/1.1" 200 11673 "-" "Mozilla/5.0 (compatible; Googlebot/2.1; +http://www.google.com/bot.html)"
5.188.206.67 - - [03/Jul/2026:15:48:45 +0000] "GET /README.md HTTP/1.1" 404 970 "-" "gobuster/3.6"
213.24.11.146 - - [03/Jul/2026:15:48:46 +0000] "GET /assets/app.js HTTP/1.1" 200 9081 "-" "Mozilla/5.0 (Windows NT 10.0; Win64; rv:124.0) Gecko/20100101 Firefox/124.0"
185.220.101.54 - - [03/Jul/2026:15:48:46 +0000] "OPTIONS /deviceupdatefiles_ext/ HTTP/1.1" 403 269 "-" "dirsearch/0.4.3"
157.55.39.7 - - [03/Jul/2026:15:48:46 +0000] "GET /robots.txt HTTP/1.1" 304 1329 "-" "DuckDuckBot/1.0; (+http://duckduckgo.com/duckduckbot)"
141.8.153.222 - - [03/Jul/2026:15:48:46 +0000] "GET / HTTP/1.1" 304 2579 "-" "Mozilla/5.0 (Windows NT 10.0; Win64; x64) AppleWebKit/537.36 Edg/124.0.0.0"
157.55.39.7 - - [03/Jul/2026:15:48:47 +0000] "GET /articles/2026/q2 HTTP/1.1" 200 60638 "/robots.txt" "DuckDuckBot/1.0; (+http://duckduckgo.com/duckduckbot)"
46.188.19.142 - - [03/Jul/2026:15:48:47 +0000] "GET /assets/logo.svg HTTP/1.1" 200 1597 "-" "Mozilla/5.0 (Windows NT 10.0; Win64; rv:124.0) Gecko/20100101 Firefox/124.0"
46.188.19.142 - - [03/Jul/2026:15:48:48 +0000] "GET /articles/2026/q2 HTTP/1.1" 200 56320 "-" "Mozilla/5.0 (iPad; CPU OS 17_4 like Mac OS X) AppleWebKit/605.1.15 Version/17.4 Mobile/15E148 Safari/604.1"
156.146.62.11 - - [03/Jul/2026:15:48:48 +0000] "GET /2021.tar HTTP/1.1" 403 1784 "-" "python-requests/2.31.0"
157.55.39.7 - - [03/Jul/2026:15:48:48 +0000] "GET /sitemap.xml HTTP/1.1" 200 46563 "-" "DuckDuckBot/1.0; (+http://duckduckgo.com/duckduckbot)"
203.0.113.77 - - [03/Jul/2026:15:48:48 +0000] "GET /assets/app.js HTTP/1.1" 200 8762 "-" "Mozilla/5.0 (Macintosh; Intel Mac OS X 14_5) AppleWebKit/537.36 Chrome/124.0.0.0 Safari/537.36"
46.188.19.142 - - [03/Jul/2026:15:48:49 +0000] "GET /api/news HTTP/1.1" 200 20435 "/assets/site.css" "Mozilla/5.0 (iPhone; CPU iPhone OS 17_4 like Mac OS X) AppleWebKit/605.1.15 Version/17.4 Mobile/15E148 Safari/604.1"
40.77.167.21 - - [03/Jul/2026:15:48:49 +0000] "GET / HTTP/1.1" 200 81909 "-" "Mozilla/5.0 (X11; Linux x86_64) AppleWebKit/537.36 Chrome/122.0.0.0 Safari/537.36"
66.249.75.10 - - [03/Jul/2026:15:48:51 +0000] "GET /robots.txt HTTP/1.1" 200 69224 "/assets/site.css" "Mozilla/5.0 (Linux; Android 13; SM-S918B) AppleWebKit/537.36 SamsungBrowser/24.0 Chrome/120.0 Mobile Safari/537.36"
198.51.100.45 - - [03/Jul/2026:15:48:51 +0000] "HEAD /robots.txt HTTP/1.1" 200 47278 "-" "Mozilla/5.0 (Macintosh; Intel Mac OS X 14_5) AppleWebKit/537.36 Chrome/124.0.0.0 Safari/537.36"
33.78.125.134 - - [03/Jul/2026:15:48:52 +0000] "GET /products HTTP/1.1" 200 82015 "/api/products" "Mozilla/5.0 (X11; Linux x86_64) AppleWebKit/537.36 Chrome/122.0.0.0 Safari/537.36"
46.188.19.142 - - [03/Jul/2026:15:48:53 +0000] "GET /contacts HTTP/1.1" 200 81862 "-" "Mozilla/5.0 (compatible; bingbot/2.0; +http://www.bing.com/bingbot.htm)"
77.88.55.201 - - [03/Jul/2026:15:48:53 +0000] "GET /api/products HTTP/1.1" 200 68407 "-" "Mozilla/5.0 (iPhone; CPU iPhone OS 17_4 like Mac OS X) AppleWebKit/605.1.15 Version/17.4 Mobile/15E148 Safari/604.1"
45.9.148.77 - - [03/Jul/2026:15:48:53 +0000] "OPTIONS /test5.php HTTP/1.1" 301 1339 "-" "Wfuzz/3.1.0"
213.24.11.146 - - [03/Jul/2026:15:48:54 +0000] "GET /assets/app.js HTTP/1.1" 200 42135 "/healthz" "Mozilla/5.0 (compatible; bingbot/2.0; +http://www.bing.com/bingbot.htm)"
91.198.174.22 - - [03/Jul/2026:15:48:54 +0000] "GET /metrics HTTP/1.1" 200 1724 "/robots.txt" "Mozilla/5.0 (Macintosh; Intel Mac OS X 14_5) AppleWebKit/605.1.15 Version/17.4 Safari/605.1.15"
188.18.77.220 - - [03/Jul/2026:15:48:55 +0000] "GET /api/news HTTP/1.1" 200 72814 "/assets/logo.svg" "Mozilla/5.0 (Windows NT 10.0; Win64; x64) AppleWebKit/537.36 Chrome/123.0.0.0 Safari/537.36"
203.0.113.77 - - [03/Jul/2026:15:48:56 +0000] "GET /sitemap.xml HTTP/1.1" 200 43454 "-" "Mozilla/5.0 (Macintosh; Intel Mac OS X 14_5) AppleWebKit/605.1.15 Version/17.4 Safari/605.1.15"
213.24.11.146 - - [03/Jul/2026:15:48:57 +0000] "GET /assets/logo.svg HTTP/1.1" 200 62941 "-" "Mozilla/5.0 (Linux; Android 13; SM-S918B) AppleWebKit/537.36 SamsungBrowser/24.0 Chrome/120.0 Mobile Safari/537.36"
46.188.19.142 - - [03/Jul/2026:15:48:57 +0000] "GET /robots.txt HTTP/1.1" 200 54365 "-" "Mozilla/5.0 (Linux; Android 13; SM-S918B) AppleWebKit/537.36 SamsungBrowser/24.0 Chrome/120.0 Mobile Safari/537.36"
40.77.167.21 - - [03/Jul/2026:15:48:58 +0000] "GET /products HTTP/1.1" 200 65974 "/healthz" "Mozilla/5.0 (compatible; Googlebot/2.1; +http://www.google.com/bot.html)"
141.8.153.222 - - [03/Jul/2026:15:48:59 +0000] "GET /robots.txt HTTP/1.1" 304 173 "/articles/2026/q2" "Mozilla/5.0 (Windows NT 10.0; Win64; x64) AppleWebKit/537.36 Edg/124.0.0.0"
185.193.88.77 - - [03/Jul/2026:15:49:00 +0000] "GET /query.log HTTP/1.1" 500 2479 "-" "ffuf/2.1.0"
193.142.147.55 - - [03/Jul/2026:15:49:00 +0000] "GET /php-my-admin/ HTTP/1.1" 500 2149 "-" "Nmap Scripting Engine"
212.76.133.14 - - [03/Jul/2026:15:49:00 +0000] "GET /assets/app.js HTTP/1.1" 200 30703 "/favicon.ico" "Mozilla/5.0 (Windows NT 10.0; Win64; rv:124.0) Gecko/20100101 Firefox/124.0"
212.76.133.14 - - [03/Jul/2026:15:49:00 +0000] "GET /articles/2026/q2 HTTP/1.1" 200 16244 "-" "Mozilla/5.0 (compatible; Googlebot/2.1; +http://www.google.com/bot.html)"
171.25.193.20 - - [03/Jul/2026:15:49:00 +0000] "GET /mysql.zip HTTP/1.1" 302 2109 "-" "Wfuzz/3.1.0"
10.42.1.22 - - [03/Jul/2026:15:49:00 +0000] "GET /metrics HTTP/1.1" 200 2746 "-" "curl/8.6.0"
228.253.161.30 - - [03/Jul/2026:15:49:01 +0000] "GET /healthz HTTP/1.1" 200 35324 "-" "Mozilla/5.0 (compatible; bingbot/2.0; +http://www.bing.com/bingbot.htm)"
171.25.193.20 - - [03/Jul/2026:15:49:02 +0000] "GET /forums/cache/db_update.lock HTTP/1.1" 500 1056 "-" "ffuf/2.1.0"
141.8.153.222 - - [03/Jul/2026:15:49:03 +0000] "GET /robots.txt HTTP/1.1" 200 82215 "/articles/2026/q2" "Mozilla/5.0 (X11; Linux x86_64) AppleWebKit/537.36 Chrome/122.0.0.0 Safari/537.36"
198.51.100.45 - - [03/Jul/2026:15:49:03 +0000] "GET /assets/site.css HTTP/1.1" 200 25494 "-" "DuckDuckBot/1.0; (+http://duckduckgo.com/duckduckbot)"
45.9.148.77 - - [03/Jul/2026:15:49:03 +0000] "GET /wordpress.tar.gz HTTP/1.1" 404 1035 "-" "python-requests/2.31.0"
212.76.133.14 - - [03/Jul/2026:15:49:05 +0000] "GET /assets/app.js HTTP/1.1" 200 62483 "/articles/2026/q2" "Mozilla/5.0 (Windows NT 10.0; Win64; x64) AppleWebKit/537.36 Edg/124.0.0.0"
104.244.72.115 - - [03/Jul/2026:15:49:05 +0000] "GET /.htpasswd HTTP/1.1" 404 1759 "-" "Go-http-client/1.1"
213.24.11.146 - - [03/Jul/2026:15:49:05 +0000] "GET /robots.txt HTTP/1.1" 200 4045 "-" "Mozilla/5.0 (X11; Linux x86_64) AppleWebKit/537.36 Chrome/122.0.0.0 Safari/537.36"
40.77.167.21 - - [03/Jul/2026:15:49:06 +0000] "GET /assets/app.js HTTP/1.1" 200 8159 "/healthz" "Mozilla/5.0 (iPhone; CPU iPhone OS 17_4 like Mac OS X) AppleWebKit/605.1.15 Version/17.4 Mobile/15E148 Safari/604.1"
213.24.11.146 - - [03/Jul/2026:15:49:06 +0000] "GET /robots.txt HTTP/1.1" 200 19260 "/metrics" "Mozilla/5.0 (Macintosh; Intel Mac OS X 14_5) AppleWebKit/605.1.15 Version/17.4 Safari/605.1.15"
104.244.72.115 - - [03/Jul/2026:15:49:07 +0000] "HEAD /phpmyadmin2011/ HTTP/1.1" 404 1567 "-" "dirsearch/0.4.3"
46.188.19.142 - - [03/Jul/2026:15:49:07 +0000] "GET /assets/app.js HTTP/1.1" 200 60445 "-" "Mozilla/5.0 (X11; Linux x86_64) AppleWebKit/537.36 Chrome/122.0.0.0 Safari/537.36"
185.193.88.77 - - [03/Jul/2026:15:49:07 +0000] "GET /pom.xml.releaseBackup HTTP/1.1" 302 386 "-" "gobuster/3.6"
46.188.19.142 - - [03/Jul/2026:15:49:07 +0000] "GET /api/products HTTP/1.1" 200 34274 "/products" "Mozilla/5.0 (Windows NT 10.0; Win64; rv:124.0) Gecko/20100101 Firefox/124.0"
40.77.167.21 - - [03/Jul/2026:15:49:08 +0000] "GET /api/products HTTP/1.1" 200 41630 "/assets/logo.svg" "Mozilla/5.0 (Windows NT 10.0; Win64; x64) AppleWebKit/537.36 Edg/124.0.0.0"
203.0.113.77 - - [03/Jul/2026:15:49:09 +0000] "GET /contacts HTTP/1.1" 200 6042 "/api/products" "Mozilla/5.0 (iPad; CPU OS 17_4 like Mac OS X) AppleWebKit/605.1.15 Version/17.4 Mobile/15E148 Safari/604.1"
77.88.55.201 - - [03/Jul/2026:15:49:09 +0000] "HEAD /sitemap.xml HTTP/1.1" 200 54621 "/sitemap.xml" "Mozilla/5.0 (iPhone; CPU iPhone OS 17_4 like Mac OS X) AppleWebKit/605.1.15 Version/17.4 Mobile/15E148 Safari/604.1"
10.42.2.189 - - [03/Jul/2026:15:49:10 +0000] "GET /metrics HTTP/1.1" 200 5696 "-" "kube-probe/1.30"
141.8.153.222 - - [03/Jul/2026:15:49:10 +0000] "GET /metrics HTTP/1.1" 200 68268 "/api/products" "Mozilla/5.0 (Macintosh; Intel Mac OS X 14_5) AppleWebKit/537.36 Chrome/124.0.0.0 Safari/537.36"
157.55.39.7 - - [03/Jul/2026:15:49:10 +0000] "GET /assets/site.css HTTP/1.1" 200 38594 "/assets/site.css" "Mozilla/5.0 (Windows NT 10.0; Win64; x64) AppleWebKit/537.36 Chrome/123.0.0.0 Safari/537.36"
188.18.77.220 - - [03/Jul/2026:15:49:10 +0000] "HEAD /healthz HTTP/1.1" 200 67936 "-" "Mozilla/5.0 (Windows NT 10.0; Win64; x64) AppleWebKit/537.36 Chrome/123.0.0.0 Safari/537.36"
213.24.11.146 - - [03/Jul/2026:15:49:11 +0000] "GET /api/products HTTP/1.1" 304 718 "-" "Mozilla/5.0 (Windows NT 10.0; Win64; x64) AppleWebKit/537.36 Edg/124.0.0.0"
198.51.100.45 - - [03/Jul/2026:15:49:12 +0000] "GET /robots.txt HTTP/1.1" 304 2265 "/assets/logo.svg" "Mozilla/5.0 (iPad; CPU OS 17_4 like Mac OS X) AppleWebKit/605.1.15 Version/17.4 Mobile/15E148 Safari/604.1"
141.8.153.222 - - [03/Jul/2026:15:49:12 +0000] "GET /healthz HTTP/1.1" 304 349 "-" "Mozilla/5.0 (Windows NT 10.0; Win64; x64) AppleWebKit/537.36 Edg/124.0.0.0"
10.42.0.247 - - [03/Jul/2026:15:49:12 +0000] "GET /healthz HTTP/1.1" 200 5110 "-" "curl/8.6.0"
5.188.206.67 - - [03/Jul/2026:15:49:13 +0000] "OPTIONS /apache/logs/access.log HTTP/1.1" 403 840 "-" "DirBuster-1.0-RC1"
40.77.167.21 - - [03/Jul/2026:15:49:13 +0000] "GET /products HTTP/1.1" 200 7431 "-" "Mozilla/5.0 (X11; Linux x86_64) AppleWebKit/537.36 Chrome/122.0.0.0 Safari/537.36"
46.188.19.142 - - [03/Jul/2026:15:49:14 +0000] "GET /assets/logo.svg HTTP/1.1" 304 2508 "-" "Mozilla/5.0 (Windows NT 10.0; Win64; rv:124.0) Gecko/20100101 Firefox/124.0"
157.55.39.7 - - [03/Jul/2026:15:49:15 +0000] "GET /assets/site.css HTTP/1.1" 200 48317 "/api/news" "Mozilla/5.0 (compatible; YandexBot/3.0; +http://yandex.com/bots)"
188.18.77.220 - - [03/Jul/2026:15:49:16 +0000] "GET /articles/2026/q2 HTTP/1.1" 304 3287 "-" "Mozilla/5.0 (Macintosh; Intel Mac OS X 14_5) AppleWebKit/537.36 Chrome/124.0.0.0 Safari/537.36"
40.77.167.21 - - [03/Jul/2026:15:49:16 +0000] "GET /metrics HTTP/1.1" 200 49787 "-" "Mozilla/5.0 (Windows NT 10.0; Win64; x64) AppleWebKit/537.36 Chrome/123.0.0.0 Safari/537.36"
193.142.147.55 - - [03/Jul/2026:15:49:16 +0000] "GET /.svn/text-base/index.php.svn-base HTTP/1.1" 404 1287 "-" "python-requests/2.31.0"
46.188.19.142 - - [03/Jul/2026:15:49:16 +0000] "GET /products HTTP/1.1" 200 84799 "-" "Mozilla/5.0 (Windows NT 10.0; Win64; rv:124.0) Gecko/20100101 Firefox/124.0"
45.146.164.12 - - [03/Jul/2026:15:49:16 +0000] "GET /vb.sql HTTP/1.1" 301 1892 "-" "sqlmap/1.8.4#stable"
203.0.113.77 - - [03/Jul/2026:15:49:17 +0000] "GET /api/products HTTP/1.1" 200 28763 "/api/products" "Mozilla/5.0 (iPad; CPU OS 17_4 like Mac OS X) AppleWebKit/605.1.15 Version/17.4 Mobile/15E148 Safari/604.1"
194.26.29.89 - - [03/Jul/2026:15:49:17 +0000] "GET /config.h.in HTTP/1.1" 404 2335 "-" "masscan/1.3 (https://github.com/robertdavidgraham/masscan)"
228.157.11.203 - - [03/Jul/2026:15:49:17 +0000] "GET /oprocmgr-service HTTP/1.1" 500 1883 "-" "gobuster/3.6"
212.76.133.14 - - [03/Jul/2026:15:49:18 +0000] "HEAD /api/news HTTP/1.1" 304 1910 "/assets/app.js" "DuckDuckBot/1.0; (+http://duckduckgo.com/duckduckbot)"
91.198.174.22 - - [03/Jul/2026:15:49:19 +0000] "GET /products HTTP/1.1" 304 202 "-" "Mozilla/5.0 (Windows NT 10.0; Win64; x64) AppleWebKit/537.36 Chrome/123.0.0.0 Safari/537.36"
213.24.11.146 - - [03/Jul/2026:15:49:19 +0000] "GET /sitemap.xml HTTP/1.1" 200 81939 "-" "Mozilla/5.0 (Windows NT 10.0; Win64; x64) AppleWebKit/537.36 Edg/124.0.0.0"
5.188.206.67 - - [03/Jul/2026:15:49:19 +0000] "GET /appveyor.yml HTTP/1.1" 500 2127 "-" "Go-http-client/1.1"
141.8.153.222 - - [03/Jul/2026:15:49:19 +0000] "GET /favicon.ico HTTP/1.1" 200 21271 "/metrics" "Mozilla/5.0 (iPhone; CPU iPhone OS 17_4 like Mac OS X) AppleWebKit/605.1.15 Version/17.4 Mobile/15E148 Safari/604.1"
213.24.11.146 - - [03/Jul/2026:15:49:19 +0000] "GET /assets/app.js HTTP/1.1" 304 386 "-" "Mozilla/5.0 (Linux; Android 13; SM-S918B) AppleWebKit/537.36 SamsungBrowser/24.0 Chrome/120.0 Mobile Safari/537.36"
54.164.147.69 - - [03/Jul/2026:15:49:19 +0000] "GET /assets/app.js HTTP/1.1" 200 21489 "-" "Mozilla/5.0 (iPad; CPU OS 17_4 like Mac OS X) AppleWebKit/605.1.15 Version/17.4 Mobile/15E148 Safari/604.1"
193.142.147.55 - - [03/Jul/2026:15:49:21 +0000] "HEAD /forum.tar.gz HTTP/1.1" 404 464 "-" "ffuf/2.1.0"
156.146.62.11 - - [03/Jul/2026:15:49:22 +0000] "GET /.stack-work/ HTTP/1.1" 301 1668 "-" "ffuf/2.1.0"
66.249.75.10 - - [03/Jul/2026:15:49:24 +0000] "GET /assets/app.js HTTP/1.1" 200 25111 "-" "Mozilla/5.0 (Windows NT 10.0; Win64; rv:124.0) Gecko/20100101 Firefox/124.0"
185.193.88.77 - - [03/Jul/2026:15:49:24 +0000] "HEAD /sqladm HTTP/1.1" 405 908 "-" "Wfuzz/3.1.0"
212.76.133.14 - - [03/Jul/2026:15:49:25 +0000] "GET /api/news HTTP/1.1" 200 45526 "/assets/app.js" "Mozilla/5.0 (Windows NT 10.0; Win64; x64) AppleWebKit/537.36 Edg/124.0.0.0"
193.142.147.55 - - [03/Jul/2026:15:49:26 +0000] "GET /__main__.py HTTP/1.1" 302 1270 "-" "feroxbuster/2.11.0"
66.249.75.10 - - [03/Jul/2026:15:49:26 +0000] "GET /assets/site.css HTTP/1.1" 200 9936 "-" "Mozilla/5.0 (Windows NT 10.0; Win64; rv:124.0) Gecko/20100101 Firefox/124.0"
171.25.193.20 - - [03/Jul/2026:15:49:27 +0000] "GET /check HTTP/1.1" 404 1552 "-" "feroxbuster/2.11.0"
203.0.113.77 - - [03/Jul/2026:15:49:27 +0000] "GET /assets/logo.svg HTTP/1.1" 200 76130 "-" "Mozilla/5.0 (Macintosh; Intel Mac OS X 14_5) AppleWebKit/605.1.15 Version/17.4 Safari/605.1.15"
213.24.11.146 - - [03/Jul/2026:15:49:28 +0000] "GET /healthz HTTP/1.1" 200 20183 "-" "Mozilla/5.0 (X11; Linux x86_64) AppleWebKit/537.36 Chrome/122.0.0.0 Safari/537.36"
46.188.19.142 - - [03/Jul/2026:15:49:29 +0000] "GET /assets/logo.svg HTTP/1.1" 200 60154 "/products" "Mozilla/5.0 (compatible; Googlebot/2.1; +http://www.google.com/bot.html)"
212.76.133.14 - - [03/Jul/2026:15:49:29 +0000] "GET / HTTP/1.1" 200 47308 "-" "Mozilla/5.0 (Windows NT 10.0; Win64; rv:124.0) Gecko/20100101 Firefox/124.0"
212.76.133.14 - - [03/Jul/2026:15:49:29 +0000] "GET /articles/2026/q2 HTTP/1.1" 200 69403 "-" "Mozilla/5.0 (Windows NT 10.0; Win64; x64) AppleWebKit/537.36 Edg/124.0.0.0"
46.188.19.142 - - [03/Jul/2026:15:49:30 +0000] "GET /assets/app.js HTTP/1.1" 304 3321 "/api/products" "Mozilla/5.0 (X11; Linux x86_64) AppleWebKit/537.36 Chrome/122.0.0.0 Safari/537.36"
188.18.77.220 - - [03/Jul/2026:15:49:31 +0000] "GET /assets/site.css HTTP/1.1" 200 41977 "/products" "Mozilla/5.0 (X11; Linux x86_64) AppleWebKit/537.36 Chrome/122.0.0.0 Safari/537.36"
156.146.62.11 - - [03/Jul/2026:15:49:33 +0000] "GET /admin-authz.xml HTTP/1.1" 403 1893 "-" "sqlmap/1.8.4#stable"
198.51.100.45 - - [03/Jul/2026:15:49:33 +0000] "GET /assets/logo.svg HTTP/1.1" 200 3611 "-" "Mozilla/5.0 (Windows NT 10.0; Win64; rv:124.0) Gecko/20100101 Firefox/124.0"
203.0.113.77 - - [03/Jul/2026:15:49:34 +0000] "GET /assets/logo.svg HTTP/1.1" 200 50935 "-" "Mozilla/5.0 (Windows NT 10.0; Win64; rv:124.0) Gecko/20100101 Firefox/124.0"
173.238.91.20 - - [03/Jul/2026:15:49:35 +0000] "GET /sitemap.xml HTTP/1.1" 200 6607 "/favicon.ico" "Mozilla/5.0 (Linux; Android 13; SM-S918B) AppleWebKit/537.36 SamsungBrowser/24.0 Chrome/120.0 Mobile Safari/537.36"
17.121.2.204 - - [03/Jul/2026:15:49:36 +0000] "GET /favicon.ico HTTP/1.1" 304 1107 "-" "Mozilla/5.0 (Windows NT 10.0; Win64; rv:124.0) Gecko/20100101 Firefox/124.0"
185.193.88.77 - - [03/Jul/2026:15:49:36 +0000] "GET /tomcat/axis/ HTTP/1.1" 404 1326 "-" "dirsearch/0.4.3"
193.142.147.55 - - [03/Jul/2026:15:49:36 +0000] "GET /console HTTP/1.1" 404 873 "-" "sqlmap/1.8.4#stable"
157.55.39.7 - - [03/Jul/2026:15:49:36 +0000] "GET /api/products HTTP/1.1" 304 769 "-" "Mozilla/5.0 (compatible; YandexBot/3.0; +http://yandex.com/bots)"
171.25.193.20 - - [03/Jul/2026:15:49:36 +0000] "GET /.env.docker HTTP/1.1" 403 1465 "-" "gobuster/3.6"
73.145.100.169 - - [03/Jul/2026:15:49:37 +0000] "OPTIONS /login_admi HTTP/1.1" 404 1449 "-" "feroxbuster/2.11.0"
115.111.53.101 - - [03/Jul/2026:15:49:37 +0000] "OPTIONS /localsettings.php.dist HTTP/1.1" 301 1425 "-" "dirsearch/0.4.3"
141.8.153.222 - - [03/Jul/2026:15:49:38 +0000] "GET /sitemap.xml HTTP/1.1" 304 1382 "-" "Mozilla/5.0 (Windows NT 10.0; Win64; rv:124.0) Gecko/20100101 Firefox/124.0"
141.8.153.222 - - [03/Jul/2026:15:49:38 +0000] "GET /assets/site.css HTTP/1.1" 200 15601 "/about" "Mozilla/5.0 (Windows NT 10.0; Win64; rv:124.0) Gecko/20100101 Firefox/124.0"
122.51.194.229 - - [03/Jul/2026:15:49:38 +0000] "GET /assets/app.js HTTP/1.1" 304 2466 "-" "Mozilla/5.0 (Windows NT 10.0; Win64; x64) AppleWebKit/537.36 Chrome/123.0.0.0 Safari/537.36"
45.9.148.77 - - [03/Jul/2026:15:49:38 +0000] "GET /encode-explorer_6.1/ HTTP/1.1" 404 2409 "-" "feroxbuster/2.11.0"
10.42.2.59 - - [03/Jul/2026:15:49:39 +0000] "GET /metrics HTTP/1.1" 200 3591 "-" "curl/8.6.0"
203.0.113.77 - - [03/Jul/2026:15:49:39 +0000] "GET /api/news HTTP/1.1" 200 51899 "-" "Mozilla/5.0 (Windows NT 10.0; Win64; x64) AppleWebKit/537.36 Edg/124.0.0.0"
77.88.55.201 - - [03/Jul/2026:15:49:40 +0000] "GET /metrics HTTP/1.1" 200 49607 "-" "Mozilla/5.0 (Windows NT 10.0; Win64; rv:124.0) Gecko/20100101 Firefox/124.0"
5.188.206.67 - - [03/Jul/2026:15:49:40 +0000] "HEAD /admin4/ HTTP/1.1" 302 2538 "-" "ffuf/2.1.0"
46.188.19.142 - - [03/Jul/2026:15:49:40 +0000] "GET /products HTTP/1.1" 304 2216 "-" "Mozilla/5.0 (Windows NT 10.0; Win64; x64) AppleWebKit/537.36 Edg/124.0.0.0"
10.42.0.167 - - [03/Jul/2026:15:49:40 +0000] "GET /healthz HTTP/1.1" 200 898 "-" "curl/8.6.0"
235.94.83.75 - - [03/Jul/2026:15:49:41 +0000] "HEAD /contacts HTTP/1.1" 200 34125 "-" "Mozilla/5.0 (compatible; Googlebot/2.1; +http://www.google.com/bot.html)"
13.119.119.245 - - [03/Jul/2026:15:49:41 +0000] "GET /about HTTP/1.1" 200 35024 "-" "Mozilla/5.0 (Windows NT 10.0; Win64; rv:124.0) Gecko/20100101 Firefox/124.0"
45.9.148.77 - - [03/Jul/2026:15:49:41 +0000] "HEAD /.gitignore_global HTTP/1.1" 404 2085 "-" "feroxbuster/2.11.0"
188.18.77.220 - - [03/Jul/2026:15:49:41 +0000] "GET /about HTTP/1.1" 200 75245 "/robots.txt" "Mozilla/5.0 (iPhone; CPU iPhone OS 17_4 like Mac OS X) AppleWebKit/605.1.15 Version/17.4 Mobile/15E148 Safari/604.1"
194.26.29.89 - - [03/Jul/2026:15:49:42 +0000] "OPTIONS /access.log HTTP/1.1" 404 1954 "-" "ffuf/2.1.0"
46.188.19.142 - - [03/Jul/2026:15:49:42 +0000] "GET /robots.txt HTTP/1.1" 304 1183 "-" "Mozilla/5.0 (Macintosh; Intel Mac OS X 14_5) AppleWebKit/537.36 Chrome/124.0.0.0 Safari/537.36"
23.129.64.112 - - [03/Jul/2026:15:49:43 +0000] "GET /workspace.xml HTTP/1.1" 302 1538 "-" "Wfuzz/3.1.0"
198.51.100.45 - - [03/Jul/2026:15:49:43 +0000] "HEAD /contacts HTTP/1.1" 200 5004 "-" "Mozilla/5.0 (Windows NT 10.0; Win64; x64) AppleWebKit/537.36 Edg/124.0.0.0"
212.76.133.14 - - [03/Jul/2026:15:49:43 +0000] "GET /contacts HTTP/1.1" 200 73074 "-" "Mozilla/5.0 (compatible; bingbot/2.0; +http://www.bing.com/bingbot.htm)"
104.244.72.115 - - [03/Jul/2026:15:49:43 +0000] "GET /_logs/access.log HTTP/1.1" 403 2549 "-" "masscan/1.3 (https://github.com/robertdavidgraham/masscan)"
104.244.72.115 - - [03/Jul/2026:15:49:43 +0000] "GET /FCKeditor2.4/ HTTP/1.1" 405 1966 "-" "python-requests/2.31.0"
74.168.238.235 - - [03/Jul/2026:15:49:44 +0000] "GET /contacts HTTP/1.1" 200 18819 "-" "Mozilla/5.0 (X11; Linux x86_64) AppleWebKit/537.36 Chrome/122.0.0.0 Safari/537.36"
198.51.100.45 - - [03/Jul/2026:15:49:44 +0000] "HEAD /assets/app.js HTTP/1.1" 200 15999 "/assets/logo.svg" "Mozilla/5.0 (Windows NT 10.0; Win64; x64) AppleWebKit/537.36 Edg/124.0.0.0"
77.88.55.201 - - [03/Jul/2026:15:49:44 +0000] "GET /robots.txt HTTP/1.1" 200 12218 "-" "Mozilla/5.0 (X11; Linux x86_64) AppleWebKit/537.36 Chrome/122.0.0.0 Safari/537.36"
91.198.174.22 - - [03/Jul/2026:15:49:44 +0000] "GET /sitemap.xml HTTP/1.1" 200 19580 "/assets/site.css" "Mozilla/5.0 (iPhone; CPU iPhone OS 17_4 like Mac OS X) AppleWebKit/605.1.15 Version/17.4 Mobile/15E148 Safari/604.1"
46.188.19.142 - - [03/Jul/2026:15:49:44 +0000] "GET /sitemap.xml HTTP/1.1" 200 3698 "-" "Mozilla/5.0 (X11; Linux x86_64) AppleWebKit/537.36 Chrome/122.0.0.0 Safari/537.36"
213.24.11.146 - - [03/Jul/2026:15:49:44 +0000] "GET /metrics HTTP/1.1" 200 21784 "/articles/2026/q2" "Mozilla/5.0 (iPhone; CPU iPhone OS 17_4 like Mac OS X) AppleWebKit/605.1.15 Version/17.4 Mobile/15E148 Safari/604.1"
188.18.77.220 - - [03/Jul/2026:15:49:45 +0000] "GET /assets/site.css HTTP/1.1" 200 5780 "/sitemap.xml" "Mozilla/5.0 (compatible; bingbot/2.0; +http://www.bing.com/bingbot.htm)"
212.76.133.14 - - [03/Jul/2026:15:49:45 +0000] "GET /about HTTP/1.1" 200 30008 "/sitemap.xml" "Mozilla/5.0 (Windows NT 10.0; Win64; rv:124.0) Gecko/20100101 Firefox/124.0"
10.42.3.239 - - [03/Jul/2026:15:49:45 +0000] "GET /healthz HTTP/1.1" 200 1779 "-" "kube-probe/1.30"
91.198.174.22 - - [03/Jul/2026:15:49:46 +0000] "GET /healthz HTTP/1.1" 200 1376 "/products" "Mozilla/5.0 (iPad; CPU OS 17_4 like Mac OS X) AppleWebKit/605.1.15 Version/17.4 Mobile/15E148 Safari/604.1"
123.20.6.120 - - [03/Jul/2026:15:49:48 +0000] "GET /api/products HTTP/1.1" 304 3577 "/api/products" "Mozilla/5.0 (Linux; Android 13; SM-S918B) AppleWebKit/537.36 SamsungBrowser/24.0 Chrome/120.0 Mobile Safari/537.36"
45.146.164.12 - - [03/Jul/2026:15:49:49 +0000] "OPTIONS /tmp/access.log HTTP/1.1" 302 1278 "-" "python-requests/2.31.0"
77.88.55.201 - - [03/Jul/2026:15:49:50 +0000] "GET /about HTTP/1.1" 200 67683 "-" "Mozilla/5.0 (Windows NT 10.0; Win64; rv:124.0) Gecko/20100101 Firefox/124.0"
213.24.11.146 - - [03/Jul/2026:15:49:50 +0000] "GET /api/news HTTP/1.1" 200 34614 "/assets/site.css" "Mozilla/5.0 (compatible; bingbot/2.0; +http://www.bing.com/bingbot.htm)"
46.188.19.142 - - [03/Jul/2026:15:49:51 +0000] "GET /contacts HTTP/1.1" 200 37225 "/about" "Mozilla/5.0 (X11; Linux x86_64) AppleWebKit/537.36 Chrome/122.0.0.0 Safari/537.36"
141.8.153.222 - - [03/Jul/2026:15:49:51 +0000] "GET /metrics HTTP/1.1" 200 29520 "-" "Mozilla/5.0 (Macintosh; Intel Mac OS X 14_5) AppleWebKit/537.36 Chrome/124.0.0.0 Safari/537.36"
157.55.39.7 - - [03/Jul/2026:15:49:52 +0000] "GET /articles/2026/q2 HTTP/1.1" 200 80358 "/healthz" "Mozilla/5.0 (Macintosh; Intel Mac OS X 14_5) AppleWebKit/605.1.15 Version/17.4 Safari/605.1.15"
23.129.64.112 - - [03/Jul/2026:15:49:53 +0000] "OPTIONS /adminer-4.0.1.php HTTP/1.1" 403 835 "-" "sqlmap/1.8.4#stable"
157.55.39.7 - - [03/Jul/2026:15:49:53 +0000] "GET /favicon.ico HTTP/1.1" 200 83976 "-" "Mozilla/5.0 (Macintosh; Intel Mac OS X 14_5) AppleWebKit/537.36 Chrome/124.0.0.0 Safari/537.36"
198.51.100.45 - - [03/Jul/2026:15:49:54 +0000] "GET /robots.txt HTTP/1.1" 304 2082 "-" "Mozilla/5.0 (Macintosh; Intel Mac OS X 14_5) AppleWebKit/537.36 Chrome/124.0.0.0 Safari/537.36"
157.55.39.7 - - [03/Jul/2026:15:49:54 +0000] "GET /api/products HTTP/1.1" 200 42943 "-" "Mozilla/5.0 (Macintosh; Intel Mac OS X 14_5) AppleWebKit/605.1.15 Version/17.4 Safari/605.1.15"
5.188.206.67 - - [03/Jul/2026:15:49:55 +0000] "OPTIONS /PMA2018/ HTTP/1.1" 301 2265 "-" "dirsearch/0.4.3"
141.8.153.222 - - [03/Jul/2026:15:49:56 +0000] "GET /metrics HTTP/1.1" 200 74340 "-" "Mozilla/5.0 (iPhone; CPU iPhone OS 17_4 like Mac OS X) AppleWebKit/605.1.15 Version/17.4 Mobile/15E148 Safari/604.1"
157.55.39.7 - - [03/Jul/2026:15:49:56 +0000] "GET /favicon.ico HTTP/1.1" 200 22647 "/api/news" "Mozilla/5.0 (Linux; Android 13; SM-S918B) AppleWebKit/537.36 SamsungBrowser/24.0 Chrome/120.0 Mobile Safari/537.36"
213.24.11.146 - - [03/Jul/2026:15:49:57 +0000] "GET /products HTTP/1.1" 200 28147 "/assets/app.js" "Mozilla/5.0 (X11; Linux x86_64) AppleWebKit/537.36 Chrome/122.0.0.0 Safari/537.36"
66.230.21.178 - - [03/Jul/2026:15:49:57 +0000] "GET /assets/app.js HTTP/1.1" 200 79405 "-" "Mozilla/5.0 (X11; Linux x86_64) AppleWebKit/537.36 Chrome/122.0.0.0 Safari/537.36"
5.188.206.67 - - [03/Jul/2026:15:49:58 +0000] "OPTIONS /panel-administracion/admin.php HTTP/1.1" 404 1921 "-" "DirBuster-1.0-RC1"
198.51.100.45 - - [03/Jul/2026:15:49:59 +0000] "GET /healthz HTTP/1.1" 200 84293 "-" "Mozilla/5.0 (Macintosh; Intel Mac OS X 14_5) AppleWebKit/537.36 Chrome/124.0.0.0 Safari/537.36"
77.88.55.201 - - [03/Jul/2026:15:50:00 +0000] "GET /api/news HTTP/1.1" 200 74064 "/favicon.ico" "Mozilla/5.0 (Windows NT 10.0; Win64; rv:124.0) Gecko/20100101 Firefox/124.0"
185.220.101.54 - - [03/Jul/2026:15:50:01 +0000] "GET /access.log HTTP/1.1" 404 1309 "-" "python-requests/2.31.0"
203.0.113.77 - - [03/Jul/2026:15:50:03 +0000] "HEAD /assets/app.js HTTP/1.1" 200 31038 "/products" "Mozilla/5.0 (Macintosh; Intel Mac OS X 14_5) AppleWebKit/537.36 Chrome/124.0.0.0 Safari/537.36"
185.220.101.54 - - [03/Jul/2026:15:50:03 +0000] "GET /upload/test.txt HTTP/1.1" 403 1270 "-" "Wfuzz/3.1.0"
10.42.3.182 - - [03/Jul/2026:15:50:03 +0000] "GET /healthz HTTP/1.1" 503 4551 "-" "curl/8.6.0"
240.212.177.169 - - [03/Jul/2026:15:50:04 +0000] "HEAD /config/database.yml_original HTTP/1.1" 403 2138 "-" "ffuf/2.1.0"
185.193.88.77 - - [03/Jul/2026:15:50:04 +0000] "GET /test.html HTTP/1.1" 403 1276 "-" "masscan/1.3 (https://github.com/robertdavidgraham/masscan)"
141.8.153.222 - - [03/Jul/2026:15:50:05 +0000] "GET /metrics HTTP/1.1" 200 57891 "-" "Mozilla/5.0 (Windows NT 10.0; Win64; x64) AppleWebKit/537.36 Chrome/123.0.0.0 Safari/537.36"
141.8.153.222 - - [03/Jul/2026:15:50:06 +0000] "GET /metrics HTTP/1.1" 200 66018 "-" "Mozilla/5.0 (Windows NT 10.0; Win64; rv:124.0) Gecko/20100101 Firefox/124.0"
91.198.174.22 - - [03/Jul/2026:15:50:07 +0000] "GET /api/products HTTP/1.1" 200 25077 "/metrics" "Mozilla/5.0 (Windows NT 10.0; Win64; rv:124.0) Gecko/20100101 Firefox/124.0"
212.76.133.14 - - [03/Jul/2026:15:50:08 +0000] "GET /api/news HTTP/1.1" 200 74877 "-" "Mozilla/5.0 (Windows NT 10.0; Win64; rv:124.0) Gecko/20100101 Firefox/124.0"
80.85.246.17 - - [03/Jul/2026:15:50:08 +0000] "GET /httpd/logs/access.log HTTP/1.1" 500 1326 "-" "DirBuster-1.0-RC1"
99.252.73.25 - - [03/Jul/2026:15:50:09 +0000] "GET /products HTTP/1.1" 200 4762 "-" "Mozilla/5.0 (iPad; CPU OS 17_4 like Mac OS X) AppleWebKit/605.1.15 Version/17.4 Mobile/15E148 Safari/604.1"
83.76.165.103 - - [03/Jul/2026:15:50:09 +0000] "GET /apache/logs/access.log HTTP/1.1" 403 2242 "-" "Wfuzz/3.1.0"
141.8.153.222 - - [03/Jul/2026:15:50:09 +0000] "GET /healthz HTTP/1.1" 200 15400 "-" "Mozilla/5.0 (Linux; Android 13; SM-S918B) AppleWebKit/537.36 SamsungBrowser/24.0 Chrome/120.0 Mobile Safari/537.36"
10.42.3.41 - - [03/Jul/2026:15:50:09 +0000] "GET /healthz HTTP/1.1" 200 4780 "-" "kube-probe/1.30"
10.42.1.130 - - [03/Jul/2026:15:50:11 +0000] "GET /metrics HTTP/1.1" 200 1162 "-" "kube-probe/1.30"
10.42.0.151 - - [03/Jul/2026:15:50:11 +0000] "GET /healthz HTTP/1.1" 200 3520 "-" "curl/8.6.0"
212.76.133.14 - - [03/Jul/2026:15:50:11 +0000] "GET /api/products HTTP/1.1" 200 9190 "/assets/site.css" "Mozilla/5.0 (Macintosh; Intel Mac OS X 14_5) AppleWebKit/605.1.15 Version/17.4 Safari/605.1.15"
157.55.39.7 - - [03/Jul/2026:15:50:11 +0000] "GET /assets/logo.svg HTTP/1.1" 200 47193 "/api/news" "Mozilla/5.0 (Macintosh; Intel Mac OS X 14_5) AppleWebKit/537.36 Chrome/124.0.0.0 Safari/537.36"
77.88.55.201 - - [03/Jul/2026:15:50:11 +0000] "GET /metrics HTTP/1.1" 200 69439 "/metrics" "Mozilla/5.0 (compatible; bingbot/2.0; +http://www.bing.com/bingbot.htm)"
32.23.223.52 - - [03/Jul/2026:15:50:12 +0000] "GET /metrics HTTP/1.1" 200 62849 "-" "Mozilla/5.0 (Windows NT 10.0; Win64; rv:124.0) Gecko/20100101 Firefox/124.0"
141.8.153.222 - - [03/Jul/2026:15:50:12 +0000] "GET /favicon.ico HTTP/1.1" 200 28735 "-" "Mozilla/5.0 (compatible; Googlebot/2.1; +http://www.google.com/bot.html)"
33.33.186.214 - - [03/Jul/2026:15:50:12 +0000] "GET /contacts HTTP/1.1" 200 80210 "-" "Mozilla/5.0 (Windows NT 10.0; Win64; rv:124.0) Gecko/20100101 Firefox/124.0"
77.88.55.201 - - [03/Jul/2026:15:50:12 +0000] "GET /about HTTP/1.1" 200 45066 "/about" "Mozilla/5.0 (X11; Linux x86_64) AppleWebKit/537.36 Chrome/122.0.0.0 Safari/537.36"
77.88.55.201 - - [03/Jul/2026:15:50:13 +0000] "GET /api/news HTTP/1.1" 200 79425 "/" "Mozilla/5.0 (Windows NT 10.0; Win64; x64) AppleWebKit/537.36 Chrome/123.0.0.0 Safari/537.36"
212.76.133.14 - - [03/Jul/2026:15:50:13 +0000] "GET /metrics HTTP/1.1" 200 21660 "-" "Mozilla/5.0 (Macintosh; Intel Mac OS X 14_5) AppleWebKit/537.36 Chrome/124.0.0.0 Safari/537.36"
227.85.188.166 - - [03/Jul/2026:15:50:14 +0000] "GET /articles/2026/q2 HTTP/1.1" 200 59096 "-" "Mozilla/5.0 (Macintosh; Intel Mac OS X 14_5) AppleWebKit/605.1.15 Version/17.4 Safari/605.1.15"
66.249.75.10 - - [03/Jul/2026:15:50:15 +0000] "GET /favicon.ico HTTP/1.1" 200 75534 "/assets/site.css" "Mozilla/5.0 (Macintosh; Intel Mac OS X 14_5) AppleWebKit/537.36 Chrome/124.0.0.0 Safari/537.36"
193.142.147.55 - - [03/Jul/2026:15:50:15 +0000] "GET /logs/access.log HTTP/1.1" 404 1638 "-" "feroxbuster/2.11.0"
179.116.36.147 - - [03/Jul/2026:15:50:15 +0000] "GET /wheels/ HTTP/1.1" 404 790 "-" "dirsearch/0.4.3"
212.76.133.14 - - [03/Jul/2026:15:50:16 +0000] "GET /about HTTP/1.1" 200 69989 "-" "Mozilla/5.0 (Windows NT 10.0; Win64; x64) AppleWebKit/537.36 Chrome/123.0.0.0 Safari/537.36"
117.42.131.205 - - [03/Jul/2026:15:50:16 +0000] "GET /contacts HTTP/1.1" 200 45636 "/articles/2026/q2" "Mozilla/5.0 (Macintosh; Intel Mac OS X 14_5) AppleWebKit/537.36 Chrome/124.0.0.0 Safari/537.36"
156.146.62.11 - - [03/Jul/2026:15:50:16 +0000] "GET /httpd/logs/access.log HTTP/1.1" 403 1964 "-" "Wfuzz/3.1.0"
171.25.193.20 - - [03/Jul/2026:15:50:16 +0000] "HEAD /rsconnect/ HTTP/1.1" 403 287 "-" "Go-http-client/1.1"
185.220.101.54 - - [03/Jul/2026:15:50:17 +0000] "HEAD /apache/logs/access.log HTTP/1.1" 403 2180 "-" "sqlmap/1.8.4#stable"
165.167.40.149 - - [03/Jul/2026:15:50:17 +0000] "GET /api/products HTTP/1.1" 200 63361 "/metrics" "Mozilla/5.0 (Linux; Android 13; SM-S918B) AppleWebKit/537.36 SamsungBrowser/24.0 Chrome/120.0 Mobile Safari/537.36"
212.76.133.14 - - [03/Jul/2026:15:50:17 +0000] "GET /favicon.ico HTTP/1.1" 304 1465 "-" "Mozilla/5.0 (iPhone; CPU iPhone OS 17_4 like Mac OS X) AppleWebKit/605.1.15 Version/17.4 Mobile/15E148 Safari/604.1"
10.42.2.189 - - [03/Jul/2026:15:50:18 +0000] "GET /healthz HTTP/1.1" 200 5857 "-" "kube-probe/1.30"
157.55.39.7 - - [03/Jul/2026:15:50:18 +0000] "GET /healthz HTTP/1.1" 200 9294 "-" "Mozilla/5.0 (Macintosh; Intel Mac OS X 14_5) AppleWebKit/537.36 Chrome/124.0.0.0 Safari/537.36"
45.146.164.12 - - [03/Jul/2026:15:50:19 +0000] "GET /tmp/access.log HTTP/1.1" 404 837 "-" "Wfuzz/3.1.0"
40.77.167.21 - - [03/Jul/2026:15:50:19 +0000] "GET /articles/2026/q2 HTTP/1.1" 200 69141 "/favicon.ico" "DuckDuckBot/1.0; (+http://duckduckgo.com/duckduckbot)"
141.8.153.222 - - [03/Jul/2026:15:50:19 +0000] "GET /products HTTP/1.1" 200 45034 "/about" "Mozilla/5.0 (Windows NT 10.0; Win64; x64) AppleWebKit/537.36 Chrome/123.0.0.0 Safari/537.36"
141.8.153.222 - - [03/Jul/2026:15:50:20 +0000] "GET /robots.txt HTTP/1.1" 304 3652 "/contacts" "Mozilla/5.0 (Macintosh; Intel Mac OS X 14_5) AppleWebKit/537.36 Chrome/124.0.0.0 Safari/537.36"
185.193.88.77 - - [03/Jul/2026:15:50:20 +0000] "GET /admin/_logs/access_log HTTP/1.1" 403 2476 "-" "gobuster/3.6"
188.18.77.220 - - [03/Jul/2026:15:50:20 +0000] "GET /sitemap.xml HTTP/1.1" 200 31802 "/metrics" "Mozilla/5.0 (Windows NT 10.0; Win64; rv:124.0) Gecko/20100101 Firefox/124.0"
66.249.75.10 - - [03/Jul/2026:15:50:21 +0000] "GET /assets/site.css HTTP/1.1" 200 26583 "/api/products" "Mozilla/5.0 (compatible; YandexBot/3.0; +http://yandex.com/bots)"
213.24.11.146 - - [03/Jul/2026:15:50:23 +0000] "GET /api/products HTTP/1.1" 200 39745 "/about" "Mozilla/5.0 (Macintosh; Intel Mac OS X 14_5) AppleWebKit/605.1.15 Version/17.4 Safari/605.1.15"
116.107.14.251 - - [03/Jul/2026:15:50:23 +0000] "GET /api/products HTTP/1.1" 200 79285 "-" "Mozilla/5.0 (Linux; Android 13; SM-S918B) AppleWebKit/537.36 SamsungBrowser/24.0 Chrome/120.0 Mobile Safari/537.36"
77.88.55.201 - - [03/Jul/2026:15:50:23 +0000] "GET /robots.txt HTTP/1.1" 200 12839 "-" "Mozilla/5.0 (Windows NT 10.0; Win64; x64) AppleWebKit/537.36 Chrome/123.0.0.0 Safari/537.36"
45.9.148.77 - - [03/Jul/2026:15:50:24 +0000] "GET /ClientAccessPolicy.xml HTTP/1.1" 404 1724 "-" "ffuf/2.1.0"
188.18.77.220 - - [03/Jul/2026:15:50:24 +0000] "GET /favicon.ico HTTP/1.1" 200 28689 "-" "Mozilla/5.0 (Windows NT 10.0; Win64; x64) AppleWebKit/537.36 Edg/124.0.0.0"
185.193.88.77 - - [03/Jul/2026:15:50:25 +0000] "GET /swagger-ui.html/v2/api-docs HTTP/1.1" 403 1744 "-" "ffuf/2.1.0"
188.18.77.220 - - [03/Jul/2026:15:50:26 +0000] "GET /metrics HTTP/1.1" 200 45702 "/favicon.ico" "Mozilla/5.0 (iPad; CPU OS 17_4 like Mac OS X) AppleWebKit/605.1.15 Version/17.4 Mobile/15E148 Safari/604.1"
203.0.113.77 - - [03/Jul/2026:15:50:26 +0000] "GET /healthz HTTP/1.1" 200 15449 "/api/products" "Mozilla/5.0 (X11; Linux x86_64) AppleWebKit/537.36 Chrome/122.0.0.0 Safari/537.36"
5.68.97.168 - - [03/Jul/2026:15:50:26 +0000] "GET /api/products HTTP/1.1" 304 1050 "/contacts" "Mozilla/5.0 (Macintosh; Intel Mac OS X 14_5) AppleWebKit/537.36 Chrome/124.0.0.0 Safari/537.36"
212.76.133.14 - - [03/Jul/2026:15:50:26 +0000] "GET /api/news HTTP/1.1" 200 64875 "-" "Mozilla/5.0 (iPad; CPU OS 17_4 like Mac OS X) AppleWebKit/605.1.15 Version/17.4 Mobile/15E148 Safari/604.1"
43.140.170.149 - - [03/Jul/2026:15:50:27 +0000] "GET /favicon.ico HTTP/1.1" 200 58031 "/metrics" "Mozilla/5.0 (Windows NT 10.0; Win64; rv:124.0) Gecko/20100101 Firefox/124.0"
203.0.113.77 - - [03/Jul/2026:15:50:29 +0000] "GET /contacts HTTP/1.1" 200 13583 "/products" "Mozilla/5.0 (Windows NT 10.0; Win64; rv:124.0) Gecko/20100101 Firefox/124.0"
40.77.167.21 - - [03/Jul/2026:15:50:29 +0000] "GET /api/news HTTP/1.1" 200 32290 "-" "Mozilla/5.0 (Windows NT 10.0; Win64; x64) AppleWebKit/537.36 Chrome/123.0.0.0 Safari/537.36"
77.88.55.201 - - [03/Jul/2026:15:50:29 +0000] "GET /api/news HTTP/1.1" 200 74742 "/articles/2026/q2" "Mozilla/5.0 (X11; Linux x86_64) AppleWebKit/537.36 Chrome/122.0.0.0 Safari/537.36"
10.42.2.228 - - [03/Jul/2026:15:50:30 +0000] "GET /healthz HTTP/1.1" 200 5012 "-" "kube-probe/1.30"
40.77.167.21 - - [03/Jul/2026:15:50:30 +0000] "GET /api/products HTTP/1.1" 304 3188 "-" "Mozilla/5.0 (iPad; CPU OS 17_4 like Mac OS X) AppleWebKit/605.1.15 Version/17.4 Mobile/15E148 Safari/604.1"
198.51.100.45 - - [03/Jul/2026:15:50:31 +0000] "GET /favicon.ico HTTP/1.1" 200 65113 "-" "Mozilla/5.0 (Windows NT 10.0; Win64; rv:124.0) Gecko/20100101 Firefox/124.0"
46.188.19.142 - - [03/Jul/2026:15:50:31 +0000] "GET /assets/logo.svg HTTP/1.1" 304 1464 "/assets/site.css" "Mozilla/5.0 (Macintosh; Intel Mac OS X 14_5) AppleWebKit/537.36 Chrome/124.0.0.0 Safari/537.36"
46.188.19.142 - - [03/Jul/2026:15:50:31 +0000] "GET /sitemap.xml HTTP/1.1" 304 2353 "/assets/site.css" "Mozilla/5.0 (Windows NT 10.0; Win64; rv:124.0) Gecko/20100101 Firefox/124.0"
203.0.113.77 - - [03/Jul/2026:15:50:32 +0000] "GET /products HTTP/1.1" 200 12913 "-" "Mozilla/5.0 (Windows NT 10.0; Win64; x64) AppleWebKit/537.36 Edg/124.0.0.0"
194.26.29.89 - - [03/Jul/2026:15:50:32 +0000] "GET /upload_backup/ HTTP/1.1" 403 1205 "-" "Go-http-client/1.1"
231.46.45.185 - - [03/Jul/2026:15:50:32 +0000] "GET / HTTP/1.1" 200 49051 "/assets/site.css" "Mozilla/5.0 (Macintosh; Intel Mac OS X 14_5) AppleWebKit/537.36 Chrome/124.0.0.0 Safari/537.36"
45.9.148.77 - - [03/Jul/2026:15:50:32 +0000] "GET /admin4_account/ HTTP/1.1" 403 1789 "-" "Wfuzz/3.1.0"
10.42.2.236 - - [03/Jul/2026:15:50:32 +0000] "GET /healthz HTTP/1.1" 200 721 "-" "curl/8.6.0"
141.8.153.222 - - [03/Jul/2026:15:50:33 +0000] "GET /contacts HTTP/1.1" 200 23212 "/api/products" "Mozilla/5.0 (Windows NT 10.0; Win64; rv:124.0) Gecko/20100101 Firefox/124.0"
203.0.113.77 - - [03/Jul/2026:15:50:36 +0000] "GET /api/news HTTP/1.1" 304 3668 "/contacts" "Mozilla/5.0 (iPhone; CPU iPhone OS 17_4 like Mac OS X) AppleWebKit/605.1.15 Version/17.4 Mobile/15E148 Safari/604.1"
188.18.77.220 - - [03/Jul/2026:15:50:36 +0000] "GET /healthz HTTP/1.1" 200 39935 "-" "Mozilla/5.0 (Macintosh; Intel Mac OS X 14_5) AppleWebKit/537.36 Chrome/124.0.0.0 Safari/537.36"
212.76.133.14 - - [03/Jul/2026:15:50:37 +0000] "GET / HTTP/1.1" 200 77054 "-" "Mozilla/5.0 (iPad; CPU OS 17_4 like Mac OS X) AppleWebKit/605.1.15 Version/17.4 Mobile/15E148 Safari/604.1"
91.198.174.22 - - [03/Jul/2026:15:50:38 +0000] "GET /metrics HTTP/1.1" 200 75669 "/about" "Mozilla/5.0 (iPad; CPU OS 17_4 like Mac OS X) AppleWebKit/605.1.15 Version/17.4 Mobile/15E148 Safari/604.1"
46.188.19.142 - - [03/Jul/2026:15:50:38 +0000] "GET /assets/logo.svg HTTP/1.1" 200 48030 "/assets/site.css" "Mozilla/5.0 (X11; Linux x86_64) AppleWebKit/537.36 Chrome/122.0.0.0 Safari/537.36"
104.244.72.115 - - [03/Jul/2026:15:50:38 +0000] "GET /html/config.rb HTTP/1.1" 404 1314 "-" "python-requests/2.31.0"
77.88.55.201 - - [03/Jul/2026:15:50:38 +0000] "GET /articles/2026/q2 HTTP/1.1" 200 46142 "-" "Mozilla/5.0 (iPhone; CPU iPhone OS 17_4 like Mac OS X) AppleWebKit/605.1.15 Version/17.4 Mobile/15E148 Safari/604.1"
141.8.153.222 - - [03/Jul/2026:15:50:39 +0000] "GET / HTTP/1.1" 200 39551 "/sitemap.xml" "Mozilla/5.0 (Macintosh; Intel Mac OS X 14_5) AppleWebKit/605.1.15 Version/17.4 Safari/605.1.15"
226.247.10.144 - - [03/Jul/2026:15:50:39 +0000] "OPTIONS /priv8.php HTTP/1.1" 302 554 "-" "dirsearch/0.4.3"
40.77.167.21 - - [03/Jul/2026:15:50:41 +0000] "GET /contacts HTTP/1.1" 200 49254 "-" "Mozilla/5.0 (iPad; CPU OS 17_4 like Mac OS X) AppleWebKit/605.1.15 Version/17.4 Mobile/15E148 Safari/604.1"
203.0.113.77 - - [03/Jul/2026:15:50:41 +0000] "GET /api/products HTTP/1.1" 200 18267 "-" "Mozilla/5.0 (Macintosh; Intel Mac OS X 14_5) AppleWebKit/537.36 Chrome/124.0.0.0 Safari/537.36"
203.0.113.77 - - [03/Jul/2026:15:50:42 +0000] "GET /contacts HTTP/1.1" 304 1544 "/" "Mozilla/5.0 (Macintosh; Intel Mac OS X 14_5) AppleWebKit/605.1.15 Version/17.4 Safari/605.1.15"
213.24.11.146 - - [03/Jul/2026:15:50:43 +0000] "GET /about HTTP/1.1" 200 68425 "/contacts" "Mozilla/5.0 (Macintosh; Intel Mac OS X 14_5) AppleWebKit/605.1.15 Version/17.4 Safari/605.1.15"
80.85.246.17 - - [03/Jul/2026:15:50:43 +0000] "GET /gitlog HTTP/1.1" 404 243 "-" "python-requests/2.31.0"
203.0.113.77 - - [03/Jul/2026:15:50:44 +0000] "GET /about HTTP/1.1" 304 1719 "-" "Mozilla/5.0 (Linux; Android 13; SM-S918B) AppleWebKit/537.36 SamsungBrowser/24.0 Chrome/120.0 Mobile Safari/537.36"
87.240.202.94 - - [03/Jul/2026:15:50:44 +0000] "HEAD /httpd/logs/access.log HTTP/1.1" 404 829 "-" "Nmap Scripting Engine"
10.42.2.102 - - [03/Jul/2026:15:50:45 +0000] "GET /metrics HTTP/1.1" 200 385 "-" "curl/8.6.0"
5.188.206.67 - - [03/Jul/2026:15:50:45 +0000] "HEAD /test/reports HTTP/1.1" 404 1083 "-" "Nmap Scripting Engine"
46.188.19.142 - - [03/Jul/2026:15:50:46 +0000] "GET /assets/site.css HTTP/1.1" 304 3568 "-" "Mozilla/5.0 (Windows NT 10.0; Win64; x64) AppleWebKit/537.36 Chrome/123.0.0.0 Safari/537.36"
200.66.141.202 - - [03/Jul/2026:15:50:46 +0000] "GET /favicon.ico HTTP/1.1" 304 2447 "-" "Mozilla/5.0 (Windows NT 10.0; Win64; rv:124.0) Gecko/20100101 Firefox/124.0"
10.42.1.172 - - [03/Jul/2026:15:50:46 +0000] "GET /healthz HTTP/1.1" 200 1289 "-" "kube-probe/1.30"
212.76.133.14 - - [03/Jul/2026:15:50:46 +0000] "GET /healthz HTTP/1.1" 200 48365 "-" "Mozilla/5.0 (iPhone; CPU iPhone OS 17_4 like Mac OS X) AppleWebKit/605.1.15 Version/17.4 Mobile/15E148 Safari/604.1"
66.249.75.10 - - [03/Jul/2026:15:50:47 +0000] "GET /api/products HTTP/1.1" 200 48221 "-" "Mozilla/5.0 (compatible; bingbot/2.0; +http://www.bing.com/bingbot.htm)"
45.9.148.77 - - [03/Jul/2026:15:50:47 +0000] "OPTIONS /tmp/access.log HTTP/1.1" 404 1368 "-" "ffuf/2.1.0"
66.249.75.10 - - [03/Jul/2026:15:50:48 +0000] "GET /metrics HTTP/1.1" 200 66347 "-" "Mozilla/5.0 (Linux; Android 13; SM-S918B) AppleWebKit/537.36 SamsungBrowser/24.0 Chrome/120.0 Mobile Safari/537.36"
188.18.77.220 - - [03/Jul/2026:15:50:49 +0000] "HEAD /robots.txt HTTP/1.1" 200 84153 "-" "Mozilla/5.0 (compatible; bingbot/2.0; +http://www.bing.com/bingbot.htm)"
77.88.55.201 - - [03/Jul/2026:15:50:50 +0000] "GET /api/news HTTP/1.1" 200 75924 "-" "Mozilla/5.0 (compatible; bingbot/2.0; +http://www.bing.com/bingbot.htm)"
185.220.101.54 - - [03/Jul/2026:15:50:51 +0000] "GET /password HTTP/1.1" 500 2027 "-" "feroxbuster/2.11.0"
5.188.206.67 - - [03/Jul/2026:15:50:52 +0000] "HEAD /admin/logs/access_log HTTP/1.1" 404 1291 "-" "dirsearch/0.4.3"
130.142.226.209 - - [03/Jul/2026:15:50:52 +0000] "GET /assets/site.css HTTP/1.1" 200 39301 "/sitemap.xml" "Mozilla/5.0 (Macintosh; Intel Mac OS X 14_5) AppleWebKit/537.36 Chrome/124.0.0.0 Safari/537.36"
80.85.246.17 - - [03/Jul/2026:15:50:52 +0000] "GET /phpmy/ HTTP/1.1" 403 2600 "-" "dirsearch/0.4.3"
