213.24.11.146 - - [03/Jul/2026:15:02:33 +0000] "GET /favicon.ico HTTP/1.1" 200 30212 "/assets/logo.svg" "Mozilla/5.0 (iPhone; CPU iPhone OS 17_4 like Mac OS X) AppleWebKit/605.1.15 Version/17.4 Mobile/15E148 Safari/604.1"
157.55.39.7 - - [03/Jul/2026:15:02:34 +0000] "GET /assets/site.css HTTP/1.1" 200 63188 "-" "Mozilla/5.0 (Macintosh; Intel Mac OS X 14_5) AppleWebKit/605.1.15 Version/17.4 Safari/605.1.15"
80.85.246.17 - - [03/Jul/2026:15:02:35 +0000] "GET /.git-rewrite/ HTTP/1.1" 403 1649 "-" "Go-http-client/1.1"
198.51.100.45 - - [03/Jul/2026:15:02:35 +0000] "GET /healthz HTTP/1.1" 200 67878 "/api/news" "Mozilla/5.0 (compatible; YandexBot/3.0; +http://yandex.com/bots)"
203.0.113.77 - - [03/Jul/2026:15:02:36 +0000] "HEAD /about HTTP/1.1" 304 3939 "-" "Mozilla/5.0 (iPad; CPU OS 17_4 like Mac OS X) AppleWebKit/605.1.15 Version/17.4 Mobile/15E148 Safari/604.1"
185.220.101.54 - - [03/Jul/2026:15:02:36 +0000] "GET /adminer-4.7.7-mysql-en.php HTTP/1.1" 405 1982 "-" "Wfuzz/3.1.0"
198.51.100.45 - - [03/Jul/2026:15:02:36 +0000] "GET /sitemap.xml HTTP/1.1" 200 66426 "/metrics" "Mozilla/5.0 (Macintosh; Intel Mac OS X 14_5) AppleWebKit/605.1.15 Version/17.4 Safari/605.1.15"
171.25.193.20 - - [03/Jul/2026:15:02:37 +0000] "GET /manager/login HTTP/1.1" 403 2089 "-" "Wfuzz/3.1.0"
80.85.246.17 - - [03/Jul/2026:15:02:38 +0000] "HEAD /readme.mkd HTTP/1.1" 301 435 "-" "Go-http-client/1.1"
203.0.113.77 - - [03/Jul/2026:15:02:39 +0000] "GET /robots.txt HTTP/1.1" 304 863 "-" "Mozilla/5.0 (Linux; Android 13; SM-S918B) AppleWebKit/537.36 SamsungBrowser/24.0 Chrome/120.0 Mobile Safari/537.36"
185.193.88.77 - - [03/Jul/2026:15:02:39 +0000] "GET /nginx-access.log HTTP/1.1" 404 500 "-" "dirsearch/0.4.3"
157.55.39.7 - - [03/Jul/2026:15:02:40 +0000] "GET /assets/site.css HTTP/1.1" 304 2769 "-" "Mozilla/5.0 (compatible; bingbot/2.0; +http://www.bing.com/bingbot.htm)"
198.51.100.45 - - [03/Jul/2026:15:02:41 +0000] "GET /assets/logo.svg HTTP/1.1" 304 2217 "/assets/app.js" "Mozilla/5.0 (iPad; CPU OS 17_4 like Mac OS X) AppleWebKit/605.1.15 Version/17.4 Mobile/15E148 Safari/604.1"
10.42.0.5 - - [03/Jul/2026:15:02:41 +0000] "GET /healthz HTTP/1.1" 200 1407 "-" "curl/8.6.0"
194.26.29.89 - - [03/Jul/2026:15:02:42 +0000] "GET /ssl/ HTTP/1.1" 404 2170 "-" "python-requests/2.31.0"
66.249.75.10 - - [03/Jul/2026:15:02:42 +0000] "GET /articles/2026/q2 HTTP/1.1" 200 35638 "-" "Mozilla/5.0 (compatible; YandexBot/3.0; +http://yandex.com/bots)"
141.8.153.222 - - [03/Jul/2026:15:02:42 +0000] "GET /favicon.ico HTTP/1.1" 304 252 "-" "Mozilla/5.0 (iPad; CPU OS 17_4 like Mac OS X) AppleWebKit/605.1.15 Version/17.4 Mobile/15E148 Safari/604.1"
66.249.75.10 - - [03/Jul/2026:15:02:42 +0000] "GET /articles/2026/q2 HTTP/1.1" 304 2145 "-" "Mozilla/5.0 (Windows NT 10.0; Win64; rv:124.0) Gecko/20100101 Firefox/124.0"
66.249.75.10 - - [03/Jul/2026:15:02:43 +0000] "GET /api/news HTTP/1.1" 304 3742 "-" "Mozilla/5.0 (Windows NT 10.0; Win64; x64) AppleWebKit/537.36 Chrome/123.0.0.0 Safari/537.36"
171.25.193.20 - - [03/Jul/2026:15:02:43 +0000] "HEAD /fckeditor/editor/filemanager/browser/default/connectors/php/connector.php HTTP/1.1" 403 734 "-" "feroxbuster/2.11.0"
198.51.100.45 - - [03/Jul/2026:15:02:43 +0000] "GET /robots.txt HTTP/1.1" 200 67854 "/" "Mozilla/5.0 (iPad; CPU OS 17_4 like Mac OS X) AppleWebKit/605.1.15 Version/17.4 Mobile/15E148 Safari/604.1"
157.55.39.7 - - [03/Jul/2026:15:02:44 +0000] "GET /favicon.ico HTTP/1.1" 200 62293 "/assets/logo.svg" "Mozilla/5.0 (Windows NT 10.0; Win64; x64) AppleWebKit/537.36 Edg/124.0.0.0"
45.146.164.12 - - [03/Jul/2026:15:02:45 +0000] "HEAD /tmp.php HTTP/1.1" 403 2015 "-" "dirsearch/0.4.3"
91.198.174.22 - - [03/Jul/2026:15:02:45 +0000] "GET /products HTTP/1.1" 200 47968 "/assets/logo.svg" "Mozilla/5.0 (Macintosh; Intel Mac OS X 14_5) AppleWebKit/605.1.15 Version/17.4 Safari/605.1.15"
40.77.167.21 - - [03/Jul/2026:15:02:47 +0000] "GET /about HTTP/1.1" 200 75804 "-" "Mozilla/5.0 (iPhone; CPU iPhone OS 17_4 like Mac OS X) AppleWebKit/605.1.15 Version/17.4 Mobile/15E148 Safari/604.1"
157.55.39.7 - - [03/Jul/2026:15:02:47 +0000] "GET /articles/2026/q2 HTTP/1.1" 200 6840 "-" "Mozilla/5.0 (Windows NT 10.0; Win64; x64) AppleWebKit/537.36 Chrome/123.0.0.0 Safari/537.36"
77.88.55.201 - - [03/Jul/2026:15:02:47 +0000] "GET /metrics HTTP/1.1" 200 9471 "-" "Mozilla/5.0 (Macintosh; Intel Mac OS X 14_5) AppleWebKit/605.1.15 Version/17.4 Safari/605.1.15"
10.42.0.29 - - [03/Jul/2026:15:02:47 +0000] "GET /healthz HTTP/1.1" 200 1354 "-" "kube-probe/1.30"
19.208.69.30 - - [03/Jul/2026:15:02:47 +0000] "GET /test/version_tmp/ HTTP/1.1" 404 906 "-" "ffuf/2.1.0"
193.142.147.55 - - [03/Jul/2026:15:02:48 +0000] "GET /log/access.log HTTP/1.1" 405 1718 "-" "Nmap Scripting Engine"
5.188.206.67 - - [03/Jul/2026:15:02:49 +0000] "GET /yonetim.php HTTP/1.1" 403 1977 "-" "Go-http-client/1.1"
198.51.100.45 - - [03/Jul/2026:15:02:49 +0000] "GET /metrics HTTP/1.1" 304 3151 "/products" "Mozilla/5.0 (Windows NT 10.0; Win64; x64) AppleWebKit/537.36 Chrome/123.0.0.0 Safari/537.36"
141.8.153.222 - - [03/Jul/2026:15:02:50 +0000] "GET /api/news HTTP/1.1" 200 60989 "/assets/app.js" "Mozilla/5.0 (Linux; Android 13; SM-S918B) AppleWebKit/537.36 SamsungBrowser/24.0 Chrome/120.0 Mobile Safari/537.36"
203.0.113.77 - - [03/Jul/2026:15:02:50 +0000] "GET /products HTTP/1.1" 200 34768 "-" "Mozilla/5.0 (compatible; YandexBot/3.0; +http://yandex.com/bots)"
225.229.183.150 - - [03/Jul/2026:15:02:50 +0000] "GET /assets/app.js HTTP/1.1" 200 83158 "-" "Mozilla/5.0 (Macintosh; Intel Mac OS X 14_5) AppleWebKit/605.1.15 Version/17.4 Safari/605.1.15"
48.20.247.135 - - [03/Jul/2026:15:02:51 +0000] "HEAD /metrics HTTP/1.1" 200 73192 "-" "Mozilla/5.0 (iPad; CPU OS 17_4 like Mac OS X) AppleWebKit/605.1.15 Version/17.4 Mobile/15E148 Safari/604.1"
141.8.153.222 - - [03/Jul/2026:15:02:52 +0000] "GET /assets/app.js HTTP/1.1" 304 967 "-" "Mozilla/5.0 (Macintosh; Intel Mac OS X 14_5) AppleWebKit/605.1.15 Version/17.4 Safari/605.1.15"
157.55.39.7 - - [03/Jul/2026:15:02:52 +0000] "GET /metrics HTTP/1.1" 200 68373 "/metrics" "Mozilla/5.0 (X11; Linux x86_64) AppleWebKit/537.36 Chrome/122.0.0.0 Safari/537.36"
31.170.14.61 - - [03/Jul/2026:15:02:53 +0000] "HEAD /.phpversion HTTP/1.1" 404 2182 "-" "Nmap Scripting Engine"
10.42.3.173 - - [03/Jul/2026:15:02:53 +0000] "GET /healthz HTTP/1.1" 200 3047 "-" "kube-probe/1.30"
193.142.147.55 - - [03/Jul/2026:15:02:54 +0000] "GET /admin/pma/index.php HTTP/1.1" 500 1292 "-" "dirsearch/0.4.3"
198.51.100.45 - - [03/Jul/2026:15:02:54 +0000] "GET /favicon.ico HTTP/1.1" 304 3926 "-" "Mozilla/5.0 (iPhone; CPU iPhone OS 17_4 like Mac OS X) AppleWebKit/605.1.15 Version/17.4 Mobile/15E148 Safari/604.1"
104.244.72.115 - - [03/Jul/2026:15:02:54 +0000] "GET /textpattern/ HTTP/1.1" 404 1486 "-" "sqlmap/1.8.4#stable"
47.166.65.213 - - [03/Jul/2026:15:02:54 +0000] "HEAD /wp-config.php.inc HTTP/1.1" 500 797 "-" "gobuster/3.6"
10.42.0.11 - - [03/Jul/2026:15:02:55 +0000] "GET /metrics HTTP/1.1" 200 2026 "-" "kube-probe/1.30"
198.51.100.45 - - [03/Jul/2026:15:02:55 +0000] "GET /articles/2026/q2 HTTP/1.1" 200 11457 "/assets/app.js" "Mozilla/5.0 (Linux; Android 13; SM-S918B) AppleWebKit/537.36 SamsungBrowser/24.0 Chrome/120.0 Mobile Safari/537.36"
185.220.101.54 - - [03/Jul/2026:15:02:56 +0000] "OPTIONS /Http/DataLayCfg.xml HTTP/1.1" 404 2438 "-" "sqlmap/1.8.4#stable"
10.42.0.118 - - [03/Jul/2026:15:02:56 +0000] "GET /healthz HTTP/1.1" 200 784 "-" "curl/8.6.0"
45.9.148.77 - - [03/Jul/2026:15:02:57 +0000] "GET /db.csv HTTP/1.1" 500 194 "-" "DirBuster-1.0-RC1"
188.18.77.220 - - [03/Jul/2026:15:03:02 +0000] "GET /metrics HTTP/1.1" 200 48504 "-" "Mozilla/5.0 (Linux; Android 13; SM-S918B) AppleWebKit/537.36 SamsungBrowser/24.0 Chrome/120.0 Mobile Safari/537.36"
212.76.133.14 - - [03/Jul/2026:15:03:02 +0000] "GET /metrics HTTP/1.1" 304 925 "-" "Mozilla/5.0 (Macintosh; Intel Mac OS X 14_5) AppleWebKit/537.36 Chrome/124.0.0.0 Safari/537.36"
77.88.55.201 - - [03/Jul/2026:15:03:02 +0000] "GET /products HTTP/1.1" 200 68827 "/sitemap.xml" "Mozilla/5.0 (Windows NT 10.0; Win64; x64) AppleWebKit/537.36 Chrome/123.0.0.0 Safari/537.36"
40.77.167.21 - - [03/Jul/2026:15:03:02 +0000] "GET /healthz HTTP/1.1" 200 635 "-" "Mozilla/5.0 (compatible; Googlebot/2.1; +http://www.google.com/bot.html)"
156.146.62.11 - - [03/Jul/2026:15:03:03 +0000] "GET /dms/DMSDump HTTP/1.1" 404 1488 "-" "masscan/1.3 (https://github.com/robertdavidgraham/masscan)"
198.51.100.45 - - [03/Jul/2026:15:03:03 +0000] "HEAD /api/news HTTP/1.1" 304 3053 "/assets/app.js" "Mozilla/5.0 (Windows NT 10.0; Win64; rv:124.0) Gecko/20100101 Firefox/124.0"
235.211.234.129 - - [03/Jul/2026:15:03:04 +0000] "GET /products HTTP/1.1" 200 53422 "-" "Mozilla/5.0 (Windows NT 10.0; Win64; x64) AppleWebKit/537.36 Edg/124.0.0.0"
46.188.19.142 - - [03/Jul/2026:15:03:05 +0000] "GET /robots.txt HTTP/1.1" 200 30841 "/api/news" "Mozilla/5.0 (Windows NT 10.0; Win64; x64) AppleWebKit/537.36 Edg/124.0.0.0"
35.240.184.122 - - [03/Jul/2026:15:03:07 +0000] "GET /assets/site.css HTTP/1.1" 200 13525 "-" "Mozilla/5.0 (Linux; Android 13; SM-S918B) AppleWebKit/537.36 SamsungBrowser/24.0 Chrome/120.0 Mobile Safari/537.36"
157.55.39.7 - - [03/Jul/2026:15:03:07 +0000] "GET /robots.txt HTTP/1.1" 304 3406 "-" "Mozilla/5.0 (compatible; YandexBot/3.0; +http://yandex.com/bots)"
212.76.133.14 - - [03/Jul/2026:15:03:09 +0000] "GET /api/news HTTP/1.1" 200 53501 "/metrics" "Mozilla/5.0 (X11; Linux x86_64) AppleWebKit/537.36 Chrome/122.0.0.0 Safari/537.36"
66.249.75.10 - - [03/Jul/2026:15:03:10 +0000] "GET /api/news HTTP/1.1" 200 78640 "-" "Mozilla/5.0 (iPad; CPU OS 17_4 like Mac OS X) AppleWebKit/605.1.15 Version/17.4 Mobile/15E148 Safari/604.1"
198.51.100.45 - - [03/Jul/2026:15:03:10 +0000] "HEAD / HTTP/1.1" 200 7483 "-" "Mozilla/5.0 (Windows NT 10.0; Win64; rv:124.0) Gecko/20100101 Firefox/124.0"
213.24.11.146 - - [03/Jul/2026:15:03:10 +0000] "GET /assets/logo.svg HTTP/1.1" 304 1417 "/robots.txt" "Mozilla/5.0 (Windows NT 10.0; Win64; rv:124.0) Gecko/20100101 Firefox/124.0"
203.0.113.77 - - [03/Jul/2026:15:03:11 +0000] "GET /metrics HTTP/1.1" 200 67878 "-" "Mozilla/5.0 (compatible; bingbot/2.0; +http://www.bing.com/bingbot.htm)"
23.129.64.112 - - [03/Jul/2026:15:03:11 +0000] "GET /ak47.php HTTP/1.1" 404 1118 "-" "Go-http-client/1.1"
188.18.77.220 - - [03/Jul/2026:15:03:12 +0000] "GET /articles/2026/q2 HTTP/1.1" 200 31952 "-" "Mozilla/5.0 (Linux; Android 13; SM-S918B) AppleWebKit/537.36 SamsungBrowser/24.0 Chrome/120.0 Mobile Safari/537.36"
188.18.77.220 - - [03/Jul/2026:15:03:13 +0000] "GET /about HTTP/1.1" 304 3660 "/api/news" "Mozilla/5.0 (compatible; YandexBot/3.0; +http://yandex.com/bots)"
46.188.19.142 - - [03/Jul/2026:15:03:13 +0000] "GET /about HTTP/1.1" 200 30647 "-" "Mozilla/5.0 (compatible; Googlebot/2.1; +http://www.google.com/bot.html)"
212.76.133.14 - - [03/Jul/2026:15:03:13 +0000] "GET /robots.txt HTTP/1.1" 304 2459 "-" "Mozilla/5.0 (Macintosh; Intel Mac OS X 14_5) AppleWebKit/537.36 Chrome/124.0.0.0 Safari/537.36"
203.0.113.77 - - [03/Jul/2026:15:03:15 +0000] "GET /products HTTP/1.1" 200 74821 "/products" "Mozilla/5.0 (iPad; CPU OS 17_4 like Mac OS X) AppleWebKit/605.1.15 Version/17.4 Mobile/15E148 Safari/604.1"
141.8.153.222 - - [03/Jul/2026:15:03:15 +0000] "GET /robots.txt HTTP/1.1" 200 78587 "-" "Mozilla/5.0 (Windows NT 10.0; Win64; x64) AppleWebKit/537.36 Edg/124.0.0.0"
213.24.11.146 - - [03/Jul/2026:15:03:16 +0000] "GET /assets/app.js HTTP/1.1" 200 84420 "/contacts" "Mozilla/5.0 (compatible; YandexBot/3.0; +http://yandex.com/bots)"
91.198.174.22 - - [03/Jul/2026:15:03:16 +0000] "GET /about HTTP/1.1" 200 2834 "-" "DuckDuckBot/1.0; (+http://duckduckgo.com/duckduckbot)"
194.26.29.89 - - [03/Jul/2026:15:03:17 +0000] "GET /mysql.php HTTP/1.1" 301 1970 "-" "dirsearch/0.4.3"
157.55.39.7 - - [03/Jul/2026:15:03:17 +0000] "GET /assets/logo.svg HTTP/1.1" 304 3673 "/healthz" "Mozilla/5.0 (Macintosh; Intel Mac OS X 14_5) AppleWebKit/605.1.15 Version/17.4 Safari/605.1.15"
157.55.39.7 - - [03/Jul/2026:15:03:18 +0000] "GET /api/news HTTP/1.1" 200 38853 "-" "Mozilla/5.0 (iPad; CPU OS 17_4 like Mac OS X) AppleWebKit/605.1.15 Version/17.4 Mobile/15E148 Safari/604.1"
91.198.174.22 - - [03/Jul/2026:15:03:18 +0000] "GET /contacts HTTP/1.1" 200 67955 "/api/news" "Mozilla/5.0 (iPhone; CPU iPhone OS 17_4 like Mac OS X) AppleWebKit/605.1.15 Version/17.4 Mobile/15E148 Safari/604.1"
5.188.206.67 - - [03/Jul/2026:15:03:18 +0000] "GET /Gulpfile.coffee HTTP/1.1" 302 227 "-" "masscan/1.3 (https://github.com/robertdavidgraham/masscan)"
23.129.64.112 - - [03/Jul/2026:15:03:20 +0000] "GET /uploads/dump.sql HTTP/1.1" 404 604 "-" "Wfuzz/3.1.0"
45.9.148.77 - - [03/Jul/2026:15:03:20 +0000] "GET /api/v3/swagger.json HTTP/1.1" 500 2572 "-" "feroxbuster/2.11.0"
198.93.183.92 - - [03/Jul/2026:15:03:21 +0000] "GET /assets/logo.svg HTTP/1.1" 200 1154 "/robots.txt" "Mozilla/5.0 (compatible; YandexBot/3.0; +http://yandex.com/bots)"
156.146.62.11 - - [03/Jul/2026:15:03:21 +0000] "HEAD /params.txt HTTP/1.1" 404 1569 "-" "DirBuster-1.0-RC1"
23.39.92.77 - - [03/Jul/2026:15:03:22 +0000] "GET /.eunit HTTP/1.1" 403 434 "-" "gobuster/3.6"
5.188.206.67 - - [03/Jul/2026:15:03:22 +0000] "GET /schema.sql HTTP/1.1" 302 1460 "-" "gobuster/3.6"
77.88.55.201 - - [03/Jul/2026:15:03:22 +0000] "GET /metrics HTTP/1.1" 200 7398 "/about" "Mozilla/5.0 (Linux; Android 13; SM-S918B) AppleWebKit/537.36 SamsungBrowser/24.0 Chrome/120.0 Mobile Safari/537.36"
156.146.62.11 - - [03/Jul/2026:15:03:22 +0000] "GET /controlpanel HTTP/1.1" 404 1600 "-" "ffuf/2.1.0"
212.76.133.14 - - [03/Jul/2026:15:03:22 +0000] "GET /assets/app.js HTTP/1.1" 304 3772 "-" "Mozilla/5.0 (Macintosh; Intel Mac OS X 14_5) AppleWebKit/605.1.15 Version/17.4 Safari/605.1.15"
157.55.39.7 - - [03/Jul/2026:15:03:23 +0000] "GET /favicon.ico HTTP/1.1" 304 174 "/assets/logo.svg" "Mozilla/5.0 (iPad; CPU OS 17_4 like Mac OS X) AppleWebKit/605.1.15 Version/17.4 Mobile/15E148 Safari/604.1"
91.198.174.22 - - [03/Jul/2026:15:03:24 +0000] "GET /about HTTP/1.1" 200 76676 "/favicon.ico" "Mozilla/5.0 (X11; Linux x86_64) AppleWebKit/537.36 Chrome/122.0.0.0 Safari/537.36"
66.249.75.10 - - [03/Jul/2026:15:03:25 +0000] "GET /favicon.ico HTTP/1.1" 304 1180 "/assets/app.js" "Mozilla/5.0 (iPad; CPU OS 17_4 like Mac OS X) AppleWebKit/605.1.15 Version/17.4 Mobile/15E148 Safari/604.1"
254.250.5.116 - - [03/Jul/2026:15:03:25 +0000] "GET /bitrix/tools/mail_entry.php HTTP/1.1" 404 2593 "-" "sqlmap/1.8.4#stable"
188.76.20.176 - - [03/Jul/2026:15:03:25 +0000] "GET /healthz HTTP/1.1" 200 41190 "/products" "Mozilla/5.0 (Macintosh; Intel Mac OS X 14_5) AppleWebKit/605.1.15 Version/17.4 Safari/605.1.15"
23.129.64.112 - - [03/Jul/2026:15:03:26 +0000] "HEAD /soap/ HTTP/1.1" 302 1100 "-" "sqlmap/1.8.4#stable"
213.24.11.146 - - [03/Jul/2026:15:03:26 +0000] "GET /assets/app.js HTTP/1.1" 200 72716 "-" "Mozilla/5.0 (Macintosh; Intel Mac OS X 14_5) AppleWebKit/605.1.15 Version/17.4 Safari/605.1.15"
171.25.193.20 - - [03/Jul/2026:15:03:26 +0000] "GET /PMA/ HTTP/1.1" 404 1940 "-" "dirsearch/0.4.3"
46.188.19.142 - - [03/Jul/2026:15:03:27 +0000] "GET /articles/2026/q2 HTTP/1.1" 200 52311 "-" "Mozilla/5.0 (Macintosh; Intel Mac OS X 14_5) AppleWebKit/537.36 Chrome/124.0.0.0 Safari/537.36"
66.249.75.10 - - [03/Jul/2026:15:03:27 +0000] "GET /articles/2026/q2 HTTP/1.1" 304 985 "/sitemap.xml" "Mozilla/5.0 (compatible; bingbot/2.0; +http://www.bing.com/bingbot.htm)"
203.0.113.77 - - [03/Jul/2026:15:03:28 +0000] "GET /api/products HTTP/1.1" 200 41199 "/healthz" "Mozilla/5.0 (Windows NT 10.0; Win64; x64) AppleWebKit/537.36 Edg/124.0.0.0"
104.244.72.115 - - [03/Jul/2026:15:03:28 +0000] "HEAD /javascripts/bundles HTTP/1.1" 500 2562 "-" "Nmap Scripting Engine"
40.77.167.21 - - [03/Jul/2026:15:03:29 +0000] "GET /metrics HTTP/1.1" 200 20032 "/contacts" "Mozilla/5.0 (Macintosh; Intel Mac OS X 14_5) AppleWebKit/537.36 Chrome/124.0.0.0 Safari/537.36"
5.188.206.67 - - [03/Jul/2026:15:03:29 +0000] "GET /.eslintrc HTTP/1.1" 404 2292 "-" "Nmap Scripting Engine"
188.18.77.220 - - [03/Jul/2026:15:03:29 +0000] "GET /assets/logo.svg HTTP/1.1" 304 352 "-" "Mozilla/5.0 (compatible; Googlebot/2.1; +http://www.google.com/bot.html)"
251.91.71.205 - - [03/Jul/2026:15:03:29 +0000] "OPTIONS /httpd/logs/access.log HTTP/1.1" 404 734 "-" "feroxbuster/2.11.0"
212.76.133.14 - - [03/Jul/2026:15:03:30 +0000] "GET /metrics HTTP/1.1" 304 1766 "-" "Mozilla/5.0 (Windows NT 10.0; Win64; rv:124.0) Gecko/20100101 Firefox/124.0"
80.85.246.17 - - [03/Jul/2026:15:03:30 +0000] "GET /uploader.php HTTP/1.1" 302 1548 "-" "feroxbuster/2.11.0"
141.8.153.222 - - [03/Jul/2026:15:03:31 +0000] "GET /products HTTP/1.1" 200 79773 "-" "Mozilla/5.0 (Windows NT 10.0; Win64; x64) AppleWebKit/537.36 Chrome/123.0.0.0 Safari/537.36"
46.188.19.142 - - [03/Jul/2026:15:03:31 +0000] "GET /favicon.ico HTTP/1.1" 304 3129 "-" "Mozilla/5.0 (Macintosh; Intel Mac OS X 14_5) AppleWebKit/537.36 Chrome/124.0.0.0 Safari/537.36"
10.42.2.105 - - [03/Jul/2026:15:03:31 +0000] "GET /healthz HTTP/1.1" 200 5372 "-" "curl/8.6.0"
77.88.55.201 - - [03/Jul/2026:15:03:31 +0000] "GET / HTTP/1.1" 200 54387 "/sitemap.xml" "Mozilla/5.0 (Windows NT 10.0; Win64; rv:124.0) Gecko/20100101 Firefox/124.0"
45.9.148.77 - - [03/Jul/2026:15:03:31 +0000] "OPTIONS /actuator/logfile HTTP/1.1" 301 1917 "-" "masscan/1.3 (https://github.com/robertdavidgraham/masscan)"
188.18.77.220 - - [03/Jul/2026:15:03:32 +0000] "GET /contacts HTTP/1.1" 200 22387 "-" "Mozilla/5.0 (X11; Linux x86_64) AppleWebKit/537.36 Chrome/122.0.0.0 Safari/537.36"
158.18.51.46 - - [03/Jul/2026:15:03:32 +0000] "GET /elfinder/ HTTP/1.1" 404 2544 "-" "dirsearch/0.4.3"
141.8.153.222 - - [03/Jul/2026:15:03:32 +0000] "GET /products HTTP/1.1" 304 2805 "-" "Mozilla/5.0 (Macintosh; Intel Mac OS X 14_5) AppleWebKit/605.1.15 Version/17.4 Safari/605.1.15"
159.40.66.213 - - [03/Jul/2026:15:03:32 +0000] "GET /sitemap.xml HTTP/1.1" 200 80666 "-" "Mozilla/5.0 (iPhone; CPU iPhone OS 17_4 like Mac OS X) AppleWebKit/605.1.15 Version/17.4 Mobile/15E148 Safari/604.1"
141.8.153.222 - - [03/Jul/2026:15:03:33 +0000] "GET /favicon.ico HTTP/1.1" 200 45442 "-" "Mozilla/5.0 (Macintosh; Intel Mac OS X 14_5) AppleWebKit/537.36 Chrome/124.0.0.0 Safari/537.36"
45.146.164.12 - - [03/Jul/2026:15:03:33 +0000] "HEAD /pma2015/ HTTP/1.1" 403 2414 "-" "feroxbuster/2.11.0"
91.198.174.22 - - [03/Jul/2026:15:03:33 +0000] "GET /articles/2026/q2 HTTP/1.1" 200 4575 "/about" "Mozilla/5.0 (Macintosh; Intel Mac OS X 14_5) AppleWebKit/537.36 Chrome/124.0.0.0 Safari/537.36"
198.51.100.45 - - [03/Jul/2026:15:03:34 +0000] "GET /healthz HTTP/1.1" 200 49629 "-" "Mozilla/5.0 (X11; Linux x86_64) AppleWebKit/537.36 Chrome/122.0.0.0 Safari/537.36"
66.249.75.10 - - [03/Jul/2026:15:03:34 +0000] "GET /assets/site.css HTTP/1.1" 200 19054 "-" "DuckDuckBot/1.0; (+http://duckduckgo.com/duckduckbot)"
77.88.55.201 - - [03/Jul/2026:15:03:35 +0000] "GET /contacts HTTP/1.1" 304 1254 "/api/products" "Mozilla/5.0 (Windows NT 10.0; Win64; x64) AppleWebKit/537.36 Edg/124.0.0.0"
45.146.164.12 - - [03/Jul/2026:15:03:36 +0000] "GET /lib/bundler/man/ HTTP/1.1" 403 631 "-" "python-requests/2.31.0"
80.85.246.17 - - [03/Jul/2026:15:03:36 +0000] "GET /httpd/logs/access.log HTTP/1.1" 302 2345 "-" "DirBuster-1.0-RC1"
188.18.77.220 - - [03/Jul/2026:15:03:37 +0000] "GET /assets/logo.svg HTTP/1.1" 200 40621 "/metrics" "Mozilla/5.0 (Linux; Android 13; SM-S918B) AppleWebKit/537.36 SamsungBrowser/24.0 Chrome/120.0 Mobile Safari/537.36"
188.18.77.220 - - [03/Jul/2026:15:03:37 +0000] "GET /sitemap.xml HTTP/1.1" 200 6689 "/sitemap.xml" "Mozilla/5.0 (Windows NT 10.0; Win64; rv:124.0) Gecko/20100101 Firefox/124.0"
91.198.174.22 - - [03/Jul/2026:15:03:38 +0000] "GET /favicon.ico HTTP/1.1" 200 55549 "-" "Mozilla/5.0 (Windows NT 10.0; Win64; x64) AppleWebKit/537.36 Edg/124.0.0.0"
188.18.77.220 - - [03/Jul/2026:15:03:38 +0000] "GET /articles/2026/q2 HTTP/1.1" 200 55053 "-" "Mozilla/5.0 (iPhone; CPU iPhone OS 17_4 like Mac OS X) AppleWebKit/605.1.15 Version/17.4 Mobile/15E148 Safari/604.1"
23.129.64.112 - - [03/Jul/2026:15:03:39 +0000] "OPTIONS /administrator/web/ HTTP/1.1" 404 828 "-" "gobuster/3.6"
212.76.133.14 - - [03/Jul/2026:15:03:39 +0000] "GET /assets/logo.svg HTTP/1.1" 304 974 "-" "Mozilla/5.0 (iPad; CPU OS 17_4 like Mac OS X) AppleWebKit/605.1.15 Version/17.4 Mobile/15E148 Safari/604.1"
40.77.167.21 - - [03/Jul/2026:15:03:41 +0000] "GET /assets/app.js HTTP/1.1" 200 43659 "/api/news" "Mozilla/5.0 (Macintosh; Intel Mac OS X 14_5) AppleWebKit/537.36 Chrome/124.0.0.0 Safari/537.36"
66.249.75.10 - - [03/Jul/2026:15:03:41 +0000] "GET /metrics HTTP/1.1" 200 12822 "/" "Mozilla/5.0 (compatible; YandexBot/3.0; +http://yandex.com/bots)"
198.51.100.45 - - [03/Jul/2026:15:03:41 +0000] "GET /robots.txt HTTP/1.1" 304 2231 "-" "Mozilla/5.0 (Macintosh; Intel Mac OS X 14_5) AppleWebKit/537.36 Chrome/124.0.0.0 Safari/537.36"
157.55.39.7 - - [03/Jul/2026:15:03:41 +0000] "HEAD /robots.txt HTTP/1.1" 200 71392 "/metrics" "Mozilla/5.0 (Macintosh; Intel Mac OS X 14_5) AppleWebKit/605.1.15 Version/17.4 Safari/605.1.15"
198.51.100.45 - - [03/Jul/2026:15:03:41 +0000] "GET /metrics HTTP/1.1" 200 43461 "-" "Mozilla/5.0 (Windows NT 10.0; Win64; x64) AppleWebKit/537.36 Edg/124.0.0.0"
66.249.75.10 - - [03/Jul/2026:15:03:42 +0000] "GET /contacts HTTP/1.1" 200 52870 "/metrics" "Mozilla/5.0 (Windows NT 10.0; Win64; x64) AppleWebKit/537.36 Chrome/123.0.0.0 Safari/537.36"
157.55.39.7 - - [03/Jul/2026:15:03:42 +0000] "GET /contacts HTTP/1.1" 200 54516 "-" "Mozilla/5.0 (X11; Linux x86_64) AppleWebKit/537.36 Chrome/122.0.0.0 Safari/537.36"
213.24.11.146 - - [03/Jul/2026:15:03:42 +0000] "GET /api/products HTTP/1.1" 200 26160 "/contacts" "Mozilla/5.0 (Macintosh; Intel Mac OS X 14_5) AppleWebKit/605.1.15 Version/17.4 Safari/605.1.15"
249.61.206.166 - - [03/Jul/2026:15:03:43 +0000] "GET /favicon.ico HTTP/1.1" 200 40722 "/contacts" "Mozilla/5.0 (X11; Linux x86_64) AppleWebKit/537.36 Chrome/122.0.0.0 Safari/537.36"
141.8.153.222 - - [03/Jul/2026:15:03:43 +0000] "GET /robots.txt HTTP/1.1" 200 83309 "-" "Mozilla/5.0 (Windows NT 10.0; Win64; x64) AppleWebKit/537.36 Edg/124.0.0.0"
185.220.101.54 - - [03/Jul/2026:15:03:43 +0000] "GET /_Dockerfile HTTP/1.1" 405 2289 "-" "ffuf/2.1.0"
77.88.55.201 - - [03/Jul/2026:15:03:43 +0000] "GET /assets/site.css HTTP/1.1" 304 1250 "-" "Mozilla/5.0 (Linux; Android 13; SM-S918B) AppleWebKit/537.36 SamsungBrowser/24.0 Chrome/120.0 Mobile Safari/537.36"
171.25.193.20 - - [03/Jul/2026:15:03:44 +0000] "GET /Module.symvers HTTP/1.1" 404 2181 "-" "ffuf/2.1.0"
5.188.206.67 - - [03/Jul/2026:15:03:45 +0000] "OPTIONS /admin/pol_log.txt HTTP/1.1" 403 2080 "-" "feroxbuster/2.11.0"
212.76.133.14 - - [03/Jul/2026:15:03:45 +0000] "GET /api/products HTTP/1.1" 200 72389 "/products" "Mozilla/5.0 (Linux; Android 13; SM-S918B) AppleWebKit/537.36 SamsungBrowser/24.0 Chrome/120.0 Mobile Safari/537.36"
46.188.19.142 - - [03/Jul/2026:15:03:46 +0000] "GET /healthz HTTP/1.1" 200 64828 "/favicon.ico" "Mozilla/5.0 (Macintosh; Intel Mac OS X 14_5) AppleWebKit/605.1.15 Version/17.4 Safari/605.1.15"
194.26.29.89 - - [03/Jul/2026:15:03:46 +0000] "OPTIONS /editor-4.2.0-en.php HTTP/1.1" 403 827 "-" "ffuf/2.1.0"
149.232.216.117 - - [03/Jul/2026:15:03:46 +0000] "GET /ckeditor/ckfinder/core/connector/php/connector.php HTTP/1.1" 405 1530 "-" "python-requests/2.31.0"
188.18.77.220 - - [03/Jul/2026:15:03:46 +0000] "GET / HTTP/1.1" 200 28035 "/api/products" "Mozilla/5.0 (iPad; CPU OS 17_4 like Mac OS X) AppleWebKit/605.1.15 Version/17.4 Mobile/15E148 Safari/604.1"
193.142.147.55 - - [03/Jul/2026:15:03:47 +0000] "GET /usernames.txt HTTP/1.1" 405 383 "-" "Wfuzz/3.1.0"
185.220.101.54 - - [03/Jul/2026:15:03:47 +0000] "GET /.env.sample.php HTTP/1.1" 302 2030 "-" "Nmap Scripting Engine"
185.220.101.54 - - [03/Jul/2026:15:03:47 +0000] "OPTIONS /log/access.log HTTP/1.1" 403 755 "-" "Nmap Scripting Engine"
191.197.57.134 - - [03/Jul/2026:15:03:47 +0000] "HEAD /assets/site.css HTTP/1.1" 200 5995 "-" "Mozilla/5.0 (Macintosh; Intel Mac OS X 14_5) AppleWebKit/605.1.15 Version/17.4 Safari/605.1.15"
200.15.37.99 - - [03/Jul/2026:15:03:48 +0000] "OPTIONS /application/cache/ HTTP/1.1" 301 482 "-" "gobuster/3.6"
40.77.167.21 - - [03/Jul/2026:15:03:49 +0000] "GET /healthz HTTP/1.1" 200 19505 "-" "Mozilla/5.0 (Windows NT 10.0; Win64; rv:124.0) Gecko/20100101 Firefox/124.0"
10.42.3.100 - - [03/Jul/2026:15:03:50 +0000] "GET /healthz HTTP/1.1" 200 3302 "-" "kube-probe/1.30"
212.76.133.14 - - [03/Jul/2026:15:03:51 +0000] "GET /articles/2026/q2 HTTP/1.1" 304 1953 "-" "Mozilla/5.0 (Macintosh; Intel Mac OS X 14_5) AppleWebKit/537.36 Chrome/124.0.0.0 Safari/537.36"
157.55.39.7 - - [03/Jul/2026:15:03:51 +0000] "HEAD /api/products HTTP/1.1" 200 80519 "-" "Mozilla/5.0 (Windows NT 10.0; Win64; rv:124.0) Gecko/20100101 Firefox/124.0"
194.26.29.89 - - [03/Jul/2026:15:03:51 +0000] "OPTIONS /2019.tar.bz2 HTTP/1.1" 301 1857 "-" "feroxbuster/2.11.0"
171.25.193.20 - - [03/Jul/2026:15:03:52 +0000] "GET /.git-rewrite/ HTTP/1.1" 404 817 "-" "Wfuzz/3.1.0"
188.18.77.220 - - [03/Jul/2026:15:03:53 +0000] "GET /assets/site.css HTTP/1.1" 304 2919 "-" "DuckDuckBot/1.0; (+http://duckduckgo.com/duckduckbot)"
203.0.113.77 - - [03/Jul/2026:15:03:54 +0000] "GET /assets/logo.svg HTTP/1.1" 304 270 "-" "Mozilla/5.0 (Windows NT 10.0; Win64; x64) AppleWebKit/537.36 Chrome/123.0.0.0 Safari/537.36"
77.88.55.201 - - [03/Jul/2026:15:03:54 +0000] "GET /assets/logo.svg HTTP/1.1" 200 59505 "-" "Mozilla/5.0 (Linux; Android 13; SM-S918B) AppleWebKit/537.36 SamsungBrowser/24.0 Chrome/120.0 Mobile Safari/537.36"
40.77.167.21 - - [03/Jul/2026:15:03:54 +0000] "GET /articles/2026/q2 HTTP/1.1" 200 13509 "-" "Mozilla/5.0 (Macintosh; Intel Mac OS X 14_5) AppleWebKit/537.36 Chrome/124.0.0.0 Safari/537.36"
203.0.113.77 - - [03/Jul/2026:15:03:55 +0000] "GET /products HTTP/1.1" 200 77191 "-" "Mozilla/5.0 (Linux; Android 13; SM-S918B) AppleWebKit/537.36 SamsungBrowser/24.0 Chrome/120.0 Mobile Safari/537.36"
203.0.113.77 - - [03/Jul/2026:15:03:56 +0000] "GET /assets/site.css HTTP/1.1" 200 7801 "-" "Mozilla/5.0 (Windows NT 10.0; Win64; rv:124.0) Gecko/20100101 Firefox/124.0"
212.76.133.14 - - [03/Jul/2026:15:03:56 +0000] "GET / HTTP/1.1" 200 64703 "/favicon.ico" "Mozilla/5.0 (Windows NT 10.0; Win64; x64) AppleWebKit/537.36 Edg/124.0.0.0"
157.55.39.7 - - [03/Jul/2026:15:03:56 +0000] "GET /assets/app.js HTTP/1.1" 304 347 "-" "Mozilla/5.0 (Windows NT 10.0; Win64; rv:124.0) Gecko/20100101 Firefox/124.0"
141.8.153.222 - - [03/Jul/2026:15:03:56 +0000] "HEAD /contacts HTTP/1.1" 304 3654 "-" "Mozilla/5.0 (Macintosh; Intel Mac OS X 14_5) AppleWebKit/605.1.15 Version/17.4 Safari/605.1.15"
46.188.19.142 - - [03/Jul/2026:15:03:56 +0000] "GET /healthz HTTP/1.1" 200 77115 "/metrics" "Mozilla/5.0 (Macintosh; Intel Mac OS X 14_5) AppleWebKit/537.36 Chrome/124.0.0.0 Safari/537.36"
91.198.174.22 - - [03/Jul/2026:15:03:56 +0000] "GET / HTTP/1.1" 200 62798 "-" "Mozilla/5.0 (Windows NT 10.0; Win64; x64) AppleWebKit/537.36 Edg/124.0.0.0"
198.51.100.45 - - [03/Jul/2026:15:03:57 +0000] "GET /api/products HTTP/1.1" 304 3631 "/metrics" "Mozilla/5.0 (Macintosh; Intel Mac OS X 14_5) AppleWebKit/605.1.15 Version/17.4 Safari/605.1.15"
213.24.11.146 - - [03/Jul/2026:15:03:57 +0000] "GET / HTTP/1.1" 200 25796 "/assets/logo.svg" "Mozilla/5.0 (compatible; Googlebot/2.1; +http://www.google.com/bot.html)"
10.42.2.178 - - [03/Jul/2026:15:03:59 +0000] "GET /healthz HTTP/1.1" 200 831 "-" "kube-probe/1.30"
44.201.67.150 - - [03/Jul/2026:15:03:59 +0000] "GET /articles/2026/q2 HTTP/1.1" 200 79445 "-" "Mozilla/5.0 (Linux; Android 13; SM-S918B) AppleWebKit/537.36 SamsungBrowser/24.0 Chrome/120.0 Mobile Safari/537.36"
45.9.148.77 - - [03/Jul/2026:15:03:59 +0000] "GET /admin/logs/access.log HTTP/1.1" 302 1822 "-" "feroxbuster/2.11.0"
198.51.100.45 - - [03/Jul/2026:15:03:59 +0000] "GET /contacts HTTP/1.1" 200 35188 "/robots.txt" "Mozilla/5.0 (Macintosh; Intel Mac OS X 14_5) AppleWebKit/605.1.15 Version/17.4 Safari/605.1.15"
45.146.164.12 - - [03/Jul/2026:15:04:00 +0000] "GET /release.properties HTTP/1.1" 403 1101 "-" "dirsearch/0.4.3"
5.188.206.67 - - [03/Jul/2026:15:04:01 +0000] "GET /Guardfile HTTP/1.1" 500 2273 "-" "python-requests/2.31.0"
213.24.11.146 - - [03/Jul/2026:15:04:02 +0000] "GET /assets/logo.svg HTTP/1.1" 200 37966 "/api/news" "Mozilla/5.0 (Linux; Android 13; SM-S918B) AppleWebKit/537.36 SamsungBrowser/24.0 Chrome/120.0 Mobile Safari/537.36"
188.18.77.220 - - [03/Jul/2026:15:04:02 +0000] "GET /favicon.ico HTTP/1.1" 200 77024 "/metrics" "Mozilla/5.0 (X11; Linux x86_64) AppleWebKit/537.36 Chrome/122.0.0.0 Safari/537.36"
77.88.55.201 - - [03/Jul/2026:15:04:02 +0000] "GET /api/news HTTP/1.1" 304 338 "/api/news" "Mozilla/5.0 (Linux; Android 13; SM-S918B) AppleWebKit/537.36 SamsungBrowser/24.0 Chrome/120.0 Mobile Safari/537.36"
193.142.147.55 - - [03/Jul/2026:15:04:02 +0000] "GET /.conf HTTP/1.1" 404 2435 "-" "sqlmap/1.8.4#stable"
213.24.11.146 - - [03/Jul/2026:15:04:04 +0000] "GET /robots.txt HTTP/1.1" 200 57531 "-" "Mozilla/5.0 (iPhone; CPU iPhone OS 17_4 like Mac OS X) AppleWebKit/605.1.15 Version/17.4 Mobile/15E148 Safari/604.1"
193.142.147.55 - - [03/Jul/2026:15:04:04 +0000] "GET /wp.rar/ HTTP/1.1" 405 1666 "-" "masscan/1.3 (https://github.com/robertdavidgraham/masscan)"
77.88.55.201 - - [03/Jul/2026:15:04:05 +0000] "GET /favicon.ico HTTP/1.1" 304 2623 "-" "DuckDuckBot/1.0; (+http://duckduckgo.com/duckduckbot)"
193.142.147.55 - - [03/Jul/2026:15:04:06 +0000] "GET /.qmake.stash HTTP/1.1" 404 715 "-" "Nmap Scripting Engine"
141.8.153.222 - - [03/Jul/2026:15:04:08 +0000] "GET /about HTTP/1.1" 200 71440 "/products" "Mozilla/5.0 (Macintosh; Intel Mac OS X 14_5) AppleWebKit/537.36 Chrome/124.0.0.0 Safari/537.36"
91.198.174.22 - - [03/Jul/2026:15:04:09 +0000] "GET /robots.txt HTTP/1.1" 304 2633 "/products" "Mozilla/5.0 (Windows NT 10.0; Win64; x64) AppleWebKit/537.36 Chrome/123.0.0.0 Safari/537.36"
212.76.133.14 - - [03/Jul/2026:15:04:09 +0000] "GET /healthz HTTP/1.1" 200 53058 "/sitemap.xml" "Mozilla/5.0 (Linux; Android 13; SM-S918B) AppleWebKit/537.36 SamsungBrowser/24.0 Chrome/120.0 Mobile Safari/537.36"
198.51.100.45 - - [03/Jul/2026:15:04:09 +0000] "GET /assets/logo.svg HTTP/1.1" 200 48098 "/contacts" "Mozilla/5.0 (Windows NT 10.0; Win64; x64) AppleWebKit/537.36 Chrome/123.0.0.0 Safari/537.36"
45.9.148.77 - - [03/Jul/2026:15:04:10 +0000] "GET /_logs/access.log HTTP/1.1" 302 268 "-" "gobuster/3.6"
185.220.101.54 - - [03/Jul/2026:15:04:10 +0000] "GET /UserLogin/ HTTP/1.1" 500 1917 "-" "Wfuzz/3.1.0"
157.55.39.7 - - [03/Jul/2026:15:04:10 +0000] "GET /favicon.ico HTTP/1.1" 200 30227 "-" "Mozilla/5.0 (compatible; Googlebot/2.1; +http://www.google.com/bot.html)"
61.45.232.60 - - [03/Jul/2026:15:04:10 +0000] "GET /products HTTP/1.1" 304 1215 "-" "Mozilla/5.0 (iPhone; CPU iPhone OS 17_4 like Mac OS X) AppleWebKit/605.1.15 Version/17.4 Mobile/15E148 Safari/604.1"
46.188.19.142 - - [03/Jul/2026:15:04:13 +0000] "GET /products HTTP/1.1" 200 53338 "/api/products" "Mozilla/5.0 (X11; Linux x86_64) AppleWebKit/537.36 Chrome/122.0.0.0 Safari/537.36"
157.176.218.5 - - [03/Jul/2026:15:04:13 +0000] "GET /api/news HTTP/1.1" 200 53574 "-" "Mozilla/5.0 (compatible; bingbot/2.0; +http://www.bing.com/bingbot.htm)"
188.18.77.220 - - [03/Jul/2026:15:04:15 +0000] "GET /contacts HTTP/1.1" 200 49433 "-" "Mozilla/5.0 (Windows NT 10.0; Win64; rv:124.0) Gecko/20100101 Firefox/124.0"
46.188.19.142 - - [03/Jul/2026:15:04:15 +0000] "GET /products HTTP/1.1" 200 53455 "/contacts" "Mozilla/5.0 (iPad; CPU OS 17_4 like Mac OS X) AppleWebKit/605.1.15 Version/17.4 Mobile/15E148 Safari/604.1"
203.0.113.77 - - [03/Jul/2026:15:04:16 +0000] "GET /favicon.ico HTTP/1.1" 200 8745 "-" "Mozilla/5.0 (Windows NT 10.0; Win64; rv:124.0) Gecko/20100101 Firefox/124.0"
188.18.77.220 - - [03/Jul/2026:15:04:18 +0000] "GET /assets/logo.svg HTTP/1.1" 200 76298 "/assets/logo.svg" "Mozilla/5.0 (iPad; CPU OS 17_4 like Mac OS X) AppleWebKit/605.1.15 Version/17.4 Mobile/15E148 Safari/604.1"
141.8.153.222 - - [03/Jul/2026:15:04:18 +0000] "GET /assets/logo.svg HTTP/1.1" 200 18951 "-" "Mozilla/5.0 (compatible; YandexBot/3.0; +http://yandex.com/bots)"
171.25.193.20 - - [03/Jul/2026:15:04:19 +0000] "GET /pom.xml.next HTTP/1.1" 403 1183 "-" "gobuster/3.6"
45.9.148.77 - - [03/Jul/2026:15:04:20 +0000] "OPTIONS /mysql/index.php HTTP/1.1" 500 2530 "-" "feroxbuster/2.11.0"
40.77.167.21 - - [03/Jul/2026:15:04:20 +0000] "GET /healthz HTTP/1.1" 200 22738 "/api/products" "Mozilla/5.0 (Windows NT 10.0; Win64; rv:124.0) Gecko/20100101 Firefox/124.0"
198.51.100.45 - - [03/Jul/2026:15:04:21 +0000] "HEAD /metrics HTTP/1.1" 200 44935 "-" "Mozilla/5.0 (Linux; Android 13; SM-S918B) AppleWebKit/537.36 SamsungBrowser/24.0 Chrome/120.0 Mobile Safari/537.36"
203.0.113.77 - - [03/Jul/2026:15:04:21 +0000] "GET / HTTP/1.1" 200 2219 "/contacts" "Mozilla/5.0 (Windows NT 10.0; Win64; x64) AppleWebKit/537.36 Edg/124.0.0.0"
46.188.19.142 - - [03/Jul/2026:15:04:21 +0000] "GET /about HTTP/1.1" 304 2075 "-" "Mozilla/5.0 (iPad; CPU OS 17_4 like Mac OS X) AppleWebKit/605.1.15 Version/17.4 Mobile/15E148 Safari/604.1"
188.18.77.220 - - [03/Jul/2026:15:04:21 +0000] "GET /assets/site.css HTTP/1.1" 200 18404 "-" "Mozilla/5.0 (Windows NT 10.0; Win64; x64) AppleWebKit/537.36 Chrome/123.0.0.0 Safari/537.36"
45.9.148.77 - - [03/Jul/2026:15:04:22 +0000] "GET /.env.remote HTTP/1.1" 405 1790 "-" "dirsearch/0.4.3"
97.148.67.233 - - [03/Jul/2026:15:04:23 +0000] "GET /api/products HTTP/1.1" 200 43811 "-" "Mozilla/5.0 (Macintosh; Intel Mac OS X 14_5) AppleWebKit/537.36 Chrome/124.0.0.0 Safari/537.36"
5.188.206.67 - - [03/Jul/2026:15:04:24 +0000] "GET /access.log HTTP/1.1" 405 277 "-" "dirsearch/0.4.3"
40.77.167.21 - - [03/Jul/2026:15:04:25 +0000] "GET /assets/app.js HTTP/1.1" 200 45062 "/contacts" "DuckDuckBot/1.0; (+http://duckduckgo.com/duckduckbot)"
66.249.75.10 - - [03/Jul/2026:15:04:25 +0000] "GET /healthz HTTP/1.1" 304 1230 "-" "Mozilla/5.0 (Macintosh; Intel Mac OS X 14_5) AppleWebKit/537.36 Chrome/124.0.0.0 Safari/537.36"
194.26.29.89 - - [03/Jul/2026:15:04:25 +0000] "OPTIONS /pause HTTP/1.1" 302 1985 "-" "sqlmap/1.8.4#stable"
188.18.77.220 - - [03/Jul/2026:15:04:27 +0000] "HEAD /sitemap.xml HTTP/1.1" 200 80736 "-" "Mozilla/5.0 (Windows NT 10.0; Win64; rv:124.0) Gecko/20100101 Firefox/124.0"
6.246.161.45 - - [03/Jul/2026:15:04:28 +0000] "GET /favicon.ico HTTP/1.1" 200 17041 "/products" "Mozilla/5.0 (iPad; CPU OS 17_4 like Mac OS X) AppleWebKit/605.1.15 Version/17.4 Mobile/15E148 Safari/604.1"
30.15.22.140 - - [03/Jul/2026:15:04:28 +0000] "GET /products HTTP/1.1" 200 10168 "-" "Mozilla/5.0 (compatible; Googlebot/2.1; +http://www.google.com/bot.html)"
198.51.100.45 - - [03/Jul/2026:15:04:28 +0000] "GET /assets/site.css HTTP/1.1" 200 75367 "-" "DuckDuckBot/1.0; (+http://duckduckgo.com/duckduckbot)"
10.42.3.125 - - [03/Jul/2026:15:04:28 +0000] "GET /healthz HTTP/1.1" 200 1571 "-" "kube-probe/1.30"
23.129.64.112 - - [03/Jul/2026:15:04:28 +0000] "GET /spec/reports/ HTTP/1.1" 302 1043 "-" "Nmap Scripting Engine"
212.76.133.14 - - [03/Jul/2026:15:04:29 +0000] "HEAD /contacts HTTP/1.1" 200 31972 "/articles/2026/q2" "Mozilla/5.0 (X11; Linux x86_64) AppleWebKit/537.36 Chrome/122.0.0.0 Safari/537.36"
171.25.193.20 - - [03/Jul/2026:15:04:29 +0000] "HEAD /_logs/access.log HTTP/1.1" 404 2224 "-" "Nmap Scripting Engine"
75.220.163.53 - - [03/Jul/2026:15:04:29 +0000] "GET /adminitems HTTP/1.1" 405 2520 "-" "masscan/1.3 (https://github.com/robertdavidgraham/masscan)"
141.8.153.222 - - [03/Jul/2026:15:04:30 +0000] "GET /contacts HTTP/1.1" 304 712 "-" "Mozilla/5.0 (compatible; Googlebot/2.1; +http://www.google.com/bot.html)"
104.244.72.115 - - [03/Jul/2026:15:04:30 +0000] "HEAD /wp-config.php.inc HTTP/1.1" 403 1251 "-" "ffuf/2.1.0"
193.142.147.55 - - [03/Jul/2026:15:04:30 +0000] "HEAD /tinyfilemanager/ HTTP/1.1" 404 2498 "-" "gobuster/3.6"
212.76.133.14 - - [03/Jul/2026:15:04:30 +0000] "GET /api/products HTTP/1.1" 200 73838 "-" "Mozilla/5.0 (Windows NT 10.0; Win64; x64) AppleWebKit/537.36 Edg/124.0.0.0"
10.42.2.212 - - [03/Jul/2026:15:04:32 +0000] "GET /healthz HTTP/1.1" 200 243 "-" "kube-probe/1.30"
66.249.75.10 - - [03/Jul/2026:15:04:33 +0000] "GET /robots.txt HTTP/1.1" 304 808 "/contacts" "Mozilla/5.0 (Macintosh; Intel Mac OS X 14_5) AppleWebKit/537.36 Chrome/124.0.0.0 Safari/537.36"
77.88.55.201 - - [03/Jul/2026:15:04:33 +0000] "GET /about HTTP/1.1" 200 61097 "-" "Mozilla/5.0 (iPhone; CPU iPhone OS 17_4 like Mac OS X) AppleWebKit/605.1.15 Version/17.4 Mobile/15E148 Safari/604.1"
211.90.87.137 - - [03/Jul/2026:15:04:33 +0000] "GET /assets/app.js HTTP/1.1" 200 52054 "-" "Mozilla/5.0 (Windows NT 10.0; Win64; rv:124.0) Gecko/20100101 Firefox/124.0"
5.188.206.67 - - [03/Jul/2026:15:04:33 +0000] "GET /log/server.log HTTP/1.1" 405 1987 "-" "masscan/1.3 (https://github.com/robertdavidgraham/masscan)"
66.249.75.10 - - [03/Jul/2026:15:04:34 +0000] "GET /sitemap.xml HTTP/1.1" 200 68811 "-" "Mozilla/5.0 (X11; Linux x86_64) AppleWebKit/537.36 Chrome/122.0.0.0 Safari/537.36"
203.0.113.77 - - [03/Jul/2026:15:04:35 +0000] "GET /api/news HTTP/1.1" 200 33480 "-" "Mozilla/5.0 (Linux; Android 13; SM-S918B) AppleWebKit/537.36 SamsungBrowser/24.0 Chrome/120.0 Mobile Safari/537.36"
213.24.11.146 - - [03/Jul/2026:15:04:35 +0000] "GET /assets/logo.svg HTTP/1.1" 200 46938 "-" "Mozilla/5.0 (Macintosh; Intel Mac OS X 14_5) AppleWebKit/537.36 Chrome/124.0.0.0 Safari/537.36"
209.77.76.50 - - [03/Jul/2026:15:04:36 +0000] "GET /sitemap.xml HTTP/1.1" 200 33136 "/" "DuckDuckBot/1.0; (+http://duckduckgo.com/duckduckbot)"
77.88.55.201 - - [03/Jul/2026:15:04:36 +0000] "GET /products HTTP/1.1" 200 7317 "-" "Mozilla/5.0 (Macintosh; Intel Mac OS X 14_5) AppleWebKit/537.36 Chrome/124.0.0.0 Safari/537.36"
40.77.167.21 - - [03/Jul/2026:15:04:37 +0000] "GET /about HTTP/1.1" 304 2296 "-" "Mozilla/5.0 (Macintosh; Intel Mac OS X 14_5) AppleWebKit/537.36 Chrome/124.0.0.0 Safari/537.36"
213.24.11.146 - - [03/Jul/2026:15:04:37 +0000] "GET /sitemap.xml HTTP/1.1" 200 24338 "-" "Mozilla/5.0 (Macintosh; Intel Mac OS X 14_5) AppleWebKit/605.1.15 Version/17.4 Safari/605.1.15"
141.8.153.222 - - [03/Jul/2026:15:04:38 +0000] "GET /api/products HTTP/1.1" 304 578 "-" "Mozilla/5.0 (Linux; Android 13; SM-S918B) AppleWebKit/537.36 SamsungBrowser/24.0 Chrome/120.0 Mobile Safari/537.36"
17.199.51.69 - - [03/Jul/2026:15:04:40 +0000] "GET /metrics HTTP/1.1" 200 47881 "-" "Mozilla/5.0 (iPad; CPU OS 17_4 like Mac OS X) AppleWebKit/605.1.15 Version/17.4 Mobile/15E148 Safari/604.1"
141.8.153.222 - - [03/Jul/2026:15:04:40 +0000] "GET /about HTTP/1.1" 200 66107 "/products" "Mozilla/5.0 (X11; Linux x86_64) AppleWebKit/537.36 Chrome/122.0.0.0 Safari/537.36"
104.244.72.115 - - [03/Jul/2026:15:04:40 +0000] "HEAD /tmp/access.log HTTP/1.1" 404 1461 "-" "Nmap Scripting Engine"
77.88.55.201 - - [03/Jul/2026:15:04:40 +0000] "GET /articles/2026/q2 HTTP/1.1" 200 15608 "/healthz" "Mozilla/5.0 (iPhone; CPU iPhone OS 17_4 like Mac OS X) AppleWebKit/605.1.15 Version/17.4 Mobile/15E148 Safari/604.1"
46.188.19.142 - - [03/Jul/2026:15:04:42 +0000] "GET / HTTP/1.1" 304 3793 "/healthz" "Mozilla/5.0 (Windows NT 10.0; Win64; x64) AppleWebKit/537.36 Chrome/123.0.0.0 Safari/537.36"
77.88.55.201 - - [03/Jul/2026:15:04:42 +0000] "GET /sitemap.xml HTTP/1.1" 200 5873 "/assets/app.js" "Mozilla/5.0 (Linux; Android 13; SM-S918B) AppleWebKit/537.36 SamsungBrowser/24.0 Chrome/120.0 Mobile Safari/537.36"
77.88.55.201 - - [03/Jul/2026:15:04:42 +0000] "GET /metrics HTTP/1.1" 200 4753 "/assets/app.js" "Mozilla/5.0 (Linux; Android 13; SM-S918B) AppleWebKit/537.36 SamsungBrowser/24.0 Chrome/120.0 Mobile Safari/537.36"
212.76.133.14 - - [03/Jul/2026:15:04:42 +0000] "GET /metrics HTTP/1.1" 304 1093 "-" "Mozilla/5.0 (Windows NT 10.0; Win64; x64) AppleWebKit/537.36 Chrome/123.0.0.0 Safari/537.36"
198.51.100.45 - - [03/Jul/2026:15:04:43 +0000] "GET /sitemap.xml HTTP/1.1" 200 56172 "-" "Mozilla/5.0 (iPhone; CPU iPhone OS 17_4 like Mac OS X) AppleWebKit/605.1.15 Version/17.4 Mobile/15E148 Safari/604.1"
10.42.1.95 - - [03/Jul/2026:15:04:44 +0000] "GET /healthz HTTP/1.1" 200 3082 "-" "curl/8.6.0"
141.8.153.222 - - [03/Jul/2026:15:04:44 +0000] "GET /healthz HTTP/1.1" 200 21057 "/metrics" "Mozilla/5.0 (Macintosh; Intel Mac OS X 14_5) AppleWebKit/537.36 Chrome/124.0.0.0 Safari/537.36"
156.146.62.11 - - [03/Jul/2026:15:04:45 +0000] "GET /phpadmin/ HTTP/1.1" 403 877 "-" "masscan/1.3 (https://github.com/robertdavidgraham/masscan)"
157.55.39.7 - - [03/Jul/2026:15:04:45 +0000] "GET /api/products HTTP/1.1" 200 35702 "-" "Mozilla/5.0 (Windows NT 10.0; Win64; x64) AppleWebKit/537.36 Chrome/123.0.0.0 Safari/537.36"
77.88.55.201 - - [03/Jul/2026:15:04:46 +0000] "GET /metrics HTTP/1.1" 200 71508 "/about" "Mozilla/5.0 (iPhone; CPU iPhone OS 17_4 like Mac OS X) AppleWebKit/605.1.15 Version/17.4 Mobile/15E148 Safari/604.1"
9.238.166.106 - - [03/Jul/2026:15:04:46 +0000] "GET /articles/2026/q2 HTTP/1.1" 200 49363 "-" "Mozilla/5.0 (Windows NT 10.0; Win64; x64) AppleWebKit/537.36 Edg/124.0.0.0"
212.76.133.14 - - [03/Jul/2026:15:04:47 +0000] "GET /api/products HTTP/1.1" 200 83642 "-" "Mozilla/5.0 (Windows NT 10.0; Win64; x64) AppleWebKit/537.36 Chrome/123.0.0.0 Safari/537.36"
45.146.164.12 - - [03/Jul/2026:15:04:47 +0000] "GET /fluent.conf HTTP/1.1" 404 181 "-" "Go-http-client/1.1"
157.55.39.7 - - [03/Jul/2026:15:04:48 +0000] "GET /metrics HTTP/1.1" 200 51536 "/api/products" "Mozilla/5.0 (Macintosh; Intel Mac OS X 14_5) AppleWebKit/537.36 Chrome/124.0.0.0 Safari/537.36"
210.71.170.164 - - [03/Jul/2026:15:04:49 +0000] "GET /assets/site.css HTTP/1.1" 200 65636 "-" "Mozilla/5.0 (Windows NT 10.0; Win64; x64) AppleWebKit/537.36 Chrome/123.0.0.0 Safari/537.36"
212.76.133.14 - - [03/Jul/2026:15:04:49 +0000] "GET /sitemap.xml HTTP/1.1" 200 59043 "-" "Mozilla/5.0 (Windows NT 10.0; Win64; x64) AppleWebKit/537.36 Chrome/123.0.0.0 Safari/537.36"
40.77.167.21 - - [03/Jul/2026:15:04:49 +0000] "GET /api/news HTTP/1.1" 200 33366 "/healthz" "Mozilla/5.0 (Windows NT 10.0; Win64; x64) AppleWebKit/537.36 Edg/124.0.0.0"
40.77.167.21 - - [03/Jul/2026:15:04:51 +0000] "HEAD /favicon.ico HTTP/1.1" 200 41188 "-" "DuckDuckBot/1.0; (+http://duckduckgo.com/duckduckbot)"
66.249.75.10 - - [03/Jul/2026:15:04:51 +0000] "GET /favicon.ico HTTP/1.1" 304 3122 "/assets/site.css" "Mozilla/5.0 (Windows NT 10.0; Win64; rv:124.0) Gecko/20100101 Firefox/124.0"
193.142.147.55 - - [03/Jul/2026:15:04:52 +0000] "GET /log/test.log HTTP/1.1" 500 850 "-" "python-requests/2.31.0"
10.188.23.244 - - [03/Jul/2026:15:04:53 +0000] "GET /sitemap.xml HTTP/1.1" 200 26618 "-" "Mozilla/5.0 (Macintosh; Intel Mac OS X 14_5) AppleWebKit/605.1.15 Version/17.4 Safari/605.1.15"
91.198.174.22 - - [03/Jul/2026:15:04:53 +0000] "GET / HTTP/1.1" 200 27988 "-" "Mozilla/5.0 (iPhone; CPU iPhone OS 17_4 like Mac OS X) AppleWebKit/605.1.15 Version/17.4 Mobile/15E148 Safari/604.1"
77.88.55.201 - - [03/Jul/2026:15:04:54 +0000] "GET /products HTTP/1.1" 200 48983 "-" "Mozilla/5.0 (Macintosh; Intel Mac OS X 14_5) AppleWebKit/537.36 Chrome/124.0.0.0 Safari/537.36"
198.51.100.45 - - [03/Jul/2026:15:04:54 +0000] "GET /assets/site.css HTTP/1.1" 200 37649 "-" "Mozilla/5.0 (X11; Linux x86_64) AppleWebKit/537.36 Chrome/122.0.0.0 Safari/537.36"
198.51.100.45 - - [03/Jul/2026:15:04:56 +0000] "GET /contacts HTTP/1.1" 304 2053 "-" "Mozilla/5.0 (Macintosh; Intel Mac OS X 14_5) AppleWebKit/537.36 Chrome/124.0.0.0 Safari/537.36"
46.188.19.142 - - [03/Jul/2026:15:04:56 +0000] "GET /about HTTP/1.1" 200 30506 "-" "Mozilla/5.0 (iPhone; CPU iPhone OS 17_4 like Mac OS X) AppleWebKit/605.1.15 Version/17.4 Mobile/15E148 Safari/604.1"
157.55.39.7 - - [03/Jul/2026:15:04:57 +0000] "GET /sitemap.xml HTTP/1.1" 304 153 "/favicon.ico" "Mozilla/5.0 (iPad; CPU OS 17_4 like Mac OS X) AppleWebKit/605.1.15 Version/17.4 Mobile/15E148 Safari/604.1"
46.188.19.142 - - [03/Jul/2026:15:04:58 +0000] "GET /articles/2026/q2 HTTP/1.1" 304 2854 "/about" "Mozilla/5.0 (X11; Linux x86_64) AppleWebKit/537.36 Chrome/122.0.0.0 Safari/537.36"
213.24.11.146 - - [03/Jul/2026:15:04:59 +0000] "GET /sitemap.xml HTTP/1.1" 200 4352 "/assets/app.js" "Mozilla/5.0 (iPad; CPU OS 17_4 like Mac OS X) AppleWebKit/605.1.15 Version/17.4 Mobile/15E148 Safari/604.1"
45.146.164.12 - - [03/Jul/2026:15:05:00 +0000] "GET /nginx-access.log HTTP/1.1" 404 454 "-" "ffuf/2.1.0"
91.198.174.22 - - [03/Jul/2026:15:05:01 +0000] "GET /robots.txt HTTP/1.1" 200 35261 "-" "Mozilla/5.0 (Windows NT 10.0; Win64; x64) AppleWebKit/537.36 Edg/124.0.0.0"
46.188.19.142 - - [03/Jul/2026:15:05:01 +0000] "GET /api/news HTTP/1.1" 200 4020 "/healthz" "Mozilla/5.0 (Linux; Android 13; SM-S918B) AppleWebKit/537.36 SamsungBrowser/24.0 Chrome/120.0 Mobile Safari/537.36"
185.220.101.54 - - [03/Jul/2026:15:05:01 +0000] "GET /_logs/access.log HTTP/1.1" 405 2281 "-" "Nmap Scripting Engine"
66.249.75.10 - - [03/Jul/2026:15:05:02 +0000] "GET /sitemap.xml HTTP/1.1" 200 64729 "/assets/logo.svg" "Mozilla/5.0 (Macintosh; Intel Mac OS X 14_5) AppleWebKit/537.36 Chrome/124.0.0.0 Safari/537.36"
185.193.88.77 - - [03/Jul/2026:15:05:02 +0000] "HEAD /.m2/settings.xml HTTP/1.1" 404 2128 "-" "gobuster/3.6"
188.18.77.220 - - [03/Jul/2026:15:05:02 +0000] "GET /about HTTP/1.1" 304 579 "-" "Mozilla/5.0 (Windows NT 10.0; Win64; rv:124.0) Gecko/20100101 Firefox/124.0"
36.91.88.145 - - [03/Jul/2026:15:05:02 +0000] "GET /products HTTP/1.1" 200 68959 "/favicon.ico" "Mozilla/5.0 (Macintosh; Intel Mac OS X 14_5) AppleWebKit/605.1.15 Version/17.4 Safari/605.1.15"
227.115.71.150 - - [03/Jul/2026:15:05:03 +0000] "GET /healthz HTTP/1.1" 200 63468 "-" "Mozilla/5.0 (Windows NT 10.0; Win64; x64) AppleWebKit/537.36 Edg/124.0.0.0"
188.18.77.220 - - [03/Jul/2026:15:05:04 +0000] "GET /contacts HTTP/1.1" 304 1697 "-" "Mozilla/5.0 (iPhone; CPU iPhone OS 17_4 like Mac OS X) AppleWebKit/605.1.15 Version/17.4 Mobile/15E148 Safari/604.1"
157.55.39.7 - - [03/Jul/2026:15:05:04 +0000] "GET /healthz HTTP/1.1" 304 3786 "-" "Mozilla/5.0 (Windows NT 10.0; Win64; rv:124.0) Gecko/20100101 Firefox/124.0"
66.249.75.10 - - [03/Jul/2026:15:05:05 +0000] "GET /assets/site.css HTTP/1.1" 304 1491 "-" "Mozilla/5.0 (compatible; YandexBot/3.0; +http://yandex.com/bots)"
141.8.153.222 - - [03/Jul/2026:15:05:05 +0000] "GET /robots.txt HTTP/1.1" 304 1970 "-" "Mozilla/5.0 (iPhone; CPU iPhone OS 17_4 like Mac OS X) AppleWebKit/605.1.15 Version/17.4 Mobile/15E148 Safari/604.1"
46.188.19.142 - - [03/Jul/2026:15:05:06 +0000] "GET / HTTP/1.1" 200 25593 "-" "Mozilla/5.0 (Windows NT 10.0; Win64; rv:124.0) Gecko/20100101 Firefox/124.0"
77.88.55.201 - - [03/Jul/2026:15:05:06 +0000] "GET /products HTTP/1.1" 200 67656 "-" "Mozilla/5.0 (Linux; Android 13; SM-S918B) AppleWebKit/537.36 SamsungBrowser/24.0 Chrome/120.0 Mobile Safari/537.36"
203.0.113.77 - - [03/Jul/2026:15:05:06 +0000] "GET /sitemap.xml HTTP/1.1" 200 84101 "-" "Mozilla/5.0 (Macintosh; Intel Mac OS X 14_5) AppleWebKit/537.36 Chrome/124.0.0.0 Safari/537.36"
46.188.19.142 - - [03/Jul/2026:15:05:06 +0000] "HEAD /assets/app.js HTTP/1.1" 200 39715 "/metrics" "Mozilla/5.0 (X11; Linux x86_64) AppleWebKit/537.36 Chrome/122.0.0.0 Safari/537.36"
213.24.11.146 - - [03/Jul/2026:15:05:07 +0000] "GET /articles/2026/q2 HTTP/1.1" 304 363 "/api/products" "Mozilla/5.0 (Linux; Android 13; SM-S918B) AppleWebKit/537.36 SamsungBrowser/24.0 Chrome/120.0 Mobile Safari/537.36"
193.142.147.55 - - [03/Jul/2026:15:05:08 +0000] "GET /users.sql HTTP/1.1" 404 2293 "-" "Go-http-client/1.1"
45.146.164.12 - - [03/Jul/2026:15:05:08 +0000] "OPTIONS /r57.php HTTP/1.1" 500 631 "-" "gobuster/3.6"
121.44.149.87 - - [03/Jul/2026:15:05:08 +0000] "GET /favicon.ico HTTP/1.1" 200 29290 "-" "Mozilla/5.0 (Macintosh; Intel Mac OS X 14_5) AppleWebKit/605.1.15 Version/17.4 Safari/605.1.15"
198.51.100.45 - - [03/Jul/2026:15:05:08 +0000] "GET /sitemap.xml HTTP/1.1" 200 80587 "/articles/2026/q2" "Mozilla/5.0 (iPhone; CPU iPhone OS 17_4 like Mac OS X) AppleWebKit/605.1.15 Version/17.4 Mobile/15E148 Safari/604.1"
45.9.148.77 - - [03/Jul/2026:15:05:08 +0000] "HEAD /admin/home HTTP/1.1" 403 196 "-" "feroxbuster/2.11.0"
141.8.153.222 - - [03/Jul/2026:15:05:09 +0000] "HEAD /api/news HTTP/1.1" 200 19438 "/api/news" "Mozilla/5.0 (compatible; bingbot/2.0; +http://www.bing.com/bingbot.htm)"
171.25.193.20 - - [03/Jul/2026:15:05:11 +0000] "GET /access.log HTTP/1.1" 500 1319 "-" "masscan/1.3 (https://github.com/robertdavidgraham/masscan)"
212.76.133.14 - - [03/Jul/2026:15:05:11 +0000] "GET /favicon.ico HTTP/1.1" 200 68355 "/assets/logo.svg" "Mozilla/5.0 (Linux; Android 13; SM-S918B) AppleWebKit/537.36 SamsungBrowser/24.0 Chrome/120.0 Mobile Safari/537.36"
46.188.19.142 - - [03/Jul/2026:15:05:13 +0000] "GET /robots.txt HTTP/1.1" 200 11153 "-" "Mozilla/5.0 (Windows NT 10.0; Win64; x64) AppleWebKit/537.36 Edg/124.0.0.0"
193.142.147.55 - - [03/Jul/2026:15:05:13 +0000] "OPTIONS /api.json HTTP/1.1" 404 1811 "-" "gobuster/3.6"
185.220.101.54 - - [03/Jul/2026:15:05:14 +0000] "OPTIONS /www.tgz HTTP/1.1" 403 1091 "-" "DirBuster-1.0-RC1"
10.42.0.227 - - [03/Jul/2026:15:05:14 +0000] "GET /healthz HTTP/1.1" 200 2558 "-" "kube-probe/1.30"
91.198.174.22 - - [03/Jul/2026:15:05:15 +0000] "GET /healthz HTTP/1.1" 304 1418 "-" "Mozilla/5.0 (iPad; CPU OS 17_4 like Mac OS X) AppleWebKit/605.1.15 Version/17.4 Mobile/15E148 Safari/604.1"
141.8.153.222 - - [03/Jul/2026:15:05:15 +0000] "GET / HTTP/1.1" 200 58097 "/robots.txt" "Mozilla/5.0 (iPhone; CPU iPhone OS 17_4 like Mac OS X) AppleWebKit/605.1.15 Version/17.4 Mobile/15E148 Safari/604.1"
46.188.19.142 - - [03/Jul/2026:15:05:17 +0000] "GET /assets/site.css HTTP/1.1" 200 50263 "/assets/app.js" "Mozilla/5.0 (Macintosh; Intel Mac OS X 14_5) AppleWebKit/605.1.15 Version/17.4 Safari/605.1.15"
171.25.193.20 - - [03/Jul/2026:15:05:18 +0000] "GET /error-log.txt HTTP/1.1" 500 204 "-" "python-requests/2.31.0"
212.76.133.14 - - [03/Jul/2026:15:05:18 +0000] "GET /assets/app.js HTTP/1.1" 200 52733 "/robots.txt" "Mozilla/5.0 (Windows NT 10.0; Win64; rv:124.0) Gecko/20100101 Firefox/124.0"
66.249.75.10 - - [03/Jul/2026:15:05:18 +0000] "GET /api/products HTTP/1.1" 200 756 "/about" "Mozilla/5.0 (X11; Linux x86_64) AppleWebKit/537.36 Chrome/122.0.0.0 Safari/537.36"
