157.55.39.7 - - [03/Jul/2026:15:42:57 +0000] "GET /contacts HTTP/1.1" 200 35383 "/robots.txt" "Mozilla/5.0 (Windows NT 10.0; Win64; rv:124.0) Gecko/20100101 Firefox/124.0"
212.76.133.14 - - [03/Jul/2026:15:42:57 +0000] "GET /assets/logo.svg HTTP/1.1" 200 50787 "-" "Mozilla/5.0 (Macintosh; Intel Mac OS X 14_5) AppleWebKit/537.36 Chrome/124.0.0.0 Safari/537.36"
91.198.174.22 - - [03/Jul/2026:15:42:57 +0000] "HEAD /api/products HTTP/1.1" 200 5518 "/assets/site.css" "Mozilla/5.0 (Macintosh; Intel Mac OS X 14_5) AppleWebKit/605.1.15 Version/17.4 Safari/605.1.15"
185.220.101.54 - - [03/Jul/2026:15:42:57 +0000] "HEAD /SystemOut.log HTTP/1.1" 302 2016 "-" "sqlmap/1.8.4#stable"
77.88.55.201 - - [03/Jul/2026:15:42:57 +0000] "GET /healthz HTTP/1.1" 304 2395 "/metrics" "Mozilla/5.0 (Macintosh; Intel Mac OS X 14_5) AppleWebKit/605.1.15 Version/17.4 Safari/605.1.15"
46.188.19.142 - - [03/Jul/2026:15:42:58 +0000] "GET /articles/2026/q2 HTTP/1.1" 200 7241 "-" "Mozilla/5.0 (Macintosh; Intel Mac OS X 14_5) AppleWebKit/605.1.15 Version/17.4 Safari/605.1.15"
173.123.101.76 - - [03/Jul/2026:15:42:59 +0000] "GET /assets/app.js HTTP/1.1" 200 70629 "/sitemap.xml" "Mozilla/5.0 (Windows NT 10.0; Win64; x64) AppleWebKit/537.36 Edg/124.0.0.0"
203.0.113.77 - - [03/Jul/2026:15:43:00 +0000] "GET /sitemap.xml HTTP/1.1" 304 2770 "-" "Mozilla/5.0 (X11; Linux x86_64) AppleWebKit/537.36 Chrome/122.0.0.0 Safari/537.36"
156.146.62.11 - - [03/Jul/2026:15:43:01 +0000] "OPTIONS /swagger/ui HTTP/1.1" 405 727 "-" "DirBuster-1.0-RC1"
157.55.39.7 - - [03/Jul/2026:15:43:02 +0000] "GET /healthz HTTP/1.1" 200 42784 "-" "Mozilla/5.0 (iPad; CPU OS 17_4 like Mac OS X) AppleWebKit/605.1.15 Version/17.4 Mobile/15E148 Safari/604.1"
146.222.92.94 - - [03/Jul/2026:15:43:04 +0000] "GET /subversion/ HTTP/1.1" 302 1500 "-" "feroxbuster/2.11.0"
203.0.113.77 - - [03/Jul/2026:15:43:05 +0000] "GET /articles/2026/q2 HTTP/1.1" 200 37590 "-" "Mozilla/5.0 (X11; Linux x86_64) AppleWebKit/537.36 Chrome/122.0.0.0 Safari/537.36"
203.0.113.77 - - [03/Jul/2026:15:43:05 +0000] "GET /api/products HTTP/1.1" 200 33119 "-" "Mozilla/5.0 (Macintosh; Intel Mac OS X 14_5) AppleWebKit/605.1.15 Version/17.4 Safari/605.1.15"
23.129.64.112 - - [03/Jul/2026:15:43:06 +0000] "HEAD /adminer-4.4.0.php HTTP/1.1" 302 1499 "-" "Wfuzz/3.1.0"
45.9.148.77 - - [03/Jul/2026:15:43:08 +0000] "OPTIONS /tmp/access.log HTTP/1.1" 403 1120 "-" "ffuf/2.1.0"
91.198.174.22 - - [03/Jul/2026:15:43:09 +0000] "GET /about HTTP/1.1" 200 64176 "-" "Mozilla/5.0 (Linux; Android 13; SM-S918B) AppleWebKit/537.36 SamsungBrowser/24.0 Chrome/120.0 Mobile Safari/537.36"
238.181.248.70 - - [03/Jul/2026:15:43:09 +0000] "GET /healthz HTTP/1.1" 200 44459 "/assets/logo.svg" "Mozilla/5.0 (Macintosh; Intel Mac OS X 14_5) AppleWebKit/605.1.15 Version/17.4 Safari/605.1.15"
213.24.11.146 - - [03/Jul/2026:15:43:10 +0000] "GET /products HTTP/1.1" 200 58222 "/sitemap.xml" "Mozilla/5.0 (X11; Linux x86_64) AppleWebKit/537.36 Chrome/122.0.0.0 Safari/537.36"
104.244.72.115 - - [03/Jul/2026:15:43:11 +0000] "GET /.production HTTP/1.1" 403 1064 "-" "DirBuster-1.0-RC1"
188.18.77.220 - - [03/Jul/2026:15:43:11 +0000] "GET /favicon.ico HTTP/1.1" 200 44769 "-" "Mozilla/5.0 (iPhone; CPU iPhone OS 17_4 like Mac OS X) AppleWebKit/605.1.15 Version/17.4 Mobile/15E148 Safari/604.1"
188.18.77.220 - - [03/Jul/2026:15:43:12 +0000] "GET /assets/site.css HTTP/1.1" 200 39870 "-" "Mozilla/5.0 (compatible; YandexBot/3.0; +http://yandex.com/bots)"
213.24.11.146 - - [03/Jul/2026:15:43:13 +0000] "GET /favicon.ico HTTP/1.1" 304 1082 "-" "Mozilla/5.0 (iPad; CPU OS 17_4 like Mac OS X) AppleWebKit/605.1.15 Version/17.4 Mobile/15E148 Safari/604.1"
23.129.64.112 - - [03/Jul/2026:15:43:13 +0000] "HEAD /images/ HTTP/1.1" 404 348 "-" "ffuf/2.1.0"
188.18.77.220 - - [03/Jul/2026:15:43:13 +0000] "GET /assets/logo.svg HTTP/1.1" 200 24321 "-" "Mozilla/5.0 (compatible; Googlebot/2.1; +http://www.google.com/bot.html)"
111.249.21.12 - - [03/Jul/2026:15:43:14 +0000] "HEAD /cron/cron.sh HTTP/1.1" 302 1061 "-" "feroxbuster/2.11.0"
91.198.174.22 - - [03/Jul/2026:15:43:14 +0000] "GET / HTTP/1.1" 200 73702 "-" "Mozilla/5.0 (Windows NT 10.0; Win64; x64) AppleWebKit/537.36 Chrome/123.0.0.0 Safari/537.36"
104.244.72.115 - - [03/Jul/2026:15:43:14 +0000] "GET /nginx-access.log HTTP/1.1" 301 2145 "-" "dirsearch/0.4.3"
212.76.133.14 - - [03/Jul/2026:15:43:15 +0000] "GET /assets/app.js HTTP/1.1" 200 40787 "-" "Mozilla/5.0 (compatible; Googlebot/2.1; +http://www.google.com/bot.html)"
80.85.246.17 - - [03/Jul/2026:15:43:17 +0000] "OPTIONS /r57eng.php HTTP/1.1" 404 1924 "-" "dirsearch/0.4.3"
104.244.72.115 - - [03/Jul/2026:15:43:17 +0000] "OPTIONS /contributors.txt HTTP/1.1" 403 1455 "-" "gobuster/3.6"
80.85.246.17 - - [03/Jul/2026:15:43:18 +0000] "OPTIONS /clients.tar.gz HTTP/1.1" 403 2084 "-" "masscan/1.3 (https://github.com/robertdavidgraham/masscan)"
203.0.113.77 - - [03/Jul/2026:15:43:19 +0000] "GET /articles/2026/q2 HTTP/1.1" 304 398 "/contacts" "Mozilla/5.0 (Linux; Android 13; SM-S918B) AppleWebKit/537.36 SamsungBrowser/24.0 Chrome/120.0 Mobile Safari/537.36"
213.24.11.146 - - [03/Jul/2026:15:43:19 +0000] "HEAD /healthz HTTP/1.1" 200 7471 "/healthz" "Mozilla/5.0 (Macintosh; Intel Mac OS X 14_5) AppleWebKit/605.1.15 Version/17.4 Safari/605.1.15"
40.77.167.21 - - [03/Jul/2026:15:43:19 +0000] "GET /articles/2026/q2 HTTP/1.1" 200 69368 "/favicon.ico" "Mozilla/5.0 (compatible; bingbot/2.0; +http://www.bing.com/bingbot.htm)"
45.9.148.77 - - [03/Jul/2026:15:43:19 +0000] "GET /shellz.php HTTP/1.1" 403 288 "-" "masscan/1.3 (https://github.com/robertdavidgraham/masscan)"
80.85.246.17 - - [03/Jul/2026:15:43:20 +0000] "GET /app/config/parameters.ini HTTP/1.1" 500 976 "-" "ffuf/2.1.0"
76.80.130.218 - - [03/Jul/2026:15:43:20 +0000] "GET /api/products HTTP/1.1" 200 15170 "/api/products" "Mozilla/5.0 (iPhone; CPU iPhone OS 17_4 like Mac OS X) AppleWebKit/605.1.15 Version/17.4 Mobile/15E148 Safari/604.1"
77.88.55.201 - - [03/Jul/2026:15:43:20 +0000] "GET /api/products HTTP/1.1" 200 40873 "-" "Mozilla/5.0 (Windows NT 10.0; Win64; x64) AppleWebKit/537.36 Edg/124.0.0.0"
10.42.2.130 - - [03/Jul/2026:15:43:22 +0000] "GET /healthz HTTP/1.1" 503 1289 "-" "kube-probe/1.30"
46.188.19.142 - - [03/Jul/2026:15:43:22 +0000] "GET / HTTP/1.1" 200 46199 "/articles/2026/q2" "Mozilla/5.0 (X11; Linux x86_64) AppleWebKit/537.36 Chrome/122.0.0.0 Safari/537.36"
194.26.29.89 - - [03/Jul/2026:15:43:22 +0000] "OPTIONS /.gitlab-ci.yml HTTP/1.1" 403 1940 "-" "Nmap Scripting Engine"
46.188.19.142 - - [03/Jul/2026:15:43:23 +0000] "GET /favicon.ico HTTP/1.1" 200 76968 "/api/products" "Mozilla/5.0 (Windows NT 10.0; Win64; rv:124.0) Gecko/20100101 Firefox/124.0"
10.42.2.248 - - [03/Jul/2026:15:43:24 +0000] "GET /healthz HTTP/1.1" 200 1577 "-" "kube-probe/1.30"
116.252.95.151 - - [03/Jul/2026:15:43:24 +0000] "GET /api/news HTTP/1.1" 200 26132 "-" "Mozilla/5.0 (iPhone; CPU iPhone OS 17_4 like Mac OS X) AppleWebKit/605.1.15 Version/17.4 Mobile/15E148 Safari/604.1"
198.51.100.45 - - [03/Jul/2026:15:43:24 +0000] "GET /api/news HTTP/1.1" 304 3709 "/favicon.ico" "Mozilla/5.0 (iPhone; CPU iPhone OS 17_4 like Mac OS X) AppleWebKit/605.1.15 Version/17.4 Mobile/15E148 Safari/604.1"
40.77.167.21 - - [03/Jul/2026:15:43:25 +0000] "GET /robots.txt HTTP/1.1" 200 17847 "-" "Mozilla/5.0 (compatible; YandexBot/3.0; +http://yandex.com/bots)"
5.188.206.67 - - [03/Jul/2026:15:43:26 +0000] "OPTIONS /access.log HTTP/1.1" 404 1154 "-" "dirsearch/0.4.3"
46.188.19.142 - - [03/Jul/2026:15:43:27 +0000] "GET /sitemap.xml HTTP/1.1" 304 3698 "-" "Mozilla/5.0 (iPhone; CPU iPhone OS 17_4 like Mac OS X) AppleWebKit/605.1.15 Version/17.4 Mobile/15E148 Safari/604.1"
198.51.100.45 - - [03/Jul/2026:15:43:30 +0000] "HEAD /api/news HTTP/1.1" 200 82471 "-" "Mozilla/5.0 (Windows NT 10.0; Win64; x64) AppleWebKit/537.36 Edg/124.0.0.0"
121.94.145.25 - - [03/Jul/2026:15:43:31 +0000] "GET /assets/site.css HTTP/1.1" 200 79482 "/robots.txt" "Mozilla/5.0 (Macintosh; Intel Mac OS X 14_5) AppleWebKit/605.1.15 Version/17.4 Safari/605.1.15"
23.129.64.112 - - [03/Jul/2026:15:43:31 +0000] "OPTIONS /httpd/logs/access.log HTTP/1.1" 404 1010 "-" "sqlmap/1.8.4#stable"
46.188.19.142 - - [03/Jul/2026:15:43:32 +0000] "GET /favicon.ico HTTP/1.1" 200 13450 "-" "Mozilla/5.0 (compatible; Googlebot/2.1; +http://www.google.com/bot.html)"
156.146.62.11 - - [03/Jul/2026:15:43:32 +0000] "OPTIONS /wp-cli.yml HTTP/1.1" 404 1630 "-" "sqlmap/1.8.4#stable"
185.220.101.54 - - [03/Jul/2026:15:43:32 +0000] "HEAD /CHANGELOG.txt HTTP/1.1" 403 881 "-" "masscan/1.3 (https://github.com/robertdavidgraham/masscan)"
10.42.2.184 - - [03/Jul/2026:15:43:34 +0000] "GET /metrics HTTP/1.1" 200 5643 "-" "kube-probe/1.30"
141.8.153.222 - - [03/Jul/2026:15:43:34 +0000] "GET /api/news HTTP/1.1" 304 1148 "/assets/logo.svg" "Mozilla/5.0 (Macintosh; Intel Mac OS X 14_5) AppleWebKit/605.1.15 Version/17.4 Safari/605.1.15"
203.0.113.77 - - [03/Jul/2026:15:43:34 +0000] "GET /metrics HTTP/1.1" 200 80562 "/metrics" "Mozilla/5.0 (Windows NT 10.0; Win64; x64) AppleWebKit/537.36 Chrome/123.0.0.0 Safari/537.36"
40.77.167.21 - - [03/Jul/2026:15:43:35 +0000] "GET /api/products HTTP/1.1" 304 2227 "-" "Mozilla/5.0 (Windows NT 10.0; Win64; rv:124.0) Gecko/20100101 Firefox/124.0"
157.55.39.7 - - [03/Jul/2026:15:43:36 +0000] "GET /sitemap.xml HTTP/1.1" 200 69947 "/contacts" "Mozilla/5.0 (Macintosh; Intel Mac OS X 14_5) AppleWebKit/537.36 Chrome/124.0.0.0 Safari/537.36"
77.88.55.201 - - [03/Jul/2026:15:43:36 +0000] "GET / HTTP/1.1" 200 68883 "/" "Mozilla/5.0 (Windows NT 10.0; Win64; x64) AppleWebKit/537.36 Edg/124.0.0.0"
66.249.75.10 - - [03/Jul/2026:15:43:37 +0000] "GET /articles/2026/q2 HTTP/1.1" 304 3760 "-" "Mozilla/5.0 (Macintosh; Intel Mac OS X 14_5) AppleWebKit/605.1.15 Version/17.4 Safari/605.1.15"
244.146.50.32 - - [03/Jul/2026:15:43:37 +0000] "OPTIONS /apache/logs/access.log HTTP/1.1" 403 1154 "-" "python-requests/2.31.0"
188.18.77.220 - - [03/Jul/2026:15:43:37 +0000] "GET /assets/site.css HTTP/1.1" 200 52661 "/articles/2026/q2" "Mozilla/5.0 (compatible; Googlebot/2.1; +http://www.google.com/bot.html)"
141.8.153.222 - - [03/Jul/2026:15:43:39 +0000] "GET /api/news HTTP/1.1" 200 75624 "/assets/app.js" "Mozilla/5.0 (iPhone; CPU iPhone OS 17_4 like Mac OS X) AppleWebKit/605.1.15 Version/17.4 Mobile/15E148 Safari/604.1"
213.24.11.146 - - [03/Jul/2026:15:43:40 +0000] "GET /favicon.ico HTTP/1.1" 304 3250 "-" "Mozilla/5.0 (Macintosh; Intel Mac OS X 14_5) AppleWebKit/537.36 Chrome/124.0.0.0 Safari/537.36"
141.8.153.222 - - [03/Jul/2026:15:43:41 +0000] "GET /healthz HTTP/1.1" 304 3950 "-" "Mozilla/5.0 (iPad; CPU OS 17_4 like Mac OS X) AppleWebKit/605.1.15 Version/17.4 Mobile/15E148 Safari/604.1"
203.0.113.77 - - [03/Jul/2026:15:43:42 +0000] "HEAD /articles/2026/q2 HTTP/1.1" 304 268 "/healthz" "Mozilla/5.0 (Windows NT 10.0; Win64; x64) AppleWebKit/537.36 Chrome/123.0.0.0 Safari/537.36"
40.77.167.21 - - [03/Jul/2026:15:43:43 +0000] "GET /contacts HTTP/1.1" 200 83718 "-" "Mozilla/5.0 (compatible; YandexBot/3.0; +http://yandex.com/bots)"
212.76.133.14 - - [03/Jul/2026:15:43:43 +0000] "GET /assets/app.js HTTP/1.1" 200 25276 "-" "Mozilla/5.0 (Windows NT 10.0; Win64; x64) AppleWebKit/537.36 Edg/124.0.0.0"
185.220.101.54 - - [03/Jul/2026:15:43:45 +0000] "GET /admin/index.html HTTP/1.1" 404 1024 "-" "feroxbuster/2.11.0"
109.144.48.92 - - [03/Jul/2026:15:43:45 +0000] "GET /assets/logo.svg HTTP/1.1" 200 67719 "/contacts" "Mozilla/5.0 (Linux; Android 13; SM-S918B) AppleWebKit/537.36 SamsungBrowser/24.0 Chrome/120.0 Mobile Safari/537.36"
46.188.19.142 - - [03/Jul/2026:15:43:45 +0000] "GET /assets/site.css HTTP/1.1" 200 45315 "-" "Mozilla/5.0 (Windows NT 10.0; Win64; x64) AppleWebKit/537.36 Edg/124.0.0.0"
185.193.88.77 - - [03/Jul/2026:15:43:45 +0000] "GET /admin_tools/ HTTP/1.1" 405 1076 "-" "ffuf/2.1.0"
5.188.206.67 - - [03/Jul/2026:15:43:46 +0000] "HEAD /phpMyAdmin-2/ HTTP/1.1" 404 260 "-" "feroxbuster/2.11.0"
212.76.133.14 - - [03/Jul/2026:15:43:46 +0000] "GET /contacts HTTP/1.1" 200 28197 "-" "Mozilla/5.0 (Windows NT 10.0; Win64; rv:124.0) Gecko/20100101 Firefox/124.0"
185.220.101.54 - - [03/Jul/2026:15:43:48 +0000] "OPTIONS /df_main.sql HTTP/1.1" 404 1928 "-" "feroxbuster/2.11.0"
203.0.113.77 - - [03/Jul/2026:15:43:48 +0000] "GET /robots.txt HTTP/1.1" 304 2409 "/assets/app.js" "Mozilla/5.0 (Windows NT 10.0; Win64; x64) AppleWebKit/537.36 Edg/124.0.0.0"
5.188.206.67 - - [03/Jul/2026:15:43:50 +0000] "GET /SypexDumper_2011/ HTTP/1.1" 500 1643 "-" "Go-http-client/1.1"
10.42.1.141 - - [03/Jul/2026:15:43:50 +0000] "GET /healthz HTTP/1.1" 200 3218 "-" "kube-probe/1.30"
66.249.75.10 - - [03/Jul/2026:15:43:50 +0000] "GET /assets/logo.svg HTTP/1.1" 304 3998 "/metrics" "Mozilla/5.0 (Windows NT 10.0; Win64; rv:124.0) Gecko/20100101 Firefox/124.0"
141.8.153.222 - - [03/Jul/2026:15:43:50 +0000] "GET /assets/app.js HTTP/1.1" 200 66764 "-" "Mozilla/5.0 (X11; Linux x86_64) AppleWebKit/537.36 Chrome/122.0.0.0 Safari/537.36"
66.249.75.10 - - [03/Jul/2026:15:43:51 +0000] "GET /metrics HTTP/1.1" 200 8329 "-" "Mozilla/5.0 (compatible; bingbot/2.0; +http://www.bing.com/bingbot.htm)"
45.146.164.12 - - [03/Jul/2026:15:43:52 +0000] "OPTIONS /access.log HTTP/1.1" 405 375 "-" "masscan/1.3 (https://github.com/robertdavidgraham/masscan)"
198.51.100.45 - - [03/Jul/2026:15:43:52 +0000] "GET /api/news HTTP/1.1" 200 693 "-" "Mozilla/5.0 (X11; Linux x86_64) AppleWebKit/537.36 Chrome/122.0.0.0 Safari/537.36"
104.244.72.115 - - [03/Jul/2026:15:43:53 +0000] "HEAD /phpmyadmin4/ HTTP/1.1" 404 735 "-" "sqlmap/1.8.4#stable"
156.146.62.11 - - [03/Jul/2026:15:43:53 +0000] "HEAD /configs/ HTTP/1.1" 403 532 "-" "sqlmap/1.8.4#stable"
141.8.153.222 - - [03/Jul/2026:15:43:53 +0000] "GET / HTTP/1.1" 304 377 "-" "Mozilla/5.0 (Windows NT 10.0; Win64; x64) AppleWebKit/537.36 Chrome/123.0.0.0 Safari/537.36"
198.51.100.45 - - [03/Jul/2026:15:43:53 +0000] "GET /favicon.ico HTTP/1.1" 200 38540 "-" "Mozilla/5.0 (iPad; CPU OS 17_4 like Mac OS X) AppleWebKit/605.1.15 Version/17.4 Mobile/15E148 Safari/604.1"
156.146.62.11 - - [03/Jul/2026:15:43:55 +0000] "GET /build/ HTTP/1.1" 302 2051 "-" "Nmap Scripting Engine"
10.42.2.83 - - [03/Jul/2026:15:43:55 +0000] "GET /metrics HTTP/1.1" 200 4882 "-" "kube-probe/1.30"
165.109.93.156 - - [03/Jul/2026:15:43:56 +0000] "GET /.htaccess-marco HTTP/1.1" 301 2062 "-" "dirsearch/0.4.3"
77.88.55.201 - - [03/Jul/2026:15:43:57 +0000] "HEAD /metrics HTTP/1.1" 200 64488 "-" "Mozilla/5.0 (Windows NT 10.0; Win64; rv:124.0) Gecko/20100101 Firefox/124.0"
71.120.5.101 - - [03/Jul/2026:15:43:57 +0000] "GET /contacts HTTP/1.1" 200 60694 "/" "Mozilla/5.0 (Linux; Android 13; SM-S918B) AppleWebKit/537.36 SamsungBrowser/24.0 Chrome/120.0 Mobile Safari/537.36"
77.88.55.201 - - [03/Jul/2026:15:43:58 +0000] "GET /metrics HTTP/1.1" 200 11529 "-" "Mozilla/5.0 (Windows NT 10.0; Win64; x64) AppleWebKit/537.36 Edg/124.0.0.0"
109.232.158.125 - - [03/Jul/2026:15:43:59 +0000] "GET /sql/sql-admin/ HTTP/1.1" 302 1953 "-" "Wfuzz/3.1.0"
185.193.88.77 - - [03/Jul/2026:15:43:59 +0000] "OPTIONS /bitrix/modules/updater.log HTTP/1.1" 302 1261 "-" "feroxbuster/2.11.0"
125.131.45.69 - - [03/Jul/2026:15:43:59 +0000] "GET /sitemap.xml HTTP/1.1" 200 12533 "/products" "DuckDuckBot/1.0; (+http://duckduckgo.com/duckduckbot)"
10.42.2.124 - - [03/Jul/2026:15:44:00 +0000] "GET /metrics HTTP/1.1" 200 2846 "-" "kube-probe/1.30"
91.198.174.22 - - [03/Jul/2026:15:44:00 +0000] "HEAD /about HTTP/1.1" 304 1725 "-" "Mozilla/5.0 (Windows NT 10.0; Win64; rv:124.0) Gecko/20100101 Firefox/124.0"
193.142.147.55 - - [03/Jul/2026:15:44:01 +0000] "GET /Sh3ll.php HTTP/1.1" 403 2198 "-" "python-requests/2.31.0"
40.77.167.21 - - [03/Jul/2026:15:44:01 +0000] "GET /assets/app.js HTTP/1.1" 200 40987 "-" "Mozilla/5.0 (Windows NT 10.0; Win64; x64) AppleWebKit/537.36 Edg/124.0.0.0"
203.0.113.77 - - [03/Jul/2026:15:44:01 +0000] "GET /sitemap.xml HTTP/1.1" 200 80451 "-" "Mozilla/5.0 (Windows NT 10.0; Win64; x64) AppleWebKit/537.36 Edg/124.0.0.0"
194.26.29.89 - - [03/Jul/2026:15:44:01 +0000] "HEAD /manifest.yml HTTP/1.1" 403 1944 "-" "python-requests/2.31.0"
194.26.29.89 - - [03/Jul/2026:15:44:02 +0000] "GET /nginx-ssl.access.log HTTP/1.1" 404 2482 "-" "Go-http-client/1.1"
141.8.153.222 - - [03/Jul/2026:15:44:02 +0000] "GET /api/products HTTP/1.1" 304 3743 "/metrics" "Mozilla/5.0 (Macintosh; Intel Mac OS X 14_5) AppleWebKit/605.1.15 Version/17.4 Safari/605.1.15"
58.191.103.221 - - [03/Jul/2026:15:44:03 +0000] "GET /favicon.ico HTTP/1.1" 200 46532 "/articles/2026/q2" "Mozilla/5.0 (compatible; bingbot/2.0; +http://www.bing.com/bingbot.htm)"
104.244.72.115 - - [03/Jul/2026:15:44:03 +0000] "GET /resources/tmp/ HTTP/1.1" 404 780 "-" "masscan/1.3 (https://github.com/robertdavidgraham/masscan)"
10.42.3.32 - - [03/Jul/2026:15:44:04 +0000] "GET /healthz HTTP/1.1" 200 4594 "-" "curl/8.6.0"
185.220.101.54 - - [03/Jul/2026:15:44:04 +0000] "HEAD /Gulpfile.coffee HTTP/1.1" 403 1206 "-" "Wfuzz/3.1.0"
213.24.11.146 - - [03/Jul/2026:15:44:04 +0000] "HEAD /api/products HTTP/1.1" 304 3770 "/robots.txt" "Mozilla/5.0 (Linux; Android 13; SM-S918B) AppleWebKit/537.36 SamsungBrowser/24.0 Chrome/120.0 Mobile Safari/537.36"
198.51.100.45 - - [03/Jul/2026:15:44:05 +0000] "GET /contacts HTTP/1.1" 200 49024 "/assets/site.css" "Mozilla/5.0 (iPad; CPU OS 17_4 like Mac OS X) AppleWebKit/605.1.15 Version/17.4 Mobile/15E148 Safari/604.1"
156.146.62.11 - - [03/Jul/2026:15:44:05 +0000] "HEAD /_vti_pvt/ HTTP/1.1" 404 489 "-" "python-requests/2.31.0"
171.25.193.20 - - [03/Jul/2026:15:44:06 +0000] "OPTIONS /error_import HTTP/1.1" 404 1381 "-" "Wfuzz/3.1.0"
66.249.75.10 - - [03/Jul/2026:15:44:06 +0000] "GET /contacts HTTP/1.1" 200 9731 "/products" "Mozilla/5.0 (iPad; CPU OS 17_4 like Mac OS X) AppleWebKit/605.1.15 Version/17.4 Mobile/15E148 Safari/604.1"
46.188.19.142 - - [03/Jul/2026:15:44:07 +0000] "GET /healthz HTTP/1.1" 200 57629 "/" "Mozilla/5.0 (Windows NT 10.0; Win64; x64) AppleWebKit/537.36 Edg/124.0.0.0"
131.105.196.29 - - [03/Jul/2026:15:44:09 +0000] "GET /api/news HTTP/1.1" 200 1449 "/articles/2026/q2" "Mozilla/5.0 (Windows NT 10.0; Win64; rv:124.0) Gecko/20100101 Firefox/124.0"
203.0.113.77 - - [03/Jul/2026:15:44:09 +0000] "GET /assets/logo.svg HTTP/1.1" 200 28875 "-" "Mozilla/5.0 (Macintosh; Intel Mac OS X 14_5) AppleWebKit/537.36 Chrome/124.0.0.0 Safari/537.36"
10.42.3.6 - - [03/Jul/2026:15:44:09 +0000] "GET /healthz HTTP/1.1" 200 460 "-" "curl/8.6.0"
213.24.11.146 - - [03/Jul/2026:15:44:10 +0000] "GET / HTTP/1.1" 200 15410 "-" "DuckDuckBot/1.0; (+http://duckduckgo.com/duckduckbot)"
91.198.174.22 - - [03/Jul/2026:15:44:11 +0000] "GET /articles/2026/q2 HTTP/1.1" 200 63078 "/metrics" "Mozilla/5.0 (Macintosh; Intel Mac OS X 14_5) AppleWebKit/605.1.15 Version/17.4 Safari/605.1.15"
212.76.133.14 - - [03/Jul/2026:15:44:11 +0000] "GET /robots.txt HTTP/1.1" 200 11652 "-" "Mozilla/5.0 (Windows NT 10.0; Win64; x64) AppleWebKit/537.36 Edg/124.0.0.0"
10.42.3.213 - - [03/Jul/2026:15:44:11 +0000] "GET /healthz HTTP/1.1" 200 5193 "-" "kube-probe/1.30"
212.76.133.14 - - [03/Jul/2026:15:44:11 +0000] "GET /api/products HTTP/1.1" 200 70441 "-" "Mozilla/5.0 (iPhone; CPU iPhone OS 17_4 like Mac OS X) AppleWebKit/605.1.15 Version/17.4 Mobile/15E148 Safari/604.1"
213.24.11.146 - - [03/Jul/2026:15:44:12 +0000] "GET /assets/site.css HTTP/1.1" 200 22047 "/" "Mozilla/5.0 (iPad; CPU OS 17_4 like Mac OS X) AppleWebKit/605.1.15 Version/17.4 Mobile/15E148 Safari/604.1"
157.55.39.7 - - [03/Jul/2026:15:44:12 +0000] "HEAD / HTTP/1.1" 304 2003 "/healthz" "DuckDuckBot/1.0; (+http://duckduckgo.com/duckduckbot)"
104.244.72.115 - - [03/Jul/2026:15:44:13 +0000] "GET /_layouts/ HTTP/1.1" 404 338 "-" "Nmap Scripting Engine"
185.193.88.77 - - [03/Jul/2026:15:44:13 +0000] "GET /admin/error.log HTTP/1.1" 404 246 "-" "Go-http-client/1.1"
193.142.147.55 - - [03/Jul/2026:15:44:13 +0000] "GET /stash/ HTTP/1.1" 404 321 "-" "Go-http-client/1.1"
46.188.19.142 - - [03/Jul/2026:15:44:14 +0000] "GET / HTTP/1.1" 200 45136 "/metrics" "DuckDuckBot/1.0; (+http://duckduckgo.com/duckduckbot)"
17.59.209.115 - - [03/Jul/2026:15:44:14 +0000] "GET /app/config/adminConf.json HTTP/1.1" 301 965 "-" "DirBuster-1.0-RC1"
77.88.55.201 - - [03/Jul/2026:15:44:14 +0000] "GET /articles/2026/q2 HTTP/1.1" 304 3602 "-" "Mozilla/5.0 (Windows NT 10.0; Win64; x64) AppleWebKit/537.36 Chrome/123.0.0.0 Safari/537.36"
203.0.113.77 - - [03/Jul/2026:15:44:17 +0000] "GET /robots.txt HTTP/1.1" 200 70148 "-" "Mozilla/5.0 (iPad; CPU OS 17_4 like Mac OS X) AppleWebKit/605.1.15 Version/17.4 Mobile/15E148 Safari/604.1"
169.62.196.145 - - [03/Jul/2026:15:44:18 +0000] "GET /sitemap.xml HTTP/1.1" 304 3592 "-" "Mozilla/5.0 (iPad; CPU OS 17_4 like Mac OS X) AppleWebKit/605.1.15 Version/17.4 Mobile/15E148 Safari/604.1"
185.220.101.54 - - [03/Jul/2026:15:44:19 +0000] "GET /data/backups/ HTTP/1.1" 404 2334 "-" "gobuster/3.6"
212.76.133.14 - - [03/Jul/2026:15:44:19 +0000] "GET /robots.txt HTTP/1.1" 200 66829 "/healthz" "Mozilla/5.0 (Windows NT 10.0; Win64; x64) AppleWebKit/537.36 Edg/124.0.0.0"
91.198.174.22 - - [03/Jul/2026:15:44:20 +0000] "GET /articles/2026/q2 HTTP/1.1" 304 3117 "/assets/logo.svg" "Mozilla/5.0 (Windows NT 10.0; Win64; rv:124.0) Gecko/20100101 Firefox/124.0"
171.25.193.20 - - [03/Jul/2026:15:44:20 +0000] "GET /datadog/ HTTP/1.1" 404 311 "-" "sqlmap/1.8.4#stable"
14.140.178.161 - - [03/Jul/2026:15:44:21 +0000] "GET /apache/logs/access.log HTTP/1.1" 404 1281 "-" "Nmap Scripting Engine"
111.50.84.243 - - [03/Jul/2026:15:44:21 +0000] "GET /api/news HTTP/1.1" 200 17339 "-" "Mozilla/5.0 (Macintosh; Intel Mac OS X 14_5) AppleWebKit/537.36 Chrome/124.0.0.0 Safari/537.36"
10.42.2.72 - - [03/Jul/2026:15:44:22 +0000] "GET /healthz HTTP/1.1" 200 3551 "-" "kube-probe/1.30"
157.55.39.7 - - [03/Jul/2026:15:44:22 +0000] "GET /favicon.ico HTTP/1.1" 200 56808 "/products" "Mozilla/5.0 (X11; Linux x86_64) AppleWebKit/537.36 Chrome/122.0.0.0 Safari/537.36"
203.0.113.77 - - [03/Jul/2026:15:44:22 +0000] "GET /articles/2026/q2 HTTP/1.1" 200 16867 "/healthz" "Mozilla/5.0 (compatible; Googlebot/2.1; +http://www.google.com/bot.html)"
46.188.19.142 - - [03/Jul/2026:15:44:23 +0000] "GET /healthz HTTP/1.1" 200 65255 "/assets/app.js" "Mozilla/5.0 (iPhone; CPU iPhone OS 17_4 like Mac OS X) AppleWebKit/605.1.15 Version/17.4 Mobile/15E148 Safari/604.1"
141.8.153.222 - - [03/Jul/2026:15:44:23 +0000] "GET /favicon.ico HTTP/1.1" 200 40772 "/sitemap.xml" "Mozilla/5.0 (Linux; Android 13; SM-S918B) AppleWebKit/537.36 SamsungBrowser/24.0 Chrome/120.0 Mobile Safari/537.36"
91.198.174.22 - - [03/Jul/2026:15:44:23 +0000] "GET /robots.txt HTTP/1.1" 200 44778 "-" "Mozilla/5.0 (Windows NT 10.0; Win64; x64) AppleWebKit/537.36 Edg/124.0.0.0"
91.198.174.22 - - [03/Jul/2026:15:44:23 +0000] "GET /api/products HTTP/1.1" 200 17462 "/robots.txt" "Mozilla/5.0 (Macintosh; Intel Mac OS X 14_5) AppleWebKit/605.1.15 Version/17.4 Safari/605.1.15"
66.249.75.10 - - [03/Jul/2026:15:44:24 +0000] "GET /assets/app.js HTTP/1.1" 200 21886 "-" "Mozilla/5.0 (iPad; CPU OS 17_4 like Mac OS X) AppleWebKit/605.1.15 Version/17.4 Mobile/15E148 Safari/604.1"
188.18.77.220 - - [03/Jul/2026:15:44:25 +0000] "GET /healthz HTTP/1.1" 200 20407 "-" "Mozilla/5.0 (compatible; bingbot/2.0; +http://www.bing.com/bingbot.htm)"
166.142.51.185 - - [03/Jul/2026:15:44:25 +0000] "GET /sitemap.xml HTTP/1.1" 200 52195 "/about" "Mozilla/5.0 (Macintosh; Intel Mac OS X 14_5) AppleWebKit/605.1.15 Version/17.4 Safari/605.1.15"
157.55.39.7 - - [03/Jul/2026:15:44:25 +0000] "GET / HTTP/1.1" 200 33685 "-" "Mozilla/5.0 (compatible; YandexBot/3.0; +http://yandex.com/bots)"
198.51.100.45 - - [03/Jul/2026:15:44:25 +0000] "GET /assets/app.js HTTP/1.1" 200 78546 "-" "Mozilla/5.0 (iPad; CPU OS 17_4 like Mac OS X) AppleWebKit/605.1.15 Version/17.4 Mobile/15E148 Safari/604.1"
188.18.77.220 - - [03/Jul/2026:15:44:25 +0000] "GET /articles/2026/q2 HTTP/1.1" 304 2340 "-" "Mozilla/5.0 (Windows NT 10.0; Win64; x64) AppleWebKit/537.36 Edg/124.0.0.0"
80.85.246.17 - - [03/Jul/2026:15:44:25 +0000] "GET /nginx-ssl.access.log HTTP/1.1" 302 1333 "-" "feroxbuster/2.11.0"
104.244.72.115 - - [03/Jul/2026:15:44:27 +0000] "HEAD /bb-admin/index.html HTTP/1.1" 302 646 "-" "python-requests/2.31.0"
10.42.3.230 - - [03/Jul/2026:15:44:27 +0000] "GET /healthz HTTP/1.1" 200 1768 "-" "curl/8.6.0"
157.55.39.7 - - [03/Jul/2026:15:44:27 +0000] "GET /favicon.ico HTTP/1.1" 200 30124 "-" "DuckDuckBot/1.0; (+http://duckduckgo.com/duckduckbot)"
198.51.100.45 - - [03/Jul/2026:15:44:28 +0000] "GET /contacts HTTP/1.1" 200 1585 "/contacts" "Mozilla/5.0 (Macintosh; Intel Mac OS X 14_5) AppleWebKit/537.36 Chrome/124.0.0.0 Safari/537.36"
188.18.77.220 - - [03/Jul/2026:15:44:28 +0000] "GET /robots.txt HTTP/1.1" 200 52645 "-" "Mozilla/5.0 (compatible; bingbot/2.0; +http://www.bing.com/bingbot.htm)"
40.77.167.21 - - [03/Jul/2026:15:44:28 +0000] "GET /api/products HTTP/1.1" 304 2754 "-" "Mozilla/5.0 (Windows NT 10.0; Win64; x64) AppleWebKit/537.36 Chrome/123.0.0.0 Safari/537.36"
203.0.113.77 - - [03/Jul/2026:15:44:29 +0000] "GET / HTTP/1.1" 304 904 "/metrics" "Mozilla/5.0 (Windows NT 10.0; Win64; rv:124.0) Gecko/20100101 Firefox/124.0"
66.249.75.10 - - [03/Jul/2026:15:44:29 +0000] "GET /api/news HTTP/1.1" 200 35522 "-" "Mozilla/5.0 (Macintosh; Intel Mac OS X 14_5) AppleWebKit/605.1.15 Version/17.4 Safari/605.1.15"
157.55.39.7 - - [03/Jul/2026:15:44:29 +0000] "GET /api/products HTTP/1.1" 304 2991 "-" "Mozilla/5.0 (Windows NT 10.0; Win64; x64) AppleWebKit/537.36 Chrome/123.0.0.0 Safari/537.36"
141.8.153.222 - - [03/Jul/2026:15:44:30 +0000] "GET /contacts HTTP/1.1" 200 84942 "/contacts" "Mozilla/5.0 (compatible; bingbot/2.0; +http://www.bing.com/bingbot.htm)"
193.142.147.55 - - [03/Jul/2026:15:44:30 +0000] "GET /source.php HTTP/1.1" 404 2499 "-" "python-requests/2.31.0"
203.0.113.77 - - [03/Jul/2026:15:44:31 +0000] "GET /assets/logo.svg HTTP/1.1" 304 3658 "/metrics" "Mozilla/5.0 (Linux; Android 13; SM-S918B) AppleWebKit/537.36 SamsungBrowser/24.0 Chrome/120.0 Mobile Safari/537.36"
46.188.19.142 - - [03/Jul/2026:15:44:33 +0000] "GET /assets/logo.svg HTTP/1.1" 200 2231 "-" "Mozilla/5.0 (Windows NT 10.0; Win64; x64) AppleWebKit/537.36 Chrome/123.0.0.0 Safari/537.36"
10.42.1.167 - - [03/Jul/2026:15:44:33 +0000] "GET /healthz HTTP/1.1" 200 267 "-" "curl/8.6.0"
212.76.133.14 - - [03/Jul/2026:15:44:34 +0000] "GET /robots.txt HTTP/1.1" 304 2433 "-" "Mozilla/5.0 (iPhone; CPU iPhone OS 17_4 like Mac OS X) AppleWebKit/605.1.15 Version/17.4 Mobile/15E148 Safari/604.1"
203.0.113.77 - - [03/Jul/2026:15:44:36 +0000] "GET /api/news HTTP/1.1" 304 2485 "-" "Mozilla/5.0 (compatible; Googlebot/2.1; +http://www.google.com/bot.html)"
158.155.158.43 - - [03/Jul/2026:15:44:36 +0000] "HEAD /sql/webadmin/ HTTP/1.1" 405 1363 "-" "Go-http-client/1.1"
198.51.100.45 - - [03/Jul/2026:15:44:36 +0000] "HEAD /assets/logo.svg HTTP/1.1" 200 45504 "-" "Mozilla/5.0 (Linux; Android 13; SM-S918B) AppleWebKit/537.36 SamsungBrowser/24.0 Chrome/120.0 Mobile Safari/537.36"
88.103.26.170 - - [03/Jul/2026:15:44:36 +0000] "GET / HTTP/1.1" 200 23081 "-" "Mozilla/5.0 (Windows NT 10.0; Win64; x64) AppleWebKit/537.36 Chrome/123.0.0.0 Safari/537.36"
10.42.2.8 - - [03/Jul/2026:15:44:36 +0000] "GET /healthz HTTP/1.1" 200 5324 "-" "kube-probe/1.30"
203.0.113.77 - - [03/Jul/2026:15:44:37 +0000] "GET /api/news HTTP/1.1" 200 40185 "/assets/site.css" "Mozilla/5.0 (Macintosh; Intel Mac OS X 14_5) AppleWebKit/537.36 Chrome/124.0.0.0 Safari/537.36"
66.249.75.10 - - [03/Jul/2026:15:44:37 +0000] "GET /favicon.ico HTTP/1.1" 200 470 "/about" "Mozilla/5.0 (iPad; CPU OS 17_4 like Mac OS X) AppleWebKit/605.1.15 Version/17.4 Mobile/15E148 Safari/604.1"
141.8.153.222 - - [03/Jul/2026:15:44:38 +0000] "GET /articles/2026/q2 HTTP/1.1" 200 84095 "-" "Mozilla/5.0 (iPad; CPU OS 17_4 like Mac OS X) AppleWebKit/605.1.15 Version/17.4 Mobile/15E148 Safari/604.1"
45.146.164.12 - - [03/Jul/2026:15:44:38 +0000] "HEAD /processlogin.php HTTP/1.1" 500 1067 "-" "gobuster/3.6"
188.18.77.220 - - [03/Jul/2026:15:44:38 +0000] "GET /assets/app.js HTTP/1.1" 200 22072 "-" "Mozilla/5.0 (Windows NT 10.0; Win64; x64) AppleWebKit/537.36 Chrome/123.0.0.0 Safari/537.36"
171.25.193.20 - - [03/Jul/2026:15:44:38 +0000] "GET /sensu/ HTTP/1.1" 404 1789 "-" "Wfuzz/3.1.0"
89.202.175.168 - - [03/Jul/2026:15:44:38 +0000] "GET /phpunit.xml.dist HTTP/1.1" 404 1537 "-" "Nmap Scripting Engine"
225.182.105.169 - - [03/Jul/2026:15:44:40 +0000] "GET /products HTTP/1.1" 200 35306 "/sitemap.xml" "Mozilla/5.0 (Windows NT 10.0; Win64; x64) AppleWebKit/537.36 Chrome/123.0.0.0 Safari/537.36"
66.249.75.10 - - [03/Jul/2026:15:44:40 +0000] "GET /api/products HTTP/1.1" 200 26078 "-" "Mozilla/5.0 (Macintosh; Intel Mac OS X 14_5) AppleWebKit/537.36 Chrome/124.0.0.0 Safari/537.36"
188.18.77.220 - - [03/Jul/2026:15:44:41 +0000] "GET /sitemap.xml HTTP/1.1" 200 46339 "/healthz" "Mozilla/5.0 (X11; Linux x86_64) AppleWebKit/537.36 Chrome/122.0.0.0 Safari/537.36"
91.198.174.22 - - [03/Jul/2026:15:44:42 +0000] "HEAD /articles/2026/q2 HTTP/1.1" 200 31392 "/robots.txt" "Mozilla/5.0 (Windows NT 10.0; Win64; x64) AppleWebKit/537.36 Edg/124.0.0.0"
77.88.55.201 - - [03/Jul/2026:15:44:42 +0000] "GET /articles/2026/q2 HTTP/1.1" 200 62928 "/" "Mozilla/5.0 (Linux; Android 13; SM-S918B) AppleWebKit/537.36 SamsungBrowser/24.0 Chrome/120.0 Mobile Safari/537.36"
46.188.19.142 - - [03/Jul/2026:15:44:43 +0000] "HEAD /assets/logo.svg HTTP/1.1" 200 64538 "-" "Mozilla/5.0 (Macintosh; Intel Mac OS X 14_5) AppleWebKit/605.1.15 Version/17.4 Safari/605.1.15"
188.18.77.220 - - [03/Jul/2026:15:44:43 +0000] "GET /articles/2026/q2 HTTP/1.1" 200 41954 "-" "Mozilla/5.0 (Linux; Android 13; SM-S918B) AppleWebKit/537.36 SamsungBrowser/24.0 Chrome/120.0 Mobile Safari/537.36"
157.55.39.7 - - [03/Jul/2026:15:44:44 +0000] "GET /products HTTP/1.1" 200 58037 "-" "Mozilla/5.0 (Windows NT 10.0; Win64; x64) AppleWebKit/537.36 Edg/124.0.0.0"
212.76.133.14 - - [03/Jul/2026:15:44:45 +0000] "GET /favicon.ico HTTP/1.1" 200 64161 "-" "Mozilla/5.0 (Macintosh; Intel Mac OS X 14_5) AppleWebKit/605.1.15 Version/17.4 Safari/605.1.15"
23.129.64.112 - - [03/Jul/2026:15:44:45 +0000] "OPTIONS /target HTTP/1.1" 403 1936 "-" "ffuf/2.1.0"
188.18.77.220 - - [03/Jul/2026:15:44:45 +0000] "HEAD /about HTTP/1.1" 200 46869 "-" "Mozilla/5.0 (Macintosh; Intel Mac OS X 14_5) AppleWebKit/605.1.15 Version/17.4 Safari/605.1.15"
77.3.114.171 - - [03/Jul/2026:15:44:46 +0000] "OPTIONS /phpmyadmin2017/ HTTP/1.1" 404 1071 "-" "sqlmap/1.8.4#stable"
188.18.77.220 - - [03/Jul/2026:15:44:46 +0000] "GET /assets/logo.svg HTTP/1.1" 200 29562 "/assets/site.css" "Mozilla/5.0 (iPad; CPU OS 17_4 like Mac OS X) AppleWebKit/605.1.15 Version/17.4 Mobile/15E148 Safari/604.1"
77.88.55.201 - - [03/Jul/2026:15:44:46 +0000] "GET /sitemap.xml HTTP/1.1" 200 21078 "-" "Mozilla/5.0 (Macintosh; Intel Mac OS X 14_5) AppleWebKit/605.1.15 Version/17.4 Safari/605.1.15"
77.88.55.201 - - [03/Jul/2026:15:44:46 +0000] "GET /robots.txt HTTP/1.1" 200 43480 "/assets/logo.svg" "Mozilla/5.0 (compatible; YandexBot/3.0; +http://yandex.com/bots)"
23.129.64.112 - - [03/Jul/2026:15:44:47 +0000] "OPTIONS /fckeditor/editor/filemanager/browser/default/connectors/aspx/connector.aspx HTTP/1.1" 404 1158 "-" "DirBuster-1.0-RC1"
209.45.56.160 - - [03/Jul/2026:15:44:47 +0000] "HEAD /httpd/logs/access.log HTTP/1.1" 403 1697 "-" "python-requests/2.31.0"
77.88.55.201 - - [03/Jul/2026:15:44:47 +0000] "HEAD /assets/logo.svg HTTP/1.1" 200 23589 "-" "Mozilla/5.0 (compatible; Googlebot/2.1; +http://www.google.com/bot.html)"
198.51.100.45 - - [03/Jul/2026:15:44:47 +0000] "GET /api/products HTTP/1.1" 200 29938 "-" "Mozilla/5.0 (Windows NT 10.0; Win64; x64) AppleWebKit/537.36 Chrome/123.0.0.0 Safari/537.36"
187.169.36.120 - - [03/Jul/2026:15:44:48 +0000] "GET /assets/site.css HTTP/1.1" 200 60219 "-" "Mozilla/5.0 (Windows NT 10.0; Win64; rv:124.0) Gecko/20100101 Firefox/124.0"
188.18.77.220 - - [03/Jul/2026:15:44:49 +0000] "GET /api/news HTTP/1.1" 200 58948 "-" "Mozilla/5.0 (Linux; Android 13; SM-S918B) AppleWebKit/537.36 SamsungBrowser/24.0 Chrome/120.0 Mobile Safari/537.36"
44.185.12.25 - - [03/Jul/2026:15:44:49 +0000] "GET /assets/app.js HTTP/1.1" 200 21519 "-" "Mozilla/5.0 (Macintosh; Intel Mac OS X 14_5) AppleWebKit/537.36 Chrome/124.0.0.0 Safari/537.36"
141.8.153.222 - - [03/Jul/2026:15:44:50 +0000] "GET / HTTP/1.1" 200 52231 "-" "Mozilla/5.0 (Macintosh; Intel Mac OS X 14_5) AppleWebKit/537.36 Chrome/124.0.0.0 Safari/537.36"
157.55.39.7 - - [03/Jul/2026:15:44:51 +0000] "GET /assets/logo.svg HTTP/1.1" 200 17643 "-" "Mozilla/5.0 (Macintosh; Intel Mac OS X 14_5) AppleWebKit/605.1.15 Version/17.4 Safari/605.1.15"
5.188.206.67 - - [03/Jul/2026:15:44:52 +0000] "HEAD /user.php HTTP/1.1" 403 429 "-" "Go-http-client/1.1"
157.55.39.7 - - [03/Jul/2026:15:44:53 +0000] "GET /sitemap.xml HTTP/1.1" 304 2004 "/metrics" "Mozilla/5.0 (Macintosh; Intel Mac OS X 14_5) AppleWebKit/537.36 Chrome/124.0.0.0 Safari/537.36"
188.18.77.220 - - [03/Jul/2026:15:44:53 +0000] "GET / HTTP/1.1" 200 24681 "-" "Mozilla/5.0 (Windows NT 10.0; Win64; x64) AppleWebKit/537.36 Chrome/123.0.0.0 Safari/537.36"
101.24.79.124 - - [03/Jul/2026:15:44:54 +0000] "GET /ChangeLog.txt HTTP/1.1" 301 220 "-" "feroxbuster/2.11.0"
198.51.100.45 - - [03/Jul/2026:15:44:54 +0000] "GET /contacts HTTP/1.1" 200 44881 "/assets/app.js" "Mozilla/5.0 (compatible; YandexBot/3.0; +http://yandex.com/bots)"
45.146.164.12 - - [03/Jul/2026:15:44:54 +0000] "OPTIONS /dependency-reduced-pom.xml HTTP/1.1" 403 211 "-" "python-requests/2.31.0"
91.198.174.22 - - [03/Jul/2026:15:44:55 +0000] "GET /favicon.ico HTTP/1.1" 200 996 "/about" "Mozilla/5.0 (X11; Linux x86_64) AppleWebKit/537.36 Chrome/122.0.0.0 Safari/537.36"
66.249.75.10 - - [03/Jul/2026:15:44:56 +0000] "GET /assets/site.css HTTP/1.1" 200 60608 "/sitemap.xml" "Mozilla/5.0 (iPad; CPU OS 17_4 like Mac OS X) AppleWebKit/605.1.15 Version/17.4 Mobile/15E148 Safari/604.1"
188.18.77.220 - - [03/Jul/2026:15:44:56 +0000] "GET /assets/logo.svg HTTP/1.1" 200 66599 "-" "Mozilla/5.0 (Windows NT 10.0; Win64; x64) AppleWebKit/537.36 Chrome/123.0.0.0 Safari/537.36"
66.249.75.10 - - [03/Jul/2026:15:44:56 +0000] "GET /contacts HTTP/1.1" 200 75771 "-" "Mozilla/5.0 (iPhone; CPU iPhone OS 17_4 like Mac OS X) AppleWebKit/605.1.15 Version/17.4 Mobile/15E148 Safari/604.1"
10.42.3.98 - - [03/Jul/2026:15:44:56 +0000] "GET /healthz HTTP/1.1" 503 4445 "-" "curl/8.6.0"
40.77.167.21 - - [03/Jul/2026:15:44:57 +0000] "GET /healthz HTTP/1.1" 200 83354 "-" "DuckDuckBot/1.0; (+http://duckduckgo.com/duckduckbot)"
77.88.55.201 - - [03/Jul/2026:15:44:57 +0000] "GET /healthz HTTP/1.1" 200 35025 "/articles/2026/q2" "Mozilla/5.0 (iPhone; CPU iPhone OS 17_4 like Mac OS X) AppleWebKit/605.1.15 Version/17.4 Mobile/15E148 Safari/604.1"
40.77.167.21 - - [03/Jul/2026:15:44:58 +0000] "GET /products HTTP/1.1" 200 18371 "-" "Mozilla/5.0 (Macintosh; Intel Mac OS X 14_5) AppleWebKit/605.1.15 Version/17.4 Safari/605.1.15"
91.198.174.22 - - [03/Jul/2026:15:44:59 +0000] "GET /products HTTP/1.1" 200 37994 "-" "Mozilla/5.0 (Macintosh; Intel Mac OS X 14_5) AppleWebKit/537.36 Chrome/124.0.0.0 Safari/537.36"
213.24.11.146 - - [03/Jul/2026:15:44:59 +0000] "GET /products HTTP/1.1" 200 61484 "-" "Mozilla/5.0 (Macintosh; Intel Mac OS X 14_5) AppleWebKit/537.36 Chrome/124.0.0.0 Safari/537.36"
212.76.133.14 - - [03/Jul/2026:15:45:00 +0000] "GET /assets/site.css HTTP/1.1" 200 71423 "/products" "Mozilla/5.0 (iPhone; CPU iPhone OS 17_4 like Mac OS X) AppleWebKit/605.1.15 Version/17.4 Mobile/15E148 Safari/604.1"
77.88.55.201 - - [03/Jul/2026:15:45:01 +0000] "GET /assets/site.css HTTP/1.1" 200 29843 "-" "Mozilla/5.0 (Linux; Android 13; SM-S918B) AppleWebKit/537.36 SamsungBrowser/24.0 Chrome/120.0 Mobile Safari/537.36"
157.55.39.7 - - [03/Jul/2026:15:45:01 +0000] "GET /api/news HTTP/1.1" 200 82908 "-" "Mozilla/5.0 (compatible; Googlebot/2.1; +http://www.google.com/bot.html)"
188.18.77.220 - - [03/Jul/2026:15:45:02 +0000] "GET /api/news HTTP/1.1" 200 34349 "-" "DuckDuckBot/1.0; (+http://duckduckgo.com/duckduckbot)"
66.249.75.10 - - [03/Jul/2026:15:45:03 +0000] "GET / HTTP/1.1" 200 79620 "-" "Mozilla/5.0 (Linux; Android 13; SM-S918B) AppleWebKit/537.36 SamsungBrowser/24.0 Chrome/120.0 Mobile Safari/537.36"
198.51.100.45 - - [03/Jul/2026:15:45:03 +0000] "GET / HTTP/1.1" 200 4583 "-" "Mozilla/5.0 (Linux; Android 13; SM-S918B) AppleWebKit/537.36 SamsungBrowser/24.0 Chrome/120.0 Mobile Safari/537.36"
10.42.2.104 - - [03/Jul/2026:15:45:03 +0000] "GET /metrics HTTP/1.1" 200 4803 "-" "kube-probe/1.30"
188.18.77.220 - - [03/Jul/2026:15:45:03 +0000] "GET /robots.txt HTTP/1.1" 200 53564 "-" "Mozilla/5.0 (compatible; Googlebot/2.1; +http://www.google.com/bot.html)"
10.42.3.185 - - [03/Jul/2026:15:45:04 +0000] "GET /healthz HTTP/1.1" 200 253 "-" "kube-probe/1.30"
198.51.100.45 - - [03/Jul/2026:15:45:04 +0000] "GET /assets/app.js HTTP/1.1" 200 28488 "/products" "Mozilla/5.0 (Macintosh; Intel Mac OS X 14_5) AppleWebKit/537.36 Chrome/124.0.0.0 Safari/537.36"
213.24.11.146 - - [03/Jul/2026:15:45:04 +0000] "HEAD /articles/2026/q2 HTTP/1.1" 200 54599 "/api/products" "Mozilla/5.0 (Macintosh; Intel Mac OS X 14_5) AppleWebKit/605.1.15 Version/17.4 Safari/605.1.15"
213.24.11.146 - - [03/Jul/2026:15:45:04 +0000] "GET /api/products HTTP/1.1" 200 50450 "/assets/site.css" "Mozilla/5.0 (Windows NT 10.0; Win64; rv:124.0) Gecko/20100101 Firefox/124.0"
133.86.238.181 - - [03/Jul/2026:15:45:06 +0000] "GET /assets/logo.svg HTTP/1.1" 200 64366 "-" "Mozilla/5.0 (Windows NT 10.0; Win64; rv:124.0) Gecko/20100101 Firefox/124.0"
45.146.164.12 - - [03/Jul/2026:15:45:06 +0000] "HEAD /FCKeditor22/ HTTP/1.1" 500 429 "-" "python-requests/2.31.0"
46.188.19.142 - - [03/Jul/2026:15:45:06 +0000] "GET /robots.txt HTTP/1.1" 304 405 "/healthz" "Mozilla/5.0 (Windows NT 10.0; Win64; x64) AppleWebKit/537.36 Edg/124.0.0.0"
80.85.246.17 - - [03/Jul/2026:15:45:07 +0000] "OPTIONS /log/production.log HTTP/1.1" 404 527 "-" "sqlmap/1.8.4#stable"
66.249.75.10 - - [03/Jul/2026:15:45:07 +0000] "GET /about HTTP/1.1" 200 42937 "/api/news" "Mozilla/5.0 (Windows NT 10.0; Win64; x64) AppleWebKit/537.36 Edg/124.0.0.0"
45.146.164.12 - - [03/Jul/2026:15:45:07 +0000] "GET /webmin/ HTTP/1.1" 404 1192 "-" "Go-http-client/1.1"
97.195.41.59 - - [03/Jul/2026:15:45:08 +0000] "GET /about HTTP/1.1" 200 7955 "/" "Mozilla/5.0 (X11; Linux x86_64) AppleWebKit/537.36 Chrome/122.0.0.0 Safari/537.36"
188.18.77.220 - - [03/Jul/2026:15:45:08 +0000] "GET /metrics HTTP/1.1" 200 78864 "-" "Mozilla/5.0 (Windows NT 10.0; Win64; x64) AppleWebKit/537.36 Chrome/123.0.0.0 Safari/537.36"
91.198.174.22 - - [03/Jul/2026:15:45:08 +0000] "GET /assets/site.css HTTP/1.1" 304 3956 "-" "Mozilla/5.0 (iPhone; CPU iPhone OS 17_4 like Mac OS X) AppleWebKit/605.1.15 Version/17.4 Mobile/15E148 Safari/604.1"
66.249.75.10 - - [03/Jul/2026:15:45:09 +0000] "HEAD /assets/logo.svg HTTP/1.1" 200 64503 "/" "Mozilla/5.0 (Linux; Android 13; SM-S918B) AppleWebKit/537.36 SamsungBrowser/24.0 Chrome/120.0 Mobile Safari/537.36"
46.188.19.142 - - [03/Jul/2026:15:45:09 +0000] "GET /contacts HTTP/1.1" 200 71729 "/api/news" "Mozilla/5.0 (X11; Linux x86_64) AppleWebKit/537.36 Chrome/122.0.0.0 Safari/537.36"
77.88.55.201 - - [03/Jul/2026:15:45:10 +0000] "GET /favicon.ico HTTP/1.1" 200 35522 "/articles/2026/q2" "Mozilla/5.0 (Macintosh; Intel Mac OS X 14_5) AppleWebKit/537.36 Chrome/124.0.0.0 Safari/537.36"
23.129.64.112 - - [03/Jul/2026:15:45:10 +0000] "GET /phpunit.xml HTTP/1.1" 404 1039 "-" "Wfuzz/3.1.0"
188.18.77.220 - - [03/Jul/2026:15:45:10 +0000] "GET /contacts HTTP/1.1" 200 57981 "-" "Mozilla/5.0 (iPad; CPU OS 17_4 like Mac OS X) AppleWebKit/605.1.15 Version/17.4 Mobile/15E148 Safari/604.1"
77.88.55.201 - - [03/Jul/2026:15:45:10 +0000] "GET /assets/app.js HTTP/1.1" 200 56753 "/metrics" "Mozilla/5.0 (Macintosh; Intel Mac OS X 14_5) AppleWebKit/605.1.15 Version/17.4 Safari/605.1.15"
80.85.246.17 - - [03/Jul/2026:15:45:11 +0000] "HEAD /filemanager HTTP/1.1" 302 773 "-" "masscan/1.3 (https://github.com/robertdavidgraham/masscan)"
188.18.77.220 - - [03/Jul/2026:15:45:12 +0000] "GET /metrics HTTP/1.1" 200 51115 "-" "Mozilla/5.0 (iPhone; CPU iPhone OS 17_4 like Mac OS X) AppleWebKit/605.1.15 Version/17.4 Mobile/15E148 Safari/604.1"
91.198.174.22 - - [03/Jul/2026:15:45:12 +0000] "GET /favicon.ico HTTP/1.1" 200 41769 "/articles/2026/q2" "Mozilla/5.0 (Macintosh; Intel Mac OS X 14_5) AppleWebKit/605.1.15 Version/17.4 Safari/605.1.15"
104.244.72.115 - - [03/Jul/2026:15:45:13 +0000] "HEAD /api/swagger-resources HTTP/1.1" 404 1878 "-" "Go-http-client/1.1"
10.42.1.236 - - [03/Jul/2026:15:45:13 +0000] "GET /healthz HTTP/1.1" 200 1536 "-" "curl/8.6.0"
188.18.77.220 - - [03/Jul/2026:15:45:14 +0000] "GET /assets/logo.svg HTTP/1.1" 200 65934 "/assets/site.css" "Mozilla/5.0 (iPad; CPU OS 17_4 like Mac OS X) AppleWebKit/605.1.15 Version/17.4 Mobile/15E148 Safari/604.1"
141.8.153.222 - - [03/Jul/2026:15:45:14 +0000] "GET /api/news HTTP/1.1" 200 462 "-" "Mozilla/5.0 (Macintosh; Intel Mac OS X 14_5) AppleWebKit/605.1.15 Version/17.4 Safari/605.1.15"
40.77.167.21 - - [03/Jul/2026:15:45:14 +0000] "GET /assets/site.css HTTP/1.1" 200 66264 "-" "Mozilla/5.0 (X11; Linux x86_64) AppleWebKit/537.36 Chrome/122.0.0.0 Safari/537.36"
203.0.113.77 - - [03/Jul/2026:15:45:15 +0000] "HEAD /assets/logo.svg HTTP/1.1" 304 1663 "-" "Mozilla/5.0 (Windows NT 10.0; Win64; rv:124.0) Gecko/20100101 Firefox/124.0"
253.25.241.128 - - [03/Jul/2026:15:45:15 +0000] "GET /assets/site.css HTTP/1.1" 200 50899 "-" "Mozilla/5.0 (Macintosh; Intel Mac OS X 14_5) AppleWebKit/605.1.15 Version/17.4 Safari/605.1.15"
46.188.19.142 - - [03/Jul/2026:15:45:16 +0000] "GET / HTTP/1.1" 304 3678 "/articles/2026/q2" "Mozilla/5.0 (iPad; CPU OS 17_4 like Mac OS X) AppleWebKit/605.1.15 Version/17.4 Mobile/15E148 Safari/604.1"
10.42.3.30 - - [03/Jul/2026:15:45:17 +0000] "GET /healthz HTTP/1.1" 200 5664 "-" "curl/8.6.0"
212.76.133.14 - - [03/Jul/2026:15:45:18 +0000] "GET /metrics HTTP/1.1" 200 59660 "-" "Mozilla/5.0 (iPhone; CPU iPhone OS 17_4 like Mac OS X) AppleWebKit/605.1.15 Version/17.4 Mobile/15E148 Safari/604.1"
212.76.133.14 - - [03/Jul/2026:15:45:18 +0000] "GET /metrics HTTP/1.1" 200 82564 "/assets/site.css" "DuckDuckBot/1.0; (+http://duckduckgo.com/duckduckbot)"
77.88.55.201 - - [03/Jul/2026:15:45:19 +0000] "GET /robots.txt HTTP/1.1" 200 3539 "-" "Mozilla/5.0 (Windows NT 10.0; Win64; x64) AppleWebKit/537.36 Edg/124.0.0.0"
185.193.88.77 - - [03/Jul/2026:15:45:19 +0000] "OPTIONS /capistrano/ HTTP/1.1" 500 2152 "-" "Wfuzz/3.1.0"
45.146.164.12 - - [03/Jul/2026:15:45:19 +0000] "GET /.jekyll-metadata HTTP/1.1" 404 2091 "-" "Wfuzz/3.1.0"
46.188.19.142 - - [03/Jul/2026:15:45:19 +0000] "GET /contacts HTTP/1.1" 200 77407 "/assets/logo.svg" "Mozilla/5.0 (Macintosh; Intel Mac OS X 14_5) AppleWebKit/537.36 Chrome/124.0.0.0 Safari/537.36"
171.25.193.20 - - [03/Jul/2026:15:45:19 +0000] "GET /wsadminListener.out HTTP/1.1" 404 1755 "-" "gobuster/3.6"
141.8.153.222 - - [03/Jul/2026:15:45:21 +0000] "GET /assets/site.css HTTP/1.1" 304 1874 "-" "Mozilla/5.0 (X11; Linux x86_64) AppleWebKit/537.36 Chrome/122.0.0.0 Safari/537.36"
77.88.55.201 - - [03/Jul/2026:15:45:21 +0000] "GET /products HTTP/1.1" 304 2881 "/contacts" "Mozilla/5.0 (iPad; CPU OS 17_4 like Mac OS X) AppleWebKit/605.1.15 Version/17.4 Mobile/15E148 Safari/604.1"
213.24.11.146 - - [03/Jul/2026:15:45:21 +0000] "HEAD /api/products HTTP/1.1" 304 2636 "-" "Mozilla/5.0 (Linux; Android 13; SM-S918B) AppleWebKit/537.36 SamsungBrowser/24.0 Chrome/120.0 Mobile Safari/537.36"
203.0.113.77 - - [03/Jul/2026:15:45:21 +0000] "GET /sitemap.xml HTTP/1.1" 200 53195 "-" "Mozilla/5.0 (Windows NT 10.0; Win64; x64) AppleWebKit/537.36 Chrome/123.0.0.0 Safari/537.36"
91.198.174.22 - - [03/Jul/2026:15:45:21 +0000] "GET /metrics HTTP/1.1" 304 1798 "-" "Mozilla/5.0 (Windows NT 10.0; Win64; x64) AppleWebKit/537.36 Edg/124.0.0.0"
212.76.133.14 - - [03/Jul/2026:15:45:21 +0000] "GET / HTTP/1.1" 304 1811 "/sitemap.xml" "Mozilla/5.0 (compatible; bingbot/2.0; +http://www.bing.com/bingbot.htm)"
46.188.19.142 - - [03/Jul/2026:15:45:23 +0000] "GET /healthz HTTP/1.1" 200 16570 "/api/news" "Mozilla/5.0 (compatible; YandexBot/3.0; +http://yandex.com/bots)"
80.85.246.17 - - [03/Jul/2026:15:45:23 +0000] "GET /.mwsql_history HTTP/1.1" 403 2449 "-" "feroxbuster/2.11.0"
80.85.246.17 - - [03/Jul/2026:15:45:24 +0000] "OPTIONS /lists/ HTTP/1.1" 403 1500 "-" "Wfuzz/3.1.0"
10.42.1.174 - - [03/Jul/2026:15:45:24 +0000] "GET /healthz HTTP/1.1" 200 2212 "-" "kube-probe/1.30"
46.188.19.142 - - [03/Jul/2026:15:45:25 +0000] "GET /healthz HTTP/1.1" 200 23148 "-" "Mozilla/5.0 (compatible; bingbot/2.0; +http://www.bing.com/bingbot.htm)"
198.51.100.45 - - [03/Jul/2026:15:45:25 +0000] "GET /healthz HTTP/1.1" 304 2324 "-" "Mozilla/5.0 (compatible; bingbot/2.0; +http://www.bing.com/bingbot.htm)"
72.203.252.224 - - [03/Jul/2026:15:45:25 +0000] "OPTIONS /test-report/ HTTP/1.1" 403 1398 "-" "dirsearch/0.4.3"
40.77.167.21 - - [03/Jul/2026:15:45:26 +0000] "GET /api/products HTTP/1.1" 304 1660 "/contacts" "Mozilla/5.0 (Linux; Android 13; SM-S918B) AppleWebKit/537.36 SamsungBrowser/24.0 Chrome/120.0 Mobile Safari/537.36"
185.193.88.77 - - [03/Jul/2026:15:45:26 +0000] "OPTIONS /apache/logs/access.log HTTP/1.1" 405 556 "-" "ffuf/2.1.0"
77.88.55.201 - - [03/Jul/2026:15:45:26 +0000] "GET /robots.txt HTTP/1.1" 304 1269 "-" "Mozilla/5.0 (Windows NT 10.0; Win64; x64) AppleWebKit/537.36 Chrome/123.0.0.0 Safari/537.36"
46.188.19.142 - - [03/Jul/2026:15:45:27 +0000] "GET /assets/app.js HTTP/1.1" 200 25149 "-" "Mozilla/5.0 (iPad; CPU OS 17_4 like Mac OS X) AppleWebKit/605.1.15 Version/17.4 Mobile/15E148 Safari/604.1"
248.196.121.204 - - [03/Jul/2026:15:45:27 +0000] "GET /planning/docs HTTP/1.1" 404 1810 "-" "ffuf/2.1.0"
198.51.100.45 - - [03/Jul/2026:15:45:28 +0000] "GET /articles/2026/q2 HTTP/1.1" 200 61845 "/assets/logo.svg" "Mozilla/5.0 (Windows NT 10.0; Win64; rv:124.0) Gecko/20100101 Firefox/124.0"
40.77.167.21 - - [03/Jul/2026:15:45:28 +0000] "GET /favicon.ico HTTP/1.1" 200 42563 "-" "Mozilla/5.0 (Macintosh; Intel Mac OS X 14_5) AppleWebKit/537.36 Chrome/124.0.0.0 Safari/537.36"
104.244.72.115 - - [03/Jul/2026:15:45:28 +0000] "GET /adminer-4.8.0.php HTTP/1.1" 405 2533 "-" "Go-http-client/1.1"
46.188.19.142 - - [03/Jul/2026:15:45:29 +0000] "GET /products HTTP/1.1" 200 49901 "/contacts" "Mozilla/5.0 (iPad; CPU OS 17_4 like Mac OS X) AppleWebKit/605.1.15 Version/17.4 Mobile/15E148 Safari/604.1"
40.77.167.21 - - [03/Jul/2026:15:45:30 +0000] "HEAD /contacts HTTP/1.1" 200 6018 "-" "Mozilla/5.0 (compatible; bingbot/2.0; +http://www.bing.com/bingbot.htm)"
45.146.164.12 - - [03/Jul/2026:15:45:30 +0000] "GET /_logs/access.log HTTP/1.1" 404 866 "-" "feroxbuster/2.11.0"
66.249.75.10 - - [03/Jul/2026:15:45:31 +0000] "GET /about HTTP/1.1" 200 37079 "-" "Mozilla/5.0 (X11; Linux x86_64) AppleWebKit/537.36 Chrome/122.0.0.0 Safari/537.36"
40.77.167.21 - - [03/Jul/2026:15:45:32 +0000] "GET /favicon.ico HTTP/1.1" 200 22939 "/" "Mozilla/5.0 (Windows NT 10.0; Win64; x64) AppleWebKit/537.36 Chrome/123.0.0.0 Safari/537.36"
45.9.148.77 - - [03/Jul/2026:15:45:32 +0000] "OPTIONS /phpmyadmin2011/ HTTP/1.1" 500 484 "-" "gobuster/3.6"
45.9.148.77 - - [03/Jul/2026:15:45:32 +0000] "GET /.eslintrc HTTP/1.1" 404 684 "-" "masscan/1.3 (https://github.com/robertdavidgraham/masscan)"
104.244.72.115 - - [03/Jul/2026:15:45:33 +0000] "GET /.codio HTTP/1.1" 403 1432 "-" "dirsearch/0.4.3"
80.85.246.17 - - [03/Jul/2026:15:45:33 +0000] "OPTIONS /local/composer.phar HTTP/1.1" 403 393 "-" "DirBuster-1.0-RC1"
77.88.55.201 - - [03/Jul/2026:15:45:33 +0000] "GET /favicon.ico HTTP/1.1" 200 28826 "/" "Mozilla/5.0 (compatible; YandexBot/3.0; +http://yandex.com/bots)"
213.24.11.146 - - [03/Jul/2026:15:45:33 +0000] "GET /assets/app.js HTTP/1.1" 200 32971 "/healthz" "Mozilla/5.0 (Windows NT 10.0; Win64; x64) AppleWebKit/537.36 Chrome/123.0.0.0 Safari/537.36"
198.51.100.45 - - [03/Jul/2026:15:45:34 +0000] "GET /articles/2026/q2 HTTP/1.1" 200 71063 "/metrics" "Mozilla/5.0 (Linux; Android 13; SM-S918B) AppleWebKit/537.36 SamsungBrowser/24.0 Chrome/120.0 Mobile Safari/537.36"
104.244.72.115 - - [03/Jul/2026:15:45:34 +0000] "GET /nginx-access.log HTTP/1.1" 302 1598 "-" "dirsearch/0.4.3"
213.24.11.146 - - [03/Jul/2026:15:45:34 +0000] "GET /articles/2026/q2 HTTP/1.1" 200 41621 "-" "Mozilla/5.0 (iPad; CPU OS 17_4 like Mac OS X) AppleWebKit/605.1.15 Version/17.4 Mobile/15E148 Safari/604.1"
213.24.11.146 - - [03/Jul/2026:15:45:34 +0000] "HEAD /assets/logo.svg HTTP/1.1" 200 58213 "-" "Mozilla/5.0 (Macintosh; Intel Mac OS X 14_5) AppleWebKit/537.36 Chrome/124.0.0.0 Safari/537.36"
10.42.0.106 - - [03/Jul/2026:15:45:35 +0000] "GET /metrics HTTP/1.1" 503 3856 "-" "kube-probe/1.30"
203.0.113.77 - - [03/Jul/2026:15:45:35 +0000] "GET /articles/2026/q2 HTTP/1.1" 200 65038 "-" "Mozilla/5.0 (iPhone; CPU iPhone OS 17_4 like Mac OS X) AppleWebKit/605.1.15 Version/17.4 Mobile/15E148 Safari/604.1"
213.24.11.146 - - [03/Jul/2026:15:45:35 +0000] "GET /contacts HTTP/1.1" 304 1939 "-" "Mozilla/5.0 (Windows NT 10.0; Win64; x64) AppleWebKit/537.36 Chrome/123.0.0.0 Safari/537.36"
212.76.133.14 - - [03/Jul/2026:15:45:36 +0000] "HEAD /assets/site.css HTTP/1.1" 200 34893 "-" "DuckDuckBot/1.0; (+http://duckduckgo.com/duckduckbot)"
141.8.153.222 - - [03/Jul/2026:15:45:36 +0000] "GET /favicon.ico HTTP/1.1" 200 60003 "-" "Mozilla/5.0 (Windows NT 10.0; Win64; rv:124.0) Gecko/20100101 Firefox/124.0"
10.42.3.56 - - [03/Jul/2026:15:45:38 +0000] "GET /healthz HTTP/1.1" 200 4643 "-" "curl/8.6.0"
182.83.220.163 - - [03/Jul/2026:15:45:38 +0000] "GET /articles/2026/q2 HTTP/1.1" 200 15718 "-" "Mozilla/5.0 (Macintosh; Intel Mac OS X 14_5) AppleWebKit/605.1.15 Version/17.4 Safari/605.1.15"
212.76.133.14 - - [03/Jul/2026:15:45:38 +0000] "GET /metrics HTTP/1.1" 200 8709 "-" "Mozilla/5.0 (Windows NT 10.0; Win64; x64) AppleWebKit/537.36 Edg/124.0.0.0"
40.77.167.21 - - [03/Jul/2026:15:45:39 +0000] "GET /api/news HTTP/1.1" 200 31384 "-" "Mozilla/5.0 (iPad; CPU OS 17_4 like Mac OS X) AppleWebKit/605.1.15 Version/17.4 Mobile/15E148 Safari/604.1"
