157.55.39.7 - - [03/Jul/2026:16:44:49 +0000] "HEAD /api/news HTTP/1.1" 304 529 "-" "Mozilla/5.0 (X11; Linux x86_64) AppleWebKit/537.36 Chrome/122.0.0.0 Safari/537.36"
141.8.153.222 - - [03/Jul/2026:16:44:49 +0000] "GET /healthz HTTP/1.1" 200 71931 "-" "Mozilla/5.0 (iPad; CPU OS 17_4 like Mac OS X) AppleWebKit/605.1.15 Version/17.4 Mobile/15E148 Safari/604.1"
203.0.113.77 - - [03/Jul/2026:16:44:49 +0000] "GET /sitemap.xml HTTP/1.1" 304 1403 "-" "Mozilla/5.0 (Linux; Android 13; SM-S918B) AppleWebKit/537.36 SamsungBrowser/24.0 Chrome/120.0 Mobile Safari/537.36"
77.88.55.201 - - [03/Jul/2026:16:44:50 +0000] "GET /about HTTP/1.1" 200 37416 "-" "Mozilla/5.0 (iPad; CPU OS 17_4 like Mac OS X) AppleWebKit/605.1.15 Version/17.4 Mobile/15E148 Safari/604.1"
188.18.77.220 - - [03/Jul/2026:16:44:50 +0000] "GET /about HTTP/1.1" 200 55488 "/" "Mozilla/5.0 (iPad; CPU OS 17_4 like Mac OS X) AppleWebKit/605.1.15 Version/17.4 Mobile/15E148 Safari/604.1"
213.24.11.146 - - [03/Jul/2026:16:44:53 +0000] "GET / HTTP/1.1" 304 2200 "-" "Mozilla/5.0 (Windows NT 10.0; Win64; x64) AppleWebKit/537.36 Edg/124.0.0.0"
185.193.88.77 - - [03/Jul/2026:16:44:53 +0000] "HEAD /www.tar.gz HTTP/1.1" 301 650 "-" "masscan/1.3 (https://github.com/robertdavidgraham/masscan)"
46.188.19.142 - - [03/Jul/2026:16:44:53 +0000] "GET /articles/2026/q2 HTTP/1.1" 200 79306 "-" "Mozilla/5.0 (compatible; bingbot/2.0; +http://www.bing.com/bingbot.htm)"
46.188.19.142 - - [03/Jul/2026:16:44:54 +0000] "GET /assets/logo.svg HTTP/1.1" 200 32505 "-" "Mozilla/5.0 (compatible; YandexBot/3.0; +http://yandex.com/bots)"
141.8.153.222 - - [03/Jul/2026:16:44:54 +0000] "GET /articles/2026/q2 HTTP/1.1" 200 19564 "-" "Mozilla/5.0 (Windows NT 10.0; Win64; x64) AppleWebKit/537.36 Chrome/123.0.0.0 Safari/537.36"
157.55.39.7 - - [03/Jul/2026:16:44:55 +0000] "GET /api/news HTTP/1.1" 200 9600 "/assets/logo.svg" "Mozilla/5.0 (X11; Linux x86_64) AppleWebKit/537.36 Chrome/122.0.0.0 Safari/537.36"
91.198.174.22 - - [03/Jul/2026:16:44:56 +0000] "GET /products HTTP/1.1" 304 732 "-" "Mozilla/5.0 (iPad; CPU OS 17_4 like Mac OS X) AppleWebKit/605.1.15 Version/17.4 Mobile/15E148 Safari/604.1"
40.77.167.21 - - [03/Jul/2026:16:44:57 +0000] "GET /articles/2026/q2 HTTP/1.1" 304 686 "-" "Mozilla/5.0 (Macintosh; Intel Mac OS X 14_5) AppleWebKit/537.36 Chrome/124.0.0.0 Safari/537.36"
194.26.29.89 - - [03/Jul/2026:16:44:57 +0000] "OPTIONS /httpd/logs/error.log HTTP/1.1" 404 1274 "-" "masscan/1.3 (https://github.com/robertdavidgraham/masscan)"
77.88.55.201 - - [03/Jul/2026:16:44:58 +0000] "GET /about HTTP/1.1" 200 82817 "/metrics" "Mozilla/5.0 (iPhone; CPU iPhone OS 17_4 like Mac OS X) AppleWebKit/605.1.15 Version/17.4 Mobile/15E148 Safari/604.1"
157.55.39.7 - - [03/Jul/2026:16:44:58 +0000] "GET /products HTTP/1.1" 200 38909 "-" "Mozilla/5.0 (Linux; Android 13; SM-S918B) AppleWebKit/537.36 SamsungBrowser/24.0 Chrome/120.0 Mobile Safari/537.36"
23.129.64.112 - - [03/Jul/2026:16:44:59 +0000] "GET /management/ HTTP/1.1" 500 1774 "-" "masscan/1.3 (https://github.com/robertdavidgraham/masscan)"
45.9.148.77 - - [03/Jul/2026:16:45:00 +0000] "GET /apache/logs/access.log HTTP/1.1" 302 2208 "-" "sqlmap/1.8.4#stable"
77.88.55.201 - - [03/Jul/2026:16:45:01 +0000] "GET /favicon.ico HTTP/1.1" 304 353 "/assets/site.css" "Mozilla/5.0 (X11; Linux x86_64) AppleWebKit/537.36 Chrome/122.0.0.0 Safari/537.36"
77.88.55.201 - - [03/Jul/2026:16:45:01 +0000] "GET /metrics HTTP/1.1" 200 56142 "-" "DuckDuckBot/1.0; (+http://duckduckgo.com/duckduckbot)"
10.42.0.13 - - [03/Jul/2026:16:45:02 +0000] "GET /healthz HTTP/1.1" 200 5376 "-" "curl/8.6.0"
198.51.100.45 - - [03/Jul/2026:16:45:02 +0000] "GET /articles/2026/q2 HTTP/1.1" 200 52951 "-" "Mozilla/5.0 (iPhone; CPU iPhone OS 17_4 like Mac OS X) AppleWebKit/605.1.15 Version/17.4 Mobile/15E148 Safari/604.1"
10.42.2.88 - - [03/Jul/2026:16:45:03 +0000] "GET /healthz HTTP/1.1" 200 1859 "-" "kube-probe/1.30"
213.24.11.146 - - [03/Jul/2026:16:45:03 +0000] "GET /sitemap.xml HTTP/1.1" 200 13664 "-" "Mozilla/5.0 (X11; Linux x86_64) AppleWebKit/537.36 Chrome/122.0.0.0 Safari/537.36"
171.25.193.20 - - [03/Jul/2026:16:45:03 +0000] "HEAD /phpMyAdmin-2.7.0-pl1/ HTTP/1.1" 405 1613 "-" "feroxbuster/2.11.0"
198.51.100.45 - - [03/Jul/2026:16:45:03 +0000] "GET /metrics HTTP/1.1" 200 25231 "-" "Mozilla/5.0 (Windows NT 10.0; Win64; x64) AppleWebKit/537.36 Edg/124.0.0.0"
91.198.174.22 - - [03/Jul/2026:16:45:04 +0000] "GET /robots.txt HTTP/1.1" 200 21150 "/healthz" "Mozilla/5.0 (Linux; Android 13; SM-S918B) AppleWebKit/537.36 SamsungBrowser/24.0 Chrome/120.0 Mobile Safari/537.36"
203.0.113.77 - - [03/Jul/2026:16:45:04 +0000] "GET /favicon.ico HTTP/1.1" 200 7072 "-" "Mozilla/5.0 (Linux; Android 13; SM-S918B) AppleWebKit/537.36 SamsungBrowser/24.0 Chrome/120.0 Mobile Safari/537.36"
72.199.136.222 - - [03/Jul/2026:16:45:05 +0000] "HEAD /.last_cover_stats HTTP/1.1" 403 2511 "-" "masscan/1.3 (https://github.com/robertdavidgraham/masscan)"
213.24.11.146 - - [03/Jul/2026:16:45:05 +0000] "GET /about HTTP/1.1" 304 3521 "/robots.txt" "Mozilla/5.0 (Macintosh; Intel Mac OS X 14_5) AppleWebKit/605.1.15 Version/17.4 Safari/605.1.15"
198.51.100.45 - - [03/Jul/2026:16:45:05 +0000] "GET /robots.txt HTTP/1.1" 200 42005 "-" "Mozilla/5.0 (Windows NT 10.0; Win64; x64) AppleWebKit/537.36 Chrome/123.0.0.0 Safari/537.36"
213.24.11.146 - - [03/Jul/2026:16:45:06 +0000] "GET /robots.txt HTTP/1.1" 200 64850 "-" "Mozilla/5.0 (Windows NT 10.0; Win64; x64) AppleWebKit/537.36 Edg/124.0.0.0"
213.24.11.146 - - [03/Jul/2026:16:45:07 +0000] "GET /assets/site.css HTTP/1.1" 200 1516 "-" "Mozilla/5.0 (Windows NT 10.0; Win64; x64) AppleWebKit/537.36 Edg/124.0.0.0"
141.8.153.222 - - [03/Jul/2026:16:45:07 +0000] "GET /favicon.ico HTTP/1.1" 304 3221 "/api/news" "Mozilla/5.0 (Windows NT 10.0; Win64; x64) AppleWebKit/537.36 Chrome/123.0.0.0 Safari/537.36"
40.77.167.21 - - [03/Jul/2026:16:45:08 +0000] "GET /assets/site.css HTTP/1.1" 304 3924 "/sitemap.xml" "Mozilla/5.0 (Windows NT 10.0; Win64; rv:124.0) Gecko/20100101 Firefox/124.0"
160.221.117.65 - - [03/Jul/2026:16:45:09 +0000] "GET /nextcloud/ HTTP/1.1" 403 338 "-" "sqlmap/1.8.4#stable"
46.188.19.142 - - [03/Jul/2026:16:45:09 +0000] "GET /products HTTP/1.1" 200 38804 "-" "Mozilla/5.0 (compatible; bingbot/2.0; +http://www.bing.com/bingbot.htm)"
85.225.196.161 - - [03/Jul/2026:16:45:10 +0000] "GET /api/news HTTP/1.1" 304 844 "-" "Mozilla/5.0 (iPad; CPU OS 17_4 like Mac OS X) AppleWebKit/605.1.15 Version/17.4 Mobile/15E148 Safari/604.1"
188.18.77.220 - - [03/Jul/2026:16:45:10 +0000] "GET /assets/logo.svg HTTP/1.1" 200 84867 "/api/products" "Mozilla/5.0 (Linux; Android 13; SM-S918B) AppleWebKit/537.36 SamsungBrowser/24.0 Chrome/120.0 Mobile Safari/537.36"
157.55.39.7 - - [03/Jul/2026:16:45:11 +0000] "GET /contacts HTTP/1.1" 200 50303 "-" "Mozilla/5.0 (Macintosh; Intel Mac OS X 14_5) AppleWebKit/537.36 Chrome/124.0.0.0 Safari/537.36"
46.188.19.142 - - [03/Jul/2026:16:45:13 +0000] "GET /sitemap.xml HTTP/1.1" 200 50332 "/articles/2026/q2" "Mozilla/5.0 (Windows NT 10.0; Win64; rv:124.0) Gecko/20100101 Firefox/124.0"
23.129.64.112 - - [03/Jul/2026:16:45:13 +0000] "GET /yaml_cron.log HTTP/1.1" 302 490 "-" "sqlmap/1.8.4#stable"
213.24.11.146 - - [03/Jul/2026:16:45:13 +0000] "GET /healthz HTTP/1.1" 200 28931 "-" "Mozilla/5.0 (Macintosh; Intel Mac OS X 14_5) AppleWebKit/605.1.15 Version/17.4 Safari/605.1.15"
46.188.19.142 - - [03/Jul/2026:16:45:14 +0000] "GET / HTTP/1.1" 304 2916 "-" "Mozilla/5.0 (Windows NT 10.0; Win64; rv:124.0) Gecko/20100101 Firefox/124.0"
66.249.75.10 - - [03/Jul/2026:16:45:14 +0000] "HEAD /api/news HTTP/1.1" 200 66925 "/articles/2026/q2" "Mozilla/5.0 (Windows NT 10.0; Win64; x64) AppleWebKit/537.36 Chrome/123.0.0.0 Safari/537.36"
212.76.133.14 - - [03/Jul/2026:16:45:14 +0000] "GET /healthz HTTP/1.1" 200 52730 "-" "Mozilla/5.0 (Macintosh; Intel Mac OS X 14_5) AppleWebKit/605.1.15 Version/17.4 Safari/605.1.15"
127.52.106.171 - - [03/Jul/2026:16:45:14 +0000] "GET /.env.prod HTTP/1.1" 301 2437 "-" "Go-http-client/1.1"
40.77.167.21 - - [03/Jul/2026:16:45:14 +0000] "GET /about HTTP/1.1" 200 69718 "-" "Mozilla/5.0 (Windows NT 10.0; Win64; x64) AppleWebKit/537.36 Chrome/123.0.0.0 Safari/537.36"
10.42.3.64 - - [03/Jul/2026:16:45:15 +0000] "GET /healthz HTTP/1.1" 200 2237 "-" "curl/8.6.0"
66.249.75.10 - - [03/Jul/2026:16:45:15 +0000] "GET /api/news HTTP/1.1" 304 2427 "-" "Mozilla/5.0 (Macintosh; Intel Mac OS X 14_5) AppleWebKit/537.36 Chrome/124.0.0.0 Safari/537.36"
157.55.39.7 - - [03/Jul/2026:16:45:15 +0000] "HEAD /articles/2026/q2 HTTP/1.1" 200 43092 "/contacts" "Mozilla/5.0 (Macintosh; Intel Mac OS X 14_5) AppleWebKit/537.36 Chrome/124.0.0.0 Safari/537.36"
80.85.246.17 - - [03/Jul/2026:16:45:15 +0000] "GET /.env.test.sample HTTP/1.1" 404 1072 "-" "feroxbuster/2.11.0"
185.220.101.54 - - [03/Jul/2026:16:45:15 +0000] "OPTIONS /mysql.err HTTP/1.1" 404 1503 "-" "gobuster/3.6"
10.42.1.214 - - [03/Jul/2026:16:45:16 +0000] "GET /healthz HTTP/1.1" 200 5381 "-" "curl/8.6.0"
160.64.211.136 - - [03/Jul/2026:16:45:16 +0000] "GET /articles/2026/q2 HTTP/1.1" 304 265 "/products" "Mozilla/5.0 (Windows NT 10.0; Win64; x64) AppleWebKit/537.36 Chrome/123.0.0.0 Safari/537.36"
171.25.193.20 - - [03/Jul/2026:16:45:16 +0000] "HEAD /1.tar HTTP/1.1" 302 236 "-" "sqlmap/1.8.4#stable"
66.249.75.10 - - [03/Jul/2026:16:45:17 +0000] "HEAD /healthz HTTP/1.1" 200 69393 "/assets/site.css" "Mozilla/5.0 (Macintosh; Intel Mac OS X 14_5) AppleWebKit/537.36 Chrome/124.0.0.0 Safari/537.36"
157.55.39.7 - - [03/Jul/2026:16:45:17 +0000] "GET /favicon.ico HTTP/1.1" 200 8548 "/contacts" "Mozilla/5.0 (X11; Linux x86_64) AppleWebKit/537.36 Chrome/122.0.0.0 Safari/537.36"
91.198.174.22 - - [03/Jul/2026:16:45:17 +0000] "GET /assets/site.css HTTP/1.1" 200 72306 "-" "Mozilla/5.0 (Windows NT 10.0; Win64; rv:124.0) Gecko/20100101 Firefox/124.0"
40.77.167.21 - - [03/Jul/2026:16:45:19 +0000] "GET /products HTTP/1.1" 200 51369 "-" "Mozilla/5.0 (iPhone; CPU iPhone OS 17_4 like Mac OS X) AppleWebKit/605.1.15 Version/17.4 Mobile/15E148 Safari/604.1"
40.77.167.21 - - [03/Jul/2026:16:45:19 +0000] "GET /favicon.ico HTTP/1.1" 200 7813 "/healthz" "Mozilla/5.0 (Windows NT 10.0; Win64; rv:124.0) Gecko/20100101 Firefox/124.0"
212.76.133.14 - - [03/Jul/2026:16:45:19 +0000] "GET /assets/logo.svg HTTP/1.1" 304 2624 "-" "Mozilla/5.0 (Macintosh; Intel Mac OS X 14_5) AppleWebKit/605.1.15 Version/17.4 Safari/605.1.15"
157.55.39.7 - - [03/Jul/2026:16:45:20 +0000] "GET /api/news HTTP/1.1" 200 79511 "/about" "Mozilla/5.0 (Windows NT 10.0; Win64; x64) AppleWebKit/537.36 Edg/124.0.0.0"
213.24.11.146 - - [03/Jul/2026:16:45:21 +0000] "GET /favicon.ico HTTP/1.1" 200 73563 "-" "Mozilla/5.0 (Macintosh; Intel Mac OS X 14_5) AppleWebKit/605.1.15 Version/17.4 Safari/605.1.15"
77.88.55.201 - - [03/Jul/2026:16:45:21 +0000] "GET /assets/logo.svg HTTP/1.1" 200 8328 "-" "Mozilla/5.0 (Macintosh; Intel Mac OS X 14_5) AppleWebKit/605.1.15 Version/17.4 Safari/605.1.15"
198.51.100.45 - - [03/Jul/2026:16:45:21 +0000] "GET / HTTP/1.1" 304 363 "-" "Mozilla/5.0 (compatible; YandexBot/3.0; +http://yandex.com/bots)"
185.220.101.54 - - [03/Jul/2026:16:45:22 +0000] "GET /access.log HTTP/1.1" 404 790 "-" "Nmap Scripting Engine"
104.244.72.115 - - [03/Jul/2026:16:45:22 +0000] "HEAD /apache/logs/access.log HTTP/1.1" 404 1650 "-" "python-requests/2.31.0"
213.24.11.146 - - [03/Jul/2026:16:45:22 +0000] "GET /assets/app.js HTTP/1.1" 200 12207 "-" "Mozilla/5.0 (Macintosh; Intel Mac OS X 14_5) AppleWebKit/537.36 Chrome/124.0.0.0 Safari/537.36"
188.18.77.220 - - [03/Jul/2026:16:45:23 +0000] "GET /about HTTP/1.1" 200 14234 "/robots.txt" "Mozilla/5.0 (Windows NT 10.0; Win64; x64) AppleWebKit/537.36 Chrome/123.0.0.0 Safari/537.36"
31.165.136.254 - - [03/Jul/2026:16:45:23 +0000] "GET /robots.txt HTTP/1.1" 304 3816 "/healthz" "Mozilla/5.0 (Macintosh; Intel Mac OS X 14_5) AppleWebKit/537.36 Chrome/124.0.0.0 Safari/537.36"
157.55.39.7 - - [03/Jul/2026:16:45:24 +0000] "GET / HTTP/1.1" 200 74752 "-" "Mozilla/5.0 (Macintosh; Intel Mac OS X 14_5) AppleWebKit/605.1.15 Version/17.4 Safari/605.1.15"
188.18.77.220 - - [03/Jul/2026:16:45:25 +0000] "GET / HTTP/1.1" 200 65842 "-" "Mozilla/5.0 (iPad; CPU OS 17_4 like Mac OS X) AppleWebKit/605.1.15 Version/17.4 Mobile/15E148 Safari/604.1"
66.249.75.10 - - [03/Jul/2026:16:45:26 +0000] "GET /about HTTP/1.1" 200 69212 "-" "Mozilla/5.0 (X11; Linux x86_64) AppleWebKit/537.36 Chrome/122.0.0.0 Safari/537.36"
80.85.246.17 - - [03/Jul/2026:16:45:26 +0000] "GET /phpMyAdmin-2.6.3-pl1/ HTTP/1.1" 302 2318 "-" "python-requests/2.31.0"
77.88.55.201 - - [03/Jul/2026:16:45:27 +0000] "GET /sitemap.xml HTTP/1.1" 304 1977 "/metrics" "Mozilla/5.0 (iPad; CPU OS 17_4 like Mac OS X) AppleWebKit/605.1.15 Version/17.4 Mobile/15E148 Safari/604.1"
77.88.55.201 - - [03/Jul/2026:16:45:27 +0000] "GET /articles/2026/q2 HTTP/1.1" 200 68477 "/assets/site.css" "Mozilla/5.0 (Macintosh; Intel Mac OS X 14_5) AppleWebKit/605.1.15 Version/17.4 Safari/605.1.15"
66.249.75.10 - - [03/Jul/2026:16:45:28 +0000] "GET /api/news HTTP/1.1" 200 37010 "/api/products" "Mozilla/5.0 (Macintosh; Intel Mac OS X 14_5) AppleWebKit/537.36 Chrome/124.0.0.0 Safari/537.36"
213.24.11.146 - - [03/Jul/2026:16:45:30 +0000] "GET /api/products HTTP/1.1" 200 53246 "/assets/site.css" "Mozilla/5.0 (Macintosh; Intel Mac OS X 14_5) AppleWebKit/605.1.15 Version/17.4 Safari/605.1.15"
104.244.72.115 - - [03/Jul/2026:16:45:30 +0000] "GET /access_log HTTP/1.1" 403 1123 "-" "Wfuzz/3.1.0"
5.188.206.67 - - [03/Jul/2026:16:45:32 +0000] "HEAD /.properties HTTP/1.1" 404 2260 "-" "python-requests/2.31.0"
104.244.72.115 - - [03/Jul/2026:16:45:32 +0000] "HEAD /nginx-access.log HTTP/1.1" 301 1850 "-" "Nmap Scripting Engine"
91.198.174.22 - - [03/Jul/2026:16:45:33 +0000] "GET /api/products HTTP/1.1" 200 31521 "-" "Mozilla/5.0 (compatible; Googlebot/2.1; +http://www.google.com/bot.html)"
198.51.100.45 - - [03/Jul/2026:16:45:34 +0000] "GET / HTTP/1.1" 200 18704 "-" "Mozilla/5.0 (Windows NT 10.0; Win64; x64) AppleWebKit/537.36 Chrome/123.0.0.0 Safari/537.36"
57.201.143.55 - - [03/Jul/2026:16:45:34 +0000] "GET /articles/2026/q2 HTTP/1.1" 200 81130 "/api/products" "Mozilla/5.0 (Macintosh; Intel Mac OS X 14_5) AppleWebKit/605.1.15 Version/17.4 Safari/605.1.15"
213.24.11.146 - - [03/Jul/2026:16:45:36 +0000] "GET /favicon.ico HTTP/1.1" 200 42738 "/api/products" "Mozilla/5.0 (Macintosh; Intel Mac OS X 14_5) AppleWebKit/537.36 Chrome/124.0.0.0 Safari/537.36"
203.0.113.77 - - [03/Jul/2026:16:45:37 +0000] "GET /products HTTP/1.1" 200 26444 "-" "Mozilla/5.0 (Windows NT 10.0; Win64; x64) AppleWebKit/537.36 Chrome/123.0.0.0 Safari/537.36"
45.9.148.77 - - [03/Jul/2026:16:45:37 +0000] "GET /wallet.dat HTTP/1.1" 404 1464 "-" "Go-http-client/1.1"
108.28.120.235 - - [03/Jul/2026:16:45:37 +0000] "GET /contacts HTTP/1.1" 200 68161 "-" "Mozilla/5.0 (Macintosh; Intel Mac OS X 14_5) AppleWebKit/537.36 Chrome/124.0.0.0 Safari/537.36"
40.77.167.21 - - [03/Jul/2026:16:45:38 +0000] "GET /assets/logo.svg HTTP/1.1" 304 3267 "-" "Mozilla/5.0 (iPhone; CPU iPhone OS 17_4 like Mac OS X) AppleWebKit/605.1.15 Version/17.4 Mobile/15E148 Safari/604.1"
10.42.0.66 - - [03/Jul/2026:16:45:39 +0000] "GET /metrics HTTP/1.1" 200 952 "-" "curl/8.6.0"
185.220.101.54 - - [03/Jul/2026:16:45:39 +0000] "OPTIONS /certenroll/ HTTP/1.1" 404 1749 "-" "ffuf/2.1.0"
203.0.113.77 - - [03/Jul/2026:16:45:39 +0000] "GET /about HTTP/1.1" 304 1121 "-" "Mozilla/5.0 (Macintosh; Intel Mac OS X 14_5) AppleWebKit/605.1.15 Version/17.4 Safari/605.1.15"
213.24.11.146 - - [03/Jul/2026:16:45:39 +0000] "GET /about HTTP/1.1" 200 26355 "/assets/app.js" "Mozilla/5.0 (iPad; CPU OS 17_4 like Mac OS X) AppleWebKit/605.1.15 Version/17.4 Mobile/15E148 Safari/604.1"
198.51.100.45 - - [03/Jul/2026:16:45:39 +0000] "HEAD /assets/logo.svg HTTP/1.1" 200 43969 "-" "Mozilla/5.0 (Macintosh; Intel Mac OS X 14_5) AppleWebKit/537.36 Chrome/124.0.0.0 Safari/537.36"
10.42.3.95 - - [03/Jul/2026:16:45:39 +0000] "GET /healthz HTTP/1.1" 200 5746 "-" "kube-probe/1.30"
213.24.11.146 - - [03/Jul/2026:16:45:40 +0000] "GET /articles/2026/q2 HTTP/1.1" 200 7470 "/api/products" "Mozilla/5.0 (Windows NT 10.0; Win64; rv:124.0) Gecko/20100101 Firefox/124.0"
40.77.167.21 - - [03/Jul/2026:16:45:40 +0000] "GET /articles/2026/q2 HTTP/1.1" 200 58164 "-" "Mozilla/5.0 (Macintosh; Intel Mac OS X 14_5) AppleWebKit/537.36 Chrome/124.0.0.0 Safari/537.36"
80.85.246.17 - - [03/Jul/2026:16:45:42 +0000] "GET /bitrix/import/ HTTP/1.1" 404 1854 "-" "gobuster/3.6"
45.9.148.77 - - [03/Jul/2026:16:45:42 +0000] "GET /nginx-error.log HTTP/1.1" 404 1012 "-" "Wfuzz/3.1.0"
66.249.75.10 - - [03/Jul/2026:16:45:42 +0000] "GET /assets/logo.svg HTTP/1.1" 304 1713 "-" "Mozilla/5.0 (compatible; bingbot/2.0; +http://www.bing.com/bingbot.htm)"
185.220.101.54 - - [03/Jul/2026:16:45:43 +0000] "GET /_log/access-log HTTP/1.1" 403 1131 "-" "python-requests/2.31.0"
40.77.167.21 - - [03/Jul/2026:16:45:43 +0000] "GET /metrics HTTP/1.1" 200 48805 "/api/news" "Mozilla/5.0 (compatible; Googlebot/2.1; +http://www.google.com/bot.html)"
62.253.98.147 - - [03/Jul/2026:16:45:44 +0000] "GET /assets/site.css HTTP/1.1" 200 31307 "-" "Mozilla/5.0 (Macintosh; Intel Mac OS X 14_5) AppleWebKit/605.1.15 Version/17.4 Safari/605.1.15"
10.42.3.200 - - [03/Jul/2026:16:45:44 +0000] "GET /healthz HTTP/1.1" 200 3542 "-" "curl/8.6.0"
77.88.55.201 - - [03/Jul/2026:16:45:45 +0000] "GET /assets/logo.svg HTTP/1.1" 304 1028 "-" "Mozilla/5.0 (Macintosh; Intel Mac OS X 14_5) AppleWebKit/605.1.15 Version/17.4 Safari/605.1.15"
157.55.39.7 - - [03/Jul/2026:16:45:46 +0000] "GET /about HTTP/1.1" 304 1066 "-" "Mozilla/5.0 (iPhone; CPU iPhone OS 17_4 like Mac OS X) AppleWebKit/605.1.15 Version/17.4 Mobile/15E148 Safari/604.1"
157.55.39.7 - - [03/Jul/2026:16:45:46 +0000] "GET /about HTTP/1.1" 200 67868 "-" "Mozilla/5.0 (iPhone; CPU iPhone OS 17_4 like Mac OS X) AppleWebKit/605.1.15 Version/17.4 Mobile/15E148 Safari/604.1"
104.244.72.115 - - [03/Jul/2026:16:45:46 +0000] "OPTIONS /aspnet_webadmin HTTP/1.1" 302 1270 "-" "Nmap Scripting Engine"
91.198.174.22 - - [03/Jul/2026:16:45:47 +0000] "GET /products HTTP/1.1" 304 736 "/about" "Mozilla/5.0 (X11; Linux x86_64) AppleWebKit/537.36 Chrome/122.0.0.0 Safari/537.36"
157.55.39.7 - - [03/Jul/2026:16:45:48 +0000] "GET /assets/logo.svg HTTP/1.1" 200 77231 "/" "Mozilla/5.0 (iPad; CPU OS 17_4 like Mac OS X) AppleWebKit/605.1.15 Version/17.4 Mobile/15E148 Safari/604.1"
171.25.193.20 - - [03/Jul/2026:16:45:49 +0000] "HEAD /php-info.php HTTP/1.1" 405 2450 "-" "Wfuzz/3.1.0"
91.198.174.22 - - [03/Jul/2026:16:45:50 +0000] "GET /products HTTP/1.1" 200 73766 "-" "Mozilla/5.0 (iPhone; CPU iPhone OS 17_4 like Mac OS X) AppleWebKit/605.1.15 Version/17.4 Mobile/15E148 Safari/604.1"
198.51.100.45 - - [03/Jul/2026:16:45:51 +0000] "GET /articles/2026/q2 HTTP/1.1" 200 20965 "/products" "Mozilla/5.0 (Windows NT 10.0; Win64; x64) AppleWebKit/537.36 Chrome/123.0.0.0 Safari/537.36"
185.193.88.77 - - [03/Jul/2026:16:45:51 +0000] "GET /access.log HTTP/1.1" 404 989 "-" "Nmap Scripting Engine"
198.51.100.45 - - [03/Jul/2026:16:45:52 +0000] "GET /about HTTP/1.1" 200 18596 "-" "Mozilla/5.0 (Windows NT 10.0; Win64; rv:124.0) Gecko/20100101 Firefox/124.0"
194.26.29.89 - - [03/Jul/2026:16:45:53 +0000] "GET /.elb HTTP/1.1" 500 359 "-" "feroxbuster/2.11.0"
188.18.77.220 - - [03/Jul/2026:16:45:53 +0000] "GET /about HTTP/1.1" 200 15832 "-" "Mozilla/5.0 (Windows NT 10.0; Win64; x64) AppleWebKit/537.36 Edg/124.0.0.0"
185.220.101.54 - - [03/Jul/2026:16:45:53 +0000] "HEAD /openshift/ HTTP/1.1" 403 1557 "-" "feroxbuster/2.11.0"
10.42.3.216 - - [03/Jul/2026:16:45:54 +0000] "GET /healthz HTTP/1.1" 200 5632 "-" "curl/8.6.0"
91.198.174.22 - - [03/Jul/2026:16:45:55 +0000] "GET /assets/app.js HTTP/1.1" 200 13399 "/about" "Mozilla/5.0 (X11; Linux x86_64) AppleWebKit/537.36 Chrome/122.0.0.0 Safari/537.36"
194.26.29.89 - - [03/Jul/2026:16:45:55 +0000] "GET /documentation/swagger.yml HTTP/1.1" 500 1486 "-" "feroxbuster/2.11.0"
65.199.172.238 - - [03/Jul/2026:16:45:56 +0000] "GET /api/products HTTP/1.1" 200 57451 "/api/news" "DuckDuckBot/1.0; (+http://duckduckgo.com/duckduckbot)"
212.76.133.14 - - [03/Jul/2026:16:45:56 +0000] "GET /api/products HTTP/1.1" 200 31934 "-" "Mozilla/5.0 (Windows NT 10.0; Win64; x64) AppleWebKit/537.36 Edg/124.0.0.0"
66.249.75.10 - - [03/Jul/2026:16:45:57 +0000] "GET /assets/app.js HTTP/1.1" 304 3363 "-" "Mozilla/5.0 (Windows NT 10.0; Win64; x64) AppleWebKit/537.36 Chrome/123.0.0.0 Safari/537.36"
104.244.72.115 - - [03/Jul/2026:16:45:57 +0000] "GET /sample.txt~ HTTP/1.1" 404 2234 "-" "Wfuzz/3.1.0"
157.55.39.7 - - [03/Jul/2026:16:45:58 +0000] "GET /assets/logo.svg HTTP/1.1" 200 43864 "-" "Mozilla/5.0 (Windows NT 10.0; Win64; x64) AppleWebKit/537.36 Edg/124.0.0.0"
40.77.167.21 - - [03/Jul/2026:16:45:59 +0000] "GET /api/news HTTP/1.1" 200 72147 "-" "Mozilla/5.0 (Macintosh; Intel Mac OS X 14_5) AppleWebKit/605.1.15 Version/17.4 Safari/605.1.15"
10.42.3.206 - - [03/Jul/2026:16:46:01 +0000] "GET /healthz HTTP/1.1" 200 5492 "-" "kube-probe/1.30"
46.188.19.142 - - [03/Jul/2026:16:46:01 +0000] "GET / HTTP/1.1" 200 35011 "-" "Mozilla/5.0 (iPhone; CPU iPhone OS 17_4 like Mac OS X) AppleWebKit/605.1.15 Version/17.4 Mobile/15E148 Safari/604.1"
46.188.19.142 - - [03/Jul/2026:16:46:01 +0000] "GET /assets/app.js HTTP/1.1" 200 11529 "-" "Mozilla/5.0 (Windows NT 10.0; Win64; x64) AppleWebKit/537.36 Edg/124.0.0.0"
138.177.45.50 - - [03/Jul/2026:16:46:01 +0000] "GET /api/news HTTP/1.1" 200 7121 "/favicon.ico" "Mozilla/5.0 (Macintosh; Intel Mac OS X 14_5) AppleWebKit/537.36 Chrome/124.0.0.0 Safari/537.36"
97.71.105.161 - - [03/Jul/2026:16:46:02 +0000] "GET /api/products HTTP/1.1" 200 21420 "/articles/2026/q2" "Mozilla/5.0 (X11; Linux x86_64) AppleWebKit/537.36 Chrome/122.0.0.0 Safari/537.36"
188.18.77.220 - - [03/Jul/2026:16:46:02 +0000] "GET /sitemap.xml HTTP/1.1" 200 12223 "/healthz" "Mozilla/5.0 (Macintosh; Intel Mac OS X 14_5) AppleWebKit/537.36 Chrome/124.0.0.0 Safari/537.36"
141.8.153.222 - - [03/Jul/2026:16:46:03 +0000] "GET /assets/app.js HTTP/1.1" 304 1965 "/sitemap.xml" "Mozilla/5.0 (Windows NT 10.0; Win64; x64) AppleWebKit/537.36 Chrome/123.0.0.0 Safari/537.36"
91.198.174.22 - - [03/Jul/2026:16:46:03 +0000] "GET /assets/logo.svg HTTP/1.1" 200 31940 "/favicon.ico" "DuckDuckBot/1.0; (+http://duckduckgo.com/duckduckbot)"
46.188.19.142 - - [03/Jul/2026:16:46:03 +0000] "GET / HTTP/1.1" 200 6444 "-" "Mozilla/5.0 (Linux; Android 13; SM-S918B) AppleWebKit/537.36 SamsungBrowser/24.0 Chrome/120.0 Mobile Safari/537.36"
156.146.62.11 - - [03/Jul/2026:16:46:04 +0000] "GET /nginx-ssl.access.log HTTP/1.1" 404 2426 "-" "Wfuzz/3.1.0"
40.77.167.21 - - [03/Jul/2026:16:46:05 +0000] "GET / HTTP/1.1" 200 78073 "-" "Mozilla/5.0 (Macintosh; Intel Mac OS X 14_5) AppleWebKit/537.36 Chrome/124.0.0.0 Safari/537.36"
203.0.113.77 - - [03/Jul/2026:16:46:06 +0000] "GET / HTTP/1.1" 200 69352 "-" "Mozilla/5.0 (X11; Linux x86_64) AppleWebKit/537.36 Chrome/122.0.0.0 Safari/537.36"
46.188.19.142 - - [03/Jul/2026:16:46:06 +0000] "GET /products HTTP/1.1" 304 997 "-" "Mozilla/5.0 (Windows NT 10.0; Win64; rv:124.0) Gecko/20100101 Firefox/124.0"
80.85.246.17 - - [03/Jul/2026:16:46:07 +0000] "GET /beta.zip HTTP/1.1" 405 879 "-" "ffuf/2.1.0"
194.26.29.89 - - [03/Jul/2026:16:46:07 +0000] "GET /.rubocop_todo.yml HTTP/1.1" 500 2139 "-" "Nmap Scripting Engine"
141.8.153.222 - - [03/Jul/2026:16:46:07 +0000] "GET /metrics HTTP/1.1" 200 4608 "-" "Mozilla/5.0 (iPad; CPU OS 17_4 like Mac OS X) AppleWebKit/605.1.15 Version/17.4 Mobile/15E148 Safari/604.1"
188.18.77.220 - - [03/Jul/2026:16:46:10 +0000] "GET /assets/logo.svg HTTP/1.1" 304 290 "/metrics" "Mozilla/5.0 (iPhone; CPU iPhone OS 17_4 like Mac OS X) AppleWebKit/605.1.15 Version/17.4 Mobile/15E148 Safari/604.1"
156.146.62.11 - - [03/Jul/2026:16:46:10 +0000] "OPTIONS /phpMyAdminold/index.php HTTP/1.1" 405 2043 "-" "python-requests/2.31.0"
212.76.133.14 - - [03/Jul/2026:16:46:11 +0000] "GET /contacts HTTP/1.1" 200 72112 "-" "Mozilla/5.0 (iPhone; CPU iPhone OS 17_4 like Mac OS X) AppleWebKit/605.1.15 Version/17.4 Mobile/15E148 Safari/604.1"
66.249.75.10 - - [03/Jul/2026:16:46:11 +0000] "GET / HTTP/1.1" 200 59347 "/sitemap.xml" "Mozilla/5.0 (Windows NT 10.0; Win64; x64) AppleWebKit/537.36 Edg/124.0.0.0"
40.77.167.21 - - [03/Jul/2026:16:46:13 +0000] "GET /metrics HTTP/1.1" 200 83395 "-" "Mozilla/5.0 (iPhone; CPU iPhone OS 17_4 like Mac OS X) AppleWebKit/605.1.15 Version/17.4 Mobile/15E148 Safari/604.1"
198.51.100.45 - - [03/Jul/2026:16:46:13 +0000] "GET /assets/app.js HTTP/1.1" 200 19433 "/sitemap.xml" "Mozilla/5.0 (X11; Linux x86_64) AppleWebKit/537.36 Chrome/122.0.0.0 Safari/537.36"
66.249.75.10 - - [03/Jul/2026:16:46:13 +0000] "GET /products HTTP/1.1" 200 47697 "-" "Mozilla/5.0 (iPad; CPU OS 17_4 like Mac OS X) AppleWebKit/605.1.15 Version/17.4 Mobile/15E148 Safari/604.1"
212.76.133.14 - - [03/Jul/2026:16:46:14 +0000] "GET /products HTTP/1.1" 200 83829 "/robots.txt" "Mozilla/5.0 (Linux; Android 13; SM-S918B) AppleWebKit/537.36 SamsungBrowser/24.0 Chrome/120.0 Mobile Safari/537.36"
80.85.246.17 - - [03/Jul/2026:16:46:15 +0000] "GET /bamboo/ HTTP/1.1" 403 352 "-" "Wfuzz/3.1.0"
185.193.88.77 - - [03/Jul/2026:16:46:15 +0000] "HEAD /access.log HTTP/1.1" 500 2155 "-" "Nmap Scripting Engine"
5.188.206.67 - - [03/Jul/2026:16:46:15 +0000] "GET /war/WEB-INF/classes/ HTTP/1.1" 404 665 "-" "Go-http-client/1.1"
171.25.193.20 - - [03/Jul/2026:16:46:15 +0000] "OPTIONS /apache/logs/access.log HTTP/1.1" 404 576 "-" "sqlmap/1.8.4#stable"
129.113.223.16 - - [03/Jul/2026:16:46:15 +0000] "GET /sitemap.xml HTTP/1.1" 200 2279 "-" "Mozilla/5.0 (iPad; CPU OS 17_4 like Mac OS X) AppleWebKit/605.1.15 Version/17.4 Mobile/15E148 Safari/604.1"
91.198.174.22 - - [03/Jul/2026:16:46:16 +0000] "GET /favicon.ico HTTP/1.1" 200 58772 "-" "Mozilla/5.0 (compatible; bingbot/2.0; +http://www.bing.com/bingbot.htm)"
193.142.147.55 - - [03/Jul/2026:16:46:17 +0000] "GET /configuration/ HTTP/1.1" 301 1198 "-" "gobuster/3.6"
46.188.19.142 - - [03/Jul/2026:16:46:17 +0000] "GET /healthz HTTP/1.1" 200 82604 "/" "Mozilla/5.0 (Macintosh; Intel Mac OS X 14_5) AppleWebKit/537.36 Chrome/124.0.0.0 Safari/537.36"
157.55.39.7 - - [03/Jul/2026:16:46:17 +0000] "GET /api/news HTTP/1.1" 200 83856 "-" "Mozilla/5.0 (iPad; CPU OS 17_4 like Mac OS X) AppleWebKit/605.1.15 Version/17.4 Mobile/15E148 Safari/604.1"
91.198.174.22 - - [03/Jul/2026:16:46:18 +0000] "GET /assets/app.js HTTP/1.1" 200 58392 "-" "Mozilla/5.0 (Windows NT 10.0; Win64; x64) AppleWebKit/537.36 Edg/124.0.0.0"
91.198.174.22 - - [03/Jul/2026:16:46:18 +0000] "GET /assets/app.js HTTP/1.1" 200 41922 "-" "Mozilla/5.0 (iPad; CPU OS 17_4 like Mac OS X) AppleWebKit/605.1.15 Version/17.4 Mobile/15E148 Safari/604.1"
203.0.113.77 - - [03/Jul/2026:16:46:19 +0000] "GET /favicon.ico HTTP/1.1" 200 49118 "-" "Mozilla/5.0 (compatible; Googlebot/2.1; +http://www.google.com/bot.html)"
194.26.29.89 - - [03/Jul/2026:16:46:21 +0000] "GET /admincontrol.html HTTP/1.1" 404 974 "-" "ffuf/2.1.0"
80.85.246.17 - - [03/Jul/2026:16:46:21 +0000] "OPTIONS /config.php.dist HTTP/1.1" 500 1591 "-" "DirBuster-1.0-RC1"
198.51.100.45 - - [03/Jul/2026:16:46:21 +0000] "GET /about HTTP/1.1" 200 16883 "-" "Mozilla/5.0 (Macintosh; Intel Mac OS X 14_5) AppleWebKit/537.36 Chrome/124.0.0.0 Safari/537.36"
45.128.207.215 - - [03/Jul/2026:16:46:22 +0000] "GET /schema.yml HTTP/1.1" 404 1347 "-" "Nmap Scripting Engine"
194.26.29.89 - - [03/Jul/2026:16:46:22 +0000] "HEAD /.idea/copyright/profiles_settings.xml HTTP/1.1" 404 754 "-" "ffuf/2.1.0"
91.198.174.22 - - [03/Jul/2026:16:46:22 +0000] "GET /products HTTP/1.1" 200 41490 "/articles/2026/q2" "Mozilla/5.0 (iPad; CPU OS 17_4 like Mac OS X) AppleWebKit/605.1.15 Version/17.4 Mobile/15E148 Safari/604.1"
203.0.113.77 - - [03/Jul/2026:16:46:22 +0000] "GET /healthz HTTP/1.1" 200 7106 "-" "Mozilla/5.0 (Windows NT 10.0; Win64; rv:124.0) Gecko/20100101 Firefox/124.0"
157.55.39.7 - - [03/Jul/2026:16:46:22 +0000] "GET /favicon.ico HTTP/1.1" 200 4020 "-" "Mozilla/5.0 (Windows NT 10.0; Win64; rv:124.0) Gecko/20100101 Firefox/124.0"
213.24.11.146 - - [03/Jul/2026:16:46:24 +0000] "GET /metrics HTTP/1.1" 200 16542 "/healthz" "Mozilla/5.0 (X11; Linux x86_64) AppleWebKit/537.36 Chrome/122.0.0.0 Safari/537.36"
46.188.19.142 - - [03/Jul/2026:16:46:24 +0000] "GET /products HTTP/1.1" 304 1964 "/contacts" "Mozilla/5.0 (compatible; bingbot/2.0; +http://www.bing.com/bingbot.htm)"
89.151.180.133 - - [03/Jul/2026:16:46:24 +0000] "GET /favicon.ico HTTP/1.1" 200 11402 "-" "Mozilla/5.0 (X11; Linux x86_64) AppleWebKit/537.36 Chrome/122.0.0.0 Safari/537.36"
193.142.147.55 - - [03/Jul/2026:16:46:24 +0000] "HEAD /dbaccess.log HTTP/1.1" 403 1641 "-" "feroxbuster/2.11.0"
213.24.11.146 - - [03/Jul/2026:16:46:25 +0000] "GET / HTTP/1.1" 200 50612 "/about" "Mozilla/5.0 (iPad; CPU OS 17_4 like Mac OS X) AppleWebKit/605.1.15 Version/17.4 Mobile/15E148 Safari/604.1"
185.193.88.77 - - [03/Jul/2026:16:46:26 +0000] "OPTIONS /tmp/error.log HTTP/1.1" 301 1873 "-" "python-requests/2.31.0"
40.77.167.21 - - [03/Jul/2026:16:46:26 +0000] "GET /robots.txt HTTP/1.1" 304 2857 "/assets/logo.svg" "Mozilla/5.0 (iPad; CPU OS 17_4 like Mac OS X) AppleWebKit/605.1.15 Version/17.4 Mobile/15E148 Safari/604.1"
167.223.199.149 - - [03/Jul/2026:16:46:26 +0000] "GET /sitemap.xml HTTP/1.1" 200 26715 "-" "Mozilla/5.0 (X11; Linux x86_64) AppleWebKit/537.36 Chrome/122.0.0.0 Safari/537.36"
213.24.11.146 - - [03/Jul/2026:16:46:26 +0000] "GET / HTTP/1.1" 304 3744 "/" "Mozilla/5.0 (iPhone; CPU iPhone OS 17_4 like Mac OS X) AppleWebKit/605.1.15 Version/17.4 Mobile/15E148 Safari/604.1"
58.155.137.231 - - [03/Jul/2026:16:46:27 +0000] "GET /assets/logo.svg HTTP/1.1" 200 64261 "-" "Mozilla/5.0 (Macintosh; Intel Mac OS X 14_5) AppleWebKit/537.36 Chrome/124.0.0.0 Safari/537.36"
193.142.147.55 - - [03/Jul/2026:16:46:27 +0000] "GET /demo/sql/index.jsp HTTP/1.1" 302 386 "-" "masscan/1.3 (https://github.com/robertdavidgraham/masscan)"
80.85.246.17 - - [03/Jul/2026:16:46:28 +0000] "OPTIONS /.env.development.local HTTP/1.1" 301 1846 "-" "ffuf/2.1.0"
46.188.19.142 - - [03/Jul/2026:16:46:28 +0000] "GET /sitemap.xml HTTP/1.1" 304 3510 "/" "Mozilla/5.0 (iPhone; CPU iPhone OS 17_4 like Mac OS X) AppleWebKit/605.1.15 Version/17.4 Mobile/15E148 Safari/604.1"
188.18.77.220 - - [03/Jul/2026:16:46:28 +0000] "GET /api/news HTTP/1.1" 200 28165 "-" "Mozilla/5.0 (compatible; bingbot/2.0; +http://www.bing.com/bingbot.htm)"
212.76.133.14 - - [03/Jul/2026:16:46:29 +0000] "GET /favicon.ico HTTP/1.1" 200 7606 "-" "DuckDuckBot/1.0; (+http://duckduckgo.com/duckduckbot)"
185.220.101.54 - - [03/Jul/2026:16:46:30 +0000] "HEAD /bitrix/components/bitrix/map.yandex.search/settings/settings.php HTTP/1.1" 404 1690 "-" "feroxbuster/2.11.0"
40.77.167.21 - - [03/Jul/2026:16:46:31 +0000] "HEAD /sitemap.xml HTTP/1.1" 304 2499 "/robots.txt" "Mozilla/5.0 (Windows NT 10.0; Win64; rv:124.0) Gecko/20100101 Firefox/124.0"
10.42.2.143 - - [03/Jul/2026:16:46:31 +0000] "GET /healthz HTTP/1.1" 200 5054 "-" "kube-probe/1.30"
213.24.11.146 - - [03/Jul/2026:16:46:33 +0000] "GET /articles/2026/q2 HTTP/1.1" 200 4523 "/about" "Mozilla/5.0 (iPhone; CPU iPhone OS 17_4 like Mac OS X) AppleWebKit/605.1.15 Version/17.4 Mobile/15E148 Safari/604.1"
45.146.164.12 - - [03/Jul/2026:16:46:33 +0000] "HEAD /includes/tiny_mce/ HTTP/1.1" 404 1183 "-" "masscan/1.3 (https://github.com/robertdavidgraham/masscan)"
66.249.75.10 - - [03/Jul/2026:16:46:34 +0000] "GET /assets/logo.svg HTTP/1.1" 200 67402 "/" "Mozilla/5.0 (Windows NT 10.0; Win64; rv:124.0) Gecko/20100101 Firefox/124.0"
156.146.62.11 - - [03/Jul/2026:16:46:35 +0000] "GET /userlogin HTTP/1.1" 301 1527 "-" "Nmap Scripting Engine"
213.24.11.146 - - [03/Jul/2026:16:46:35 +0000] "GET /favicon.ico HTTP/1.1" 200 48199 "-" "Mozilla/5.0 (iPad; CPU OS 17_4 like Mac OS X) AppleWebKit/605.1.15 Version/17.4 Mobile/15E148 Safari/604.1"
66.249.75.10 - - [03/Jul/2026:16:46:35 +0000] "GET /robots.txt HTTP/1.1" 304 3013 "-" "Mozilla/5.0 (iPhone; CPU iPhone OS 17_4 like Mac OS X) AppleWebKit/605.1.15 Version/17.4 Mobile/15E148 Safari/604.1"
213.24.11.146 - - [03/Jul/2026:16:46:35 +0000] "GET /api/news HTTP/1.1" 200 37498 "/" "Mozilla/5.0 (Linux; Android 13; SM-S918B) AppleWebKit/537.36 SamsungBrowser/24.0 Chrome/120.0 Mobile Safari/537.36"
157.187.137.22 - - [03/Jul/2026:16:46:36 +0000] "HEAD /contacts HTTP/1.1" 200 80199 "/products" "Mozilla/5.0 (Windows NT 10.0; Win64; x64) AppleWebKit/537.36 Chrome/123.0.0.0 Safari/537.36"
46.188.19.142 - - [03/Jul/2026:16:46:36 +0000] "GET /api/news HTTP/1.1" 304 2743 "/about" "Mozilla/5.0 (compatible; Googlebot/2.1; +http://www.google.com/bot.html)"
5.188.206.67 - - [03/Jul/2026:16:46:36 +0000] "HEAD /dra.php HTTP/1.1" 403 981 "-" "DirBuster-1.0-RC1"
213.24.11.146 - - [03/Jul/2026:16:46:37 +0000] "GET /api/products HTTP/1.1" 200 76660 "-" "Mozilla/5.0 (Windows NT 10.0; Win64; x64) AppleWebKit/537.36 Chrome/123.0.0.0 Safari/537.36"
213.24.11.146 - - [03/Jul/2026:16:46:37 +0000] "GET / HTTP/1.1" 304 1101 "-" "Mozilla/5.0 (compatible; Googlebot/2.1; +http://www.google.com/bot.html)"
139.247.175.190 - - [03/Jul/2026:16:46:37 +0000] "GET /bamb/ HTTP/1.1" 403 1780 "-" "python-requests/2.31.0"
213.24.11.146 - - [03/Jul/2026:16:46:38 +0000] "GET / HTTP/1.1" 200 4775 "-" "Mozilla/5.0 (X11; Linux x86_64) AppleWebKit/537.36 Chrome/122.0.0.0 Safari/537.36"
188.18.77.220 - - [03/Jul/2026:16:46:38 +0000] "GET /products HTTP/1.1" 304 771 "/assets/logo.svg" "Mozilla/5.0 (iPhone; CPU iPhone OS 17_4 like Mac OS X) AppleWebKit/605.1.15 Version/17.4 Mobile/15E148 Safari/604.1"
45.130.38.23 - - [03/Jul/2026:16:46:40 +0000] "GET /contacts HTTP/1.1" 200 20374 "-" "Mozilla/5.0 (Macintosh; Intel Mac OS X 14_5) AppleWebKit/537.36 Chrome/124.0.0.0 Safari/537.36"
77.88.55.201 - - [03/Jul/2026:16:46:40 +0000] "GET /contacts HTTP/1.1" 200 83034 "-" "Mozilla/5.0 (Linux; Android 13; SM-S918B) AppleWebKit/537.36 SamsungBrowser/24.0 Chrome/120.0 Mobile Safari/537.36"
203.0.113.77 - - [03/Jul/2026:16:46:41 +0000] "GET /metrics HTTP/1.1" 200 78978 "/api/products" "Mozilla/5.0 (compatible; YandexBot/3.0; +http://yandex.com/bots)"
188.18.77.220 - - [03/Jul/2026:16:46:41 +0000] "GET /metrics HTTP/1.1" 304 2027 "/metrics" "Mozilla/5.0 (Macintosh; Intel Mac OS X 14_5) AppleWebKit/605.1.15 Version/17.4 Safari/605.1.15"
66.249.75.10 - - [03/Jul/2026:16:46:42 +0000] "GET /metrics HTTP/1.1" 200 5595 "-" "Mozilla/5.0 (Windows NT 10.0; Win64; x64) AppleWebKit/537.36 Edg/124.0.0.0"
157.55.39.7 - - [03/Jul/2026:16:46:43 +0000] "GET /api/news HTTP/1.1" 200 4333 "/assets/site.css" "DuckDuckBot/1.0; (+http://duckduckgo.com/duckduckbot)"
252.160.85.114 - - [03/Jul/2026:16:46:43 +0000] "GET /contacts HTTP/1.1" 200 73174 "-" "Mozilla/5.0 (iPad; CPU OS 17_4 like Mac OS X) AppleWebKit/605.1.15 Version/17.4 Mobile/15E148 Safari/604.1"
212.76.133.14 - - [03/Jul/2026:16:46:43 +0000] "GET /api/products HTTP/1.1" 200 51641 "-" "Mozilla/5.0 (Windows NT 10.0; Win64; rv:124.0) Gecko/20100101 Firefox/124.0"
141.8.153.222 - - [03/Jul/2026:16:46:43 +0000] "GET /products HTTP/1.1" 200 22745 "-" "Mozilla/5.0 (Macintosh; Intel Mac OS X 14_5) AppleWebKit/537.36 Chrome/124.0.0.0 Safari/537.36"
230.53.79.119 - - [03/Jul/2026:16:46:44 +0000] "GET /pubspec.lock HTTP/1.1" 404 2299 "-" "Go-http-client/1.1"
77.88.55.201 - - [03/Jul/2026:16:46:44 +0000] "GET /favicon.ico HTTP/1.1" 200 71531 "/articles/2026/q2" "Mozilla/5.0 (Macintosh; Intel Mac OS X 14_5) AppleWebKit/537.36 Chrome/124.0.0.0 Safari/537.36"
203.0.113.77 - - [03/Jul/2026:16:46:44 +0000] "GET /api/news HTTP/1.1" 200 77403 "-" "Mozilla/5.0 (X11; Linux x86_64) AppleWebKit/537.36 Chrome/122.0.0.0 Safari/537.36"
213.24.11.146 - - [03/Jul/2026:16:46:44 +0000] "GET /contacts HTTP/1.1" 200 14536 "/products" "Mozilla/5.0 (Windows NT 10.0; Win64; rv:124.0) Gecko/20100101 Firefox/124.0"
104.244.72.115 - - [03/Jul/2026:16:46:45 +0000] "GET /ldap/ HTTP/1.1" 403 169 "-" "Wfuzz/3.1.0"
23.129.64.112 - - [03/Jul/2026:16:46:46 +0000] "HEAD /wwwboard/ HTTP/1.1" 403 2318 "-" "sqlmap/1.8.4#stable"
225.72.162.88 - - [03/Jul/2026:16:46:46 +0000] "GET /products HTTP/1.1" 200 61588 "-" "Mozilla/5.0 (Macintosh; Intel Mac OS X 14_5) AppleWebKit/605.1.15 Version/17.4 Safari/605.1.15"
193.142.147.55 - - [03/Jul/2026:16:46:47 +0000] "GET /beta.zip HTTP/1.1" 404 1878 "-" "Nmap Scripting Engine"
138.76.227.87 - - [03/Jul/2026:16:46:47 +0000] "GET /articles/2026/q2 HTTP/1.1" 200 83267 "/api/news" "Mozilla/5.0 (Windows NT 10.0; Win64; x64) AppleWebKit/537.36 Chrome/123.0.0.0 Safari/537.36"
213.24.11.146 - - [03/Jul/2026:16:46:47 +0000] "GET /contacts HTTP/1.1" 304 3322 "/" "Mozilla/5.0 (Linux; Android 13; SM-S918B) AppleWebKit/537.36 SamsungBrowser/24.0 Chrome/120.0 Mobile Safari/537.36"
141.8.153.222 - - [03/Jul/2026:16:46:48 +0000] "GET /about HTTP/1.1" 200 14821 "/assets/site.css" "Mozilla/5.0 (iPad; CPU OS 17_4 like Mac OS X) AppleWebKit/605.1.15 Version/17.4 Mobile/15E148 Safari/604.1"
188.18.77.220 - - [03/Jul/2026:16:46:49 +0000] "GET /api/news HTTP/1.1" 304 2398 "/products" "Mozilla/5.0 (Windows NT 10.0; Win64; x64) AppleWebKit/537.36 Chrome/123.0.0.0 Safari/537.36"
10.42.0.181 - - [03/Jul/2026:16:46:49 +0000] "GET /healthz HTTP/1.1" 200 1045 "-" "kube-probe/1.30"
23.129.64.112 - - [03/Jul/2026:16:46:49 +0000] "GET /publication_list.xml HTTP/1.1" 403 662 "-" "DirBuster-1.0-RC1"
77.88.55.201 - - [03/Jul/2026:16:46:49 +0000] "HEAD /products HTTP/1.1" 200 25427 "/api/products" "Mozilla/5.0 (X11; Linux x86_64) AppleWebKit/537.36 Chrome/122.0.0.0 Safari/537.36"
185.193.88.77 - - [03/Jul/2026:16:46:51 +0000] "GET /access.log HTTP/1.1" 404 336 "-" "python-requests/2.31.0"
157.55.39.7 - - [03/Jul/2026:16:46:51 +0000] "GET / HTTP/1.1" 304 2159 "/healthz" "Mozilla/5.0 (Windows NT 10.0; Win64; x64) AppleWebKit/537.36 Chrome/123.0.0.0 Safari/537.36"
91.198.174.22 - - [03/Jul/2026:16:46:52 +0000] "GET /healthz HTTP/1.1" 200 84337 "/assets/logo.svg" "Mozilla/5.0 (iPhone; CPU iPhone OS 17_4 like Mac OS X) AppleWebKit/605.1.15 Version/17.4 Mobile/15E148 Safari/604.1"
90.129.230.132 - - [03/Jul/2026:16:46:52 +0000] "GET /contacts HTTP/1.1" 304 3402 "/products" "Mozilla/5.0 (iPad; CPU OS 17_4 like Mac OS X) AppleWebKit/605.1.15 Version/17.4 Mobile/15E148 Safari/604.1"
46.188.19.142 - - [03/Jul/2026:16:46:52 +0000] "GET /assets/site.css HTTP/1.1" 304 2536 "/products" "Mozilla/5.0 (iPhone; CPU iPhone OS 17_4 like Mac OS X) AppleWebKit/605.1.15 Version/17.4 Mobile/15E148 Safari/604.1"
40.77.167.21 - - [03/Jul/2026:16:46:53 +0000] "GET /healthz HTTP/1.1" 200 70652 "-" "Mozilla/5.0 (iPad; CPU OS 17_4 like Mac OS X) AppleWebKit/605.1.15 Version/17.4 Mobile/15E148 Safari/604.1"
193.142.147.55 - - [03/Jul/2026:16:46:53 +0000] "GET /d0mains.php HTTP/1.1" 404 1786 "-" "python-requests/2.31.0"
45.9.148.77 - - [03/Jul/2026:16:46:53 +0000] "HEAD /admin/login.php HTTP/1.1" 404 741 "-" "masscan/1.3 (https://github.com/robertdavidgraham/masscan)"
104.244.72.115 - - [03/Jul/2026:16:46:53 +0000] "HEAD /wso.php HTTP/1.1" 500 684 "-" "gobuster/3.6"
213.24.11.146 - - [03/Jul/2026:16:46:53 +0000] "GET /assets/site.css HTTP/1.1" 200 58375 "-" "Mozilla/5.0 (Macintosh; Intel Mac OS X 14_5) AppleWebKit/537.36 Chrome/124.0.0.0 Safari/537.36"
66.249.75.10 - - [03/Jul/2026:16:46:54 +0000] "GET /assets/site.css HTTP/1.1" 200 41755 "/healthz" "Mozilla/5.0 (compatible; bingbot/2.0; +http://www.bing.com/bingbot.htm)"
188.18.77.220 - - [03/Jul/2026:16:46:54 +0000] "GET /api/products HTTP/1.1" 200 81033 "-" "Mozilla/5.0 (compatible; bingbot/2.0; +http://www.bing.com/bingbot.htm)"
66.249.75.10 - - [03/Jul/2026:16:46:54 +0000] "HEAD /contacts HTTP/1.1" 200 65585 "/" "Mozilla/5.0 (iPhone; CPU iPhone OS 17_4 like Mac OS X) AppleWebKit/605.1.15 Version/17.4 Mobile/15E148 Safari/604.1"
91.198.174.22 - - [03/Jul/2026:16:46:54 +0000] "HEAD /assets/logo.svg HTTP/1.1" 200 25232 "-" "DuckDuckBot/1.0; (+http://duckduckgo.com/duckduckbot)"
198.51.100.45 - - [03/Jul/2026:16:46:55 +0000] "GET /assets/logo.svg HTTP/1.1" 200 82964 "/robots.txt" "Mozilla/5.0 (Macintosh; Intel Mac OS X 14_5) AppleWebKit/537.36 Chrome/124.0.0.0 Safari/537.36"
40.77.167.21 - - [03/Jul/2026:16:46:56 +0000] "HEAD /favicon.ico HTTP/1.1" 304 2649 "-" "Mozilla/5.0 (Windows NT 10.0; Win64; x64) AppleWebKit/537.36 Edg/124.0.0.0"
46.188.19.142 - - [03/Jul/2026:16:46:57 +0000] "GET /about HTTP/1.1" 200 61519 "-" "Mozilla/5.0 (Macintosh; Intel Mac OS X 14_5) AppleWebKit/537.36 Chrome/124.0.0.0 Safari/537.36"
185.193.88.77 - - [03/Jul/2026:16:46:57 +0000] "OPTIONS /file_manager/ HTTP/1.1" 301 2582 "-" "ffuf/2.1.0"
41.177.201.169 - - [03/Jul/2026:16:46:57 +0000] "GET /metrics HTTP/1.1" 200 58847 "-" "Mozilla/5.0 (Windows NT 10.0; Win64; x64) AppleWebKit/537.36 Chrome/123.0.0.0 Safari/537.36"
46.188.19.142 - - [03/Jul/2026:16:46:58 +0000] "GET / HTTP/1.1" 304 3549 "-" "Mozilla/5.0 (iPhone; CPU iPhone OS 17_4 like Mac OS X) AppleWebKit/605.1.15 Version/17.4 Mobile/15E148 Safari/604.1"
171.25.193.20 - - [03/Jul/2026:16:46:59 +0000] "HEAD /authentication HTTP/1.1" 404 2578 "-" "dirsearch/0.4.3"
194.26.29.89 - - [03/Jul/2026:16:46:59 +0000] "HEAD /portal/ HTTP/1.1" 301 684 "-" "sqlmap/1.8.4#stable"
194.26.29.89 - - [03/Jul/2026:16:47:00 +0000] "GET /.filemgr-tmp HTTP/1.1" 404 826 "-" "gobuster/3.6"
5.188.206.67 - - [03/Jul/2026:16:47:00 +0000] "GET /apache/logs/access.log HTTP/1.1" 404 2204 "-" "python-requests/2.31.0"
91.198.174.22 - - [03/Jul/2026:16:47:00 +0000] "GET /sitemap.xml HTTP/1.1" 200 73186 "/assets/logo.svg" "Mozilla/5.0 (iPad; CPU OS 17_4 like Mac OS X) AppleWebKit/605.1.15 Version/17.4 Mobile/15E148 Safari/604.1"
104.244.72.115 - - [03/Jul/2026:16:47:01 +0000] "GET /phpMyAdmin-2.6.4-rc1/ HTTP/1.1" 403 1074 "-" "masscan/1.3 (https://github.com/robertdavidgraham/masscan)"
156.146.62.11 - - [03/Jul/2026:16:47:01 +0000] "GET /soap/servlet/soaprouter HTTP/1.1" 404 990 "-" "masscan/1.3 (https://github.com/robertdavidgraham/masscan)"
23.129.64.112 - - [03/Jul/2026:16:47:01 +0000] "HEAD /fckeditor/editor/filemanager/connectors/aspx/upload.aspx HTTP/1.1" 301 710 "-" "dirsearch/0.4.3"
45.9.148.77 - - [03/Jul/2026:16:47:01 +0000] "HEAD /refresh.json HTTP/1.1" 404 2100 "-" "masscan/1.3 (https://github.com/robertdavidgraham/masscan)"
188.18.77.220 - - [03/Jul/2026:16:47:01 +0000] "GET /sitemap.xml HTTP/1.1" 200 70063 "-" "Mozilla/5.0 (iPad; CPU OS 17_4 like Mac OS X) AppleWebKit/605.1.15 Version/17.4 Mobile/15E148 Safari/604.1"
157.55.39.7 - - [03/Jul/2026:16:47:02 +0000] "GET /healthz HTTP/1.1" 200 33651 "/metrics" "Mozilla/5.0 (compatible; Googlebot/2.1; +http://www.google.com/bot.html)"
194.26.29.89 - - [03/Jul/2026:16:47:03 +0000] "GET /admin/fckeditor/editor/filemanager/upload/aspx/upload.aspx HTTP/1.1" 404 272 "-" "ffuf/2.1.0"
212.76.133.14 - - [03/Jul/2026:16:47:04 +0000] "HEAD /api/products HTTP/1.1" 304 850 "/favicon.ico" "Mozilla/5.0 (X11; Linux x86_64) AppleWebKit/537.36 Chrome/122.0.0.0 Safari/537.36"
188.18.77.220 - - [03/Jul/2026:16:47:05 +0000] "GET /contacts HTTP/1.1" 304 3241 "-" "Mozilla/5.0 (Macintosh; Intel Mac OS X 14_5) AppleWebKit/537.36 Chrome/124.0.0.0 Safari/537.36"
141.8.153.222 - - [03/Jul/2026:16:47:06 +0000] "GET /articles/2026/q2 HTTP/1.1" 200 56989 "-" "Mozilla/5.0 (X11; Linux x86_64) AppleWebKit/537.36 Chrome/122.0.0.0 Safari/537.36"
91.198.174.22 - - [03/Jul/2026:16:47:06 +0000] "GET /robots.txt HTTP/1.1" 200 69239 "/metrics" "Mozilla/5.0 (compatible; bingbot/2.0; +http://www.bing.com/bingbot.htm)"
10.42.2.224 - - [03/Jul/2026:16:47:06 +0000] "GET /healthz HTTP/1.1" 200 5850 "-" "curl/8.6.0"
212.76.133.14 - - [03/Jul/2026:16:47:06 +0000] "GET /healthz HTTP/1.1" 200 50323 "-" "Mozilla/5.0 (Windows NT 10.0; Win64; x64) AppleWebKit/537.36 Chrome/123.0.0.0 Safari/537.36"
127.224.154.83 - - [03/Jul/2026:16:47:07 +0000] "GET /favicon.ico HTTP/1.1" 200 67113 "-" "Mozilla/5.0 (Macintosh; Intel Mac OS X 14_5) AppleWebKit/537.36 Chrome/124.0.0.0 Safari/537.36"
40.77.167.21 - - [03/Jul/2026:16:47:07 +0000] "GET /metrics HTTP/1.1" 200 21489 "/robots.txt" "Mozilla/5.0 (iPad; CPU OS 17_4 like Mac OS X) AppleWebKit/605.1.15 Version/17.4 Mobile/15E148 Safari/604.1"
46.188.19.142 - - [03/Jul/2026:16:47:07 +0000] "GET /robots.txt HTTP/1.1" 200 36140 "-" "Mozilla/5.0 (Windows NT 10.0; Win64; rv:124.0) Gecko/20100101 Firefox/124.0"
5.188.206.67 - - [03/Jul/2026:16:47:09 +0000] "OPTIONS /access.log HTTP/1.1" 500 371 "-" "python-requests/2.31.0"
66.249.75.10 - - [03/Jul/2026:16:47:10 +0000] "GET /healthz HTTP/1.1" 304 1189 "-" "Mozilla/5.0 (Macintosh; Intel Mac OS X 14_5) AppleWebKit/537.36 Chrome/124.0.0.0 Safari/537.36"
66.249.75.10 - - [03/Jul/2026:16:47:10 +0000] "GET /about HTTP/1.1" 200 10529 "/assets/logo.svg" "Mozilla/5.0 (compatible; Googlebot/2.1; +http://www.google.com/bot.html)"
77.88.55.201 - - [03/Jul/2026:16:47:10 +0000] "GET /robots.txt HTTP/1.1" 200 70818 "-" "Mozilla/5.0 (Macintosh; Intel Mac OS X 14_5) AppleWebKit/537.36 Chrome/124.0.0.0 Safari/537.36"
10.42.0.59 - - [03/Jul/2026:16:47:11 +0000] "GET /healthz HTTP/1.1" 200 3050 "-" "kube-probe/1.30"
91.198.174.22 - - [03/Jul/2026:16:47:11 +0000] "GET /api/news HTTP/1.1" 200 44941 "-" "Mozilla/5.0 (Windows NT 10.0; Win64; x64) AppleWebKit/537.36 Chrome/123.0.0.0 Safari/537.36"
213.24.11.146 - - [03/Jul/2026:16:47:11 +0000] "GET / HTTP/1.1" 200 43908 "/assets/logo.svg" "Mozilla/5.0 (Macintosh; Intel Mac OS X 14_5) AppleWebKit/537.36 Chrome/124.0.0.0 Safari/537.36"
66.249.75.10 - - [03/Jul/2026:16:47:12 +0000] "GET /assets/logo.svg HTTP/1.1" 200 43740 "/api/news" "Mozilla/5.0 (Windows NT 10.0; Win64; rv:124.0) Gecko/20100101 Firefox/124.0"
157.55.39.7 - - [03/Jul/2026:16:47:13 +0000] "GET /sitemap.xml HTTP/1.1" 200 24980 "-" "Mozilla/5.0 (X11; Linux x86_64) AppleWebKit/537.36 Chrome/122.0.0.0 Safari/537.36"
185.193.88.77 - - [03/Jul/2026:16:47:13 +0000] "HEAD /buffer.conf HTTP/1.1" 500 607 "-" "masscan/1.3 (https://github.com/robertdavidgraham/masscan)"
141.8.153.222 - - [03/Jul/2026:16:47:13 +0000] "GET /metrics HTTP/1.1" 304 2207 "-" "Mozilla/5.0 (iPad; CPU OS 17_4 like Mac OS X) AppleWebKit/605.1.15 Version/17.4 Mobile/15E148 Safari/604.1"
220.134.153.184 - - [03/Jul/2026:16:47:13 +0000] "GET /favicon.ico HTTP/1.1" 200 72933 "-" "Mozilla/5.0 (Macintosh; Intel Mac OS X 14_5) AppleWebKit/605.1.15 Version/17.4 Safari/605.1.15"
91.198.174.22 - - [03/Jul/2026:16:47:14 +0000] "GET /assets/site.css HTTP/1.1" 200 54998 "-" "Mozilla/5.0 (Windows NT 10.0; Win64; x64) AppleWebKit/537.36 Edg/124.0.0.0"
141.8.153.222 - - [03/Jul/2026:16:47:14 +0000] "GET /assets/site.css HTTP/1.1" 200 81823 "-" "Mozilla/5.0 (compatible; bingbot/2.0; +http://www.bing.com/bingbot.htm)"
91.198.174.22 - - [03/Jul/2026:16:47:14 +0000] "GET /sitemap.xml HTTP/1.1" 200 60649 "/api/products" "Mozilla/5.0 (compatible; YandexBot/3.0; +http://yandex.com/bots)"
212.76.133.14 - - [03/Jul/2026:16:47:14 +0000] "GET /metrics HTTP/1.1" 200 58268 "-" "Mozilla/5.0 (Windows NT 10.0; Win64; x64) AppleWebKit/537.36 Chrome/123.0.0.0 Safari/537.36"
157.230.31.208 - - [03/Jul/2026:16:47:14 +0000] "GET /products HTTP/1.1" 304 1752 "-" "Mozilla/5.0 (Macintosh; Intel Mac OS X 14_5) AppleWebKit/537.36 Chrome/124.0.0.0 Safari/537.36"
212.76.133.14 - - [03/Jul/2026:16:47:14 +0000] "GET /healthz HTTP/1.1" 200 21263 "/about" "Mozilla/5.0 (Macintosh; Intel Mac OS X 14_5) AppleWebKit/605.1.15 Version/17.4 Safari/605.1.15"
45.146.164.12 - - [03/Jul/2026:16:47:15 +0000] "GET /tmp/up.php HTTP/1.1" 403 1975 "-" "python-requests/2.31.0"
212.76.133.14 - - [03/Jul/2026:16:47:16 +0000] "GET /assets/logo.svg HTTP/1.1" 304 3533 "-" "Mozilla/5.0 (iPhone; CPU iPhone OS 17_4 like Mac OS X) AppleWebKit/605.1.15 Version/17.4 Mobile/15E148 Safari/604.1"
46.188.19.142 - - [03/Jul/2026:16:47:16 +0000] "GET /assets/logo.svg HTTP/1.1" 200 65941 "-" "Mozilla/5.0 (iPad; CPU OS 17_4 like Mac OS X) AppleWebKit/605.1.15 Version/17.4 Mobile/15E148 Safari/604.1"
157.55.39.7 - - [03/Jul/2026:16:47:16 +0000] "GET /favicon.ico HTTP/1.1" 200 70627 "-" "Mozilla/5.0 (Windows NT 10.0; Win64; x64) AppleWebKit/537.36 Chrome/123.0.0.0 Safari/537.36"
46.188.19.142 - - [03/Jul/2026:16:47:17 +0000] "GET / HTTP/1.1" 200 37473 "/metrics" "Mozilla/5.0 (iPhone; CPU iPhone OS 17_4 like Mac OS X) AppleWebKit/605.1.15 Version/17.4 Mobile/15E148 Safari/604.1"
45.146.164.12 - - [03/Jul/2026:16:47:18 +0000] "GET /_logs/access.log HTTP/1.1" 404 730 "-" "dirsearch/0.4.3"
66.249.75.10 - - [03/Jul/2026:16:47:19 +0000] "GET /api/news HTTP/1.1" 304 2534 "-" "Mozilla/5.0 (X11; Linux x86_64) AppleWebKit/537.36 Chrome/122.0.0.0 Safari/537.36"
194.26.29.89 - - [03/Jul/2026:16:47:20 +0000] "GET /db/dbadmin/ HTTP/1.1" 405 374 "-" "feroxbuster/2.11.0"
23.129.64.112 - - [03/Jul/2026:16:47:20 +0000] "GET /.mc HTTP/1.1" 404 1402 "-" "sqlmap/1.8.4#stable"
171.25.193.20 - - [03/Jul/2026:16:47:20 +0000] "GET /AT-admin.cgi HTTP/1.1" 404 1482 "-" "Wfuzz/3.1.0"
106.133.218.51 - - [03/Jul/2026:16:47:20 +0000] "GET /robots.txt HTTP/1.1" 304 1746 "/articles/2026/q2" "Mozilla/5.0 (Macintosh; Intel Mac OS X 14_5) AppleWebKit/605.1.15 Version/17.4 Safari/605.1.15"
156.146.62.11 - - [03/Jul/2026:16:47:21 +0000] "GET /.drone.yml HTTP/1.1" 404 1617 "-" "gobuster/3.6"
40.77.167.21 - - [03/Jul/2026:16:47:22 +0000] "GET /assets/app.js HTTP/1.1" 304 2610 "-" "Mozilla/5.0 (Linux; Android 13; SM-S918B) AppleWebKit/537.36 SamsungBrowser/24.0 Chrome/120.0 Mobile Safari/537.36"
203.0.113.77 - - [03/Jul/2026:16:47:23 +0000] "GET /api/products HTTP/1.1" 304 2721 "/healthz" "Mozilla/5.0 (compatible; bingbot/2.0; +http://www.bing.com/bingbot.htm)"
5.188.206.67 - - [03/Jul/2026:16:47:24 +0000] "GET /access.log HTTP/1.1" 403 1574 "-" "sqlmap/1.8.4#stable"
19.74.172.224 - - [03/Jul/2026:16:47:26 +0000] "GET /contacts HTTP/1.1" 200 58393 "/" "Mozilla/5.0 (compatible; Googlebot/2.1; +http://www.google.com/bot.html)"
106.139.67.155 - - [03/Jul/2026:16:47:28 +0000] "HEAD /editor-4.2.1-en.php HTTP/1.1" 301 2569 "-" "Go-http-client/1.1"
141.8.153.222 - - [03/Jul/2026:16:47:28 +0000] "GET /robots.txt HTTP/1.1" 200 39213 "-" "Mozilla/5.0 (Linux; Android 13; SM-S918B) AppleWebKit/537.36 SamsungBrowser/24.0 Chrome/120.0 Mobile Safari/537.36"
10.42.2.11 - - [03/Jul/2026:16:47:28 +0000] "GET /healthz HTTP/1.1" 200 4018 "-" "kube-probe/1.30"
