91.198.174.22 - - [03/Jul/2026:16:20:40 +0000] "GET /api/news HTTP/1.1" 200 38834 "/robots.txt" "Mozilla/5.0 (X11; Linux x86_64) AppleWebKit/537.36 Chrome/122.0.0.0 Safari/537.36"
91.198.174.22 - - [03/Jul/2026:16:20:41 +0000] "GET /articles/2026/q2 HTTP/1.1" 200 35811 "-" "Mozilla/5.0 (Windows NT 10.0; Win64; x64) AppleWebKit/537.36 Edg/124.0.0.0"
156.146.62.11 - - [03/Jul/2026:16:20:41 +0000] "HEAD /maintenance/test.php HTTP/1.1" 404 1651 "-" "feroxbuster/2.11.0"
40.77.167.21 - - [03/Jul/2026:16:20:42 +0000] "GET /contacts HTTP/1.1" 304 1702 "-" "Mozilla/5.0 (Macintosh; Intel Mac OS X 14_5) AppleWebKit/605.1.15 Version/17.4 Safari/605.1.15"
213.24.11.146 - - [03/Jul/2026:16:20:42 +0000] "GET /assets/app.js HTTP/1.1" 304 1039 "-" "Mozilla/5.0 (Windows NT 10.0; Win64; rv:124.0) Gecko/20100101 Firefox/124.0"
10.42.3.23 - - [03/Jul/2026:16:20:42 +0000] "GET /metrics HTTP/1.1" 200 782 "-" "kube-probe/1.30"
141.79.171.101 - - [03/Jul/2026:16:20:43 +0000] "GET /favicon.ico HTTP/1.1" 200 59969 "-" "Mozilla/5.0 (iPhone; CPU iPhone OS 17_4 like Mac OS X) AppleWebKit/605.1.15 Version/17.4 Mobile/15E148 Safari/604.1"
77.88.55.201 - - [03/Jul/2026:16:20:43 +0000] "GET /api/products HTTP/1.1" 200 75388 "-" "Mozilla/5.0 (Macintosh; Intel Mac OS X 14_5) AppleWebKit/537.36 Chrome/124.0.0.0 Safari/537.36"
91.198.174.22 - - [03/Jul/2026:16:20:43 +0000] "GET /about HTTP/1.1" 200 65329 "-" "Mozilla/5.0 (Windows NT 10.0; Win64; rv:124.0) Gecko/20100101 Firefox/124.0"
45.146.164.12 - - [03/Jul/2026:16:20:44 +0000] "GET /db.mdb HTTP/1.1" 301 2324 "-" "ffuf/2.1.0"
10.42.0.251 - - [03/Jul/2026:16:20:46 +0000] "GET /metrics HTTP/1.1" 503 3198 "-" "kube-probe/1.30"
157.55.39.7 - - [03/Jul/2026:16:20:46 +0000] "GET /api/news HTTP/1.1" 200 46095 "/about" "Mozilla/5.0 (Linux; Android 13; SM-S918B) AppleWebKit/537.36 SamsungBrowser/24.0 Chrome/120.0 Mobile Safari/537.36"
194.26.29.89 - - [03/Jul/2026:16:20:46 +0000] "GET /api/v1 HTTP/1.1" 404 222 "-" "sqlmap/1.8.4#stable"
77.88.55.201 - - [03/Jul/2026:16:20:46 +0000] "GET /assets/app.js HTTP/1.1" 200 5686 "-" "Mozilla/5.0 (Windows NT 10.0; Win64; rv:124.0) Gecko/20100101 Firefox/124.0"
198.51.100.45 - - [03/Jul/2026:16:20:47 +0000] "GET /assets/logo.svg HTTP/1.1" 200 82891 "/robots.txt" "DuckDuckBot/1.0; (+http://duckduckgo.com/duckduckbot)"
40.77.167.21 - - [03/Jul/2026:16:20:49 +0000] "GET /robots.txt HTTP/1.1" 200 59395 "/about" "Mozilla/5.0 (Macintosh; Intel Mac OS X 14_5) AppleWebKit/537.36 Chrome/124.0.0.0 Safari/537.36"
198.51.100.45 - - [03/Jul/2026:16:20:49 +0000] "GET / HTTP/1.1" 200 44171 "/api/news" "Mozilla/5.0 (X11; Linux x86_64) AppleWebKit/537.36 Chrome/122.0.0.0 Safari/537.36"
104.244.72.115 - - [03/Jul/2026:16:20:52 +0000] "GET /kube/ HTTP/1.1" 404 1161 "-" "Go-http-client/1.1"
10.42.2.207 - - [03/Jul/2026:16:20:52 +0000] "GET /healthz HTTP/1.1" 200 434 "-" "curl/8.6.0"
213.24.11.146 - - [03/Jul/2026:16:20:53 +0000] "GET /contacts HTTP/1.1" 200 46084 "/assets/site.css" "Mozilla/5.0 (X11; Linux x86_64) AppleWebKit/537.36 Chrome/122.0.0.0 Safari/537.36"
193.142.147.55 - - [03/Jul/2026:16:20:53 +0000] "GET /maintenance.flag HTTP/1.1" 403 935 "-" "gobuster/3.6"
10.42.2.63 - - [03/Jul/2026:16:20:54 +0000] "GET /metrics HTTP/1.1" 200 2984 "-" "curl/8.6.0"
40.77.167.21 - - [03/Jul/2026:16:20:55 +0000] "GET /articles/2026/q2 HTTP/1.1" 200 58909 "/products" "Mozilla/5.0 (iPhone; CPU iPhone OS 17_4 like Mac OS X) AppleWebKit/605.1.15 Version/17.4 Mobile/15E148 Safari/604.1"
77.88.55.201 - - [03/Jul/2026:16:20:55 +0000] "GET /metrics HTTP/1.1" 304 1968 "-" "Mozilla/5.0 (Windows NT 10.0; Win64; x64) AppleWebKit/537.36 Edg/124.0.0.0"
46.188.19.142 - - [03/Jul/2026:16:20:55 +0000] "GET /api/news HTTP/1.1" 200 14346 "-" "DuckDuckBot/1.0; (+http://duckduckgo.com/duckduckbot)"
5.188.206.67 - - [03/Jul/2026:16:20:56 +0000] "HEAD /config.php.new HTTP/1.1" 404 660 "-" "gobuster/3.6"
213.24.11.146 - - [03/Jul/2026:16:20:57 +0000] "GET /robots.txt HTTP/1.1" 200 37579 "/healthz" "Mozilla/5.0 (X11; Linux x86_64) AppleWebKit/537.36 Chrome/122.0.0.0 Safari/537.36"
188.18.77.220 - - [03/Jul/2026:16:20:57 +0000] "GET /api/news HTTP/1.1" 200 28760 "-" "Mozilla/5.0 (Windows NT 10.0; Win64; x64) AppleWebKit/537.36 Edg/124.0.0.0"
254.15.149.146 - - [03/Jul/2026:16:20:59 +0000] "GET /api/news HTTP/1.1" 200 56574 "-" "Mozilla/5.0 (iPad; CPU OS 17_4 like Mac OS X) AppleWebKit/605.1.15 Version/17.4 Mobile/15E148 Safari/604.1"
198.51.100.45 - - [03/Jul/2026:16:20:59 +0000] "HEAD /assets/app.js HTTP/1.1" 200 34481 "-" "Mozilla/5.0 (iPhone; CPU iPhone OS 17_4 like Mac OS X) AppleWebKit/605.1.15 Version/17.4 Mobile/15E148 Safari/604.1"
73.189.113.56 - - [03/Jul/2026:16:21:00 +0000] "GET /nginx-ssl.access.log HTTP/1.1" 404 1837 "-" "ffuf/2.1.0"
185.193.88.77 - - [03/Jul/2026:16:21:01 +0000] "GET /backups.sql HTTP/1.1" 404 1294 "-" "Go-http-client/1.1"
46.188.19.142 - - [03/Jul/2026:16:21:01 +0000] "HEAD /articles/2026/q2 HTTP/1.1" 200 71536 "-" "Mozilla/5.0 (Windows NT 10.0; Win64; rv:124.0) Gecko/20100101 Firefox/124.0"
104.244.72.115 - - [03/Jul/2026:16:21:01 +0000] "HEAD /database/ HTTP/1.1" 302 1338 "-" "gobuster/3.6"
91.198.174.22 - - [03/Jul/2026:16:21:04 +0000] "GET /about HTTP/1.1" 200 8707 "-" "Mozilla/5.0 (compatible; Googlebot/2.1; +http://www.google.com/bot.html)"
23.129.64.112 - - [03/Jul/2026:16:21:04 +0000] "GET /apibuild.pyc HTTP/1.1" 404 605 "-" "DirBuster-1.0-RC1"
188.18.77.220 - - [03/Jul/2026:16:21:04 +0000] "GET /assets/app.js HTTP/1.1" 304 3495 "-" "Mozilla/5.0 (Windows NT 10.0; Win64; x64) AppleWebKit/537.36 Chrome/123.0.0.0 Safari/537.36"
91.198.174.22 - - [03/Jul/2026:16:21:04 +0000] "GET /api/news HTTP/1.1" 304 3349 "-" "Mozilla/5.0 (Windows NT 10.0; Win64; x64) AppleWebKit/537.36 Chrome/123.0.0.0 Safari/537.36"
77.88.55.201 - - [03/Jul/2026:16:21:04 +0000] "GET /metrics HTTP/1.1" 200 11142 "/" "Mozilla/5.0 (compatible; bingbot/2.0; +http://www.bing.com/bingbot.htm)"
45.9.148.77 - - [03/Jul/2026:16:21:05 +0000] "GET /login_admin/ HTTP/1.1" 301 1480 "-" "python-requests/2.31.0"
212.76.133.14 - - [03/Jul/2026:16:21:06 +0000] "GET /favicon.ico HTTP/1.1" 200 56867 "/assets/logo.svg" "Mozilla/5.0 (Windows NT 10.0; Win64; x64) AppleWebKit/537.36 Chrome/123.0.0.0 Safari/537.36"
185.193.88.77 - - [03/Jul/2026:16:21:06 +0000] "GET /xsql/ HTTP/1.1" 403 1172 "-" "gobuster/3.6"
46.188.19.142 - - [03/Jul/2026:16:21:07 +0000] "GET /api/news HTTP/1.1" 200 46673 "/metrics" "Mozilla/5.0 (Macintosh; Intel Mac OS X 14_5) AppleWebKit/537.36 Chrome/124.0.0.0 Safari/537.36"
157.55.39.7 - - [03/Jul/2026:16:21:07 +0000] "GET /articles/2026/q2 HTTP/1.1" 200 14147 "-" "Mozilla/5.0 (Windows NT 10.0; Win64; x64) AppleWebKit/537.36 Edg/124.0.0.0"
80.85.246.17 - - [03/Jul/2026:16:21:07 +0000] "HEAD /.php-version HTTP/1.1" 301 2346 "-" "feroxbuster/2.11.0"
157.55.39.7 - - [03/Jul/2026:16:21:09 +0000] "GET /metrics HTTP/1.1" 304 1414 "-" "Mozilla/5.0 (Macintosh; Intel Mac OS X 14_5) AppleWebKit/537.36 Chrome/124.0.0.0 Safari/537.36"
104.244.72.115 - - [03/Jul/2026:16:21:09 +0000] "HEAD /hybridconfig/ HTTP/1.1" 302 2206 "-" "DirBuster-1.0-RC1"
213.24.11.146 - - [03/Jul/2026:16:21:09 +0000] "GET /metrics HTTP/1.1" 200 64640 "-" "Mozilla/5.0 (Macintosh; Intel Mac OS X 14_5) AppleWebKit/605.1.15 Version/17.4 Safari/605.1.15"
46.188.19.142 - - [03/Jul/2026:16:21:09 +0000] "GET /metrics HTTP/1.1" 304 2593 "/assets/site.css" "Mozilla/5.0 (Windows NT 10.0; Win64; rv:124.0) Gecko/20100101 Firefox/124.0"
83.59.238.54 - - [03/Jul/2026:16:21:10 +0000] "GET /api/news HTTP/1.1" 200 69156 "-" "Mozilla/5.0 (Windows NT 10.0; Win64; rv:124.0) Gecko/20100101 Firefox/124.0"
141.8.153.222 - - [03/Jul/2026:16:21:11 +0000] "GET /robots.txt HTTP/1.1" 200 68546 "/about" "Mozilla/5.0 (Linux; Android 13; SM-S918B) AppleWebKit/537.36 SamsungBrowser/24.0 Chrome/120.0 Mobile Safari/537.36"
141.8.153.222 - - [03/Jul/2026:16:21:12 +0000] "GET /assets/logo.svg HTTP/1.1" 200 65020 "-" "Mozilla/5.0 (Windows NT 10.0; Win64; x64) AppleWebKit/537.36 Edg/124.0.0.0"
188.18.77.220 - - [03/Jul/2026:16:21:12 +0000] "GET /about HTTP/1.1" 304 3654 "/" "Mozilla/5.0 (Windows NT 10.0; Win64; x64) AppleWebKit/537.36 Chrome/123.0.0.0 Safari/537.36"
180.150.126.37 - - [03/Jul/2026:16:21:13 +0000] "GET /contacts HTTP/1.1" 200 63220 "/metrics" "Mozilla/5.0 (Macintosh; Intel Mac OS X 14_5) AppleWebKit/605.1.15 Version/17.4 Safari/605.1.15"
46.188.19.142 - - [03/Jul/2026:16:21:13 +0000] "GET /api/products HTTP/1.1" 200 5815 "/favicon.ico" "Mozilla/5.0 (Windows NT 10.0; Win64; rv:124.0) Gecko/20100101 Firefox/124.0"
141.8.153.222 - - [03/Jul/2026:16:21:14 +0000] "GET /products HTTP/1.1" 200 7218 "-" "Mozilla/5.0 (Macintosh; Intel Mac OS X 14_5) AppleWebKit/605.1.15 Version/17.4 Safari/605.1.15"
193.95.210.194 - - [03/Jul/2026:16:21:14 +0000] "GET /log-in/ HTTP/1.1" 404 497 "-" "Wfuzz/3.1.0"
198.51.100.45 - - [03/Jul/2026:16:21:14 +0000] "GET /assets/logo.svg HTTP/1.1" 200 32951 "/api/news" "Mozilla/5.0 (Macintosh; Intel Mac OS X 14_5) AppleWebKit/605.1.15 Version/17.4 Safari/605.1.15"
141.8.153.222 - - [03/Jul/2026:16:21:14 +0000] "GET /assets/app.js HTTP/1.1" 200 64871 "-" "Mozilla/5.0 (compatible; YandexBot/3.0; +http://yandex.com/bots)"
77.88.55.201 - - [03/Jul/2026:16:21:15 +0000] "GET /products HTTP/1.1" 200 7447 "/" "Mozilla/5.0 (Windows NT 10.0; Win64; x64) AppleWebKit/537.36 Chrome/123.0.0.0 Safari/537.36"
40.77.167.21 - - [03/Jul/2026:16:21:15 +0000] "GET /api/news HTTP/1.1" 200 61421 "-" "Mozilla/5.0 (X11; Linux x86_64) AppleWebKit/537.36 Chrome/122.0.0.0 Safari/537.36"
141.8.153.222 - - [03/Jul/2026:16:21:16 +0000] "GET /robots.txt HTTP/1.1" 200 57968 "/assets/logo.svg" "Mozilla/5.0 (Windows NT 10.0; Win64; rv:124.0) Gecko/20100101 Firefox/124.0"
66.249.75.10 - - [03/Jul/2026:16:21:16 +0000] "GET / HTTP/1.1" 200 52113 "-" "Mozilla/5.0 (Windows NT 10.0; Win64; x64) AppleWebKit/537.36 Edg/124.0.0.0"
212.76.133.14 - - [03/Jul/2026:16:21:17 +0000] "GET /assets/site.css HTTP/1.1" 304 3294 "-" "Mozilla/5.0 (compatible; bingbot/2.0; +http://www.bing.com/bingbot.htm)"
157.55.39.7 - - [03/Jul/2026:16:21:17 +0000] "GET / HTTP/1.1" 304 3863 "/api/news" "Mozilla/5.0 (Windows NT 10.0; Win64; x64) AppleWebKit/537.36 Chrome/123.0.0.0 Safari/537.36"
46.188.19.142 - - [03/Jul/2026:16:21:17 +0000] "GET /api/products HTTP/1.1" 200 4157 "/articles/2026/q2" "Mozilla/5.0 (Windows NT 10.0; Win64; rv:124.0) Gecko/20100101 Firefox/124.0"
213.24.11.146 - - [03/Jul/2026:16:21:18 +0000] "GET /favicon.ico HTTP/1.1" 200 77196 "-" "Mozilla/5.0 (iPad; CPU OS 17_4 like Mac OS X) AppleWebKit/605.1.15 Version/17.4 Mobile/15E148 Safari/604.1"
198.51.100.45 - - [03/Jul/2026:16:21:18 +0000] "GET /favicon.ico HTTP/1.1" 304 2389 "-" "Mozilla/5.0 (compatible; bingbot/2.0; +http://www.bing.com/bingbot.htm)"
213.24.11.146 - - [03/Jul/2026:16:21:19 +0000] "GET /assets/site.css HTTP/1.1" 200 74717 "-" "Mozilla/5.0 (Windows NT 10.0; Win64; x64) AppleWebKit/537.36 Edg/124.0.0.0"
198.51.100.45 - - [03/Jul/2026:16:21:19 +0000] "GET /contacts HTTP/1.1" 200 34725 "/assets/site.css" "Mozilla/5.0 (Windows NT 10.0; Win64; rv:124.0) Gecko/20100101 Firefox/124.0"
212.76.133.14 - - [03/Jul/2026:16:21:20 +0000] "GET /api/news HTTP/1.1" 200 61749 "-" "Mozilla/5.0 (Windows NT 10.0; Win64; x64) AppleWebKit/537.36 Chrome/123.0.0.0 Safari/537.36"
46.188.19.142 - - [03/Jul/2026:16:21:20 +0000] "GET /favicon.ico HTTP/1.1" 200 46610 "/sitemap.xml" "Mozilla/5.0 (Windows NT 10.0; Win64; rv:124.0) Gecko/20100101 Firefox/124.0"
40.77.167.21 - - [03/Jul/2026:16:21:21 +0000] "HEAD /about HTTP/1.1" 304 2830 "-" "Mozilla/5.0 (iPhone; CPU iPhone OS 17_4 like Mac OS X) AppleWebKit/605.1.15 Version/17.4 Mobile/15E148 Safari/604.1"
32.243.24.102 - - [03/Jul/2026:16:21:21 +0000] "GET /api/news HTTP/1.1" 200 64715 "-" "Mozilla/5.0 (Windows NT 10.0; Win64; rv:124.0) Gecko/20100101 Firefox/124.0"
10.42.0.214 - - [03/Jul/2026:16:21:21 +0000] "GET /healthz HTTP/1.1" 200 662 "-" "curl/8.6.0"
141.8.153.222 - - [03/Jul/2026:16:21:22 +0000] "GET /healthz HTTP/1.1" 200 15358 "-" "Mozilla/5.0 (Windows NT 10.0; Win64; x64) AppleWebKit/537.36 Edg/124.0.0.0"
212.76.133.14 - - [03/Jul/2026:16:21:22 +0000] "GET /assets/site.css HTTP/1.1" 200 73778 "/contacts" "Mozilla/5.0 (Windows NT 10.0; Win64; rv:124.0) Gecko/20100101 Firefox/124.0"
194.26.29.89 - - [03/Jul/2026:16:21:22 +0000] "GET /bitrix/tools/get_catalog_menu.php HTTP/1.1" 404 1813 "-" "DirBuster-1.0-RC1"
141.8.153.222 - - [03/Jul/2026:16:21:22 +0000] "GET /products HTTP/1.1" 304 330 "/about" "Mozilla/5.0 (iPhone; CPU iPhone OS 17_4 like Mac OS X) AppleWebKit/605.1.15 Version/17.4 Mobile/15E148 Safari/604.1"
198.51.100.45 - - [03/Jul/2026:16:21:22 +0000] "GET /favicon.ico HTTP/1.1" 304 431 "-" "Mozilla/5.0 (Macintosh; Intel Mac OS X 14_5) AppleWebKit/605.1.15 Version/17.4 Safari/605.1.15"
198.51.100.45 - - [03/Jul/2026:16:21:23 +0000] "GET / HTTP/1.1" 200 68370 "-" "Mozilla/5.0 (Macintosh; Intel Mac OS X 14_5) AppleWebKit/537.36 Chrome/124.0.0.0 Safari/537.36"
53.15.27.51 - - [03/Jul/2026:16:21:23 +0000] "GET /favicon.ico HTTP/1.1" 200 64696 "-" "Mozilla/5.0 (Linux; Android 13; SM-S918B) AppleWebKit/537.36 SamsungBrowser/24.0 Chrome/120.0 Mobile Safari/537.36"
91.198.174.22 - - [03/Jul/2026:16:21:23 +0000] "GET /about HTTP/1.1" 200 7691 "/robots.txt" "Mozilla/5.0 (Windows NT 10.0; Win64; rv:124.0) Gecko/20100101 Firefox/124.0"
198.51.100.45 - - [03/Jul/2026:16:21:23 +0000] "GET /metrics HTTP/1.1" 200 47527 "-" "Mozilla/5.0 (Windows NT 10.0; Win64; x64) AppleWebKit/537.36 Chrome/123.0.0.0 Safari/537.36"
40.77.167.21 - - [03/Jul/2026:16:21:23 +0000] "GET /api/products HTTP/1.1" 304 3037 "-" "Mozilla/5.0 (X11; Linux x86_64) AppleWebKit/537.36 Chrome/122.0.0.0 Safari/537.36"
10.42.2.133 - - [03/Jul/2026:16:21:23 +0000] "GET /healthz HTTP/1.1" 200 1392 "-" "kube-probe/1.30"
91.198.174.22 - - [03/Jul/2026:16:21:23 +0000] "GET /api/news HTTP/1.1" 200 49797 "-" "Mozilla/5.0 (Linux; Android 13; SM-S918B) AppleWebKit/537.36 SamsungBrowser/24.0 Chrome/120.0 Mobile Safari/537.36"
185.220.101.54 - - [03/Jul/2026:16:21:24 +0000] "GET /mysql/web/ HTTP/1.1" 403 2473 "-" "DirBuster-1.0-RC1"
198.51.100.45 - - [03/Jul/2026:16:21:24 +0000] "GET /assets/app.js HTTP/1.1" 200 72574 "/about" "Mozilla/5.0 (Linux; Android 13; SM-S918B) AppleWebKit/537.36 SamsungBrowser/24.0 Chrome/120.0 Mobile Safari/537.36"
40.77.167.21 - - [03/Jul/2026:16:21:25 +0000] "GET /about HTTP/1.1" 200 10057 "/api/news" "Mozilla/5.0 (Linux; Android 13; SM-S918B) AppleWebKit/537.36 SamsungBrowser/24.0 Chrome/120.0 Mobile Safari/537.36"
29.102.44.191 - - [03/Jul/2026:16:21:25 +0000] "GET /about HTTP/1.1" 200 46229 "/articles/2026/q2" "Mozilla/5.0 (Macintosh; Intel Mac OS X 14_5) AppleWebKit/605.1.15 Version/17.4 Safari/605.1.15"
46.188.19.142 - - [03/Jul/2026:16:21:26 +0000] "GET /robots.txt HTTP/1.1" 200 81296 "-" "Mozilla/5.0 (X11; Linux x86_64) AppleWebKit/537.36 Chrome/122.0.0.0 Safari/537.36"
46.188.19.142 - - [03/Jul/2026:16:21:27 +0000] "GET /about HTTP/1.1" 304 2313 "-" "Mozilla/5.0 (Windows NT 10.0; Win64; x64) AppleWebKit/537.36 Edg/124.0.0.0"
188.18.77.220 - - [03/Jul/2026:16:21:27 +0000] "GET /api/news HTTP/1.1" 200 73155 "/" "Mozilla/5.0 (iPhone; CPU iPhone OS 17_4 like Mac OS X) AppleWebKit/605.1.15 Version/17.4 Mobile/15E148 Safari/604.1"
46.188.19.142 - - [03/Jul/2026:16:21:27 +0000] "GET /robots.txt HTTP/1.1" 200 78546 "/articles/2026/q2" "Mozilla/5.0 (X11; Linux x86_64) AppleWebKit/537.36 Chrome/122.0.0.0 Safari/537.36"
193.142.147.55 - - [03/Jul/2026:16:21:28 +0000] "GET /session/ HTTP/1.1" 404 884 "-" "feroxbuster/2.11.0"
80.85.246.17 - - [03/Jul/2026:16:21:28 +0000] "GET /tmp/error_log HTTP/1.1" 404 2501 "-" "Wfuzz/3.1.0"
212.76.133.14 - - [03/Jul/2026:16:21:28 +0000] "GET /api/products HTTP/1.1" 200 6577 "-" "Mozilla/5.0 (Linux; Android 13; SM-S918B) AppleWebKit/537.36 SamsungBrowser/24.0 Chrome/120.0 Mobile Safari/537.36"
203.0.113.77 - - [03/Jul/2026:16:21:28 +0000] "GET /robots.txt HTTP/1.1" 200 9459 "/assets/site.css" "Mozilla/5.0 (compatible; YandexBot/3.0; +http://yandex.com/bots)"
141.8.153.222 - - [03/Jul/2026:16:21:29 +0000] "GET /articles/2026/q2 HTTP/1.1" 200 68443 "-" "Mozilla/5.0 (X11; Linux x86_64) AppleWebKit/537.36 Chrome/122.0.0.0 Safari/537.36"
23.129.64.112 - - [03/Jul/2026:16:21:29 +0000] "OPTIONS /controllers/ HTTP/1.1" 301 1344 "-" "Nmap Scripting Engine"
212.76.133.14 - - [03/Jul/2026:16:21:30 +0000] "GET /sitemap.xml HTTP/1.1" 200 79994 "/metrics" "Mozilla/5.0 (Windows NT 10.0; Win64; rv:124.0) Gecko/20100101 Firefox/124.0"
212.76.133.14 - - [03/Jul/2026:16:21:31 +0000] "GET /assets/site.css HTTP/1.1" 304 2145 "-" "Mozilla/5.0 (Windows NT 10.0; Win64; x64) AppleWebKit/537.36 Edg/124.0.0.0"
91.198.174.22 - - [03/Jul/2026:16:21:31 +0000] "GET /articles/2026/q2 HTTP/1.1" 200 53507 "-" "Mozilla/5.0 (Windows NT 10.0; Win64; rv:124.0) Gecko/20100101 Firefox/124.0"
91.198.174.22 - - [03/Jul/2026:16:21:31 +0000] "GET /sitemap.xml HTTP/1.1" 200 80918 "/favicon.ico" "Mozilla/5.0 (iPhone; CPU iPhone OS 17_4 like Mac OS X) AppleWebKit/605.1.15 Version/17.4 Mobile/15E148 Safari/604.1"
194.26.29.89 - - [03/Jul/2026:16:21:32 +0000] "GET /httpd.ini HTTP/1.1" 404 639 "-" "python-requests/2.31.0"
54.177.181.176 - - [03/Jul/2026:16:21:32 +0000] "GET /healthz HTTP/1.1" 304 3193 "-" "Mozilla/5.0 (Linux; Android 13; SM-S918B) AppleWebKit/537.36 SamsungBrowser/24.0 Chrome/120.0 Mobile Safari/537.36"
45.146.164.12 - - [03/Jul/2026:16:21:33 +0000] "GET /nginx.conf HTTP/1.1" 404 1290 "-" "dirsearch/0.4.3"
188.18.77.220 - - [03/Jul/2026:16:21:33 +0000] "GET /favicon.ico HTTP/1.1" 200 1429 "-" "Mozilla/5.0 (Windows NT 10.0; Win64; x64) AppleWebKit/537.36 Chrome/123.0.0.0 Safari/537.36"
156.146.62.11 - - [03/Jul/2026:16:21:34 +0000] "HEAD /maintenance.flag HTTP/1.1" 404 1578 "-" "dirsearch/0.4.3"
171.25.193.20 - - [03/Jul/2026:16:21:35 +0000] "GET /gen/ HTTP/1.1" 404 2466 "-" "gobuster/3.6"
157.55.39.7 - - [03/Jul/2026:16:21:35 +0000] "GET / HTTP/1.1" 200 975 "-" "Mozilla/5.0 (Linux; Android 13; SM-S918B) AppleWebKit/537.36 SamsungBrowser/24.0 Chrome/120.0 Mobile Safari/537.36"
10.216.147.28 - - [03/Jul/2026:16:21:36 +0000] "GET /products HTTP/1.1" 200 71495 "-" "Mozilla/5.0 (Windows NT 10.0; Win64; x64) AppleWebKit/537.36 Edg/124.0.0.0"
91.198.174.22 - - [03/Jul/2026:16:21:36 +0000] "GET /contacts HTTP/1.1" 200 44397 "-" "Mozilla/5.0 (Windows NT 10.0; Win64; x64) AppleWebKit/537.36 Edg/124.0.0.0"
141.8.153.222 - - [03/Jul/2026:16:21:36 +0000] "GET /healthz HTTP/1.1" 304 3547 "/" "Mozilla/5.0 (iPad; CPU OS 17_4 like Mac OS X) AppleWebKit/605.1.15 Version/17.4 Mobile/15E148 Safari/604.1"
91.198.174.22 - - [03/Jul/2026:16:21:36 +0000] "GET /robots.txt HTTP/1.1" 200 25952 "-" "Mozilla/5.0 (Windows NT 10.0; Win64; rv:124.0) Gecko/20100101 Firefox/124.0"
40.77.167.21 - - [03/Jul/2026:16:21:37 +0000] "GET / HTTP/1.1" 200 43949 "-" "Mozilla/5.0 (Linux; Android 13; SM-S918B) AppleWebKit/537.36 SamsungBrowser/24.0 Chrome/120.0 Mobile Safari/537.36"
156.146.62.11 - - [03/Jul/2026:16:21:38 +0000] "GET /upload.htm HTTP/1.1" 405 253 "-" "sqlmap/1.8.4#stable"
141.8.153.222 - - [03/Jul/2026:16:21:38 +0000] "GET /healthz HTTP/1.1" 200 73817 "/assets/logo.svg" "Mozilla/5.0 (compatible; Googlebot/2.1; +http://www.google.com/bot.html)"
46.188.19.142 - - [03/Jul/2026:16:21:38 +0000] "GET /metrics HTTP/1.1" 200 53448 "-" "Mozilla/5.0 (Linux; Android 13; SM-S918B) AppleWebKit/537.36 SamsungBrowser/24.0 Chrome/120.0 Mobile Safari/537.36"
5.188.206.67 - - [03/Jul/2026:16:21:38 +0000] "GET /error_log.gz HTTP/1.1" 403 1219 "-" "masscan/1.3 (https://github.com/robertdavidgraham/masscan)"
141.8.153.222 - - [03/Jul/2026:16:21:38 +0000] "GET /metrics HTTP/1.1" 200 30861 "/assets/app.js" "Mozilla/5.0 (Windows NT 10.0; Win64; rv:124.0) Gecko/20100101 Firefox/124.0"
45.9.148.77 - - [03/Jul/2026:16:21:39 +0000] "GET /admin/fckeditor/editor/filemanager/connectors/asp/upload.asp HTTP/1.1" 404 1606 "-" "python-requests/2.31.0"
40.77.167.21 - - [03/Jul/2026:16:21:39 +0000] "GET /products HTTP/1.1" 200 49083 "/articles/2026/q2" "Mozilla/5.0 (Windows NT 10.0; Win64; x64) AppleWebKit/537.36 Edg/124.0.0.0"
171.25.193.20 - - [03/Jul/2026:16:21:40 +0000] "OPTIONS /_logs/access.log HTTP/1.1" 302 2438 "-" "Nmap Scripting Engine"
91.198.174.22 - - [03/Jul/2026:16:21:40 +0000] "GET /metrics HTTP/1.1" 304 982 "/favicon.ico" "Mozilla/5.0 (iPad; CPU OS 17_4 like Mac OS X) AppleWebKit/605.1.15 Version/17.4 Mobile/15E148 Safari/604.1"
213.24.11.146 - - [03/Jul/2026:16:21:41 +0000] "GET /articles/2026/q2 HTTP/1.1" 200 45856 "/api/news" "Mozilla/5.0 (iPhone; CPU iPhone OS 17_4 like Mac OS X) AppleWebKit/605.1.15 Version/17.4 Mobile/15E148 Safari/604.1"
188.18.77.220 - - [03/Jul/2026:16:21:41 +0000] "GET /assets/app.js HTTP/1.1" 200 77397 "/sitemap.xml" "Mozilla/5.0 (Macintosh; Intel Mac OS X 14_5) AppleWebKit/605.1.15 Version/17.4 Safari/605.1.15"
198.51.100.45 - - [03/Jul/2026:16:21:42 +0000] "GET /contacts HTTP/1.1" 200 53546 "/about" "Mozilla/5.0 (iPad; CPU OS 17_4 like Mac OS X) AppleWebKit/605.1.15 Version/17.4 Mobile/15E148 Safari/604.1"
45.9.148.77 - - [03/Jul/2026:16:21:45 +0000] "HEAD /start.html HTTP/1.1" 404 1149 "-" "sqlmap/1.8.4#stable"
46.188.19.142 - - [03/Jul/2026:16:21:46 +0000] "HEAD /about HTTP/1.1" 304 1765 "-" "Mozilla/5.0 (iPhone; CPU iPhone OS 17_4 like Mac OS X) AppleWebKit/605.1.15 Version/17.4 Mobile/15E148 Safari/604.1"
80.85.246.17 - - [03/Jul/2026:16:21:46 +0000] "OPTIONS /backups.tar HTTP/1.1" 302 2324 "-" "sqlmap/1.8.4#stable"
46.188.19.142 - - [03/Jul/2026:16:21:47 +0000] "GET /favicon.ico HTTP/1.1" 200 1003 "-" "Mozilla/5.0 (X11; Linux x86_64) AppleWebKit/537.36 Chrome/122.0.0.0 Safari/537.36"
80.57.43.10 - - [03/Jul/2026:16:21:47 +0000] "GET /nginx-access.log HTTP/1.1" 403 1516 "-" "gobuster/3.6"
185.193.88.77 - - [03/Jul/2026:16:21:48 +0000] "GET /.metrics HTTP/1.1" 404 1663 "-" "Go-http-client/1.1"
145.80.231.4 - - [03/Jul/2026:16:21:48 +0000] "GET /api/news HTTP/1.1" 200 56447 "-" "Mozilla/5.0 (Windows NT 10.0; Win64; rv:124.0) Gecko/20100101 Firefox/124.0"
77.88.55.201 - - [03/Jul/2026:16:21:49 +0000] "HEAD /healthz HTTP/1.1" 304 3516 "/metrics" "Mozilla/5.0 (X11; Linux x86_64) AppleWebKit/537.36 Chrome/122.0.0.0 Safari/537.36"
35.65.176.50 - - [03/Jul/2026:16:21:49 +0000] "GET /about HTTP/1.1" 200 61808 "/" "Mozilla/5.0 (X11; Linux x86_64) AppleWebKit/537.36 Chrome/122.0.0.0 Safari/537.36"
213.24.11.146 - - [03/Jul/2026:16:21:50 +0000] "GET /articles/2026/q2 HTTP/1.1" 200 24955 "-" "Mozilla/5.0 (Linux; Android 13; SM-S918B) AppleWebKit/537.36 SamsungBrowser/24.0 Chrome/120.0 Mobile Safari/537.36"
66.249.75.10 - - [03/Jul/2026:16:21:50 +0000] "GET /healthz HTTP/1.1" 304 1982 "-" "Mozilla/5.0 (X11; Linux x86_64) AppleWebKit/537.36 Chrome/122.0.0.0 Safari/537.36"
10.42.3.179 - - [03/Jul/2026:16:21:50 +0000] "GET /healthz HTTP/1.1" 200 2150 "-" "kube-probe/1.30"
40.77.167.21 - - [03/Jul/2026:16:21:50 +0000] "GET /about HTTP/1.1" 200 77617 "/metrics" "Mozilla/5.0 (iPhone; CPU iPhone OS 17_4 like Mac OS X) AppleWebKit/605.1.15 Version/17.4 Mobile/15E148 Safari/604.1"
157.55.39.7 - - [03/Jul/2026:16:21:50 +0000] "GET /sitemap.xml HTTP/1.1" 200 48015 "/sitemap.xml" "Mozilla/5.0 (Windows NT 10.0; Win64; x64) AppleWebKit/537.36 Edg/124.0.0.0"
157.55.39.7 - - [03/Jul/2026:16:21:51 +0000] "GET /api/news HTTP/1.1" 304 3217 "/about" "Mozilla/5.0 (Macintosh; Intel Mac OS X 14_5) AppleWebKit/537.36 Chrome/124.0.0.0 Safari/537.36"
45.146.164.12 - - [03/Jul/2026:16:21:52 +0000] "GET /command.php HTTP/1.1" 500 1751 "-" "Go-http-client/1.1"
157.55.39.7 - - [03/Jul/2026:16:21:52 +0000] "GET /api/news HTTP/1.1" 200 60014 "-" "Mozilla/5.0 (Windows NT 10.0; Win64; x64) AppleWebKit/537.36 Chrome/123.0.0.0 Safari/537.36"
212.76.133.14 - - [03/Jul/2026:16:21:53 +0000] "GET /metrics HTTP/1.1" 200 48938 "-" "Mozilla/5.0 (Windows NT 10.0; Win64; x64) AppleWebKit/537.36 Edg/124.0.0.0"
10.42.1.50 - - [03/Jul/2026:16:21:53 +0000] "GET /metrics HTTP/1.1" 200 369 "-" "kube-probe/1.30"
198.51.100.45 - - [03/Jul/2026:16:21:53 +0000] "GET /metrics HTTP/1.1" 200 64801 "-" "DuckDuckBot/1.0; (+http://duckduckgo.com/duckduckbot)"
212.76.133.14 - - [03/Jul/2026:16:21:54 +0000] "GET /favicon.ico HTTP/1.1" 200 59980 "/metrics" "Mozilla/5.0 (Macintosh; Intel Mac OS X 14_5) AppleWebKit/605.1.15 Version/17.4 Safari/605.1.15"
185.220.101.54 - - [03/Jul/2026:16:21:54 +0000] "HEAD /cmd-asp-5.1.asp HTTP/1.1" 404 800 "-" "python-requests/2.31.0"
213.24.11.146 - - [03/Jul/2026:16:21:55 +0000] "GET /metrics HTTP/1.1" 200 24753 "-" "Mozilla/5.0 (Macintosh; Intel Mac OS X 14_5) AppleWebKit/605.1.15 Version/17.4 Safari/605.1.15"
10.42.1.68 - - [03/Jul/2026:16:21:55 +0000] "GET /metrics HTTP/1.1" 200 1950 "-" "kube-probe/1.30"
45.9.148.77 - - [03/Jul/2026:16:21:55 +0000] "GET /maven/ HTTP/1.1" 405 1185 "-" "gobuster/3.6"
212.76.133.14 - - [03/Jul/2026:16:21:56 +0000] "GET /sitemap.xml HTTP/1.1" 200 66875 "-" "Mozilla/5.0 (Windows NT 10.0; Win64; rv:124.0) Gecko/20100101 Firefox/124.0"
198.51.100.45 - - [03/Jul/2026:16:21:56 +0000] "HEAD /sitemap.xml HTTP/1.1" 304 1118 "/metrics" "Mozilla/5.0 (compatible; Googlebot/2.1; +http://www.google.com/bot.html)"
10.42.2.101 - - [03/Jul/2026:16:21:56 +0000] "GET /healthz HTTP/1.1" 200 3833 "-" "curl/8.6.0"
80.85.246.17 - - [03/Jul/2026:16:21:57 +0000] "OPTIONS /webadmin/ HTTP/1.1" 301 2034 "-" "ffuf/2.1.0"
10.42.3.152 - - [03/Jul/2026:16:21:57 +0000] "GET /healthz HTTP/1.1" 200 2222 "-" "kube-probe/1.30"
170.188.249.228 - - [03/Jul/2026:16:21:57 +0000] "GET /assets/app.js HTTP/1.1" 304 424 "/contacts" "Mozilla/5.0 (Macintosh; Intel Mac OS X 14_5) AppleWebKit/537.36 Chrome/124.0.0.0 Safari/537.36"
218.119.118.130 - - [03/Jul/2026:16:21:57 +0000] "GET /api/products HTTP/1.1" 200 75878 "/contacts" "Mozilla/5.0 (iPhone; CPU iPhone OS 17_4 like Mac OS X) AppleWebKit/605.1.15 Version/17.4 Mobile/15E148 Safari/604.1"
212.76.133.14 - - [03/Jul/2026:16:21:57 +0000] "GET /articles/2026/q2 HTTP/1.1" 304 2567 "-" "Mozilla/5.0 (iPad; CPU OS 17_4 like Mac OS X) AppleWebKit/605.1.15 Version/17.4 Mobile/15E148 Safari/604.1"
45.9.148.77 - - [03/Jul/2026:16:21:57 +0000] "OPTIONS /tmp/access.log HTTP/1.1" 404 2097 "-" "masscan/1.3 (https://github.com/robertdavidgraham/masscan)"
171.25.193.20 - - [03/Jul/2026:16:21:58 +0000] "GET /apidocs HTTP/1.1" 404 725 "-" "python-requests/2.31.0"
77.88.55.201 - - [03/Jul/2026:16:21:58 +0000] "GET / HTTP/1.1" 304 3608 "/contacts" "Mozilla/5.0 (iPad; CPU OS 17_4 like Mac OS X) AppleWebKit/605.1.15 Version/17.4 Mobile/15E148 Safari/604.1"
80.85.246.17 - - [03/Jul/2026:16:21:58 +0000] "HEAD /_log/access_log HTTP/1.1" 403 775 "-" "sqlmap/1.8.4#stable"
157.55.39.7 - - [03/Jul/2026:16:21:59 +0000] "GET /healthz HTTP/1.1" 304 2030 "/metrics" "Mozilla/5.0 (Linux; Android 13; SM-S918B) AppleWebKit/537.36 SamsungBrowser/24.0 Chrome/120.0 Mobile Safari/537.36"
198.51.100.45 - - [03/Jul/2026:16:21:59 +0000] "GET /api/news HTTP/1.1" 304 2349 "/api/products" "Mozilla/5.0 (iPhone; CPU iPhone OS 17_4 like Mac OS X) AppleWebKit/605.1.15 Version/17.4 Mobile/15E148 Safari/604.1"
46.188.19.142 - - [03/Jul/2026:16:22:00 +0000] "GET /about HTTP/1.1" 200 18267 "-" "Mozilla/5.0 (iPad; CPU OS 17_4 like Mac OS X) AppleWebKit/605.1.15 Version/17.4 Mobile/15E148 Safari/604.1"
91.198.174.22 - - [03/Jul/2026:16:22:01 +0000] "GET /contacts HTTP/1.1" 304 2757 "-" "Mozilla/5.0 (Macintosh; Intel Mac OS X 14_5) AppleWebKit/537.36 Chrome/124.0.0.0 Safari/537.36"
5.173.209.157 - - [03/Jul/2026:16:22:01 +0000] "GET /robots.txt HTTP/1.1" 200 1367 "/sitemap.xml" "Mozilla/5.0 (iPad; CPU OS 17_4 like Mac OS X) AppleWebKit/605.1.15 Version/17.4 Mobile/15E148 Safari/604.1"
45.9.148.77 - - [03/Jul/2026:16:22:01 +0000] "GET /administrator/phpmyadmin/ HTTP/1.1" 301 2002 "-" "gobuster/3.6"
157.55.39.7 - - [03/Jul/2026:16:22:02 +0000] "GET /products HTTP/1.1" 304 3883 "-" "Mozilla/5.0 (Windows NT 10.0; Win64; x64) AppleWebKit/537.36 Edg/124.0.0.0"
194.26.29.89 - - [03/Jul/2026:16:22:02 +0000] "GET /log/access.log HTTP/1.1" 404 858 "-" "masscan/1.3 (https://github.com/robertdavidgraham/masscan)"
156.146.62.11 - - [03/Jul/2026:16:22:02 +0000] "GET /environment.rb HTTP/1.1" 302 2498 "-" "Go-http-client/1.1"
203.0.113.77 - - [03/Jul/2026:16:22:03 +0000] "GET /healthz HTTP/1.1" 200 15405 "/sitemap.xml" "Mozilla/5.0 (Windows NT 10.0; Win64; x64) AppleWebKit/537.36 Chrome/123.0.0.0 Safari/537.36"
10.42.3.16 - - [03/Jul/2026:16:22:03 +0000] "GET /healthz HTTP/1.1" 503 1454 "-" "kube-probe/1.30"
77.88.55.201 - - [03/Jul/2026:16:22:04 +0000] "GET /api/products HTTP/1.1" 200 80424 "-" "Mozilla/5.0 (compatible; YandexBot/3.0; +http://yandex.com/bots)"
104.244.72.115 - - [03/Jul/2026:16:22:05 +0000] "HEAD /ext/run-tests.php HTTP/1.1" 500 2524 "-" "gobuster/3.6"
188.18.77.220 - - [03/Jul/2026:16:22:06 +0000] "GET /metrics HTTP/1.1" 200 66950 "-" "Mozilla/5.0 (X11; Linux x86_64) AppleWebKit/537.36 Chrome/122.0.0.0 Safari/537.36"
10.42.2.10 - - [03/Jul/2026:16:22:06 +0000] "GET /healthz HTTP/1.1" 200 3040 "-" "kube-probe/1.30"
212.76.133.14 - - [03/Jul/2026:16:22:06 +0000] "GET /healthz HTTP/1.1" 304 3184 "/sitemap.xml" "Mozilla/5.0 (compatible; bingbot/2.0; +http://www.bing.com/bingbot.htm)"
80.85.246.17 - - [03/Jul/2026:16:22:08 +0000] "GET /log/access.log HTTP/1.1" 404 1589 "-" "dirsearch/0.4.3"
203.0.113.77 - - [03/Jul/2026:16:22:09 +0000] "GET /contacts HTTP/1.1" 200 57569 "-" "Mozilla/5.0 (Windows NT 10.0; Win64; x64) AppleWebKit/537.36 Edg/124.0.0.0"
188.18.77.220 - - [03/Jul/2026:16:22:09 +0000] "GET /favicon.ico HTTP/1.1" 200 75605 "-" "Mozilla/5.0 (compatible; bingbot/2.0; +http://www.bing.com/bingbot.htm)"
194.26.29.89 - - [03/Jul/2026:16:22:11 +0000] "HEAD /tmp/error.log HTTP/1.1" 404 637 "-" "DirBuster-1.0-RC1"
185.193.88.77 - - [03/Jul/2026:16:22:11 +0000] "GET /nginx-ssl.access.log HTTP/1.1" 403 2561 "-" "DirBuster-1.0-RC1"
198.51.100.45 - - [03/Jul/2026:16:22:14 +0000] "GET /healthz HTTP/1.1" 200 2312 "-" "Mozilla/5.0 (Macintosh; Intel Mac OS X 14_5) AppleWebKit/537.36 Chrome/124.0.0.0 Safari/537.36"
91.198.174.22 - - [03/Jul/2026:16:22:14 +0000] "GET /about HTTP/1.1" 200 73636 "-" "Mozilla/5.0 (Macintosh; Intel Mac OS X 14_5) AppleWebKit/537.36 Chrome/124.0.0.0 Safari/537.36"
213.24.11.146 - - [03/Jul/2026:16:22:15 +0000] "GET /api/products HTTP/1.1" 200 8261 "-" "Mozilla/5.0 (Macintosh; Intel Mac OS X 14_5) AppleWebKit/537.36 Chrome/124.0.0.0 Safari/537.36"
212.76.133.14 - - [03/Jul/2026:16:22:15 +0000] "GET /metrics HTTP/1.1" 200 23338 "-" "Mozilla/5.0 (iPad; CPU OS 17_4 like Mac OS X) AppleWebKit/605.1.15 Version/17.4 Mobile/15E148 Safari/604.1"
157.55.39.7 - - [03/Jul/2026:16:22:15 +0000] "GET /api/products HTTP/1.1" 200 68688 "-" "Mozilla/5.0 (compatible; Googlebot/2.1; +http://www.google.com/bot.html)"
212.76.133.14 - - [03/Jul/2026:16:22:16 +0000] "GET /robots.txt HTTP/1.1" 200 58040 "-" "Mozilla/5.0 (iPhone; CPU iPhone OS 17_4 like Mac OS X) AppleWebKit/605.1.15 Version/17.4 Mobile/15E148 Safari/604.1"
66.249.75.10 - - [03/Jul/2026:16:22:18 +0000] "GET /assets/logo.svg HTTP/1.1" 200 13611 "-" "Mozilla/5.0 (Macintosh; Intel Mac OS X 14_5) AppleWebKit/605.1.15 Version/17.4 Safari/605.1.15"
127.97.76.202 - - [03/Jul/2026:16:22:18 +0000] "HEAD /.nia.cache HTTP/1.1" 404 2448 "-" "sqlmap/1.8.4#stable"
198.51.100.45 - - [03/Jul/2026:16:22:19 +0000] "GET /articles/2026/q2 HTTP/1.1" 304 2191 "-" "Mozilla/5.0 (X11; Linux x86_64) AppleWebKit/537.36 Chrome/122.0.0.0 Safari/537.36"
46.188.19.142 - - [03/Jul/2026:16:22:19 +0000] "GET /sitemap.xml HTTP/1.1" 200 34360 "-" "Mozilla/5.0 (Windows NT 10.0; Win64; rv:124.0) Gecko/20100101 Firefox/124.0"
203.0.113.77 - - [03/Jul/2026:16:22:21 +0000] "GET /api/products HTTP/1.1" 200 72839 "/contacts" "Mozilla/5.0 (Windows NT 10.0; Win64; x64) AppleWebKit/537.36 Edg/124.0.0.0"
77.88.55.201 - - [03/Jul/2026:16:22:23 +0000] "GET /assets/app.js HTTP/1.1" 200 20530 "/sitemap.xml" "Mozilla/5.0 (iPad; CPU OS 17_4 like Mac OS X) AppleWebKit/605.1.15 Version/17.4 Mobile/15E148 Safari/604.1"
46.188.19.142 - - [03/Jul/2026:16:22:25 +0000] "HEAD /metrics HTTP/1.1" 200 800 "/healthz" "Mozilla/5.0 (iPad; CPU OS 17_4 like Mac OS X) AppleWebKit/605.1.15 Version/17.4 Mobile/15E148 Safari/604.1"
185.220.101.54 - - [03/Jul/2026:16:22:26 +0000] "HEAD /log/access.log HTTP/1.1" 301 626 "-" "masscan/1.3 (https://github.com/robertdavidgraham/masscan)"
191.254.214.132 - - [03/Jul/2026:16:22:26 +0000] "GET /assets/app.js HTTP/1.1" 304 663 "/assets/logo.svg" "Mozilla/5.0 (Linux; Android 13; SM-S918B) AppleWebKit/537.36 SamsungBrowser/24.0 Chrome/120.0 Mobile Safari/537.36"
185.193.88.77 - - [03/Jul/2026:16:22:26 +0000] "GET /dumper/ HTTP/1.1" 404 2036 "-" "sqlmap/1.8.4#stable"
31.184.59.136 - - [03/Jul/2026:16:22:27 +0000] "GET /server.xml HTTP/1.1" 302 1174 "-" "Wfuzz/3.1.0"
77.88.55.201 - - [03/Jul/2026:16:22:28 +0000] "GET /api/news HTTP/1.1" 200 63666 "-" "Mozilla/5.0 (compatible; Googlebot/2.1; +http://www.google.com/bot.html)"
10.42.1.216 - - [03/Jul/2026:16:22:28 +0000] "GET /metrics HTTP/1.1" 200 779 "-" "curl/8.6.0"
45.9.148.77 - - [03/Jul/2026:16:22:28 +0000] "OPTIONS /npm-debug.log HTTP/1.1" 404 388 "-" "gobuster/3.6"
188.18.77.220 - - [03/Jul/2026:16:22:28 +0000] "GET / HTTP/1.1" 304 488 "-" "Mozilla/5.0 (iPhone; CPU iPhone OS 17_4 like Mac OS X) AppleWebKit/605.1.15 Version/17.4 Mobile/15E148 Safari/604.1"
185.193.88.77 - - [03/Jul/2026:16:22:29 +0000] "GET /2018.tar HTTP/1.1" 403 2534 "-" "python-requests/2.31.0"
10.42.0.141 - - [03/Jul/2026:16:22:29 +0000] "GET /healthz HTTP/1.1" 200 212 "-" "curl/8.6.0"
88.167.100.60 - - [03/Jul/2026:16:22:29 +0000] "HEAD /phpMyAdmin-3.2.4/ HTTP/1.1" 403 1059 "-" "Wfuzz/3.1.0"
80.85.246.17 - - [03/Jul/2026:16:22:29 +0000] "GET /FCKeditor HTTP/1.1" 404 1466 "-" "Go-http-client/1.1"
190.203.133.186 - - [03/Jul/2026:16:22:29 +0000] "OPTIONS /moderator/admin.html HTTP/1.1" 404 1617 "-" "Go-http-client/1.1"
46.188.19.142 - - [03/Jul/2026:16:22:29 +0000] "GET /api/products HTTP/1.1" 200 38140 "-" "Mozilla/5.0 (Macintosh; Intel Mac OS X 14_5) AppleWebKit/605.1.15 Version/17.4 Safari/605.1.15"
141.8.153.222 - - [03/Jul/2026:16:22:29 +0000] "GET /articles/2026/q2 HTTP/1.1" 200 11659 "/api/news" "Mozilla/5.0 (X11; Linux x86_64) AppleWebKit/537.36 Chrome/122.0.0.0 Safari/537.36"
77.88.55.201 - - [03/Jul/2026:16:22:30 +0000] "GET /assets/logo.svg HTTP/1.1" 200 74104 "-" "Mozilla/5.0 (Macintosh; Intel Mac OS X 14_5) AppleWebKit/605.1.15 Version/17.4 Safari/605.1.15"
171.25.193.20 - - [03/Jul/2026:16:22:30 +0000] "HEAD /access.log HTTP/1.1" 302 2542 "-" "python-requests/2.31.0"
77.88.55.201 - - [03/Jul/2026:16:22:31 +0000] "HEAD /articles/2026/q2 HTTP/1.1" 200 80444 "-" "Mozilla/5.0 (X11; Linux x86_64) AppleWebKit/537.36 Chrome/122.0.0.0 Safari/537.36"
198.51.100.45 - - [03/Jul/2026:16:22:31 +0000] "GET /articles/2026/q2 HTTP/1.1" 200 22199 "-" "Mozilla/5.0 (Macintosh; Intel Mac OS X 14_5) AppleWebKit/605.1.15 Version/17.4 Safari/605.1.15"
46.188.19.142 - - [03/Jul/2026:16:22:31 +0000] "GET /assets/app.js HTTP/1.1" 200 77777 "/robots.txt" "Mozilla/5.0 (Macintosh; Intel Mac OS X 14_5) AppleWebKit/605.1.15 Version/17.4 Safari/605.1.15"
171.25.193.20 - - [03/Jul/2026:16:22:32 +0000] "GET /shutdown HTTP/1.1" 404 879 "-" "Wfuzz/3.1.0"
172.49.233.171 - - [03/Jul/2026:16:22:32 +0000] "GET /favicon.ico HTTP/1.1" 200 35761 "-" "Mozilla/5.0 (Windows NT 10.0; Win64; x64) AppleWebKit/537.36 Chrome/123.0.0.0 Safari/537.36"
193.142.147.55 - - [03/Jul/2026:16:22:33 +0000] "HEAD /delete.php HTTP/1.1" 405 631 "-" "python-requests/2.31.0"
77.88.55.201 - - [03/Jul/2026:16:22:33 +0000] "HEAD /sitemap.xml HTTP/1.1" 200 84462 "-" "Mozilla/5.0 (Macintosh; Intel Mac OS X 14_5) AppleWebKit/605.1.15 Version/17.4 Safari/605.1.15"
156.146.62.11 - - [03/Jul/2026:16:22:34 +0000] "GET /log/access.log HTTP/1.1" 404 2048 "-" "DirBuster-1.0-RC1"
91.198.174.22 - - [03/Jul/2026:16:22:35 +0000] "GET /favicon.ico HTTP/1.1" 200 33958 "-" "Mozilla/5.0 (Linux; Android 13; SM-S918B) AppleWebKit/537.36 SamsungBrowser/24.0 Chrome/120.0 Mobile Safari/537.36"
193.142.147.55 - - [03/Jul/2026:16:22:35 +0000] "GET /examples/servlets/servlet/CookieExample HTTP/1.1" 404 1395 "-" "DirBuster-1.0-RC1"
203.0.113.77 - - [03/Jul/2026:16:22:36 +0000] "GET /contacts HTTP/1.1" 200 35359 "/robots.txt" "Mozilla/5.0 (Macintosh; Intel Mac OS X 14_5) AppleWebKit/605.1.15 Version/17.4 Safari/605.1.15"
91.198.174.22 - - [03/Jul/2026:16:22:36 +0000] "GET /products HTTP/1.1" 200 55373 "/api/news" "Mozilla/5.0 (iPhone; CPU iPhone OS 17_4 like Mac OS X) AppleWebKit/605.1.15 Version/17.4 Mobile/15E148 Safari/604.1"
236.82.28.112 - - [03/Jul/2026:16:22:36 +0000] "OPTIONS /access.log HTTP/1.1" 404 1285 "-" "sqlmap/1.8.4#stable"
77.88.55.201 - - [03/Jul/2026:16:22:37 +0000] "GET /assets/app.js HTTP/1.1" 200 21864 "-" "Mozilla/5.0 (compatible; YandexBot/3.0; +http://yandex.com/bots)"
10.165.98.136 - - [03/Jul/2026:16:22:37 +0000] "GET /assets/site.css HTTP/1.1" 304 1514 "-" "Mozilla/5.0 (Macintosh; Intel Mac OS X 14_5) AppleWebKit/537.36 Chrome/124.0.0.0 Safari/537.36"
194.26.29.89 - - [03/Jul/2026:16:22:38 +0000] "OPTIONS /all/ HTTP/1.1" 301 412 "-" "gobuster/3.6"
188.18.77.220 - - [03/Jul/2026:16:22:38 +0000] "GET /sitemap.xml HTTP/1.1" 200 1673 "-" "Mozilla/5.0 (Windows NT 10.0; Win64; rv:124.0) Gecko/20100101 Firefox/124.0"
45.9.148.77 - - [03/Jul/2026:16:22:40 +0000] "HEAD /log/access.log HTTP/1.1" 403 1224 "-" "dirsearch/0.4.3"
40.77.167.21 - - [03/Jul/2026:16:22:40 +0000] "GET /favicon.ico HTTP/1.1" 304 964 "-" "Mozilla/5.0 (Linux; Android 13; SM-S918B) AppleWebKit/537.36 SamsungBrowser/24.0 Chrome/120.0 Mobile Safari/537.36"
157.55.39.7 - - [03/Jul/2026:16:22:41 +0000] "GET /api/news HTTP/1.1" 200 37516 "/articles/2026/q2" "DuckDuckBot/1.0; (+http://duckduckgo.com/duckduckbot)"
40.77.167.21 - - [03/Jul/2026:16:22:41 +0000] "GET /assets/app.js HTTP/1.1" 200 25075 "/products" "Mozilla/5.0 (Windows NT 10.0; Win64; x64) AppleWebKit/537.36 Chrome/123.0.0.0 Safari/537.36"
156.146.62.11 - - [03/Jul/2026:16:22:42 +0000] "HEAD /.7z HTTP/1.1" 404 1768 "-" "DirBuster-1.0-RC1"
194.26.29.89 - - [03/Jul/2026:16:22:42 +0000] "GET /FCKeditor2.3/ HTTP/1.1" 403 619 "-" "ffuf/2.1.0"
5.188.206.67 - - [03/Jul/2026:16:22:44 +0000] "OPTIONS /dump.sql.old HTTP/1.1" 500 1186 "-" "sqlmap/1.8.4#stable"
141.8.153.222 - - [03/Jul/2026:16:22:44 +0000] "GET /api/news HTTP/1.1" 200 2481 "-" "Mozilla/5.0 (iPad; CPU OS 17_4 like Mac OS X) AppleWebKit/605.1.15 Version/17.4 Mobile/15E148 Safari/604.1"
141.8.153.222 - - [03/Jul/2026:16:22:45 +0000] "GET /robots.txt HTTP/1.1" 304 1098 "-" "Mozilla/5.0 (Macintosh; Intel Mac OS X 14_5) AppleWebKit/537.36 Chrome/124.0.0.0 Safari/537.36"
45.146.164.12 - - [03/Jul/2026:16:22:45 +0000] "OPTIONS /_wl_cls_gen.jar HTTP/1.1" 404 280 "-" "Nmap Scripting Engine"
212.76.133.14 - - [03/Jul/2026:16:22:45 +0000] "HEAD /products HTTP/1.1" 200 58958 "-" "Mozilla/5.0 (iPhone; CPU iPhone OS 17_4 like Mac OS X) AppleWebKit/605.1.15 Version/17.4 Mobile/15E148 Safari/604.1"
157.55.39.7 - - [03/Jul/2026:16:22:45 +0000] "GET /metrics HTTP/1.1" 200 8188 "/assets/app.js" "Mozilla/5.0 (Windows NT 10.0; Win64; rv:124.0) Gecko/20100101 Firefox/124.0"
198.51.100.45 - - [03/Jul/2026:16:22:45 +0000] "GET /products HTTP/1.1" 200 52845 "/api/news" "Mozilla/5.0 (iPhone; CPU iPhone OS 17_4 like Mac OS X) AppleWebKit/605.1.15 Version/17.4 Mobile/15E148 Safari/604.1"
194.26.29.89 - - [03/Jul/2026:16:22:46 +0000] "GET /propel.json HTTP/1.1" 404 1536 "-" "Go-http-client/1.1"
203.0.113.77 - - [03/Jul/2026:16:22:47 +0000] "GET /articles/2026/q2 HTTP/1.1" 304 3898 "/robots.txt" "Mozilla/5.0 (Windows NT 10.0; Win64; x64) AppleWebKit/537.36 Chrome/123.0.0.0 Safari/537.36"
40.77.167.21 - - [03/Jul/2026:16:22:47 +0000] "GET /products HTTP/1.1" 200 59954 "-" "Mozilla/5.0 (iPad; CPU OS 17_4 like Mac OS X) AppleWebKit/605.1.15 Version/17.4 Mobile/15E148 Safari/604.1"
104.244.72.115 - - [03/Jul/2026:16:22:47 +0000] "GET /log-in HTTP/1.1" 301 1503 "-" "gobuster/3.6"
185.220.101.54 - - [03/Jul/2026:16:22:47 +0000] "GET /error_log.gz HTTP/1.1" 403 2317 "-" "python-requests/2.31.0"
117.240.73.35 - - [03/Jul/2026:16:22:47 +0000] "GET /assets/app.js HTTP/1.1" 200 37423 "/products" "Mozilla/5.0 (iPhone; CPU iPhone OS 17_4 like Mac OS X) AppleWebKit/605.1.15 Version/17.4 Mobile/15E148 Safari/604.1"
194.26.29.89 - - [03/Jul/2026:16:22:48 +0000] "GET /authuser HTTP/1.1" 404 1746 "-" "dirsearch/0.4.3"
185.193.88.77 - - [03/Jul/2026:16:22:48 +0000] "GET /log/access.log HTTP/1.1" 404 1735 "-" "gobuster/3.6"
212.76.133.14 - - [03/Jul/2026:16:22:48 +0000] "GET /contacts HTTP/1.1" 200 30045 "-" "Mozilla/5.0 (Windows NT 10.0; Win64; x64) AppleWebKit/537.36 Chrome/123.0.0.0 Safari/537.36"
213.24.11.146 - - [03/Jul/2026:16:22:49 +0000] "GET /healthz HTTP/1.1" 200 47831 "/assets/logo.svg" "Mozilla/5.0 (Linux; Android 13; SM-S918B) AppleWebKit/537.36 SamsungBrowser/24.0 Chrome/120.0 Mobile Safari/537.36"
135.97.63.66 - - [03/Jul/2026:16:22:49 +0000] "GET /metrics HTTP/1.1" 200 64174 "-" "Mozilla/5.0 (Windows NT 10.0; Win64; rv:124.0) Gecko/20100101 Firefox/124.0"
66.249.75.10 - - [03/Jul/2026:16:22:50 +0000] "GET /sitemap.xml HTTP/1.1" 200 83944 "/assets/app.js" "Mozilla/5.0 (X11; Linux x86_64) AppleWebKit/537.36 Chrome/122.0.0.0 Safari/537.36"
213.24.11.146 - - [03/Jul/2026:16:22:51 +0000] "GET /sitemap.xml HTTP/1.1" 200 44202 "/healthz" "Mozilla/5.0 (Linux; Android 13; SM-S918B) AppleWebKit/537.36 SamsungBrowser/24.0 Chrome/120.0 Mobile Safari/537.36"
212.76.133.14 - - [03/Jul/2026:16:22:52 +0000] "GET /robots.txt HTTP/1.1" 304 2056 "-" "Mozilla/5.0 (Windows NT 10.0; Win64; x64) AppleWebKit/537.36 Edg/124.0.0.0"
46.188.19.142 - - [03/Jul/2026:16:22:52 +0000] "GET /sitemap.xml HTTP/1.1" 200 17481 "-" "DuckDuckBot/1.0; (+http://duckduckgo.com/duckduckbot)"
193.142.147.55 - - [03/Jul/2026:16:22:53 +0000] "GET /includes/swfupload/swfupload_f9.swf HTTP/1.1" 404 2463 "-" "Nmap Scripting Engine"
246.206.190.59 - - [03/Jul/2026:16:22:53 +0000] "GET /robots.txt HTTP/1.1" 200 1497 "-" "Mozilla/5.0 (Windows NT 10.0; Win64; x64) AppleWebKit/537.36 Edg/124.0.0.0"
91.198.174.22 - - [03/Jul/2026:16:22:53 +0000] "GET /assets/site.css HTTP/1.1" 200 76783 "/favicon.ico" "Mozilla/5.0 (Macintosh; Intel Mac OS X 14_5) AppleWebKit/537.36 Chrome/124.0.0.0 Safari/537.36"
10.42.1.60 - - [03/Jul/2026:16:22:53 +0000] "GET /healthz HTTP/1.1" 200 2519 "-" "kube-probe/1.30"
10.42.3.46 - - [03/Jul/2026:16:22:54 +0000] "GET /healthz HTTP/1.1" 200 5128 "-" "curl/8.6.0"
188.18.77.220 - - [03/Jul/2026:16:22:54 +0000] "GET /contacts HTTP/1.1" 200 20082 "-" "Mozilla/5.0 (Windows NT 10.0; Win64; x64) AppleWebKit/537.36 Chrome/123.0.0.0 Safari/537.36"
188.18.77.220 - - [03/Jul/2026:16:22:54 +0000] "HEAD /healthz HTTP/1.1" 200 21440 "-" "Mozilla/5.0 (Windows NT 10.0; Win64; rv:124.0) Gecko/20100101 Firefox/124.0"
66.249.75.10 - - [03/Jul/2026:16:22:55 +0000] "HEAD /about HTTP/1.1" 200 55392 "/healthz" "Mozilla/5.0 (Windows NT 10.0; Win64; x64) AppleWebKit/537.36 Edg/124.0.0.0"
198.51.100.45 - - [03/Jul/2026:16:22:55 +0000] "GET /assets/logo.svg HTTP/1.1" 200 15522 "-" "Mozilla/5.0 (iPhone; CPU iPhone OS 17_4 like Mac OS X) AppleWebKit/605.1.15 Version/17.4 Mobile/15E148 Safari/604.1"
5.188.206.67 - - [03/Jul/2026:16:22:55 +0000] "OPTIONS /adminer_coverage.ser HTTP/1.1" 405 975 "-" "python-requests/2.31.0"
80.85.246.17 - - [03/Jul/2026:16:22:57 +0000] "HEAD /.psqlrc HTTP/1.1" 404 1449 "-" "Nmap Scripting Engine"
188.18.77.220 - - [03/Jul/2026:16:22:57 +0000] "GET /sitemap.xml HTTP/1.1" 200 51780 "-" "Mozilla/5.0 (compatible; YandexBot/3.0; +http://yandex.com/bots)"
45.146.164.12 - - [03/Jul/2026:16:22:58 +0000] "GET /.idea/gradle.xml HTTP/1.1" 500 2193 "-" "python-requests/2.31.0"
81.61.222.57 - - [03/Jul/2026:16:22:59 +0000] "GET /assets/logo.svg HTTP/1.1" 200 51099 "/favicon.ico" "Mozilla/5.0 (compatible; bingbot/2.0; +http://www.bing.com/bingbot.htm)"
77.88.55.201 - - [03/Jul/2026:16:22:59 +0000] "GET /articles/2026/q2 HTTP/1.1" 200 74621 "-" "Mozilla/5.0 (compatible; bingbot/2.0; +http://www.bing.com/bingbot.htm)"
203.0.113.77 - - [03/Jul/2026:16:22:59 +0000] "GET /products HTTP/1.1" 200 55599 "-" "Mozilla/5.0 (X11; Linux x86_64) AppleWebKit/537.36 Chrome/122.0.0.0 Safari/537.36"
79.121.129.201 - - [03/Jul/2026:16:23:00 +0000] "GET /api/rawdata HTTP/1.1" 405 2385 "-" "sqlmap/1.8.4#stable"
91.198.174.22 - - [03/Jul/2026:16:23:00 +0000] "GET /api/news HTTP/1.1" 200 9644 "-" "Mozilla/5.0 (Windows NT 10.0; Win64; x64) AppleWebKit/537.36 Edg/124.0.0.0"
157.55.39.7 - - [03/Jul/2026:16:23:00 +0000] "GET /contacts HTTP/1.1" 304 2240 "-" "Mozilla/5.0 (Macintosh; Intel Mac OS X 14_5) AppleWebKit/605.1.15 Version/17.4 Safari/605.1.15"
193.142.147.55 - - [03/Jul/2026:16:23:01 +0000] "OPTIONS /.externalToolBuilders/ HTTP/1.1" 500 1148 "-" "Wfuzz/3.1.0"
198.51.100.45 - - [03/Jul/2026:16:23:01 +0000] "GET /favicon.ico HTTP/1.1" 200 19852 "-" "Mozilla/5.0 (compatible; Googlebot/2.1; +http://www.google.com/bot.html)"
203.0.113.77 - - [03/Jul/2026:16:23:03 +0000] "GET /contacts HTTP/1.1" 200 1723 "/products" "Mozilla/5.0 (iPad; CPU OS 17_4 like Mac OS X) AppleWebKit/605.1.15 Version/17.4 Mobile/15E148 Safari/604.1"
198.51.100.45 - - [03/Jul/2026:16:23:04 +0000] "GET /favicon.ico HTTP/1.1" 200 25664 "-" "Mozilla/5.0 (Windows NT 10.0; Win64; x64) AppleWebKit/537.36 Chrome/123.0.0.0 Safari/537.36"
188.18.77.220 - - [03/Jul/2026:16:23:05 +0000] "GET /metrics HTTP/1.1" 200 46540 "-" "Mozilla/5.0 (Macintosh; Intel Mac OS X 14_5) AppleWebKit/605.1.15 Version/17.4 Safari/605.1.15"
156.146.62.11 - - [03/Jul/2026:16:23:06 +0000] "GET /phpmyadmin2014/ HTTP/1.1" 302 1705 "-" "Go-http-client/1.1"
5.188.206.67 - - [03/Jul/2026:16:23:07 +0000] "HEAD /cabal-dev HTTP/1.1" 301 499 "-" "Nmap Scripting Engine"
171.25.193.20 - - [03/Jul/2026:16:23:07 +0000] "GET /httpd/logs/access.log HTTP/1.1" 405 1780 "-" "gobuster/3.6"
10.42.1.213 - - [03/Jul/2026:16:23:07 +0000] "GET /healthz HTTP/1.1" 200 1549 "-" "curl/8.6.0"
10.42.1.168 - - [03/Jul/2026:16:23:08 +0000] "GET /healthz HTTP/1.1" 200 3666 "-" "curl/8.6.0"
45.146.164.12 - - [03/Jul/2026:16:23:09 +0000] "OPTIONS /jssresource/ HTTP/1.1" 302 2575 "-" "feroxbuster/2.11.0"
46.188.19.142 - - [03/Jul/2026:16:23:09 +0000] "GET /assets/app.js HTTP/1.1" 200 49052 "-" "Mozilla/5.0 (X11; Linux x86_64) AppleWebKit/537.36 Chrome/122.0.0.0 Safari/537.36"
141.8.153.222 - - [03/Jul/2026:16:23:09 +0000] "GET /healthz HTTP/1.1" 200 18368 "/products" "Mozilla/5.0 (Linux; Android 13; SM-S918B) AppleWebKit/537.36 SamsungBrowser/24.0 Chrome/120.0 Mobile Safari/537.36"
104.244.72.115 - - [03/Jul/2026:16:23:10 +0000] "HEAD /kube/ HTTP/1.1" 404 1156 "-" "ffuf/2.1.0"
157.55.39.7 - - [03/Jul/2026:16:23:10 +0000] "GET / HTTP/1.1" 304 1369 "/" "Mozilla/5.0 (Macintosh; Intel Mac OS X 14_5) AppleWebKit/605.1.15 Version/17.4 Safari/605.1.15"
23.129.64.112 - - [03/Jul/2026:16:23:10 +0000] "HEAD /apache/logs/access.log HTTP/1.1" 403 971 "-" "sqlmap/1.8.4#stable"
91.198.174.22 - - [03/Jul/2026:16:23:10 +0000] "GET /api/news HTTP/1.1" 304 3568 "-" "Mozilla/5.0 (X11; Linux x86_64) AppleWebKit/537.36 Chrome/122.0.0.0 Safari/537.36"
198.51.100.45 - - [03/Jul/2026:16:23:11 +0000] "GET /assets/site.css HTTP/1.1" 200 42943 "/about" "Mozilla/5.0 (compatible; Googlebot/2.1; +http://www.google.com/bot.html)"
45.9.148.77 - - [03/Jul/2026:16:23:12 +0000] "GET /apache/logs/access.log HTTP/1.1" 403 262 "-" "masscan/1.3 (https://github.com/robertdavidgraham/masscan)"
5.188.206.67 - - [03/Jul/2026:16:23:12 +0000] "OPTIONS /httpd/logs/access.log HTTP/1.1" 404 859 "-" "feroxbuster/2.11.0"
14.150.97.228 - - [03/Jul/2026:16:23:12 +0000] "GET /vendor/composer/installed.json HTTP/1.1" 404 1499 "-" "Wfuzz/3.1.0"
46.188.19.142 - - [03/Jul/2026:16:23:14 +0000] "GET /sitemap.xml HTTP/1.1" 200 31317 "/products" "Mozilla/5.0 (iPhone; CPU iPhone OS 17_4 like Mac OS X) AppleWebKit/605.1.15 Version/17.4 Mobile/15E148 Safari/604.1"
66.249.75.10 - - [03/Jul/2026:16:23:14 +0000] "GET /assets/logo.svg HTTP/1.1" 200 34419 "-" "Mozilla/5.0 (Windows NT 10.0; Win64; rv:124.0) Gecko/20100101 Firefox/124.0"
10.42.3.10 - - [03/Jul/2026:16:23:15 +0000] "GET /healthz HTTP/1.1" 503 5320 "-" "kube-probe/1.30"
203.0.113.77 - - [03/Jul/2026:16:23:15 +0000] "GET / HTTP/1.1" 200 76049 "-" "Mozilla/5.0 (Linux; Android 13; SM-S918B) AppleWebKit/537.36 SamsungBrowser/24.0 Chrome/120.0 Mobile Safari/537.36"
153.6.78.11 - - [03/Jul/2026:16:23:16 +0000] "GET /assets/logo.svg HTTP/1.1" 200 41890 "-" "Mozilla/5.0 (Windows NT 10.0; Win64; rv:124.0) Gecko/20100101 Firefox/124.0"
203.0.113.77 - - [03/Jul/2026:16:23:16 +0000] "GET /metrics HTTP/1.1" 200 1493 "-" "Mozilla/5.0 (Macintosh; Intel Mac OS X 14_5) AppleWebKit/537.36 Chrome/124.0.0.0 Safari/537.36"
185.220.101.54 - - [03/Jul/2026:16:23:16 +0000] "GET /hosts HTTP/1.1" 403 1099 "-" "gobuster/3.6"
10.42.3.36 - - [03/Jul/2026:16:23:17 +0000] "GET /metrics HTTP/1.1" 200 4773 "-" "kube-probe/1.30"
10.42.0.150 - - [03/Jul/2026:16:23:18 +0000] "GET /healthz HTTP/1.1" 200 3079 "-" "kube-probe/1.30"
193.142.147.55 - - [03/Jul/2026:16:23:18 +0000] "GET /PharoDebug.log HTTP/1.1" 404 1366 "-" "ffuf/2.1.0"
141.8.153.222 - - [03/Jul/2026:16:23:19 +0000] "GET /metrics HTTP/1.1" 200 26534 "-" "Mozilla/5.0 (iPhone; CPU iPhone OS 17_4 like Mac OS X) AppleWebKit/605.1.15 Version/17.4 Mobile/15E148 Safari/604.1"
198.51.100.45 - - [03/Jul/2026:16:23:20 +0000] "GET /assets/app.js HTTP/1.1" 200 16864 "/api/products" "Mozilla/5.0 (iPhone; CPU iPhone OS 17_4 like Mac OS X) AppleWebKit/605.1.15 Version/17.4 Mobile/15E148 Safari/604.1"
212.76.133.14 - - [03/Jul/2026:16:23:20 +0000] "GET /contacts HTTP/1.1" 200 21794 "-" "Mozilla/5.0 (Windows NT 10.0; Win64; x64) AppleWebKit/537.36 Edg/124.0.0.0"
5.188.206.67 - - [03/Jul/2026:16:23:22 +0000] "OPTIONS /doctrine/schema/tmx.yml HTTP/1.1" 500 2213 "-" "python-requests/2.31.0"
40.77.167.21 - - [03/Jul/2026:16:23:22 +0000] "GET /metrics HTTP/1.1" 200 10050 "-" "Mozilla/5.0 (X11; Linux x86_64) AppleWebKit/537.36 Chrome/122.0.0.0 Safari/537.36"
91.198.174.22 - - [03/Jul/2026:16:23:23 +0000] "GET /assets/app.js HTTP/1.1" 200 3216 "/healthz" "Mozilla/5.0 (Macintosh; Intel Mac OS X 14_5) AppleWebKit/537.36 Chrome/124.0.0.0 Safari/537.36"
