198.51.100.45 - - [03/Jul/2026:16:15:12 +0000] "GET /contacts HTTP/1.1" 200 82964 "/articles/2026/q2" "Mozilla/5.0 (Windows NT 10.0; Win64; rv:124.0) Gecko/20100101 Firefox/124.0"
213.24.11.146 - - [03/Jul/2026:16:15:12 +0000] "GET /metrics HTTP/1.1" 200 45194 "-" "Mozilla/5.0 (Windows NT 10.0; Win64; x64) AppleWebKit/537.36 Chrome/123.0.0.0 Safari/537.36"
10.42.2.4 - - [03/Jul/2026:16:15:12 +0000] "GET /healthz HTTP/1.1" 200 1121 "-" "curl/8.6.0"
203.0.113.77 - - [03/Jul/2026:16:15:12 +0000] "GET /sitemap.xml HTTP/1.1" 200 84320 "/api/products" "Mozilla/5.0 (iPad; CPU OS 17_4 like Mac OS X) AppleWebKit/605.1.15 Version/17.4 Mobile/15E148 Safari/604.1"
194.26.29.89 - - [03/Jul/2026:16:15:13 +0000] "HEAD /orders.sql HTTP/1.1" 403 136 "-" "DirBuster-1.0-RC1"
155.118.103.184 - - [03/Jul/2026:16:15:13 +0000] "GET /assets/app.js HTTP/1.1" 200 49042 "/healthz" "Mozilla/5.0 (iPhone; CPU iPhone OS 17_4 like Mac OS X) AppleWebKit/605.1.15 Version/17.4 Mobile/15E148 Safari/604.1"
212.76.133.14 - - [03/Jul/2026:16:15:13 +0000] "GET /assets/app.js HTTP/1.1" 200 65539 "/healthz" "Mozilla/5.0 (Windows NT 10.0; Win64; x64) AppleWebKit/537.36 Chrome/123.0.0.0 Safari/537.36"
212.76.133.14 - - [03/Jul/2026:16:15:14 +0000] "GET /assets/app.js HTTP/1.1" 200 55800 "-" "Mozilla/5.0 (compatible; Googlebot/2.1; +http://www.google.com/bot.html)"
45.9.148.77 - - [03/Jul/2026:16:15:14 +0000] "GET /webstat HTTP/1.1" 405 2381 "-" "python-requests/2.31.0"
66.249.75.10 - - [03/Jul/2026:16:15:15 +0000] "HEAD /favicon.ico HTTP/1.1" 200 44716 "-" "Mozilla/5.0 (iPhone; CPU iPhone OS 17_4 like Mac OS X) AppleWebKit/605.1.15 Version/17.4 Mobile/15E148 Safari/604.1"
46.188.19.142 - - [03/Jul/2026:16:15:16 +0000] "HEAD /assets/logo.svg HTTP/1.1" 200 21303 "/products" "Mozilla/5.0 (Macintosh; Intel Mac OS X 14_5) AppleWebKit/605.1.15 Version/17.4 Safari/605.1.15"
213.24.11.146 - - [03/Jul/2026:16:15:17 +0000] "GET /favicon.ico HTTP/1.1" 200 40379 "/favicon.ico" "Mozilla/5.0 (Macintosh; Intel Mac OS X 14_5) AppleWebKit/605.1.15 Version/17.4 Safari/605.1.15"
193.142.147.55 - - [03/Jul/2026:16:15:17 +0000] "GET /configuration.php.dist HTTP/1.1" 403 2351 "-" "Wfuzz/3.1.0"
212.76.133.14 - - [03/Jul/2026:16:15:17 +0000] "GET / HTTP/1.1" 200 75599 "/api/news" "Mozilla/5.0 (X11; Linux x86_64) AppleWebKit/537.36 Chrome/122.0.0.0 Safari/537.36"
251.104.45.121 - - [03/Jul/2026:16:15:18 +0000] "GET /assets/app.js HTTP/1.1" 304 3668 "/api/products" "Mozilla/5.0 (X11; Linux x86_64) AppleWebKit/537.36 Chrome/122.0.0.0 Safari/537.36"
212.76.133.14 - - [03/Jul/2026:16:15:19 +0000] "GET /products HTTP/1.1" 200 5723 "/contacts" "Mozilla/5.0 (Linux; Android 13; SM-S918B) AppleWebKit/537.36 SamsungBrowser/24.0 Chrome/120.0 Mobile Safari/537.36"
203.0.113.77 - - [03/Jul/2026:16:15:19 +0000] "HEAD /articles/2026/q2 HTTP/1.1" 200 18181 "/about" "Mozilla/5.0 (X11; Linux x86_64) AppleWebKit/537.36 Chrome/122.0.0.0 Safari/537.36"
46.188.19.142 - - [03/Jul/2026:16:15:20 +0000] "GET /articles/2026/q2 HTTP/1.1" 200 80695 "-" "Mozilla/5.0 (iPhone; CPU iPhone OS 17_4 like Mac OS X) AppleWebKit/605.1.15 Version/17.4 Mobile/15E148 Safari/604.1"
198.51.100.45 - - [03/Jul/2026:16:15:20 +0000] "GET /contacts HTTP/1.1" 200 66239 "/api/news" "Mozilla/5.0 (Windows NT 10.0; Win64; rv:124.0) Gecko/20100101 Firefox/124.0"
10.42.3.105 - - [03/Jul/2026:16:15:20 +0000] "GET /healthz HTTP/1.1" 200 1429 "-" "kube-probe/1.30"
5.188.206.67 - - [03/Jul/2026:16:15:20 +0000] "GET /order_log HTTP/1.1" 404 399 "-" "feroxbuster/2.11.0"
45.9.148.77 - - [03/Jul/2026:16:15:22 +0000] "HEAD /compile HTTP/1.1" 500 251 "-" "Nmap Scripting Engine"
45.146.164.12 - - [03/Jul/2026:16:15:23 +0000] "HEAD /phpMyAdmin/index.php HTTP/1.1" 404 646 "-" "Nmap Scripting Engine"
157.55.39.7 - - [03/Jul/2026:16:15:23 +0000] "GET /assets/app.js HTTP/1.1" 200 27310 "-" "Mozilla/5.0 (compatible; YandexBot/3.0; +http://yandex.com/bots)"
203.0.113.77 - - [03/Jul/2026:16:15:24 +0000] "GET /products HTTP/1.1" 304 3081 "-" "Mozilla/5.0 (Windows NT 10.0; Win64; rv:124.0) Gecko/20100101 Firefox/124.0"
46.188.19.142 - - [03/Jul/2026:16:15:24 +0000] "GET /contacts HTTP/1.1" 200 31763 "-" "Mozilla/5.0 (Macintosh; Intel Mac OS X 14_5) AppleWebKit/605.1.15 Version/17.4 Safari/605.1.15"
23.129.64.112 - - [03/Jul/2026:16:15:24 +0000] "HEAD /wp-content/plugins/adminer/inc/editor/index.php HTTP/1.1" 500 1407 "-" "ffuf/2.1.0"
212.76.133.14 - - [03/Jul/2026:16:15:25 +0000] "GET /metrics HTTP/1.1" 200 52239 "/favicon.ico" "Mozilla/5.0 (compatible; bingbot/2.0; +http://www.bing.com/bingbot.htm)"
80.85.246.17 - - [03/Jul/2026:16:15:26 +0000] "HEAD /plugins.log HTTP/1.1" 403 2345 "-" "masscan/1.3 (https://github.com/robertdavidgraham/masscan)"
213.24.11.146 - - [03/Jul/2026:16:15:26 +0000] "HEAD /articles/2026/q2 HTTP/1.1" 200 1414 "-" "Mozilla/5.0 (compatible; bingbot/2.0; +http://www.bing.com/bingbot.htm)"
213.24.11.146 - - [03/Jul/2026:16:15:27 +0000] "GET /articles/2026/q2 HTTP/1.1" 200 64524 "-" "Mozilla/5.0 (iPad; CPU OS 17_4 like Mac OS X) AppleWebKit/605.1.15 Version/17.4 Mobile/15E148 Safari/604.1"
197.220.110.13 - - [03/Jul/2026:16:15:27 +0000] "GET /robots.txt HTTP/1.1" 200 61627 "/articles/2026/q2" "Mozilla/5.0 (Windows NT 10.0; Win64; x64) AppleWebKit/537.36 Chrome/123.0.0.0 Safari/537.36"
66.249.75.10 - - [03/Jul/2026:16:15:27 +0000] "GET /favicon.ico HTTP/1.1" 200 52158 "-" "Mozilla/5.0 (Linux; Android 13; SM-S918B) AppleWebKit/537.36 SamsungBrowser/24.0 Chrome/120.0 Mobile Safari/537.36"
77.88.55.201 - - [03/Jul/2026:16:15:27 +0000] "GET / HTTP/1.1" 200 75813 "-" "Mozilla/5.0 (iPhone; CPU iPhone OS 17_4 like Mac OS X) AppleWebKit/605.1.15 Version/17.4 Mobile/15E148 Safari/604.1"
157.55.39.7 - - [03/Jul/2026:16:15:28 +0000] "GET /assets/app.js HTTP/1.1" 200 25794 "/healthz" "Mozilla/5.0 (Macintosh; Intel Mac OS X 14_5) AppleWebKit/605.1.15 Version/17.4 Safari/605.1.15"
91.198.174.22 - - [03/Jul/2026:16:15:28 +0000] "GET /products HTTP/1.1" 304 582 "-" "Mozilla/5.0 (Macintosh; Intel Mac OS X 14_5) AppleWebKit/537.36 Chrome/124.0.0.0 Safari/537.36"
40.77.167.21 - - [03/Jul/2026:16:15:29 +0000] "GET /api/news HTTP/1.1" 200 79354 "-" "Mozilla/5.0 (Windows NT 10.0; Win64; x64) AppleWebKit/537.36 Chrome/123.0.0.0 Safari/537.36"
171.25.193.20 - - [03/Jul/2026:16:15:30 +0000] "HEAD /admin/_logs/access.log HTTP/1.1" 404 356 "-" "gobuster/3.6"
198.51.100.45 - - [03/Jul/2026:16:15:30 +0000] "GET /contacts HTTP/1.1" 200 16798 "-" "Mozilla/5.0 (Macintosh; Intel Mac OS X 14_5) AppleWebKit/537.36 Chrome/124.0.0.0 Safari/537.36"
212.76.133.14 - - [03/Jul/2026:16:15:30 +0000] "GET /assets/logo.svg HTTP/1.1" 200 29606 "/contacts" "Mozilla/5.0 (Windows NT 10.0; Win64; x64) AppleWebKit/537.36 Chrome/123.0.0.0 Safari/537.36"
198.51.100.45 - - [03/Jul/2026:16:15:30 +0000] "GET /assets/logo.svg HTTP/1.1" 200 57128 "/products" "Mozilla/5.0 (compatible; bingbot/2.0; +http://www.bing.com/bingbot.htm)"
157.55.39.7 - - [03/Jul/2026:16:15:30 +0000] "GET /api/products HTTP/1.1" 200 31340 "-" "Mozilla/5.0 (Linux; Android 13; SM-S918B) AppleWebKit/537.36 SamsungBrowser/24.0 Chrome/120.0 Mobile Safari/537.36"
5.188.206.67 - - [03/Jul/2026:16:15:30 +0000] "GET /nginx-access.log HTTP/1.1" 405 1426 "-" "gobuster/3.6"
203.0.113.77 - - [03/Jul/2026:16:15:31 +0000] "GET /robots.txt HTTP/1.1" 200 17129 "/sitemap.xml" "Mozilla/5.0 (Linux; Android 13; SM-S918B) AppleWebKit/537.36 SamsungBrowser/24.0 Chrome/120.0 Mobile Safari/537.36"
203.0.113.77 - - [03/Jul/2026:16:15:32 +0000] "GET /healthz HTTP/1.1" 200 42567 "-" "Mozilla/5.0 (iPad; CPU OS 17_4 like Mac OS X) AppleWebKit/605.1.15 Version/17.4 Mobile/15E148 Safari/604.1"
157.55.39.7 - - [03/Jul/2026:16:15:32 +0000] "GET / HTTP/1.1" 304 2554 "-" "Mozilla/5.0 (iPhone; CPU iPhone OS 17_4 like Mac OS X) AppleWebKit/605.1.15 Version/17.4 Mobile/15E148 Safari/604.1"
188.18.77.220 - - [03/Jul/2026:16:15:32 +0000] "GET /products HTTP/1.1" 200 28630 "-" "DuckDuckBot/1.0; (+http://duckduckgo.com/duckduckbot)"
198.51.100.45 - - [03/Jul/2026:16:15:35 +0000] "GET /contacts HTTP/1.1" 304 3830 "-" "Mozilla/5.0 (Windows NT 10.0; Win64; rv:124.0) Gecko/20100101 Firefox/124.0"
58.87.71.237 - - [03/Jul/2026:16:15:36 +0000] "GET /assets/app.js HTTP/1.1" 200 32107 "-" "Mozilla/5.0 (Linux; Android 13; SM-S918B) AppleWebKit/537.36 SamsungBrowser/24.0 Chrome/120.0 Mobile Safari/537.36"
212.76.133.14 - - [03/Jul/2026:16:15:36 +0000] "GET /about HTTP/1.1" 200 19263 "-" "Mozilla/5.0 (Windows NT 10.0; Win64; rv:124.0) Gecko/20100101 Firefox/124.0"
198.51.100.45 - - [03/Jul/2026:16:15:37 +0000] "GET /assets/app.js HTTP/1.1" 304 1875 "-" "Mozilla/5.0 (Windows NT 10.0; Win64; x64) AppleWebKit/537.36 Edg/124.0.0.0"
185.193.88.77 - - [03/Jul/2026:16:15:38 +0000] "GET /php/ HTTP/1.1" 403 1493 "-" "Wfuzz/3.1.0"
188.18.77.220 - - [03/Jul/2026:16:15:39 +0000] "GET /sitemap.xml HTTP/1.1" 200 55015 "-" "Mozilla/5.0 (Linux; Android 13; SM-S918B) AppleWebKit/537.36 SamsungBrowser/24.0 Chrome/120.0 Mobile Safari/537.36"
198.51.100.45 - - [03/Jul/2026:16:15:40 +0000] "GET /favicon.ico HTTP/1.1" 200 10228 "/favicon.ico" "Mozilla/5.0 (Macintosh; Intel Mac OS X 14_5) AppleWebKit/537.36 Chrome/124.0.0.0 Safari/537.36"
141.8.153.222 - - [03/Jul/2026:16:15:40 +0000] "GET /favicon.ico HTTP/1.1" 200 41601 "-" "Mozilla/5.0 (Windows NT 10.0; Win64; x64) AppleWebKit/537.36 Chrome/123.0.0.0 Safari/537.36"
66.249.75.10 - - [03/Jul/2026:16:15:40 +0000] "GET /assets/site.css HTTP/1.1" 200 62998 "/contacts" "DuckDuckBot/1.0; (+http://duckduckgo.com/duckduckbot)"
203.0.113.77 - - [03/Jul/2026:16:15:41 +0000] "GET / HTTP/1.1" 200 67847 "-" "Mozilla/5.0 (Macintosh; Intel Mac OS X 14_5) AppleWebKit/605.1.15 Version/17.4 Safari/605.1.15"
203.0.113.77 - - [03/Jul/2026:16:15:41 +0000] "GET /articles/2026/q2 HTTP/1.1" 200 55620 "/api/products" "Mozilla/5.0 (X11; Linux x86_64) AppleWebKit/537.36 Chrome/122.0.0.0 Safari/537.36"
212.76.133.14 - - [03/Jul/2026:16:15:42 +0000] "GET /robots.txt HTTP/1.1" 200 76784 "-" "Mozilla/5.0 (iPhone; CPU iPhone OS 17_4 like Mac OS X) AppleWebKit/605.1.15 Version/17.4 Mobile/15E148 Safari/604.1"
91.198.174.22 - - [03/Jul/2026:16:15:47 +0000] "GET /sitemap.xml HTTP/1.1" 304 3213 "-" "Mozilla/5.0 (X11; Linux x86_64) AppleWebKit/537.36 Chrome/122.0.0.0 Safari/537.36"
185.193.88.77 - - [03/Jul/2026:16:15:48 +0000] "HEAD /log/access.log HTTP/1.1" 403 1856 "-" "masscan/1.3 (https://github.com/robertdavidgraham/masscan)"
171.25.193.20 - - [03/Jul/2026:16:15:49 +0000] "GET /version HTTP/1.1" 403 684 "-" "Nmap Scripting Engine"
141.8.153.222 - - [03/Jul/2026:16:15:49 +0000] "GET /sitemap.xml HTTP/1.1" 200 82273 "-" "Mozilla/5.0 (Windows NT 10.0; Win64; rv:124.0) Gecko/20100101 Firefox/124.0"
77.88.55.201 - - [03/Jul/2026:16:15:49 +0000] "GET /products HTTP/1.1" 304 2828 "-" "Mozilla/5.0 (Windows NT 10.0; Win64; x64) AppleWebKit/537.36 Chrome/123.0.0.0 Safari/537.36"
5.188.206.67 - - [03/Jul/2026:16:15:50 +0000] "GET /dz.php HTTP/1.1" 404 1451 "-" "dirsearch/0.4.3"
46.188.19.142 - - [03/Jul/2026:16:15:51 +0000] "GET /healthz HTTP/1.1" 200 81224 "-" "Mozilla/5.0 (Windows NT 10.0; Win64; x64) AppleWebKit/537.36 Chrome/123.0.0.0 Safari/537.36"
45.146.164.12 - - [03/Jul/2026:16:15:53 +0000] "GET /api/docs HTTP/1.1" 404 224 "-" "gobuster/3.6"
203.0.113.77 - - [03/Jul/2026:16:15:53 +0000] "GET / HTTP/1.1" 200 78750 "/api/news" "Mozilla/5.0 (compatible; bingbot/2.0; +http://www.bing.com/bingbot.htm)"
141.8.153.222 - - [03/Jul/2026:16:15:54 +0000] "GET / HTTP/1.1" 200 70166 "/products" "Mozilla/5.0 (Windows NT 10.0; Win64; rv:124.0) Gecko/20100101 Firefox/124.0"
193.142.147.55 - - [03/Jul/2026:16:15:54 +0000] "OPTIONS /var/sessions/ HTTP/1.1" 302 2325 "-" "masscan/1.3 (https://github.com/robertdavidgraham/masscan)"
212.76.133.14 - - [03/Jul/2026:16:15:55 +0000] "GET /favicon.ico HTTP/1.1" 200 80504 "/robots.txt" "Mozilla/5.0 (iPad; CPU OS 17_4 like Mac OS X) AppleWebKit/605.1.15 Version/17.4 Mobile/15E148 Safari/604.1"
213.24.11.146 - - [03/Jul/2026:16:15:56 +0000] "GET /favicon.ico HTTP/1.1" 304 581 "-" "Mozilla/5.0 (Macintosh; Intel Mac OS X 14_5) AppleWebKit/537.36 Chrome/124.0.0.0 Safari/537.36"
46.188.19.142 - - [03/Jul/2026:16:15:57 +0000] "GET /articles/2026/q2 HTTP/1.1" 200 80855 "-" "Mozilla/5.0 (Macintosh; Intel Mac OS X 14_5) AppleWebKit/537.36 Chrome/124.0.0.0 Safari/537.36"
171.25.193.20 - - [03/Jul/2026:16:15:57 +0000] "OPTIONS /.stylelintrc HTTP/1.1" 403 1607 "-" "ffuf/2.1.0"
80.85.246.17 - - [03/Jul/2026:16:15:57 +0000] "OPTIONS /.emacs.desktop HTTP/1.1" 403 1124 "-" "Go-http-client/1.1"
225.223.151.197 - - [03/Jul/2026:16:15:57 +0000] "GET /assets/app.js HTTP/1.1" 304 2005 "-" "Mozilla/5.0 (Macintosh; Intel Mac OS X 14_5) AppleWebKit/605.1.15 Version/17.4 Safari/605.1.15"
185.220.101.54 - - [03/Jul/2026:16:15:57 +0000] "GET /administrator/web/ HTTP/1.1" 500 1031 "-" "Wfuzz/3.1.0"
171.25.193.20 - - [03/Jul/2026:16:15:58 +0000] "GET /adminlogin HTTP/1.1" 404 361 "-" "sqlmap/1.8.4#stable"
185.193.88.77 - - [03/Jul/2026:16:15:59 +0000] "GET /htdocs HTTP/1.1" 404 1190 "-" "python-requests/2.31.0"
156.146.62.11 - - [03/Jul/2026:16:15:59 +0000] "OPTIONS /phpMyAdmin-3.3.3/ HTTP/1.1" 500 944 "-" "sqlmap/1.8.4#stable"
5.188.206.67 - - [03/Jul/2026:16:15:59 +0000] "OPTIONS /2023-backup.zip HTTP/1.1" 404 1095 "-" "Nmap Scripting Engine"
212.76.133.14 - - [03/Jul/2026:16:16:00 +0000] "GET /products HTTP/1.1" 200 8698 "/metrics" "Mozilla/5.0 (Windows NT 10.0; Win64; x64) AppleWebKit/537.36 Chrome/123.0.0.0 Safari/537.36"
5.188.206.67 - - [03/Jul/2026:16:16:01 +0000] "GET /.nrepl-port HTTP/1.1" 403 2154 "-" "masscan/1.3 (https://github.com/robertdavidgraham/masscan)"
156.146.62.11 - - [03/Jul/2026:16:16:02 +0000] "GET /config/settings.ini.cfm HTTP/1.1" 404 1354 "-" "masscan/1.3 (https://github.com/robertdavidgraham/masscan)"
91.198.174.22 - - [03/Jul/2026:16:16:02 +0000] "GET /sitemap.xml HTTP/1.1" 200 61892 "-" "Mozilla/5.0 (Linux; Android 13; SM-S918B) AppleWebKit/537.36 SamsungBrowser/24.0 Chrome/120.0 Mobile Safari/537.36"
203.0.113.77 - - [03/Jul/2026:16:16:03 +0000] "HEAD /favicon.ico HTTP/1.1" 200 41048 "/contacts" "Mozilla/5.0 (Windows NT 10.0; Win64; x64) AppleWebKit/537.36 Chrome/123.0.0.0 Safari/537.36"
157.55.39.7 - - [03/Jul/2026:16:16:03 +0000] "GET /products HTTP/1.1" 304 775 "/products" "Mozilla/5.0 (Macintosh; Intel Mac OS X 14_5) AppleWebKit/537.36 Chrome/124.0.0.0 Safari/537.36"
80.85.246.17 - - [03/Jul/2026:16:16:04 +0000] "OPTIONS /.gitlab/issue_templates HTTP/1.1" 302 1610 "-" "DirBuster-1.0-RC1"
213.24.11.146 - - [03/Jul/2026:16:16:04 +0000] "GET /contacts HTTP/1.1" 200 37982 "-" "Mozilla/5.0 (Windows NT 10.0; Win64; x64) AppleWebKit/537.36 Chrome/123.0.0.0 Safari/537.36"
185.220.101.54 - - [03/Jul/2026:16:16:04 +0000] "HEAD /microsoft-server-activesync/ HTTP/1.1" 500 1891 "-" "ffuf/2.1.0"
185.220.101.54 - - [03/Jul/2026:16:16:04 +0000] "GET /.merlin HTTP/1.1" 404 246 "-" "dirsearch/0.4.3"
91.198.174.22 - - [03/Jul/2026:16:16:05 +0000] "GET /contacts HTTP/1.1" 200 22406 "-" "Mozilla/5.0 (Windows NT 10.0; Win64; rv:124.0) Gecko/20100101 Firefox/124.0"
189.144.95.4 - - [03/Jul/2026:16:16:06 +0000] "GET /products HTTP/1.1" 200 2793 "-" "Mozilla/5.0 (Linux; Android 13; SM-S918B) AppleWebKit/537.36 SamsungBrowser/24.0 Chrome/120.0 Mobile Safari/537.36"
104.135.175.65 - - [03/Jul/2026:16:16:06 +0000] "GET /metrics HTTP/1.1" 200 23178 "-" "Mozilla/5.0 (iPhone; CPU iPhone OS 17_4 like Mac OS X) AppleWebKit/605.1.15 Version/17.4 Mobile/15E148 Safari/604.1"
40.77.167.21 - - [03/Jul/2026:16:16:06 +0000] "GET /sitemap.xml HTTP/1.1" 200 69915 "-" "Mozilla/5.0 (X11; Linux x86_64) AppleWebKit/537.36 Chrome/122.0.0.0 Safari/537.36"
14.99.135.191 - - [03/Jul/2026:16:16:07 +0000] "GET /assets/app.js HTTP/1.1" 200 56033 "/robots.txt" "Mozilla/5.0 (Windows NT 10.0; Win64; x64) AppleWebKit/537.36 Edg/124.0.0.0"
80.85.246.17 - - [03/Jul/2026:16:16:08 +0000] "OPTIONS /graphql.php HTTP/1.1" 404 1010 "-" "Nmap Scripting Engine"
188.18.77.220 - - [03/Jul/2026:16:16:08 +0000] "GET /api/news HTTP/1.1" 200 1857 "-" "Mozilla/5.0 (Linux; Android 13; SM-S918B) AppleWebKit/537.36 SamsungBrowser/24.0 Chrome/120.0 Mobile Safari/537.36"
188.18.77.220 - - [03/Jul/2026:16:16:09 +0000] "GET /assets/logo.svg HTTP/1.1" 304 500 "-" "Mozilla/5.0 (Linux; Android 13; SM-S918B) AppleWebKit/537.36 SamsungBrowser/24.0 Chrome/120.0 Mobile Safari/537.36"
10.42.2.123 - - [03/Jul/2026:16:16:09 +0000] "GET /healthz HTTP/1.1" 200 4840 "-" "kube-probe/1.30"
141.8.153.222 - - [03/Jul/2026:16:16:09 +0000] "GET /about HTTP/1.1" 200 64737 "/api/products" "Mozilla/5.0 (Macintosh; Intel Mac OS X 14_5) AppleWebKit/605.1.15 Version/17.4 Safari/605.1.15"
66.249.75.10 - - [03/Jul/2026:16:16:10 +0000] "GET /products HTTP/1.1" 200 66885 "-" "Mozilla/5.0 (compatible; Googlebot/2.1; +http://www.google.com/bot.html)"
203.0.113.77 - - [03/Jul/2026:16:16:10 +0000] "GET /sitemap.xml HTTP/1.1" 304 3446 "-" "Mozilla/5.0 (X11; Linux x86_64) AppleWebKit/537.36 Chrome/122.0.0.0 Safari/537.36"
40.77.167.21 - - [03/Jul/2026:16:16:10 +0000] "GET /robots.txt HTTP/1.1" 200 42837 "-" "Mozilla/5.0 (Windows NT 10.0; Win64; x64) AppleWebKit/537.36 Edg/124.0.0.0"
91.198.174.22 - - [03/Jul/2026:16:16:11 +0000] "GET /articles/2026/q2 HTTP/1.1" 200 53614 "/api/products" "Mozilla/5.0 (Windows NT 10.0; Win64; x64) AppleWebKit/537.36 Edg/124.0.0.0"
40.77.167.21 - - [03/Jul/2026:16:16:12 +0000] "GET /contacts HTTP/1.1" 200 52247 "/contacts" "Mozilla/5.0 (iPad; CPU OS 17_4 like Mac OS X) AppleWebKit/605.1.15 Version/17.4 Mobile/15E148 Safari/604.1"
141.8.153.222 - - [03/Jul/2026:16:16:12 +0000] "GET /favicon.ico HTTP/1.1" 200 36825 "-" "DuckDuckBot/1.0; (+http://duckduckgo.com/duckduckbot)"
45.146.164.12 - - [03/Jul/2026:16:16:12 +0000] "GET /apache/logs/access.log HTTP/1.1" 404 643 "-" "Go-http-client/1.1"
212.76.133.14 - - [03/Jul/2026:16:16:13 +0000] "GET /articles/2026/q2 HTTP/1.1" 200 41700 "/favicon.ico" "Mozilla/5.0 (Windows NT 10.0; Win64; rv:124.0) Gecko/20100101 Firefox/124.0"
66.249.75.10 - - [03/Jul/2026:16:16:13 +0000] "GET /assets/logo.svg HTTP/1.1" 200 44914 "/api/products" "Mozilla/5.0 (iPad; CPU OS 17_4 like Mac OS X) AppleWebKit/605.1.15 Version/17.4 Mobile/15E148 Safari/604.1"
188.18.77.220 - - [03/Jul/2026:16:16:13 +0000] "GET /about HTTP/1.1" 304 3295 "/healthz" "Mozilla/5.0 (Macintosh; Intel Mac OS X 14_5) AppleWebKit/537.36 Chrome/124.0.0.0 Safari/537.36"
141.8.153.222 - - [03/Jul/2026:16:16:13 +0000] "GET /articles/2026/q2 HTTP/1.1" 200 42773 "-" "Mozilla/5.0 (Linux; Android 13; SM-S918B) AppleWebKit/537.36 SamsungBrowser/24.0 Chrome/120.0 Mobile Safari/537.36"
5.188.206.67 - - [03/Jul/2026:16:16:14 +0000] "GET /phpLiteAdmin/ HTTP/1.1" 404 607 "-" "feroxbuster/2.11.0"
213.24.11.146 - - [03/Jul/2026:16:16:14 +0000] "HEAD /assets/site.css HTTP/1.1" 200 24548 "-" "Mozilla/5.0 (iPad; CPU OS 17_4 like Mac OS X) AppleWebKit/605.1.15 Version/17.4 Mobile/15E148 Safari/604.1"
203.0.113.77 - - [03/Jul/2026:16:16:15 +0000] "GET /contacts HTTP/1.1" 200 1639 "-" "Mozilla/5.0 (compatible; Googlebot/2.1; +http://www.google.com/bot.html)"
213.24.11.146 - - [03/Jul/2026:16:16:15 +0000] "GET /articles/2026/q2 HTTP/1.1" 200 69879 "/articles/2026/q2" "Mozilla/5.0 (Macintosh; Intel Mac OS X 14_5) AppleWebKit/605.1.15 Version/17.4 Safari/605.1.15"
193.142.147.55 - - [03/Jul/2026:16:16:15 +0000] "GET /gruntfile.js HTTP/1.1" 404 1817 "-" "Wfuzz/3.1.0"
45.146.164.12 - - [03/Jul/2026:16:16:17 +0000] "GET /nginx-ssl.access.log HTTP/1.1" 302 2474 "-" "DirBuster-1.0-RC1"
46.188.19.142 - - [03/Jul/2026:16:16:17 +0000] "GET /assets/app.js HTTP/1.1" 200 16563 "/api/news" "Mozilla/5.0 (Macintosh; Intel Mac OS X 14_5) AppleWebKit/537.36 Chrome/124.0.0.0 Safari/537.36"
206.9.12.21 - - [03/Jul/2026:16:16:17 +0000] "GET /favicon.ico HTTP/1.1" 200 29534 "-" "Mozilla/5.0 (Windows NT 10.0; Win64; x64) AppleWebKit/537.36 Chrome/123.0.0.0 Safari/537.36"
194.26.29.89 - - [03/Jul/2026:16:16:17 +0000] "HEAD /admin/admin HTTP/1.1" 404 283 "-" "DirBuster-1.0-RC1"
157.55.39.7 - - [03/Jul/2026:16:16:18 +0000] "GET /sitemap.xml HTTP/1.1" 200 14678 "/articles/2026/q2" "Mozilla/5.0 (X11; Linux x86_64) AppleWebKit/537.36 Chrome/122.0.0.0 Safari/537.36"
91.198.174.22 - - [03/Jul/2026:16:16:18 +0000] "GET /metrics HTTP/1.1" 200 68919 "-" "Mozilla/5.0 (Windows NT 10.0; Win64; x64) AppleWebKit/537.36 Edg/124.0.0.0"
213.24.11.146 - - [03/Jul/2026:16:16:19 +0000] "GET /assets/site.css HTTP/1.1" 200 32161 "-" "Mozilla/5.0 (Windows NT 10.0; Win64; rv:124.0) Gecko/20100101 Firefox/124.0"
66.249.75.10 - - [03/Jul/2026:16:16:21 +0000] "GET /products HTTP/1.1" 200 83460 "/api/products" "Mozilla/5.0 (iPhone; CPU iPhone OS 17_4 like Mac OS X) AppleWebKit/605.1.15 Version/17.4 Mobile/15E148 Safari/604.1"
157.55.39.7 - - [03/Jul/2026:16:16:22 +0000] "GET /assets/site.css HTTP/1.1" 200 67462 "/metrics" "Mozilla/5.0 (Macintosh; Intel Mac OS X 14_5) AppleWebKit/605.1.15 Version/17.4 Safari/605.1.15"
91.198.174.22 - - [03/Jul/2026:16:16:22 +0000] "GET /metrics HTTP/1.1" 200 46174 "-" "Mozilla/5.0 (iPad; CPU OS 17_4 like Mac OS X) AppleWebKit/605.1.15 Version/17.4 Mobile/15E148 Safari/604.1"
46.188.19.142 - - [03/Jul/2026:16:16:22 +0000] "GET /products HTTP/1.1" 200 80507 "-" "Mozilla/5.0 (compatible; bingbot/2.0; +http://www.bing.com/bingbot.htm)"
5.188.206.67 - - [03/Jul/2026:16:16:23 +0000] "GET /webdav/servlet/webdav/ HTTP/1.1" 405 1712 "-" "sqlmap/1.8.4#stable"
194.26.29.89 - - [03/Jul/2026:16:16:23 +0000] "OPTIONS /account.html HTTP/1.1" 404 460 "-" "Nmap Scripting Engine"
185.220.101.54 - - [03/Jul/2026:16:16:24 +0000] "GET /httpd/logs/access.log HTTP/1.1" 404 1789 "-" "sqlmap/1.8.4#stable"
45.9.148.77 - - [03/Jul/2026:16:16:25 +0000] "HEAD /.env.backup HTTP/1.1" 302 158 "-" "gobuster/3.6"
91.198.174.22 - - [03/Jul/2026:16:16:25 +0000] "GET / HTTP/1.1" 200 49824 "-" "Mozilla/5.0 (Windows NT 10.0; Win64; x64) AppleWebKit/537.36 Chrome/123.0.0.0 Safari/537.36"
44.125.201.206 - - [03/Jul/2026:16:16:26 +0000] "GET /metrics HTTP/1.1" 200 72693 "-" "Mozilla/5.0 (iPad; CPU OS 17_4 like Mac OS X) AppleWebKit/605.1.15 Version/17.4 Mobile/15E148 Safari/604.1"
198.51.100.45 - - [03/Jul/2026:16:16:26 +0000] "GET /products HTTP/1.1" 200 49303 "/assets/site.css" "Mozilla/5.0 (Linux; Android 13; SM-S918B) AppleWebKit/537.36 SamsungBrowser/24.0 Chrome/120.0 Mobile Safari/537.36"
77.88.55.201 - - [03/Jul/2026:16:16:27 +0000] "GET /assets/app.js HTTP/1.1" 200 68577 "-" "Mozilla/5.0 (Windows NT 10.0; Win64; x64) AppleWebKit/537.36 Chrome/123.0.0.0 Safari/537.36"
156.146.62.11 - - [03/Jul/2026:16:16:28 +0000] "HEAD /phpMyAdmin-2.6.4-pl2/ HTTP/1.1" 403 426 "-" "sqlmap/1.8.4#stable"
46.188.19.142 - - [03/Jul/2026:16:16:28 +0000] "GET /about HTTP/1.1" 200 30271 "/metrics" "Mozilla/5.0 (X11; Linux x86_64) AppleWebKit/537.36 Chrome/122.0.0.0 Safari/537.36"
174.209.185.43 - - [03/Jul/2026:16:16:28 +0000] "GET /httpd/logs/access.log HTTP/1.1" 403 465 "-" "sqlmap/1.8.4#stable"
213.24.11.146 - - [03/Jul/2026:16:16:28 +0000] "GET /api/news HTTP/1.1" 200 61300 "-" "Mozilla/5.0 (Windows NT 10.0; Win64; rv:124.0) Gecko/20100101 Firefox/124.0"
10.42.1.103 - - [03/Jul/2026:16:16:29 +0000] "GET /metrics HTTP/1.1" 200 3825 "-" "curl/8.6.0"
77.88.55.201 - - [03/Jul/2026:16:16:31 +0000] "GET /about HTTP/1.1" 200 62887 "-" "Mozilla/5.0 (iPhone; CPU iPhone OS 17_4 like Mac OS X) AppleWebKit/605.1.15 Version/17.4 Mobile/15E148 Safari/604.1"
40.77.167.21 - - [03/Jul/2026:16:16:31 +0000] "GET /metrics HTTP/1.1" 200 54775 "/products" "Mozilla/5.0 (Windows NT 10.0; Win64; x64) AppleWebKit/537.36 Edg/124.0.0.0"
45.146.164.12 - - [03/Jul/2026:16:16:31 +0000] "HEAD /backup123/ HTTP/1.1" 404 897 "-" "ffuf/2.1.0"
203.0.113.77 - - [03/Jul/2026:16:16:33 +0000] "GET /healthz HTTP/1.1" 200 60118 "/assets/logo.svg" "Mozilla/5.0 (Windows NT 10.0; Win64; x64) AppleWebKit/537.36 Edg/124.0.0.0"
10.42.2.65 - - [03/Jul/2026:16:16:33 +0000] "GET /metrics HTTP/1.1" 200 4963 "-" "curl/8.6.0"
40.77.167.21 - - [03/Jul/2026:16:16:33 +0000] "GET /assets/logo.svg HTTP/1.1" 200 356 "-" "Mozilla/5.0 (Linux; Android 13; SM-S918B) AppleWebKit/537.36 SamsungBrowser/24.0 Chrome/120.0 Mobile Safari/537.36"
188.18.77.220 - - [03/Jul/2026:16:16:33 +0000] "HEAD /sitemap.xml HTTP/1.1" 200 63541 "-" "Mozilla/5.0 (Windows NT 10.0; Win64; rv:124.0) Gecko/20100101 Firefox/124.0"
212.76.133.14 - - [03/Jul/2026:16:16:35 +0000] "GET /favicon.ico HTTP/1.1" 200 6847 "/assets/site.css" "Mozilla/5.0 (Macintosh; Intel Mac OS X 14_5) AppleWebKit/537.36 Chrome/124.0.0.0 Safari/537.36"
185.193.88.77 - - [03/Jul/2026:16:16:35 +0000] "HEAD /jacoco/ HTTP/1.1" 404 1778 "-" "dirsearch/0.4.3"
193.142.147.55 - - [03/Jul/2026:16:16:35 +0000] "HEAD /admin/default.asp HTTP/1.1" 403 219 "-" "feroxbuster/2.11.0"
10.42.3.104 - - [03/Jul/2026:16:16:35 +0000] "GET /healthz HTTP/1.1" 200 5969 "-" "kube-probe/1.30"
104.244.72.115 - - [03/Jul/2026:16:16:38 +0000] "GET /plugins/fckeditor HTTP/1.1" 302 229 "-" "masscan/1.3 (https://github.com/robertdavidgraham/masscan)"
212.76.133.14 - - [03/Jul/2026:16:16:38 +0000] "GET /assets/logo.svg HTTP/1.1" 304 1325 "/favicon.ico" "Mozilla/5.0 (Linux; Android 13; SM-S918B) AppleWebKit/537.36 SamsungBrowser/24.0 Chrome/120.0 Mobile Safari/537.36"
193.142.147.55 - - [03/Jul/2026:16:16:38 +0000] "GET /eula_en.txt HTTP/1.1" 404 1438 "-" "Wfuzz/3.1.0"
185.193.88.77 - - [03/Jul/2026:16:16:38 +0000] "HEAD /heapdump.json HTTP/1.1" 301 2134 "-" "gobuster/3.6"
45.146.164.12 - - [03/Jul/2026:16:16:39 +0000] "GET /debug/pprof/trace HTTP/1.1" 500 1555 "-" "feroxbuster/2.11.0"
104.244.72.115 - - [03/Jul/2026:16:16:40 +0000] "OPTIONS /manager/login HTTP/1.1" 405 2210 "-" "gobuster/3.6"
23.129.64.112 - - [03/Jul/2026:16:16:41 +0000] "GET /sqlnet.log HTTP/1.1" 403 599 "-" "gobuster/3.6"
213.24.11.146 - - [03/Jul/2026:16:16:41 +0000] "GET /assets/logo.svg HTTP/1.1" 200 22643 "-" "Mozilla/5.0 (iPad; CPU OS 17_4 like Mac OS X) AppleWebKit/605.1.15 Version/17.4 Mobile/15E148 Safari/604.1"
5.188.206.67 - - [03/Jul/2026:16:16:41 +0000] "GET /trace.json HTTP/1.1" 403 1920 "-" "dirsearch/0.4.3"
23.129.64.112 - - [03/Jul/2026:16:16:42 +0000] "GET /war/WEB-INF/classes/ HTTP/1.1" 404 528 "-" "gobuster/3.6"
212.76.133.14 - - [03/Jul/2026:16:16:42 +0000] "GET /assets/logo.svg HTTP/1.1" 200 84011 "-" "Mozilla/5.0 (Windows NT 10.0; Win64; rv:124.0) Gecko/20100101 Firefox/124.0"
213.24.11.146 - - [03/Jul/2026:16:16:43 +0000] "GET /metrics HTTP/1.1" 200 40058 "-" "Mozilla/5.0 (iPhone; CPU iPhone OS 17_4 like Mac OS X) AppleWebKit/605.1.15 Version/17.4 Mobile/15E148 Safari/604.1"
80.85.246.17 - - [03/Jul/2026:16:16:43 +0000] "GET /editor-4.1.0.php HTTP/1.1" 500 231 "-" "Go-http-client/1.1"
213.24.11.146 - - [03/Jul/2026:16:16:44 +0000] "GET /favicon.ico HTTP/1.1" 200 36467 "/contacts" "Mozilla/5.0 (Windows NT 10.0; Win64; rv:124.0) Gecko/20100101 Firefox/124.0"
91.198.174.22 - - [03/Jul/2026:16:16:44 +0000] "GET /sitemap.xml HTTP/1.1" 200 56735 "/articles/2026/q2" "Mozilla/5.0 (Macintosh; Intel Mac OS X 14_5) AppleWebKit/605.1.15 Version/17.4 Safari/605.1.15"
156.146.62.11 - - [03/Jul/2026:16:16:44 +0000] "OPTIONS /ur-admin HTTP/1.1" 404 197 "-" "Nmap Scripting Engine"
213.24.11.146 - - [03/Jul/2026:16:16:44 +0000] "GET /sitemap.xml HTTP/1.1" 200 16203 "/products" "Mozilla/5.0 (Linux; Android 13; SM-S918B) AppleWebKit/537.36 SamsungBrowser/24.0 Chrome/120.0 Mobile Safari/537.36"
193.142.147.55 - - [03/Jul/2026:16:16:45 +0000] "GET /searchreplacedb2.php HTTP/1.1" 404 159 "-" "masscan/1.3 (https://github.com/robertdavidgraham/masscan)"
198.51.100.45 - - [03/Jul/2026:16:16:45 +0000] "GET /assets/site.css HTTP/1.1" 200 78163 "-" "Mozilla/5.0 (Macintosh; Intel Mac OS X 14_5) AppleWebKit/605.1.15 Version/17.4 Safari/605.1.15"
80.85.246.17 - - [03/Jul/2026:16:16:45 +0000] "GET /nginx-ssl.access.log HTTP/1.1" 301 656 "-" "DirBuster-1.0-RC1"
129.29.1.33 - - [03/Jul/2026:16:16:45 +0000] "GET /administracion/ HTTP/1.1" 403 1448 "-" "ffuf/2.1.0"
60.43.45.107 - - [03/Jul/2026:16:16:45 +0000] "GET /api/news HTTP/1.1" 200 2683 "/" "Mozilla/5.0 (iPhone; CPU iPhone OS 17_4 like Mac OS X) AppleWebKit/605.1.15 Version/17.4 Mobile/15E148 Safari/604.1"
40.77.167.21 - - [03/Jul/2026:16:16:45 +0000] "GET /metrics HTTP/1.1" 304 2006 "-" "Mozilla/5.0 (X11; Linux x86_64) AppleWebKit/537.36 Chrome/122.0.0.0 Safari/537.36"
203.0.113.77 - - [03/Jul/2026:16:16:46 +0000] "HEAD / HTTP/1.1" 200 69540 "/assets/app.js" "Mozilla/5.0 (Linux; Android 13; SM-S918B) AppleWebKit/537.36 SamsungBrowser/24.0 Chrome/120.0 Mobile Safari/537.36"
188.18.77.220 - - [03/Jul/2026:16:16:46 +0000] "GET / HTTP/1.1" 200 8973 "/assets/app.js" "Mozilla/5.0 (Windows NT 10.0; Win64; x64) AppleWebKit/537.36 Chrome/123.0.0.0 Safari/537.36"
45.9.148.77 - - [03/Jul/2026:16:16:46 +0000] "GET /phpMyAdmin-3.2.4/ HTTP/1.1" 404 1214 "-" "sqlmap/1.8.4#stable"
212.76.133.14 - - [03/Jul/2026:16:16:46 +0000] "GET /assets/site.css HTTP/1.1" 200 41543 "-" "Mozilla/5.0 (iPad; CPU OS 17_4 like Mac OS X) AppleWebKit/605.1.15 Version/17.4 Mobile/15E148 Safari/604.1"
77.88.55.201 - - [03/Jul/2026:16:16:46 +0000] "GET /favicon.ico HTTP/1.1" 200 36852 "/about" "Mozilla/5.0 (iPad; CPU OS 17_4 like Mac OS X) AppleWebKit/605.1.15 Version/17.4 Mobile/15E148 Safari/604.1"
9.70.194.24 - - [03/Jul/2026:16:16:46 +0000] "GET /articles/2026/q2 HTTP/1.1" 200 60350 "-" "Mozilla/5.0 (X11; Linux x86_64) AppleWebKit/537.36 Chrome/122.0.0.0 Safari/537.36"
46.188.19.142 - - [03/Jul/2026:16:16:47 +0000] "GET /api/news HTTP/1.1" 200 56554 "-" "DuckDuckBot/1.0; (+http://duckduckgo.com/duckduckbot)"
198.51.100.45 - - [03/Jul/2026:16:16:48 +0000] "GET /favicon.ico HTTP/1.1" 200 829 "/api/news" "Mozilla/5.0 (iPhone; CPU iPhone OS 17_4 like Mac OS X) AppleWebKit/605.1.15 Version/17.4 Mobile/15E148 Safari/604.1"
212.76.133.14 - - [03/Jul/2026:16:16:48 +0000] "GET / HTTP/1.1" 200 72978 "/articles/2026/q2" "Mozilla/5.0 (iPhone; CPU iPhone OS 17_4 like Mac OS X) AppleWebKit/605.1.15 Version/17.4 Mobile/15E148 Safari/604.1"
66.249.75.10 - - [03/Jul/2026:16:16:50 +0000] "GET /about HTTP/1.1" 200 17386 "/metrics" "Mozilla/5.0 (iPad; CPU OS 17_4 like Mac OS X) AppleWebKit/605.1.15 Version/17.4 Mobile/15E148 Safari/604.1"
40.77.167.21 - - [03/Jul/2026:16:16:51 +0000] "GET /assets/site.css HTTP/1.1" 200 37666 "-" "Mozilla/5.0 (iPad; CPU OS 17_4 like Mac OS X) AppleWebKit/605.1.15 Version/17.4 Mobile/15E148 Safari/604.1"
157.55.39.7 - - [03/Jul/2026:16:16:51 +0000] "HEAD /healthz HTTP/1.1" 200 36849 "/contacts" "Mozilla/5.0 (iPhone; CPU iPhone OS 17_4 like Mac OS X) AppleWebKit/605.1.15 Version/17.4 Mobile/15E148 Safari/604.1"
188.18.77.220 - - [03/Jul/2026:16:16:53 +0000] "HEAD /healthz HTTP/1.1" 200 23750 "-" "Mozilla/5.0 (Linux; Android 13; SM-S918B) AppleWebKit/537.36 SamsungBrowser/24.0 Chrome/120.0 Mobile Safari/537.36"
46.188.19.142 - - [03/Jul/2026:16:16:54 +0000] "HEAD /favicon.ico HTTP/1.1" 304 636 "-" "Mozilla/5.0 (Windows NT 10.0; Win64; x64) AppleWebKit/537.36 Chrome/123.0.0.0 Safari/537.36"
23.129.64.112 - - [03/Jul/2026:16:16:54 +0000] "OPTIONS /bitrix_server_test.php HTTP/1.1" 403 744 "-" "python-requests/2.31.0"
70.186.248.194 - - [03/Jul/2026:16:16:55 +0000] "GET /api/products HTTP/1.1" 200 30996 "/articles/2026/q2" "Mozilla/5.0 (Windows NT 10.0; Win64; x64) AppleWebKit/537.36 Edg/124.0.0.0"
80.85.246.17 - - [03/Jul/2026:16:16:55 +0000] "GET /propel.ini HTTP/1.1" 500 2209 "-" "sqlmap/1.8.4#stable"
10.42.1.53 - - [03/Jul/2026:16:16:55 +0000] "GET /healthz HTTP/1.1" 200 2531 "-" "curl/8.6.0"
198.51.100.45 - - [03/Jul/2026:16:16:56 +0000] "GET /api/news HTTP/1.1" 200 74931 "-" "Mozilla/5.0 (iPad; CPU OS 17_4 like Mac OS X) AppleWebKit/605.1.15 Version/17.4 Mobile/15E148 Safari/604.1"
171.25.193.20 - - [03/Jul/2026:16:16:57 +0000] "GET /.env.docker HTTP/1.1" 500 1190 "-" "Wfuzz/3.1.0"
10.42.3.237 - - [03/Jul/2026:16:16:57 +0000] "GET /metrics HTTP/1.1" 200 5167 "-" "curl/8.6.0"
194.26.29.89 - - [03/Jul/2026:16:16:57 +0000] "HEAD /SVN/ HTTP/1.1" 301 2487 "-" "DirBuster-1.0-RC1"
66.249.75.10 - - [03/Jul/2026:16:16:57 +0000] "GET /articles/2026/q2 HTTP/1.1" 200 45753 "-" "Mozilla/5.0 (Windows NT 10.0; Win64; x64) AppleWebKit/537.36 Edg/124.0.0.0"
56.160.75.118 - - [03/Jul/2026:16:16:57 +0000] "GET / HTTP/1.1" 200 1238 "-" "Mozilla/5.0 (Windows NT 10.0; Win64; x64) AppleWebKit/537.36 Chrome/123.0.0.0 Safari/537.36"
185.220.101.54 - - [03/Jul/2026:16:16:57 +0000] "GET /sites/example.sites.php HTTP/1.1" 404 1531 "-" "python-requests/2.31.0"
77.88.55.201 - - [03/Jul/2026:16:16:57 +0000] "GET /sitemap.xml HTTP/1.1" 200 38457 "-" "DuckDuckBot/1.0; (+http://duckduckgo.com/duckduckbot)"
23.129.64.112 - - [03/Jul/2026:16:16:58 +0000] "GET /nginx-ssl.access.log HTTP/1.1" 405 1534 "-" "dirsearch/0.4.3"
141.8.153.222 - - [03/Jul/2026:16:16:59 +0000] "GET /about HTTP/1.1" 200 71367 "/robots.txt" "Mozilla/5.0 (Macintosh; Intel Mac OS X 14_5) AppleWebKit/537.36 Chrome/124.0.0.0 Safari/537.36"
239.197.24.209 - - [03/Jul/2026:16:17:00 +0000] "OPTIONS /log/access.log HTTP/1.1" 301 2373 "-" "ffuf/2.1.0"
5.188.206.67 - - [03/Jul/2026:16:17:01 +0000] "GET /backup.inc HTTP/1.1" 404 1012 "-" "dirsearch/0.4.3"
46.188.19.142 - - [03/Jul/2026:16:17:01 +0000] "GET /api/products HTTP/1.1" 200 50618 "-" "Mozilla/5.0 (Linux; Android 13; SM-S918B) AppleWebKit/537.36 SamsungBrowser/24.0 Chrome/120.0 Mobile Safari/537.36"
198.51.100.45 - - [03/Jul/2026:16:17:02 +0000] "GET /api/news HTTP/1.1" 200 16241 "-" "Mozilla/5.0 (compatible; bingbot/2.0; +http://www.bing.com/bingbot.htm)"
40.77.167.21 - - [03/Jul/2026:16:17:03 +0000] "HEAD /assets/app.js HTTP/1.1" 200 76786 "-" "Mozilla/5.0 (iPad; CPU OS 17_4 like Mac OS X) AppleWebKit/605.1.15 Version/17.4 Mobile/15E148 Safari/604.1"
66.249.75.10 - - [03/Jul/2026:16:17:03 +0000] "GET /api/news HTTP/1.1" 200 15461 "/assets/app.js" "Mozilla/5.0 (Windows NT 10.0; Win64; x64) AppleWebKit/537.36 Edg/124.0.0.0"
203.0.113.77 - - [03/Jul/2026:16:17:03 +0000] "GET /assets/logo.svg HTTP/1.1" 200 50626 "-" "Mozilla/5.0 (Macintosh; Intel Mac OS X 14_5) AppleWebKit/605.1.15 Version/17.4 Safari/605.1.15"
40.77.167.21 - - [03/Jul/2026:16:17:03 +0000] "GET /metrics HTTP/1.1" 200 70666 "-" "Mozilla/5.0 (compatible; YandexBot/3.0; +http://yandex.com/bots)"
238.25.117.193 - - [03/Jul/2026:16:17:04 +0000] "GET /robots.txt HTTP/1.1" 200 75846 "/assets/app.js" "Mozilla/5.0 (Windows NT 10.0; Win64; x64) AppleWebKit/537.36 Edg/124.0.0.0"
46.188.19.142 - - [03/Jul/2026:16:17:04 +0000] "GET /assets/site.css HTTP/1.1" 200 60845 "/sitemap.xml" "Mozilla/5.0 (X11; Linux x86_64) AppleWebKit/537.36 Chrome/122.0.0.0 Safari/537.36"
46.188.19.142 - - [03/Jul/2026:16:17:04 +0000] "GET /api/news HTTP/1.1" 200 77512 "-" "Mozilla/5.0 (Linux; Android 13; SM-S918B) AppleWebKit/537.36 SamsungBrowser/24.0 Chrome/120.0 Mobile Safari/537.36"
203.0.113.77 - - [03/Jul/2026:16:17:05 +0000] "GET /products HTTP/1.1" 200 31461 "/robots.txt" "Mozilla/5.0 (Windows NT 10.0; Win64; x64) AppleWebKit/537.36 Chrome/123.0.0.0 Safari/537.36"
171.25.193.20 - - [03/Jul/2026:16:17:06 +0000] "OPTIONS /doctrine/ HTTP/1.1" 404 2508 "-" "sqlmap/1.8.4#stable"
185.193.88.77 - - [03/Jul/2026:16:17:07 +0000] "GET /nginx-access.log HTTP/1.1" 404 368 "-" "ffuf/2.1.0"
188.18.77.220 - - [03/Jul/2026:16:17:07 +0000] "GET /favicon.ico HTTP/1.1" 200 58471 "-" "Mozilla/5.0 (Linux; Android 13; SM-S918B) AppleWebKit/537.36 SamsungBrowser/24.0 Chrome/120.0 Mobile Safari/537.36"
14.1.193.36 - - [03/Jul/2026:16:17:09 +0000] "HEAD /php-findsock-shell.php HTTP/1.1" 301 1208 "-" "Wfuzz/3.1.0"
91.198.174.22 - - [03/Jul/2026:16:17:09 +0000] "GET /articles/2026/q2 HTTP/1.1" 304 2528 "/assets/logo.svg" "DuckDuckBot/1.0; (+http://duckduckgo.com/duckduckbot)"
77.88.55.201 - - [03/Jul/2026:16:17:10 +0000] "GET /api/news HTTP/1.1" 200 51564 "/products" "Mozilla/5.0 (Linux; Android 13; SM-S918B) AppleWebKit/537.36 SamsungBrowser/24.0 Chrome/120.0 Mobile Safari/537.36"
223.117.19.32 - - [03/Jul/2026:16:17:10 +0000] "OPTIONS /lib/flex/varien/.project HTTP/1.1" 302 2292 "-" "Nmap Scripting Engine"
45.146.164.12 - - [03/Jul/2026:16:17:10 +0000] "GET /FCKeditor2.4/ HTTP/1.1" 404 1588 "-" "python-requests/2.31.0"
157.55.39.7 - - [03/Jul/2026:16:17:11 +0000] "GET /robots.txt HTTP/1.1" 200 51789 "-" "Mozilla/5.0 (Linux; Android 13; SM-S918B) AppleWebKit/537.36 SamsungBrowser/24.0 Chrome/120.0 Mobile Safari/537.36"
193.142.147.55 - - [03/Jul/2026:16:17:11 +0000] "GET /adminpanel.php HTTP/1.1" 403 663 "-" "Nmap Scripting Engine"
40.77.167.21 - - [03/Jul/2026:16:17:11 +0000] "GET /assets/app.js HTTP/1.1" 200 60177 "/products" "Mozilla/5.0 (iPhone; CPU iPhone OS 17_4 like Mac OS X) AppleWebKit/605.1.15 Version/17.4 Mobile/15E148 Safari/604.1"
193.142.147.55 - - [03/Jul/2026:16:17:12 +0000] "OPTIONS /.jscsrc HTTP/1.1" 403 427 "-" "Wfuzz/3.1.0"
77.88.55.201 - - [03/Jul/2026:16:17:14 +0000] "GET /articles/2026/q2 HTTP/1.1" 200 69452 "-" "Mozilla/5.0 (compatible; YandexBot/3.0; +http://yandex.com/bots)"
198.51.100.45 - - [03/Jul/2026:16:17:14 +0000] "GET /robots.txt HTTP/1.1" 200 83555 "/contacts" "Mozilla/5.0 (iPhone; CPU iPhone OS 17_4 like Mac OS X) AppleWebKit/605.1.15 Version/17.4 Mobile/15E148 Safari/604.1"
198.51.100.45 - - [03/Jul/2026:16:17:14 +0000] "GET /healthz HTTP/1.1" 200 40126 "-" "Mozilla/5.0 (Windows NT 10.0; Win64; x64) AppleWebKit/537.36 Edg/124.0.0.0"
40.77.167.21 - - [03/Jul/2026:16:17:14 +0000] "GET /sitemap.xml HTTP/1.1" 304 1059 "/healthz" "DuckDuckBot/1.0; (+http://duckduckgo.com/duckduckbot)"
5.188.206.67 - - [03/Jul/2026:16:17:14 +0000] "GET /config.bak HTTP/1.1" 403 2007 "-" "masscan/1.3 (https://github.com/robertdavidgraham/masscan)"
171.25.193.20 - - [03/Jul/2026:16:17:15 +0000] "GET /httpd/logs/access.log HTTP/1.1" 301 864 "-" "ffuf/2.1.0"
159.197.233.22 - - [03/Jul/2026:16:17:15 +0000] "GET /favicon.ico HTTP/1.1" 304 3567 "-" "Mozilla/5.0 (iPad; CPU OS 17_4 like Mac OS X) AppleWebKit/605.1.15 Version/17.4 Mobile/15E148 Safari/604.1"
243.132.41.220 - - [03/Jul/2026:16:17:15 +0000] "GET /access.log HTTP/1.1" 405 1702 "-" "python-requests/2.31.0"
213.24.11.146 - - [03/Jul/2026:16:17:16 +0000] "GET /contacts HTTP/1.1" 304 2336 "-" "Mozilla/5.0 (compatible; bingbot/2.0; +http://www.bing.com/bingbot.htm)"
40.77.167.21 - - [03/Jul/2026:16:17:16 +0000] "GET /api/products HTTP/1.1" 304 2405 "/assets/logo.svg" "Mozilla/5.0 (compatible; Googlebot/2.1; +http://www.google.com/bot.html)"
80.85.246.17 - - [03/Jul/2026:16:17:16 +0000] "GET /access.log HTTP/1.1" 404 455 "-" "Nmap Scripting Engine"
46.188.19.142 - - [03/Jul/2026:16:17:16 +0000] "HEAD /robots.txt HTTP/1.1" 200 45495 "/articles/2026/q2" "Mozilla/5.0 (X11; Linux x86_64) AppleWebKit/537.36 Chrome/122.0.0.0 Safari/537.36"
171.25.193.20 - - [03/Jul/2026:16:17:17 +0000] "GET /file_upload.shtm HTTP/1.1" 404 287 "-" "python-requests/2.31.0"
193.142.147.55 - - [03/Jul/2026:16:17:17 +0000] "OPTIONS /editor-4.2.0-mysql-en.php HTTP/1.1" 500 2425 "-" "Go-http-client/1.1"
212.76.133.14 - - [03/Jul/2026:16:17:17 +0000] "HEAD /robots.txt HTTP/1.1" 200 17960 "/api/products" "Mozilla/5.0 (iPhone; CPU iPhone OS 17_4 like Mac OS X) AppleWebKit/605.1.15 Version/17.4 Mobile/15E148 Safari/604.1"
213.24.11.146 - - [03/Jul/2026:16:17:19 +0000] "GET /contacts HTTP/1.1" 304 1062 "/articles/2026/q2" "Mozilla/5.0 (Windows NT 10.0; Win64; x64) AppleWebKit/537.36 Chrome/123.0.0.0 Safari/537.36"
10.42.0.40 - - [03/Jul/2026:16:17:20 +0000] "GET /metrics HTTP/1.1" 200 5011 "-" "kube-probe/1.30"
40.77.167.21 - - [03/Jul/2026:16:17:21 +0000] "GET /assets/app.js HTTP/1.1" 200 31205 "/about" "Mozilla/5.0 (X11; Linux x86_64) AppleWebKit/537.36 Chrome/122.0.0.0 Safari/537.36"
171.25.193.20 - - [03/Jul/2026:16:17:22 +0000] "OPTIONS /freeline_project_description.json HTTP/1.1" 301 2328 "-" "Go-http-client/1.1"
212.76.133.14 - - [03/Jul/2026:16:17:22 +0000] "HEAD /api/products HTTP/1.1" 304 3897 "-" "Mozilla/5.0 (X11; Linux x86_64) AppleWebKit/537.36 Chrome/122.0.0.0 Safari/537.36"
185.193.88.77 - - [03/Jul/2026:16:17:23 +0000] "GET /mysqladmin/index.php HTTP/1.1" 405 1881 "-" "python-requests/2.31.0"
171.25.193.20 - - [03/Jul/2026:16:17:23 +0000] "GET /users.sql.gz HTTP/1.1" 405 1661 "-" "ffuf/2.1.0"
198.51.100.45 - - [03/Jul/2026:16:17:25 +0000] "GET / HTTP/1.1" 200 23593 "-" "Mozilla/5.0 (iPhone; CPU iPhone OS 17_4 like Mac OS X) AppleWebKit/605.1.15 Version/17.4 Mobile/15E148 Safari/604.1"
198.51.100.45 - - [03/Jul/2026:16:17:26 +0000] "GET /robots.txt HTTP/1.1" 200 18974 "-" "Mozilla/5.0 (Macintosh; Intel Mac OS X 14_5) AppleWebKit/537.36 Chrome/124.0.0.0 Safari/537.36"
156.146.62.11 - - [03/Jul/2026:16:17:28 +0000] "GET /monitor/ HTTP/1.1" 405 1148 "-" "Nmap Scripting Engine"
185.193.88.77 - - [03/Jul/2026:16:17:28 +0000] "GET /.log HTTP/1.1" 500 1503 "-" "DirBuster-1.0-RC1"
77.88.55.201 - - [03/Jul/2026:16:17:28 +0000] "GET /robots.txt HTTP/1.1" 200 6687 "/articles/2026/q2" "Mozilla/5.0 (Windows NT 10.0; Win64; x64) AppleWebKit/537.36 Edg/124.0.0.0"
10.42.0.140 - - [03/Jul/2026:16:17:29 +0000] "GET /healthz HTTP/1.1" 200 1613 "-" "curl/8.6.0"
203.0.113.77 - - [03/Jul/2026:16:17:29 +0000] "GET /sitemap.xml HTTP/1.1" 200 62276 "-" "Mozilla/5.0 (X11; Linux x86_64) AppleWebKit/537.36 Chrome/122.0.0.0 Safari/537.36"
45.146.164.12 - - [03/Jul/2026:16:17:29 +0000] "GET /_logs/access.log HTTP/1.1" 405 952 "-" "masscan/1.3 (https://github.com/robertdavidgraham/masscan)"
40.77.167.21 - - [03/Jul/2026:16:17:30 +0000] "GET /sitemap.xml HTTP/1.1" 304 481 "-" "Mozilla/5.0 (compatible; Googlebot/2.1; +http://www.google.com/bot.html)"
100.54.115.180 - - [03/Jul/2026:16:17:30 +0000] "GET /healthz HTTP/1.1" 200 8565 "-" "Mozilla/5.0 (iPad; CPU OS 17_4 like Mac OS X) AppleWebKit/605.1.15 Version/17.4 Mobile/15E148 Safari/604.1"
5.188.206.67 - - [03/Jul/2026:16:17:31 +0000] "HEAD /tmp/vaga.php HTTP/1.1" 404 994 "-" "Wfuzz/3.1.0"
205.105.70.41 - - [03/Jul/2026:16:17:31 +0000] "GET /assets/app.js HTTP/1.1" 200 34329 "/sitemap.xml" "Mozilla/5.0 (Windows NT 10.0; Win64; x64) AppleWebKit/537.36 Edg/124.0.0.0"
193.142.147.55 - - [03/Jul/2026:16:17:32 +0000] "GET /typo3/phpmyadmin/ HTTP/1.1" 405 2351 "-" "Wfuzz/3.1.0"
193.142.147.55 - - [03/Jul/2026:16:17:32 +0000] "GET /httpd/logs/access.log HTTP/1.1" 500 2498 "-" "Nmap Scripting Engine"
212.76.133.14 - - [03/Jul/2026:16:17:33 +0000] "GET /assets/site.css HTTP/1.1" 200 12349 "/sitemap.xml" "Mozilla/5.0 (iPad; CPU OS 17_4 like Mac OS X) AppleWebKit/605.1.15 Version/17.4 Mobile/15E148 Safari/604.1"
185.220.101.54 - - [03/Jul/2026:16:17:33 +0000] "OPTIONS /backup-2024.zip HTTP/1.1" 302 539 "-" "dirsearch/0.4.3"
66.249.75.10 - - [03/Jul/2026:16:17:34 +0000] "GET /metrics HTTP/1.1" 304 152 "/assets/app.js" "Mozilla/5.0 (iPad; CPU OS 17_4 like Mac OS X) AppleWebKit/605.1.15 Version/17.4 Mobile/15E148 Safari/604.1"
182.133.172.203 - - [03/Jul/2026:16:17:34 +0000] "GET /api/products HTTP/1.1" 304 3016 "-" "Mozilla/5.0 (compatible; YandexBot/3.0; +http://yandex.com/bots)"
238.178.63.123 - - [03/Jul/2026:16:17:34 +0000] "GET /settings.py HTTP/1.1" 404 950 "-" "DirBuster-1.0-RC1"
80.85.246.17 - - [03/Jul/2026:16:17:34 +0000] "GET /docs/_build/ HTTP/1.1" 403 2167 "-" "masscan/1.3 (https://github.com/robertdavidgraham/masscan)"
80.85.246.17 - - [03/Jul/2026:16:17:34 +0000] "HEAD /tmp/access.log HTTP/1.1" 500 2244 "-" "sqlmap/1.8.4#stable"
46.188.19.142 - - [03/Jul/2026:16:17:35 +0000] "GET /articles/2026/q2 HTTP/1.1" 304 2809 "/assets/logo.svg" "Mozilla/5.0 (compatible; YandexBot/3.0; +http://yandex.com/bots)"
66.249.75.10 - - [03/Jul/2026:16:17:35 +0000] "GET /assets/logo.svg HTTP/1.1" 200 2704 "/assets/site.css" "Mozilla/5.0 (iPad; CPU OS 17_4 like Mac OS X) AppleWebKit/605.1.15 Version/17.4 Mobile/15E148 Safari/604.1"
212.76.133.14 - - [03/Jul/2026:16:17:35 +0000] "GET /robots.txt HTTP/1.1" 200 65601 "-" "Mozilla/5.0 (iPad; CPU OS 17_4 like Mac OS X) AppleWebKit/605.1.15 Version/17.4 Mobile/15E148 Safari/604.1"
40.77.167.21 - - [03/Jul/2026:16:17:36 +0000] "GET /metrics HTTP/1.1" 200 18911 "-" "Mozilla/5.0 (Windows NT 10.0; Win64; rv:124.0) Gecko/20100101 Firefox/124.0"
40.77.167.21 - - [03/Jul/2026:16:17:36 +0000] "HEAD /sitemap.xml HTTP/1.1" 200 48076 "/contacts" "Mozilla/5.0 (Linux; Android 13; SM-S918B) AppleWebKit/537.36 SamsungBrowser/24.0 Chrome/120.0 Mobile Safari/537.36"
156.146.62.11 - - [03/Jul/2026:16:17:36 +0000] "GET /tmp/access.log HTTP/1.1" 404 197 "-" "Wfuzz/3.1.0"
40.77.167.21 - - [03/Jul/2026:16:17:38 +0000] "GET /favicon.ico HTTP/1.1" 304 960 "/" "Mozilla/5.0 (iPhone; CPU iPhone OS 17_4 like Mac OS X) AppleWebKit/605.1.15 Version/17.4 Mobile/15E148 Safari/604.1"
213.24.11.146 - - [03/Jul/2026:16:17:38 +0000] "GET /healthz HTTP/1.1" 200 83761 "-" "Mozilla/5.0 (iPad; CPU OS 17_4 like Mac OS X) AppleWebKit/605.1.15 Version/17.4 Mobile/15E148 Safari/604.1"
198.51.100.45 - - [03/Jul/2026:16:17:38 +0000] "GET /articles/2026/q2 HTTP/1.1" 200 28650 "-" "Mozilla/5.0 (Linux; Android 13; SM-S918B) AppleWebKit/537.36 SamsungBrowser/24.0 Chrome/120.0 Mobile Safari/537.36"
23.129.64.112 - - [03/Jul/2026:16:17:40 +0000] "GET /my.7z HTTP/1.1" 405 1762 "-" "dirsearch/0.4.3"
40.77.167.21 - - [03/Jul/2026:16:17:40 +0000] "GET /assets/app.js HTTP/1.1" 200 10300 "-" "Mozilla/5.0 (Macintosh; Intel Mac OS X 14_5) AppleWebKit/537.36 Chrome/124.0.0.0 Safari/537.36"
157.55.39.7 - - [03/Jul/2026:16:17:41 +0000] "GET /products HTTP/1.1" 200 38609 "-" "Mozilla/5.0 (Macintosh; Intel Mac OS X 14_5) AppleWebKit/537.36 Chrome/124.0.0.0 Safari/537.36"
77.88.55.201 - - [03/Jul/2026:16:17:41 +0000] "GET /api/news HTTP/1.1" 200 66775 "/products" "Mozilla/5.0 (compatible; bingbot/2.0; +http://www.bing.com/bingbot.htm)"
188.18.77.220 - - [03/Jul/2026:16:17:41 +0000] "HEAD /api/news HTTP/1.1" 304 121 "-" "Mozilla/5.0 (Windows NT 10.0; Win64; rv:124.0) Gecko/20100101 Firefox/124.0"
157.55.39.7 - - [03/Jul/2026:16:17:41 +0000] "GET /api/news HTTP/1.1" 304 2906 "/metrics" "Mozilla/5.0 (Windows NT 10.0; Win64; x64) AppleWebKit/537.36 Edg/124.0.0.0"
157.55.39.7 - - [03/Jul/2026:16:17:43 +0000] "GET /api/news HTTP/1.1" 200 22431 "-" "Mozilla/5.0 (Windows NT 10.0; Win64; x64) AppleWebKit/537.36 Chrome/123.0.0.0 Safari/537.36"
213.24.11.146 - - [03/Jul/2026:16:17:45 +0000] "GET /assets/logo.svg HTTP/1.1" 200 10624 "/robots.txt" "Mozilla/5.0 (iPad; CPU OS 17_4 like Mac OS X) AppleWebKit/605.1.15 Version/17.4 Mobile/15E148 Safari/604.1"
194.26.29.89 - - [03/Jul/2026:16:17:45 +0000] "GET /srv/ HTTP/1.1" 500 1924 "-" "masscan/1.3 (https://github.com/robertdavidgraham/masscan)"
203.0.113.77 - - [03/Jul/2026:16:17:46 +0000] "GET /contacts HTTP/1.1" 200 64439 "-" "Mozilla/5.0 (Windows NT 10.0; Win64; x64) AppleWebKit/537.36 Edg/124.0.0.0"
40.77.167.21 - - [03/Jul/2026:16:17:47 +0000] "GET /assets/logo.svg HTTP/1.1" 200 19191 "/api/products" "Mozilla/5.0 (iPhone; CPU iPhone OS 17_4 like Mac OS X) AppleWebKit/605.1.15 Version/17.4 Mobile/15E148 Safari/604.1"
10.42.0.57 - - [03/Jul/2026:16:17:48 +0000] "GET /healthz HTTP/1.1" 200 5414 "-" "kube-probe/1.30"
213.24.11.146 - - [03/Jul/2026:16:17:49 +0000] "GET /contacts HTTP/1.1" 304 3818 "/about" "Mozilla/5.0 (Macintosh; Intel Mac OS X 14_5) AppleWebKit/537.36 Chrome/124.0.0.0 Safari/537.36"
141.8.153.222 - - [03/Jul/2026:16:17:49 +0000] "GET /products HTTP/1.1" 200 25704 "-" "Mozilla/5.0 (Macintosh; Intel Mac OS X 14_5) AppleWebKit/537.36 Chrome/124.0.0.0 Safari/537.36"
77.88.55.201 - - [03/Jul/2026:16:17:49 +0000] "GET /articles/2026/q2 HTTP/1.1" 200 17102 "/about" "Mozilla/5.0 (compatible; bingbot/2.0; +http://www.bing.com/bingbot.htm)"
80.85.246.17 - - [03/Jul/2026:16:17:50 +0000] "OPTIONS /gulpfile.coffee HTTP/1.1" 301 319 "-" "dirsearch/0.4.3"
157.55.39.7 - - [03/Jul/2026:16:17:50 +0000] "HEAD /sitemap.xml HTTP/1.1" 200 48625 "/favicon.ico" "Mozilla/5.0 (compatible; bingbot/2.0; +http://www.bing.com/bingbot.htm)"
57.240.145.75 - - [03/Jul/2026:16:17:50 +0000] "HEAD /unifiedmessaging/ HTTP/1.1" 404 562 "-" "python-requests/2.31.0"
198.51.100.45 - - [03/Jul/2026:16:17:52 +0000] "GET /products HTTP/1.1" 200 12711 "-" "Mozilla/5.0 (compatible; Googlebot/2.1; +http://www.google.com/bot.html)"
91.198.174.22 - - [03/Jul/2026:16:17:52 +0000] "GET /products HTTP/1.1" 200 44616 "/sitemap.xml" "Mozilla/5.0 (Linux; Android 13; SM-S918B) AppleWebKit/537.36 SamsungBrowser/24.0 Chrome/120.0 Mobile Safari/537.36"
45.146.164.12 - - [03/Jul/2026:16:17:54 +0000] "OPTIONS /.hg/undo.dirstate HTTP/1.1" 302 205 "-" "feroxbuster/2.11.0"
157.55.39.7 - - [03/Jul/2026:16:17:54 +0000] "GET /favicon.ico HTTP/1.1" 200 8241 "-" "Mozilla/5.0 (Macintosh; Intel Mac OS X 14_5) AppleWebKit/605.1.15 Version/17.4 Safari/605.1.15"
5.188.206.67 - - [03/Jul/2026:16:17:54 +0000] "GET /Read HTTP/1.1" 403 780 "-" "python-requests/2.31.0"
213.24.11.146 - - [03/Jul/2026:16:17:55 +0000] "GET /sitemap.xml HTTP/1.1" 200 39928 "/robots.txt" "Mozilla/5.0 (Macintosh; Intel Mac OS X 14_5) AppleWebKit/537.36 Chrome/124.0.0.0 Safari/537.36"
141.8.153.222 - - [03/Jul/2026:16:17:55 +0000] "GET /api/products HTTP/1.1" 200 47697 "/articles/2026/q2" "Mozilla/5.0 (Macintosh; Intel Mac OS X 14_5) AppleWebKit/537.36 Chrome/124.0.0.0 Safari/537.36"
104.244.72.115 - - [03/Jul/2026:16:17:58 +0000] "GET /config/config.inc HTTP/1.1" 302 459 "-" "gobuster/3.6"
141.8.153.222 - - [03/Jul/2026:16:17:59 +0000] "GET /contacts HTTP/1.1" 200 51361 "-" "Mozilla/5.0 (X11; Linux x86_64) AppleWebKit/537.36 Chrome/122.0.0.0 Safari/537.36"
80.85.246.17 - - [03/Jul/2026:16:17:59 +0000] "GET /access.log HTTP/1.1" 404 2342 "-" "Go-http-client/1.1"
91.198.174.22 - - [03/Jul/2026:16:18:00 +0000] "GET /api/news HTTP/1.1" 304 1375 "-" "Mozilla/5.0 (X11; Linux x86_64) AppleWebKit/537.36 Chrome/122.0.0.0 Safari/537.36"
193.142.147.55 - - [03/Jul/2026:16:18:01 +0000] "GET /server.cert HTTP/1.1" 404 1421 "-" "masscan/1.3 (https://github.com/robertdavidgraham/masscan)"
77.88.55.201 - - [03/Jul/2026:16:18:02 +0000] "GET /favicon.ico HTTP/1.1" 200 36273 "-" "Mozilla/5.0 (Macintosh; Intel Mac OS X 14_5) AppleWebKit/605.1.15 Version/17.4 Safari/605.1.15"
104.244.72.115 - - [03/Jul/2026:16:18:02 +0000] "GET /website.tar HTTP/1.1" 500 2356 "-" "ffuf/2.1.0"
156.146.62.11 - - [03/Jul/2026:16:18:02 +0000] "GET /admin2/login.php HTTP/1.1" 404 2066 "-" "dirsearch/0.4.3"
