212.76.133.14 - - [03/Jul/2026:15:13:12 +0000] "GET /favicon.ico HTTP/1.1" 200 57255 "-" "Mozilla/5.0 (iPad; CPU OS 17_4 like Mac OS X) AppleWebKit/605.1.15 Version/17.4 Mobile/15E148 Safari/604.1"
10.42.3.133 - - [03/Jul/2026:15:13:12 +0000] "GET /metrics HTTP/1.1" 503 5965 "-" "kube-probe/1.30"
213.24.11.146 - - [03/Jul/2026:15:13:13 +0000] "GET /healthz HTTP/1.1" 200 45366 "-" "Mozilla/5.0 (X11; Linux x86_64) AppleWebKit/537.36 Chrome/122.0.0.0 Safari/537.36"
85.250.48.168 - - [03/Jul/2026:15:13:13 +0000] "GET /api/news HTTP/1.1" 304 3959 "-" "Mozilla/5.0 (Macintosh; Intel Mac OS X 14_5) AppleWebKit/537.36 Chrome/124.0.0.0 Safari/537.36"
141.8.153.222 - - [03/Jul/2026:15:13:13 +0000] "GET /products HTTP/1.1" 304 2524 "/robots.txt" "Mozilla/5.0 (Windows NT 10.0; Win64; x64) AppleWebKit/537.36 Edg/124.0.0.0"
80.85.246.17 - - [03/Jul/2026:15:13:14 +0000] "GET /.htaccess-local HTTP/1.1" 301 1397 "-" "feroxbuster/2.11.0"
10.42.2.82 - - [03/Jul/2026:15:13:14 +0000] "GET /healthz HTTP/1.1" 200 835 "-" "kube-probe/1.30"
77.88.55.201 - - [03/Jul/2026:15:13:15 +0000] "GET / HTTP/1.1" 200 12802 "-" "Mozilla/5.0 (compatible; YandexBot/3.0; +http://yandex.com/bots)"
23.129.64.112 - - [03/Jul/2026:15:13:15 +0000] "OPTIONS /server.cert HTTP/1.1" 404 268 "-" "masscan/1.3 (https://github.com/robertdavidgraham/masscan)"
185.220.101.54 - - [03/Jul/2026:15:13:15 +0000] "OPTIONS /admin/fckeditor/editor/filemanager/upload/asp/upload.asp HTTP/1.1" 404 2458 "-" "python-requests/2.31.0"
125.172.53.80 - - [03/Jul/2026:15:13:17 +0000] "GET /assets/site.css HTTP/1.1" 200 16978 "/favicon.ico" "Mozilla/5.0 (Windows NT 10.0; Win64; rv:124.0) Gecko/20100101 Firefox/124.0"
10.42.0.142 - - [03/Jul/2026:15:13:17 +0000] "GET /healthz HTTP/1.1" 200 4517 "-" "kube-probe/1.30"
212.76.133.14 - - [03/Jul/2026:15:13:17 +0000] "GET /api/news HTTP/1.1" 200 49062 "/robots.txt" "Mozilla/5.0 (Linux; Android 13; SM-S918B) AppleWebKit/537.36 SamsungBrowser/24.0 Chrome/120.0 Mobile Safari/537.36"
141.7.164.248 - - [03/Jul/2026:15:13:18 +0000] "HEAD /mysql/pMA/ HTTP/1.1" 500 1479 "-" "Go-http-client/1.1"
156.146.62.11 - - [03/Jul/2026:15:13:19 +0000] "GET /api.php HTTP/1.1" 404 786 "-" "Go-http-client/1.1"
212.76.133.14 - - [03/Jul/2026:15:13:19 +0000] "GET / HTTP/1.1" 304 596 "-" "Mozilla/5.0 (iPad; CPU OS 17_4 like Mac OS X) AppleWebKit/605.1.15 Version/17.4 Mobile/15E148 Safari/604.1"
188.18.77.220 - - [03/Jul/2026:15:13:20 +0000] "GET /api/products HTTP/1.1" 200 51515 "/assets/app.js" "Mozilla/5.0 (compatible; YandexBot/3.0; +http://yandex.com/bots)"
46.188.19.142 - - [03/Jul/2026:15:13:20 +0000] "GET /api/products HTTP/1.1" 200 60706 "/sitemap.xml" "Mozilla/5.0 (Windows NT 10.0; Win64; x64) AppleWebKit/537.36 Edg/124.0.0.0"
203.0.113.77 - - [03/Jul/2026:15:13:21 +0000] "GET /articles/2026/q2 HTTP/1.1" 200 84955 "/healthz" "Mozilla/5.0 (Macintosh; Intel Mac OS X 14_5) AppleWebKit/537.36 Chrome/124.0.0.0 Safari/537.36"
91.198.174.22 - - [03/Jul/2026:15:13:21 +0000] "GET / HTTP/1.1" 200 66085 "-" "Mozilla/5.0 (Macintosh; Intel Mac OS X 14_5) AppleWebKit/537.36 Chrome/124.0.0.0 Safari/537.36"
45.9.148.77 - - [03/Jul/2026:15:13:21 +0000] "OPTIONS /play-cache HTTP/1.1" 500 1123 "-" "dirsearch/0.4.3"
171.25.193.20 - - [03/Jul/2026:15:13:22 +0000] "HEAD /2017.tar.bz2 HTTP/1.1" 403 540 "-" "feroxbuster/2.11.0"
77.88.55.201 - - [03/Jul/2026:15:13:22 +0000] "GET /robots.txt HTTP/1.1" 200 18446 "/" "Mozilla/5.0 (Windows NT 10.0; Win64; x64) AppleWebKit/537.36 Chrome/123.0.0.0 Safari/537.36"
203.0.113.77 - - [03/Jul/2026:15:13:22 +0000] "GET /api/products HTTP/1.1" 200 7660 "-" "Mozilla/5.0 (Linux; Android 13; SM-S918B) AppleWebKit/537.36 SamsungBrowser/24.0 Chrome/120.0 Mobile Safari/537.36"
212.76.133.14 - - [03/Jul/2026:15:13:23 +0000] "GET /api/products HTTP/1.1" 200 67671 "/sitemap.xml" "Mozilla/5.0 (Macintosh; Intel Mac OS X 14_5) AppleWebKit/605.1.15 Version/17.4 Safari/605.1.15"
194.26.29.89 - - [03/Jul/2026:15:13:24 +0000] "GET /public/storage HTTP/1.1" 301 1007 "-" "ffuf/2.1.0"
23.129.64.112 - - [03/Jul/2026:15:13:24 +0000] "GET /Secret/ HTTP/1.1" 302 990 "-" "Wfuzz/3.1.0"
198.51.100.45 - - [03/Jul/2026:15:13:25 +0000] "GET /api/products HTTP/1.1" 200 2034 "/metrics" "Mozilla/5.0 (iPad; CPU OS 17_4 like Mac OS X) AppleWebKit/605.1.15 Version/17.4 Mobile/15E148 Safari/604.1"
45.146.164.12 - - [03/Jul/2026:15:13:26 +0000] "GET /nlia.cache HTTP/1.1" 404 1264 "-" "sqlmap/1.8.4#stable"
156.146.62.11 - - [03/Jul/2026:15:13:26 +0000] "HEAD /nginx-ssl.access.log HTTP/1.1" 404 2151 "-" "ffuf/2.1.0"
171.25.193.20 - - [03/Jul/2026:15:13:26 +0000] "GET /beta.zip HTTP/1.1" 404 1536 "-" "Nmap Scripting Engine"
10.42.0.183 - - [03/Jul/2026:15:13:27 +0000] "GET /healthz HTTP/1.1" 200 2085 "-" "curl/8.6.0"
104.244.72.115 - - [03/Jul/2026:15:13:27 +0000] "GET /admin/index.asp HTTP/1.1" 405 1222 "-" "DirBuster-1.0-RC1"
185.220.101.54 - - [03/Jul/2026:15:13:28 +0000] "GET /nginx-ssl.access.log HTTP/1.1" 301 297 "-" "dirsearch/0.4.3"
34.165.6.94 - - [03/Jul/2026:15:13:28 +0000] "GET /robots.txt HTTP/1.1" 200 41472 "/healthz" "Mozilla/5.0 (Macintosh; Intel Mac OS X 14_5) AppleWebKit/605.1.15 Version/17.4 Safari/605.1.15"
46.188.19.142 - - [03/Jul/2026:15:13:29 +0000] "GET /metrics HTTP/1.1" 200 74394 "-" "Mozilla/5.0 (Linux; Android 13; SM-S918B) AppleWebKit/537.36 SamsungBrowser/24.0 Chrome/120.0 Mobile Safari/537.36"
45.146.164.12 - - [03/Jul/2026:15:13:30 +0000] "GET /access.log HTTP/1.1" 302 1167 "-" "Go-http-client/1.1"
193.142.147.55 - - [03/Jul/2026:15:13:30 +0000] "OPTIONS /editor-4.0.0.php HTTP/1.1" 403 582 "-" "gobuster/3.6"
188.18.77.220 - - [03/Jul/2026:15:13:31 +0000] "HEAD /contacts HTTP/1.1" 200 777 "/api/news" "Mozilla/5.0 (Macintosh; Intel Mac OS X 14_5) AppleWebKit/537.36 Chrome/124.0.0.0 Safari/537.36"
157.55.39.7 - - [03/Jul/2026:15:13:31 +0000] "GET /healthz HTTP/1.1" 200 8337 "-" "Mozilla/5.0 (Windows NT 10.0; Win64; x64) AppleWebKit/537.36 Edg/124.0.0.0"
91.198.174.22 - - [03/Jul/2026:15:13:31 +0000] "GET /sitemap.xml HTTP/1.1" 200 33451 "/assets/logo.svg" "Mozilla/5.0 (compatible; Googlebot/2.1; +http://www.google.com/bot.html)"
66.249.75.10 - - [03/Jul/2026:15:13:33 +0000] "GET /assets/logo.svg HTTP/1.1" 200 56484 "-" "Mozilla/5.0 (compatible; bingbot/2.0; +http://www.bing.com/bingbot.htm)"
185.220.101.54 - - [03/Jul/2026:15:13:35 +0000] "GET /painel/config/config.php.example HTTP/1.1" 301 509 "-" "Go-http-client/1.1"
91.198.174.22 - - [03/Jul/2026:15:13:35 +0000] "HEAD /healthz HTTP/1.1" 200 73257 "/about" "Mozilla/5.0 (Windows NT 10.0; Win64; x64) AppleWebKit/537.36 Chrome/123.0.0.0 Safari/537.36"
46.188.19.142 - - [03/Jul/2026:15:13:36 +0000] "GET /healthz HTTP/1.1" 200 14316 "-" "Mozilla/5.0 (Macintosh; Intel Mac OS X 14_5) AppleWebKit/537.36 Chrome/124.0.0.0 Safari/537.36"
40.77.167.21 - - [03/Jul/2026:15:13:36 +0000] "GET /assets/logo.svg HTTP/1.1" 200 26550 "-" "Mozilla/5.0 (Windows NT 10.0; Win64; x64) AppleWebKit/537.36 Chrome/123.0.0.0 Safari/537.36"
188.18.77.220 - - [03/Jul/2026:15:13:37 +0000] "HEAD /favicon.ico HTTP/1.1" 200 64177 "/assets/site.css" "Mozilla/5.0 (Macintosh; Intel Mac OS X 14_5) AppleWebKit/605.1.15 Version/17.4 Safari/605.1.15"
66.249.75.10 - - [03/Jul/2026:15:13:37 +0000] "GET /articles/2026/q2 HTTP/1.1" 200 77847 "-" "Mozilla/5.0 (Windows NT 10.0; Win64; x64) AppleWebKit/537.36 Chrome/123.0.0.0 Safari/537.36"
91.198.174.22 - - [03/Jul/2026:15:13:37 +0000] "GET /contacts HTTP/1.1" 200 40373 "/favicon.ico" "Mozilla/5.0 (Macintosh; Intel Mac OS X 14_5) AppleWebKit/537.36 Chrome/124.0.0.0 Safari/537.36"
188.18.77.220 - - [03/Jul/2026:15:13:37 +0000] "GET /healthz HTTP/1.1" 200 40587 "-" "Mozilla/5.0 (Windows NT 10.0; Win64; x64) AppleWebKit/537.36 Chrome/123.0.0.0 Safari/537.36"
46.188.19.142 - - [03/Jul/2026:15:13:38 +0000] "GET /api/news HTTP/1.1" 200 34996 "/articles/2026/q2" "DuckDuckBot/1.0; (+http://duckduckgo.com/duckduckbot)"
77.88.55.201 - - [03/Jul/2026:15:13:39 +0000] "GET /robots.txt HTTP/1.1" 200 67104 "/assets/logo.svg" "Mozilla/5.0 (Windows NT 10.0; Win64; rv:124.0) Gecko/20100101 Firefox/124.0"
213.24.11.146 - - [03/Jul/2026:15:13:39 +0000] "GET /assets/logo.svg HTTP/1.1" 200 72679 "-" "Mozilla/5.0 (Windows NT 10.0; Win64; x64) AppleWebKit/537.36 Chrome/123.0.0.0 Safari/537.36"
141.8.153.222 - - [03/Jul/2026:15:13:39 +0000] "GET /articles/2026/q2 HTTP/1.1" 200 13514 "-" "Mozilla/5.0 (iPad; CPU OS 17_4 like Mac OS X) AppleWebKit/605.1.15 Version/17.4 Mobile/15E148 Safari/604.1"
157.55.39.7 - - [03/Jul/2026:15:13:40 +0000] "GET /assets/app.js HTTP/1.1" 200 11782 "-" "Mozilla/5.0 (Windows NT 10.0; Win64; x64) AppleWebKit/537.36 Edg/124.0.0.0"
40.77.167.21 - - [03/Jul/2026:15:13:40 +0000] "GET /assets/logo.svg HTTP/1.1" 200 27107 "/sitemap.xml" "Mozilla/5.0 (Windows NT 10.0; Win64; x64) AppleWebKit/537.36 Chrome/123.0.0.0 Safari/537.36"
10.42.0.134 - - [03/Jul/2026:15:13:40 +0000] "GET /metrics HTTP/1.1" 200 4770 "-" "curl/8.6.0"
141.8.153.222 - - [03/Jul/2026:15:13:40 +0000] "HEAD /sitemap.xml HTTP/1.1" 200 8124 "-" "Mozilla/5.0 (iPad; CPU OS 17_4 like Mac OS X) AppleWebKit/605.1.15 Version/17.4 Mobile/15E148 Safari/604.1"
185.193.88.77 - - [03/Jul/2026:15:13:41 +0000] "HEAD /linktous.html HTTP/1.1" 302 1800 "-" "Wfuzz/3.1.0"
185.220.101.54 - - [03/Jul/2026:15:13:42 +0000] "HEAD /httpd/logs/access.log HTTP/1.1" 403 1557 "-" "sqlmap/1.8.4#stable"
7.24.246.192 - - [03/Jul/2026:15:13:43 +0000] "GET /api/news HTTP/1.1" 200 53288 "-" "Mozilla/5.0 (Windows NT 10.0; Win64; x64) AppleWebKit/537.36 Chrome/123.0.0.0 Safari/537.36"
40.77.167.21 - - [03/Jul/2026:15:13:43 +0000] "GET / HTTP/1.1" 200 73484 "/metrics" "Mozilla/5.0 (iPhone; CPU iPhone OS 17_4 like Mac OS X) AppleWebKit/605.1.15 Version/17.4 Mobile/15E148 Safari/604.1"
203.0.113.77 - - [03/Jul/2026:15:13:44 +0000] "GET /metrics HTTP/1.1" 200 34859 "-" "Mozilla/5.0 (Windows NT 10.0; Win64; rv:124.0) Gecko/20100101 Firefox/124.0"
170.232.22.253 - - [03/Jul/2026:15:13:45 +0000] "GET /rsconnect/ HTTP/1.1" 301 970 "-" "gobuster/3.6"
157.55.39.7 - - [03/Jul/2026:15:13:45 +0000] "GET /healthz HTTP/1.1" 200 69019 "/products" "DuckDuckBot/1.0; (+http://duckduckgo.com/duckduckbot)"
91.198.174.22 - - [03/Jul/2026:15:13:46 +0000] "GET /robots.txt HTTP/1.1" 200 55333 "-" "Mozilla/5.0 (Macintosh; Intel Mac OS X 14_5) AppleWebKit/605.1.15 Version/17.4 Safari/605.1.15"
40.77.167.21 - - [03/Jul/2026:15:13:46 +0000] "GET /products HTTP/1.1" 200 66037 "-" "Mozilla/5.0 (compatible; YandexBot/3.0; +http://yandex.com/bots)"
46.188.19.142 - - [03/Jul/2026:15:13:47 +0000] "GET /assets/logo.svg HTTP/1.1" 200 25909 "-" "Mozilla/5.0 (X11; Linux x86_64) AppleWebKit/537.36 Chrome/122.0.0.0 Safari/537.36"
92.226.54.119 - - [03/Jul/2026:15:13:47 +0000] "OPTIONS /log/access.log HTTP/1.1" 500 868 "-" "python-requests/2.31.0"
23.62.139.152 - - [03/Jul/2026:15:13:47 +0000] "GET /metrics HTTP/1.1" 200 10132 "-" "Mozilla/5.0 (Linux; Android 13; SM-S918B) AppleWebKit/537.36 SamsungBrowser/24.0 Chrome/120.0 Mobile Safari/537.36"
198.51.100.45 - - [03/Jul/2026:15:13:47 +0000] "GET /favicon.ico HTTP/1.1" 200 78915 "-" "Mozilla/5.0 (iPad; CPU OS 17_4 like Mac OS X) AppleWebKit/605.1.15 Version/17.4 Mobile/15E148 Safari/604.1"
198.51.100.45 - - [03/Jul/2026:15:13:49 +0000] "GET /contacts HTTP/1.1" 200 79914 "-" "Mozilla/5.0 (Windows NT 10.0; Win64; x64) AppleWebKit/537.36 Edg/124.0.0.0"
77.88.55.201 - - [03/Jul/2026:15:13:49 +0000] "GET /api/products HTTP/1.1" 304 2154 "/products" "Mozilla/5.0 (Windows NT 10.0; Win64; rv:124.0) Gecko/20100101 Firefox/124.0"
45.146.164.12 - - [03/Jul/2026:15:13:49 +0000] "GET /content/debug.log HTTP/1.1" 403 466 "-" "gobuster/3.6"
141.8.153.222 - - [03/Jul/2026:15:13:50 +0000] "HEAD /assets/logo.svg HTTP/1.1" 200 79395 "-" "Mozilla/5.0 (Linux; Android 13; SM-S918B) AppleWebKit/537.36 SamsungBrowser/24.0 Chrome/120.0 Mobile Safari/537.36"
141.8.153.222 - - [03/Jul/2026:15:13:51 +0000] "GET /about HTTP/1.1" 200 60150 "/assets/app.js" "Mozilla/5.0 (X11; Linux x86_64) AppleWebKit/537.36 Chrome/122.0.0.0 Safari/537.36"
66.249.75.10 - - [03/Jul/2026:15:13:51 +0000] "HEAD / HTTP/1.1" 200 58143 "/api/products" "Mozilla/5.0 (iPhone; CPU iPhone OS 17_4 like Mac OS X) AppleWebKit/605.1.15 Version/17.4 Mobile/15E148 Safari/604.1"
4.203.181.187 - - [03/Jul/2026:15:13:52 +0000] "GET /robots.txt HTTP/1.1" 200 32402 "-" "Mozilla/5.0 (iPhone; CPU iPhone OS 17_4 like Mac OS X) AppleWebKit/605.1.15 Version/17.4 Mobile/15E148 Safari/604.1"
66.249.75.10 - - [03/Jul/2026:15:13:52 +0000] "GET /products HTTP/1.1" 200 2458 "/assets/site.css" "Mozilla/5.0 (Windows NT 10.0; Win64; x64) AppleWebKit/537.36 Edg/124.0.0.0"
171.25.193.20 - - [03/Jul/2026:15:13:53 +0000] "GET /tmp/access.log HTTP/1.1" 302 665 "-" "dirsearch/0.4.3"
80.85.246.17 - - [03/Jul/2026:15:13:53 +0000] "GET /.dockerenv HTTP/1.1" 301 1505 "-" "DirBuster-1.0-RC1"
46.188.19.142 - - [03/Jul/2026:15:13:53 +0000] "GET /healthz HTTP/1.1" 304 3409 "-" "Mozilla/5.0 (Windows NT 10.0; Win64; x64) AppleWebKit/537.36 Edg/124.0.0.0"
77.88.55.201 - - [03/Jul/2026:15:13:54 +0000] "GET /sitemap.xml HTTP/1.1" 200 25373 "/api/products" "Mozilla/5.0 (Windows NT 10.0; Win64; x64) AppleWebKit/537.36 Chrome/123.0.0.0 Safari/537.36"
84.39.96.197 - - [03/Jul/2026:15:13:54 +0000] "GET /api/news HTTP/1.1" 200 5151 "/products" "Mozilla/5.0 (compatible; YandexBot/3.0; +http://yandex.com/bots)"
40.77.167.21 - - [03/Jul/2026:15:13:55 +0000] "GET /articles/2026/q2 HTTP/1.1" 304 2430 "/robots.txt" "Mozilla/5.0 (iPhone; CPU iPhone OS 17_4 like Mac OS X) AppleWebKit/605.1.15 Version/17.4 Mobile/15E148 Safari/604.1"
23.129.64.112 - - [03/Jul/2026:15:13:55 +0000] "HEAD /.git/logs/refs HTTP/1.1" 404 652 "-" "Wfuzz/3.1.0"
188.18.77.220 - - [03/Jul/2026:15:13:56 +0000] "GET /metrics HTTP/1.1" 200 8511 "/contacts" "Mozilla/5.0 (iPhone; CPU iPhone OS 17_4 like Mac OS X) AppleWebKit/605.1.15 Version/17.4 Mobile/15E148 Safari/604.1"
46.188.19.142 - - [03/Jul/2026:15:13:57 +0000] "GET /assets/logo.svg HTTP/1.1" 200 60124 "/healthz" "DuckDuckBot/1.0; (+http://duckduckgo.com/duckduckbot)"
77.88.55.201 - - [03/Jul/2026:15:13:57 +0000] "GET /contacts HTTP/1.1" 200 69376 "/about" "DuckDuckBot/1.0; (+http://duckduckgo.com/duckduckbot)"
203.0.113.77 - - [03/Jul/2026:15:13:58 +0000] "GET / HTTP/1.1" 200 35412 "/sitemap.xml" "Mozilla/5.0 (Windows NT 10.0; Win64; x64) AppleWebKit/537.36 Chrome/123.0.0.0 Safari/537.36"
213.24.11.146 - - [03/Jul/2026:15:13:59 +0000] "GET /sitemap.xml HTTP/1.1" 200 12225 "/articles/2026/q2" "Mozilla/5.0 (Macintosh; Intel Mac OS X 14_5) AppleWebKit/605.1.15 Version/17.4 Safari/605.1.15"
188.18.77.220 - - [03/Jul/2026:15:14:00 +0000] "GET /metrics HTTP/1.1" 200 56710 "-" "Mozilla/5.0 (compatible; YandexBot/3.0; +http://yandex.com/bots)"
212.76.133.14 - - [03/Jul/2026:15:14:00 +0000] "GET /articles/2026/q2 HTTP/1.1" 200 14656 "-" "Mozilla/5.0 (Windows NT 10.0; Win64; x64) AppleWebKit/537.36 Edg/124.0.0.0"
10.42.3.96 - - [03/Jul/2026:15:14:00 +0000] "GET /healthz HTTP/1.1" 200 3761 "-" "kube-probe/1.30"
71.226.52.225 - - [03/Jul/2026:15:14:01 +0000] "GET /products HTTP/1.1" 200 7996 "/metrics" "DuckDuckBot/1.0; (+http://duckduckgo.com/duckduckbot)"
23.129.64.112 - - [03/Jul/2026:15:14:03 +0000] "GET /db/phpMyAdmin2/ HTTP/1.1" 403 483 "-" "ffuf/2.1.0"
5.188.206.67 - - [03/Jul/2026:15:14:04 +0000] "OPTIONS /phpMyAdmin-2.11.5.1-all-languages/ HTTP/1.1" 404 2180 "-" "sqlmap/1.8.4#stable"
33.140.211.191 - - [03/Jul/2026:15:14:04 +0000] "GET /about HTTP/1.1" 200 14362 "/favicon.ico" "Mozilla/5.0 (iPhone; CPU iPhone OS 17_4 like Mac OS X) AppleWebKit/605.1.15 Version/17.4 Mobile/15E148 Safari/604.1"
10.42.1.134 - - [03/Jul/2026:15:14:04 +0000] "GET /healthz HTTP/1.1" 503 2216 "-" "curl/8.6.0"
212.76.133.14 - - [03/Jul/2026:15:14:04 +0000] "GET /api/products HTTP/1.1" 304 825 "-" "Mozilla/5.0 (Windows NT 10.0; Win64; rv:124.0) Gecko/20100101 Firefox/124.0"
213.24.11.146 - - [03/Jul/2026:15:14:04 +0000] "GET /assets/app.js HTTP/1.1" 200 70193 "/assets/site.css" "DuckDuckBot/1.0; (+http://duckduckgo.com/duckduckbot)"
10.42.3.161 - - [03/Jul/2026:15:14:05 +0000] "GET /metrics HTTP/1.1" 200 1517 "-" "kube-probe/1.30"
10.42.0.110 - - [03/Jul/2026:15:14:06 +0000] "GET /healthz HTTP/1.1" 200 1975 "-" "curl/8.6.0"
46.188.19.142 - - [03/Jul/2026:15:14:06 +0000] "GET /products HTTP/1.1" 200 30839 "/metrics" "Mozilla/5.0 (Macintosh; Intel Mac OS X 14_5) AppleWebKit/605.1.15 Version/17.4 Safari/605.1.15"
45.146.164.12 - - [03/Jul/2026:15:14:07 +0000] "OPTIONS /administracao.php HTTP/1.1" 405 2090 "-" "Wfuzz/3.1.0"
10.42.0.166 - - [03/Jul/2026:15:14:07 +0000] "GET /healthz HTTP/1.1" 200 2992 "-" "kube-probe/1.30"
46.188.19.142 - - [03/Jul/2026:15:14:07 +0000] "GET /assets/site.css HTTP/1.1" 200 30586 "/articles/2026/q2" "Mozilla/5.0 (iPad; CPU OS 17_4 like Mac OS X) AppleWebKit/605.1.15 Version/17.4 Mobile/15E148 Safari/604.1"
40.77.167.21 - - [03/Jul/2026:15:14:07 +0000] "HEAD /assets/app.js HTTP/1.1" 200 60862 "-" "Mozilla/5.0 (compatible; Googlebot/2.1; +http://www.google.com/bot.html)"
178.39.227.54 - - [03/Jul/2026:15:14:08 +0000] "GET /healthz HTTP/1.1" 200 60584 "-" "Mozilla/5.0 (iPad; CPU OS 17_4 like Mac OS X) AppleWebKit/605.1.15 Version/17.4 Mobile/15E148 Safari/604.1"
206.139.151.226 - - [03/Jul/2026:15:14:08 +0000] "GET /api/news HTTP/1.1" 200 6478 "/assets/logo.svg" "Mozilla/5.0 (Windows NT 10.0; Win64; x64) AppleWebKit/537.36 Edg/124.0.0.0"
203.0.113.77 - - [03/Jul/2026:15:14:09 +0000] "GET /healthz HTTP/1.1" 200 3036 "-" "Mozilla/5.0 (Windows NT 10.0; Win64; x64) AppleWebKit/537.36 Edg/124.0.0.0"
23.129.64.112 - - [03/Jul/2026:15:14:09 +0000] "GET /log/access.log HTTP/1.1" 403 1854 "-" "sqlmap/1.8.4#stable"
88.130.216.139 - - [03/Jul/2026:15:14:09 +0000] "GET /vb.sql HTTP/1.1" 302 1717 "-" "python-requests/2.31.0"
212.76.133.14 - - [03/Jul/2026:15:14:10 +0000] "GET /api/products HTTP/1.1" 200 24620 "/products" "Mozilla/5.0 (Windows NT 10.0; Win64; x64) AppleWebKit/537.36 Chrome/123.0.0.0 Safari/537.36"
46.188.19.142 - - [03/Jul/2026:15:14:10 +0000] "GET /assets/app.js HTTP/1.1" 200 46489 "/articles/2026/q2" "Mozilla/5.0 (X11; Linux x86_64) AppleWebKit/537.36 Chrome/122.0.0.0 Safari/537.36"
194.26.29.89 - - [03/Jul/2026:15:14:11 +0000] "HEAD /.nginx.env HTTP/1.1" 404 663 "-" "gobuster/3.6"
77.88.55.201 - - [03/Jul/2026:15:14:11 +0000] "GET /contacts HTTP/1.1" 200 83518 "-" "Mozilla/5.0 (Windows NT 10.0; Win64; x64) AppleWebKit/537.36 Edg/124.0.0.0"
171.25.193.20 - - [03/Jul/2026:15:14:11 +0000] "HEAD /.idea/workspace(7).xml HTTP/1.1" 405 1047 "-" "python-requests/2.31.0"
46.188.19.142 - - [03/Jul/2026:15:14:12 +0000] "GET /healthz HTTP/1.1" 200 37305 "/metrics" "Mozilla/5.0 (Macintosh; Intel Mac OS X 14_5) AppleWebKit/537.36 Chrome/124.0.0.0 Safari/537.36"
203.0.113.77 - - [03/Jul/2026:15:14:12 +0000] "GET /healthz HTTP/1.1" 304 1346 "-" "DuckDuckBot/1.0; (+http://duckduckgo.com/duckduckbot)"
77.88.55.201 - - [03/Jul/2026:15:14:12 +0000] "GET /healthz HTTP/1.1" 200 51135 "/api/news" "Mozilla/5.0 (iPad; CPU OS 17_4 like Mac OS X) AppleWebKit/605.1.15 Version/17.4 Mobile/15E148 Safari/604.1"
185.193.88.77 - - [03/Jul/2026:15:14:13 +0000] "GET /build_isolated/ HTTP/1.1" 403 2102 "-" "sqlmap/1.8.4#stable"
80.85.246.17 - - [03/Jul/2026:15:14:14 +0000] "GET /owncloud/ HTTP/1.1" 404 327 "-" "python-requests/2.31.0"
77.88.55.201 - - [03/Jul/2026:15:14:14 +0000] "HEAD /robots.txt HTTP/1.1" 200 8754 "/assets/app.js" "Mozilla/5.0 (Macintosh; Intel Mac OS X 14_5) AppleWebKit/605.1.15 Version/17.4 Safari/605.1.15"
253.32.163.87 - - [03/Jul/2026:15:14:15 +0000] "GET /contacts HTTP/1.1" 200 7004 "-" "Mozilla/5.0 (Linux; Android 13; SM-S918B) AppleWebKit/537.36 SamsungBrowser/24.0 Chrome/120.0 Mobile Safari/537.36"
23.129.64.112 - - [03/Jul/2026:15:14:16 +0000] "GET /media.tar HTTP/1.1" 404 896 "-" "Wfuzz/3.1.0"
213.24.11.146 - - [03/Jul/2026:15:14:16 +0000] "GET /favicon.ico HTTP/1.1" 200 44595 "/assets/logo.svg" "Mozilla/5.0 (Windows NT 10.0; Win64; x64) AppleWebKit/537.36 Chrome/123.0.0.0 Safari/537.36"
10.42.1.138 - - [03/Jul/2026:15:14:16 +0000] "GET /healthz HTTP/1.1" 200 1501 "-" "kube-probe/1.30"
198.51.100.45 - - [03/Jul/2026:15:14:17 +0000] "GET /products HTTP/1.1" 200 38935 "/contacts" "Mozilla/5.0 (compatible; bingbot/2.0; +http://www.bing.com/bingbot.htm)"
248.118.217.79 - - [03/Jul/2026:15:14:17 +0000] "GET /manager/ HTTP/1.1" 403 1853 "-" "Go-http-client/1.1"
178.225.251.97 - - [03/Jul/2026:15:14:18 +0000] "GET /sitemap.xml HTTP/1.1" 200 53750 "-" "Mozilla/5.0 (Macintosh; Intel Mac OS X 14_5) AppleWebKit/605.1.15 Version/17.4 Safari/605.1.15"
191.176.1.119 - - [03/Jul/2026:15:14:19 +0000] "OPTIONS /log/access.log HTTP/1.1" 403 1787 "-" "masscan/1.3 (https://github.com/robertdavidgraham/masscan)"
193.169.128.210 - - [03/Jul/2026:15:14:19 +0000] "GET /mimosa-config.js HTTP/1.1" 404 252 "-" "sqlmap/1.8.4#stable"
10.42.0.89 - - [03/Jul/2026:15:14:20 +0000] "GET /healthz HTTP/1.1" 200 3871 "-" "curl/8.6.0"
203.0.113.77 - - [03/Jul/2026:15:14:20 +0000] "HEAD /contacts HTTP/1.1" 304 927 "-" "Mozilla/5.0 (Macintosh; Intel Mac OS X 14_5) AppleWebKit/605.1.15 Version/17.4 Safari/605.1.15"
10.42.1.135 - - [03/Jul/2026:15:14:20 +0000] "GET /healthz HTTP/1.1" 200 5608 "-" "kube-probe/1.30"
45.146.164.12 - - [03/Jul/2026:15:14:21 +0000] "GET /log/access.log HTTP/1.1" 403 358 "-" "Wfuzz/3.1.0"
194.26.29.89 - - [03/Jul/2026:15:14:21 +0000] "GET /Files/Docs/docs.checksum HTTP/1.1" 405 1585 "-" "ffuf/2.1.0"
185.193.88.77 - - [03/Jul/2026:15:14:21 +0000] "HEAD /twitter/.env HTTP/1.1" 403 720 "-" "Nmap Scripting Engine"
40.77.167.21 - - [03/Jul/2026:15:14:22 +0000] "GET / HTTP/1.1" 200 31933 "/assets/logo.svg" "Mozilla/5.0 (Windows NT 10.0; Win64; x64) AppleWebKit/537.36 Edg/124.0.0.0"
157.55.39.7 - - [03/Jul/2026:15:14:22 +0000] "GET /contacts HTTP/1.1" 200 60881 "-" "Mozilla/5.0 (iPhone; CPU iPhone OS 17_4 like Mac OS X) AppleWebKit/605.1.15 Version/17.4 Mobile/15E148 Safari/604.1"
10.42.0.203 - - [03/Jul/2026:15:14:22 +0000] "GET /healthz HTTP/1.1" 200 1123 "-" "kube-probe/1.30"
66.249.75.10 - - [03/Jul/2026:15:14:22 +0000] "GET /assets/site.css HTTP/1.1" 304 2351 "-" "Mozilla/5.0 (Linux; Android 13; SM-S918B) AppleWebKit/537.36 SamsungBrowser/24.0 Chrome/120.0 Mobile Safari/537.36"
212.76.133.14 - - [03/Jul/2026:15:14:25 +0000] "GET /contacts HTTP/1.1" 200 73674 "-" "Mozilla/5.0 (X11; Linux x86_64) AppleWebKit/537.36 Chrome/122.0.0.0 Safari/537.36"
78.209.41.82 - - [03/Jul/2026:15:14:25 +0000] "HEAD /articles/2026/q2 HTTP/1.1" 200 65666 "/assets/app.js" "Mozilla/5.0 (compatible; YandexBot/3.0; +http://yandex.com/bots)"
194.26.29.89 - - [03/Jul/2026:15:14:26 +0000] "HEAD /log/access.log HTTP/1.1" 404 1089 "-" "feroxbuster/2.11.0"
18.60.191.187 - - [03/Jul/2026:15:14:26 +0000] "GET /2013.tar HTTP/1.1" 403 2385 "-" "DirBuster-1.0-RC1"
203.0.113.77 - - [03/Jul/2026:15:14:26 +0000] "GET /healthz HTTP/1.1" 304 1842 "/about" "Mozilla/5.0 (iPhone; CPU iPhone OS 17_4 like Mac OS X) AppleWebKit/605.1.15 Version/17.4 Mobile/15E148 Safari/604.1"
91.198.174.22 - - [03/Jul/2026:15:14:26 +0000] "GET /metrics HTTP/1.1" 200 65785 "/" "Mozilla/5.0 (Linux; Android 13; SM-S918B) AppleWebKit/537.36 SamsungBrowser/24.0 Chrome/120.0 Mobile Safari/537.36"
161.139.195.3 - - [03/Jul/2026:15:14:26 +0000] "GET /api/news HTTP/1.1" 304 3049 "-" "Mozilla/5.0 (Macintosh; Intel Mac OS X 14_5) AppleWebKit/605.1.15 Version/17.4 Safari/605.1.15"
194.26.29.89 - - [03/Jul/2026:15:14:27 +0000] "GET /jspm_packages/ HTTP/1.1" 403 1615 "-" "Nmap Scripting Engine"
40.77.167.21 - - [03/Jul/2026:15:14:27 +0000] "GET /assets/app.js HTTP/1.1" 304 2962 "-" "Mozilla/5.0 (Macintosh; Intel Mac OS X 14_5) AppleWebKit/605.1.15 Version/17.4 Safari/605.1.15"
157.55.39.7 - - [03/Jul/2026:15:14:27 +0000] "GET /about HTTP/1.1" 200 30871 "-" "Mozilla/5.0 (X11; Linux x86_64) AppleWebKit/537.36 Chrome/122.0.0.0 Safari/537.36"
40.77.167.21 - - [03/Jul/2026:15:14:28 +0000] "GET /api/products HTTP/1.1" 200 58339 "-" "Mozilla/5.0 (Windows NT 10.0; Win64; x64) AppleWebKit/537.36 Chrome/123.0.0.0 Safari/537.36"
141.8.153.222 - - [03/Jul/2026:15:14:28 +0000] "GET /products HTTP/1.1" 304 2754 "/articles/2026/q2" "Mozilla/5.0 (Macintosh; Intel Mac OS X 14_5) AppleWebKit/605.1.15 Version/17.4 Safari/605.1.15"
198.51.100.45 - - [03/Jul/2026:15:14:28 +0000] "HEAD /assets/site.css HTTP/1.1" 200 30428 "/" "Mozilla/5.0 (iPhone; CPU iPhone OS 17_4 like Mac OS X) AppleWebKit/605.1.15 Version/17.4 Mobile/15E148 Safari/604.1"
91.198.174.22 - - [03/Jul/2026:15:14:28 +0000] "GET /healthz HTTP/1.1" 304 553 "/robots.txt" "Mozilla/5.0 (Macintosh; Intel Mac OS X 14_5) AppleWebKit/605.1.15 Version/17.4 Safari/605.1.15"
157.55.39.7 - - [03/Jul/2026:15:14:29 +0000] "GET /articles/2026/q2 HTTP/1.1" 304 3105 "/api/products" "Mozilla/5.0 (compatible; bingbot/2.0; +http://www.bing.com/bingbot.htm)"
10.42.2.238 - - [03/Jul/2026:15:14:30 +0000] "GET /metrics HTTP/1.1" 200 2559 "-" "curl/8.6.0"
157.55.39.7 - - [03/Jul/2026:15:14:30 +0000] "GET /about HTTP/1.1" 200 14702 "-" "Mozilla/5.0 (Macintosh; Intel Mac OS X 14_5) AppleWebKit/537.36 Chrome/124.0.0.0 Safari/537.36"
77.88.55.201 - - [03/Jul/2026:15:14:30 +0000] "GET /api/news HTTP/1.1" 304 517 "-" "Mozilla/5.0 (compatible; bingbot/2.0; +http://www.bing.com/bingbot.htm)"
66.249.75.10 - - [03/Jul/2026:15:14:31 +0000] "GET /contacts HTTP/1.1" 200 19608 "/favicon.ico" "Mozilla/5.0 (compatible; bingbot/2.0; +http://www.bing.com/bingbot.htm)"
46.188.19.142 - - [03/Jul/2026:15:14:31 +0000] "GET /contacts HTTP/1.1" 200 79829 "-" "Mozilla/5.0 (Linux; Android 13; SM-S918B) AppleWebKit/537.36 SamsungBrowser/24.0 Chrome/120.0 Mobile Safari/537.36"
185.220.101.54 - - [03/Jul/2026:15:14:31 +0000] "OPTIONS /editor-4.8.0-mysql-en.php HTTP/1.1" 404 605 "-" "masscan/1.3 (https://github.com/robertdavidgraham/masscan)"
86.16.162.193 - - [03/Jul/2026:15:14:32 +0000] "GET /assets/app.js HTTP/1.1" 200 4882 "-" "DuckDuckBot/1.0; (+http://duckduckgo.com/duckduckbot)"
198.51.100.45 - - [03/Jul/2026:15:14:32 +0000] "GET /healthz HTTP/1.1" 200 39808 "-" "Mozilla/5.0 (Linux; Android 13; SM-S918B) AppleWebKit/537.36 SamsungBrowser/24.0 Chrome/120.0 Mobile Safari/537.36"
157.55.39.7 - - [03/Jul/2026:15:14:33 +0000] "GET /favicon.ico HTTP/1.1" 200 80598 "/favicon.ico" "Mozilla/5.0 (Linux; Android 13; SM-S918B) AppleWebKit/537.36 SamsungBrowser/24.0 Chrome/120.0 Mobile Safari/537.36"
213.24.11.146 - - [03/Jul/2026:15:14:34 +0000] "GET /assets/app.js HTTP/1.1" 304 2656 "-" "Mozilla/5.0 (compatible; Googlebot/2.1; +http://www.google.com/bot.html)"
157.55.39.7 - - [03/Jul/2026:15:14:37 +0000] "GET /robots.txt HTTP/1.1" 304 2239 "/articles/2026/q2" "Mozilla/5.0 (compatible; YandexBot/3.0; +http://yandex.com/bots)"
188.18.77.220 - - [03/Jul/2026:15:14:37 +0000] "GET /assets/logo.svg HTTP/1.1" 200 48820 "/assets/app.js" "Mozilla/5.0 (Windows NT 10.0; Win64; rv:124.0) Gecko/20100101 Firefox/124.0"
78.98.161.39 - - [03/Jul/2026:15:14:37 +0000] "GET /apache/logs/access.log HTTP/1.1" 403 1341 "-" "sqlmap/1.8.4#stable"
6.142.70.225 - - [03/Jul/2026:15:14:37 +0000] "GET /fastlane/report.xml HTTP/1.1" 405 488 "-" "masscan/1.3 (https://github.com/robertdavidgraham/masscan)"
204.39.65.160 - - [03/Jul/2026:15:14:38 +0000] "GET /install_mgr.log HTTP/1.1" 405 1158 "-" "dirsearch/0.4.3"
91.198.174.22 - - [03/Jul/2026:15:14:38 +0000] "GET /favicon.ico HTTP/1.1" 304 172 "-" "Mozilla/5.0 (Macintosh; Intel Mac OS X 14_5) AppleWebKit/605.1.15 Version/17.4 Safari/605.1.15"
193.142.147.55 - - [03/Jul/2026:15:14:38 +0000] "GET /editor-4.0.0-mysql-en.php HTTP/1.1" 301 1217 "-" "feroxbuster/2.11.0"
80.85.246.17 - - [03/Jul/2026:15:14:38 +0000] "OPTIONS /www-test/ HTTP/1.1" 500 1198 "-" "dirsearch/0.4.3"
157.55.39.7 - - [03/Jul/2026:15:14:39 +0000] "GET /assets/app.js HTTP/1.1" 304 3387 "-" "Mozilla/5.0 (Windows NT 10.0; Win64; x64) AppleWebKit/537.36 Edg/124.0.0.0"
46.188.19.142 - - [03/Jul/2026:15:14:40 +0000] "GET /articles/2026/q2 HTTP/1.1" 200 44336 "-" "Mozilla/5.0 (Windows NT 10.0; Win64; x64) AppleWebKit/537.36 Chrome/123.0.0.0 Safari/537.36"
91.198.174.22 - - [03/Jul/2026:15:14:40 +0000] "GET /products HTTP/1.1" 200 60221 "-" "Mozilla/5.0 (iPad; CPU OS 17_4 like Mac OS X) AppleWebKit/605.1.15 Version/17.4 Mobile/15E148 Safari/604.1"
185.193.88.77 - - [03/Jul/2026:15:14:41 +0000] "GET /phpMyAdmin/phpMyAdmin/index.php HTTP/1.1" 404 1250 "-" "ffuf/2.1.0"
141.8.153.222 - - [03/Jul/2026:15:14:41 +0000] "GET / HTTP/1.1" 200 19902 "/api/products" "Mozilla/5.0 (X11; Linux x86_64) AppleWebKit/537.36 Chrome/122.0.0.0 Safari/537.36"
188.18.77.220 - - [03/Jul/2026:15:14:41 +0000] "GET /assets/site.css HTTP/1.1" 200 45962 "/robots.txt" "Mozilla/5.0 (X11; Linux x86_64) AppleWebKit/537.36 Chrome/122.0.0.0 Safari/537.36"
46.188.19.142 - - [03/Jul/2026:15:14:42 +0000] "GET /articles/2026/q2 HTTP/1.1" 200 23499 "-" "Mozilla/5.0 (Windows NT 10.0; Win64; x64) AppleWebKit/537.36 Chrome/123.0.0.0 Safari/537.36"
104.244.72.115 - - [03/Jul/2026:15:14:42 +0000] "OPTIONS /dms/AggreSpy HTTP/1.1" 403 1766 "-" "DirBuster-1.0-RC1"
91.198.174.22 - - [03/Jul/2026:15:14:42 +0000] "GET /assets/site.css HTTP/1.1" 200 45833 "-" "Mozilla/5.0 (compatible; Googlebot/2.1; +http://www.google.com/bot.html)"
141.8.153.222 - - [03/Jul/2026:15:14:42 +0000] "GET / HTTP/1.1" 304 3202 "-" "Mozilla/5.0 (Macintosh; Intel Mac OS X 14_5) AppleWebKit/537.36 Chrome/124.0.0.0 Safari/537.36"
232.206.95.87 - - [03/Jul/2026:15:14:42 +0000] "HEAD /.empty-folder HTTP/1.1" 404 696 "-" "masscan/1.3 (https://github.com/robertdavidgraham/masscan)"
194.26.29.89 - - [03/Jul/2026:15:14:43 +0000] "GET /api/http/routers HTTP/1.1" 500 147 "-" "DirBuster-1.0-RC1"
80.85.246.17 - - [03/Jul/2026:15:14:44 +0000] "GET /bitrix/settings.php.bak HTTP/1.1" 405 892 "-" "dirsearch/0.4.3"
10.42.3.245 - - [03/Jul/2026:15:14:45 +0000] "GET /healthz HTTP/1.1" 200 5116 "-" "curl/8.6.0"
203.0.113.77 - - [03/Jul/2026:15:14:45 +0000] "GET /contacts HTTP/1.1" 304 2868 "/favicon.ico" "DuckDuckBot/1.0; (+http://duckduckgo.com/duckduckbot)"
156.146.62.11 - - [03/Jul/2026:15:14:45 +0000] "GET /clients.sqlite HTTP/1.1" 404 193 "-" "Wfuzz/3.1.0"
91.198.174.22 - - [03/Jul/2026:15:14:46 +0000] "GET /api/products HTTP/1.1" 200 43317 "/api/products" "Mozilla/5.0 (compatible; bingbot/2.0; +http://www.bing.com/bingbot.htm)"
156.146.62.11 - - [03/Jul/2026:15:14:47 +0000] "GET /.dat HTTP/1.1" 405 741 "-" "dirsearch/0.4.3"
40.77.167.21 - - [03/Jul/2026:15:14:48 +0000] "GET /assets/logo.svg HTTP/1.1" 200 15051 "/assets/logo.svg" "Mozilla/5.0 (Windows NT 10.0; Win64; x64) AppleWebKit/537.36 Edg/124.0.0.0"
194.26.29.89 - - [03/Jul/2026:15:14:48 +0000] "HEAD /config/autoload/ HTTP/1.1" 403 953 "-" "dirsearch/0.4.3"
188.18.77.220 - - [03/Jul/2026:15:14:49 +0000] "GET /assets/site.css HTTP/1.1" 200 54246 "/assets/logo.svg" "Mozilla/5.0 (iPad; CPU OS 17_4 like Mac OS X) AppleWebKit/605.1.15 Version/17.4 Mobile/15E148 Safari/604.1"
156.146.62.11 - - [03/Jul/2026:15:14:49 +0000] "HEAD /.projectOptions HTTP/1.1" 404 1583 "-" "gobuster/3.6"
66.249.75.10 - - [03/Jul/2026:15:14:50 +0000] "GET /contacts HTTP/1.1" 304 2053 "-" "Mozilla/5.0 (X11; Linux x86_64) AppleWebKit/537.36 Chrome/122.0.0.0 Safari/537.36"
198.51.100.45 - - [03/Jul/2026:15:14:51 +0000] "GET /metrics HTTP/1.1" 200 47230 "/articles/2026/q2" "Mozilla/5.0 (Windows NT 10.0; Win64; x64) AppleWebKit/537.36 Edg/124.0.0.0"
21.221.242.124 - - [03/Jul/2026:15:14:51 +0000] "OPTIONS /classic.json HTTP/1.1" 404 1220 "-" "Go-http-client/1.1"
45.9.148.77 - - [03/Jul/2026:15:14:52 +0000] "GET /debug HTTP/1.1" 403 1237 "-" "Nmap Scripting Engine"
193.142.147.55 - - [03/Jul/2026:15:14:52 +0000] "GET /apiserver-key.pem HTTP/1.1" 404 2050 "-" "gobuster/3.6"
185.193.88.77 - - [03/Jul/2026:15:14:52 +0000] "GET /log-in HTTP/1.1" 404 405 "-" "DirBuster-1.0-RC1"
40.77.167.21 - - [03/Jul/2026:15:14:52 +0000] "GET /sitemap.xml HTTP/1.1" 304 516 "/contacts" "Mozilla/5.0 (Macintosh; Intel Mac OS X 14_5) AppleWebKit/537.36 Chrome/124.0.0.0 Safari/537.36"
212.76.133.14 - - [03/Jul/2026:15:14:52 +0000] "GET / HTTP/1.1" 200 63886 "-" "Mozilla/5.0 (compatible; bingbot/2.0; +http://www.bing.com/bingbot.htm)"
141.8.153.222 - - [03/Jul/2026:15:14:53 +0000] "GET /metrics HTTP/1.1" 200 24901 "/favicon.ico" "Mozilla/5.0 (Windows NT 10.0; Win64; x64) AppleWebKit/537.36 Chrome/123.0.0.0 Safari/537.36"
213.24.11.146 - - [03/Jul/2026:15:14:53 +0000] "GET /api/products HTTP/1.1" 200 59452 "/assets/site.css" "Mozilla/5.0 (iPhone; CPU iPhone OS 17_4 like Mac OS X) AppleWebKit/605.1.15 Version/17.4 Mobile/15E148 Safari/604.1"
157.55.39.7 - - [03/Jul/2026:15:14:53 +0000] "GET /products HTTP/1.1" 200 20200 "-" "Mozilla/5.0 (iPhone; CPU iPhone OS 17_4 like Mac OS X) AppleWebKit/605.1.15 Version/17.4 Mobile/15E148 Safari/604.1"
213.24.11.146 - - [03/Jul/2026:15:14:53 +0000] "GET /assets/site.css HTTP/1.1" 304 3148 "-" "Mozilla/5.0 (Macintosh; Intel Mac OS X 14_5) AppleWebKit/605.1.15 Version/17.4 Safari/605.1.15"
80.85.246.17 - - [03/Jul/2026:15:14:54 +0000] "GET /nginx-ssl.access.log HTTP/1.1" 302 1825 "-" "feroxbuster/2.11.0"
91.198.174.22 - - [03/Jul/2026:15:14:54 +0000] "HEAD /favicon.ico HTTP/1.1" 200 47135 "/assets/logo.svg" "Mozilla/5.0 (Macintosh; Intel Mac OS X 14_5) AppleWebKit/605.1.15 Version/17.4 Safari/605.1.15"
185.193.88.77 - - [03/Jul/2026:15:14:55 +0000] "HEAD /fluent.conf HTTP/1.1" 404 2500 "-" "Nmap Scripting Engine"
171.25.193.20 - - [03/Jul/2026:15:14:56 +0000] "HEAD /database/phpmyadmin2/ HTTP/1.1" 500 1281 "-" "feroxbuster/2.11.0"
193.142.147.55 - - [03/Jul/2026:15:14:56 +0000] "GET /nginx-ssl.access.log HTTP/1.1" 404 211 "-" "Wfuzz/3.1.0"
198.51.100.45 - - [03/Jul/2026:15:14:57 +0000] "GET /products HTTP/1.1" 200 21069 "-" "Mozilla/5.0 (iPad; CPU OS 17_4 like Mac OS X) AppleWebKit/605.1.15 Version/17.4 Mobile/15E148 Safari/604.1"
141.8.153.222 - - [03/Jul/2026:15:14:57 +0000] "GET /about HTTP/1.1" 200 53936 "-" "Mozilla/5.0 (compatible; bingbot/2.0; +http://www.bing.com/bingbot.htm)"
156.146.62.11 - - [03/Jul/2026:15:14:57 +0000] "HEAD /login.cgi HTTP/1.1" 500 1500 "-" "Nmap Scripting Engine"
141.8.153.222 - - [03/Jul/2026:15:14:57 +0000] "GET /api/news HTTP/1.1" 304 3048 "-" "Mozilla/5.0 (Linux; Android 13; SM-S918B) AppleWebKit/537.36 SamsungBrowser/24.0 Chrome/120.0 Mobile Safari/537.36"
103.241.64.162 - - [03/Jul/2026:15:14:58 +0000] "GET /healthz HTTP/1.1" 200 82194 "-" "Mozilla/5.0 (Macintosh; Intel Mac OS X 14_5) AppleWebKit/537.36 Chrome/124.0.0.0 Safari/537.36"
40.77.167.21 - - [03/Jul/2026:15:14:58 +0000] "GET /assets/app.js HTTP/1.1" 200 26255 "-" "Mozilla/5.0 (Macintosh; Intel Mac OS X 14_5) AppleWebKit/537.36 Chrome/124.0.0.0 Safari/537.36"
104.244.72.115 - - [03/Jul/2026:15:14:58 +0000] "GET /php_cli_errors.log HTTP/1.1" 301 171 "-" "dirsearch/0.4.3"
45.146.164.12 - - [03/Jul/2026:15:14:59 +0000] "HEAD /.env.development.local HTTP/1.1" 403 607 "-" "dirsearch/0.4.3"
193.142.147.55 - - [03/Jul/2026:15:15:00 +0000] "HEAD /bitrix/admin/help.php HTTP/1.1" 404 2225 "-" "Wfuzz/3.1.0"
80.85.246.17 - - [03/Jul/2026:15:15:00 +0000] "GET /sites/all/libraries/README.txt HTTP/1.1" 404 1675 "-" "DirBuster-1.0-RC1"
171.25.193.20 - - [03/Jul/2026:15:15:01 +0000] "OPTIONS /encode-explorer_5.0/ HTTP/1.1" 403 1918 "-" "dirsearch/0.4.3"
77.88.55.201 - - [03/Jul/2026:15:15:01 +0000] "GET /assets/logo.svg HTTP/1.1" 200 668 "/about" "Mozilla/5.0 (Macintosh; Intel Mac OS X 14_5) AppleWebKit/537.36 Chrome/124.0.0.0 Safari/537.36"
65.121.42.41 - - [03/Jul/2026:15:15:02 +0000] "GET /yonetim.php HTTP/1.1" 301 1376 "-" "sqlmap/1.8.4#stable"
104.244.72.115 - - [03/Jul/2026:15:15:02 +0000] "GET /apache/logs/access.log HTTP/1.1" 404 1580 "-" "Wfuzz/3.1.0"
77.88.55.201 - - [03/Jul/2026:15:15:03 +0000] "GET /sitemap.xml HTTP/1.1" 200 64435 "/api/news" "Mozilla/5.0 (Windows NT 10.0; Win64; x64) AppleWebKit/537.36 Edg/124.0.0.0"
213.24.11.146 - - [03/Jul/2026:15:15:04 +0000] "GET /assets/logo.svg HTTP/1.1" 200 41406 "-" "Mozilla/5.0 (X11; Linux x86_64) AppleWebKit/537.36 Chrome/122.0.0.0 Safari/537.36"
46.188.19.142 - - [03/Jul/2026:15:15:04 +0000] "GET /assets/site.css HTTP/1.1" 304 1405 "-" "Mozilla/5.0 (X11; Linux x86_64) AppleWebKit/537.36 Chrome/122.0.0.0 Safari/537.36"
157.55.39.7 - - [03/Jul/2026:15:15:05 +0000] "GET /assets/logo.svg HTTP/1.1" 200 65262 "/assets/logo.svg" "Mozilla/5.0 (Windows NT 10.0; Win64; x64) AppleWebKit/537.36 Edg/124.0.0.0"
45.9.148.77 - - [03/Jul/2026:15:15:05 +0000] "HEAD /SourceArt/ HTTP/1.1" 302 1245 "-" "python-requests/2.31.0"
80.85.246.17 - - [03/Jul/2026:15:15:05 +0000] "GET /cookie.php HTTP/1.1" 404 1418 "-" "dirsearch/0.4.3"
156.146.62.11 - - [03/Jul/2026:15:15:06 +0000] "OPTIONS /htpasswd.bak HTTP/1.1" 404 1854 "-" "Nmap Scripting Engine"
171.25.193.20 - - [03/Jul/2026:15:15:09 +0000] "GET /nytprof.out HTTP/1.1" 404 2213 "-" "python-requests/2.31.0"
212.76.133.14 - - [03/Jul/2026:15:15:10 +0000] "GET /products HTTP/1.1" 200 25113 "-" "Mozilla/5.0 (iPad; CPU OS 17_4 like Mac OS X) AppleWebKit/605.1.15 Version/17.4 Mobile/15E148 Safari/604.1"
77.88.55.201 - - [03/Jul/2026:15:15:10 +0000] "GET /sitemap.xml HTTP/1.1" 200 52108 "-" "Mozilla/5.0 (X11; Linux x86_64) AppleWebKit/537.36 Chrome/122.0.0.0 Safari/537.36"
141.8.153.222 - - [03/Jul/2026:15:15:10 +0000] "GET /api/news HTTP/1.1" 200 59212 "-" "Mozilla/5.0 (iPhone; CPU iPhone OS 17_4 like Mac OS X) AppleWebKit/605.1.15 Version/17.4 Mobile/15E148 Safari/604.1"
77.88.55.201 - - [03/Jul/2026:15:15:10 +0000] "HEAD /products HTTP/1.1" 200 35898 "-" "Mozilla/5.0 (Windows NT 10.0; Win64; rv:124.0) Gecko/20100101 Firefox/124.0"
45.9.148.77 - - [03/Jul/2026:15:15:10 +0000] "GET /planning/cfg HTTP/1.1" 405 1719 "-" "dirsearch/0.4.3"
38.197.37.29 - - [03/Jul/2026:15:15:10 +0000] "GET /ftp.txt HTTP/1.1" 403 832 "-" "Wfuzz/3.1.0"
156.146.62.11 - - [03/Jul/2026:15:15:11 +0000] "GET /request.log HTTP/1.1" 301 1006 "-" "python-requests/2.31.0"
141.8.153.222 - - [03/Jul/2026:15:15:12 +0000] "GET /assets/app.js HTTP/1.1" 304 3460 "/products" "Mozilla/5.0 (Macintosh; Intel Mac OS X 14_5) AppleWebKit/605.1.15 Version/17.4 Safari/605.1.15"
194.26.29.89 - - [03/Jul/2026:15:15:12 +0000] "OPTIONS /manage/ HTTP/1.1" 500 1344 "-" "python-requests/2.31.0"
212.76.133.14 - - [03/Jul/2026:15:15:12 +0000] "GET /articles/2026/q2 HTTP/1.1" 200 23730 "-" "Mozilla/5.0 (Windows NT 10.0; Win64; x64) AppleWebKit/537.36 Edg/124.0.0.0"
213.24.11.146 - - [03/Jul/2026:15:15:13 +0000] "GET /products HTTP/1.1" 200 73021 "-" "Mozilla/5.0 (Windows NT 10.0; Win64; rv:124.0) Gecko/20100101 Firefox/124.0"
248.85.74.156 - - [03/Jul/2026:15:15:13 +0000] "GET /_logs/access.log HTTP/1.1" 403 2143 "-" "DirBuster-1.0-RC1"
45.146.164.12 - - [03/Jul/2026:15:15:13 +0000] "GET /m4/ltsugar.m4 HTTP/1.1" 405 1617 "-" "gobuster/3.6"
185.193.88.77 - - [03/Jul/2026:15:15:13 +0000] "GET /sqlmigrate.php HTTP/1.1" 403 1839 "-" "feroxbuster/2.11.0"
91.198.174.22 - - [03/Jul/2026:15:15:13 +0000] "GET /healthz HTTP/1.1" 200 62848 "-" "Mozilla/5.0 (Windows NT 10.0; Win64; x64) AppleWebKit/537.36 Chrome/123.0.0.0 Safari/537.36"
66.249.75.10 - - [03/Jul/2026:15:15:14 +0000] "GET /products HTTP/1.1" 304 3997 "/sitemap.xml" "Mozilla/5.0 (X11; Linux x86_64) AppleWebKit/537.36 Chrome/122.0.0.0 Safari/537.36"
242.129.77.10 - - [03/Jul/2026:15:15:15 +0000] "OPTIONS /soap/servlet/Spy HTTP/1.1" 405 2195 "-" "sqlmap/1.8.4#stable"
45.9.148.77 - - [03/Jul/2026:15:15:15 +0000] "OPTIONS /.htpasswd_test HTTP/1.1" 403 1368 "-" "ffuf/2.1.0"
156.146.62.11 - - [03/Jul/2026:15:15:15 +0000] "OPTIONS /application.wadl HTTP/1.1" 403 1933 "-" "gobuster/3.6"
198.51.100.45 - - [03/Jul/2026:15:15:16 +0000] "GET /assets/app.js HTTP/1.1" 304 1089 "-" "Mozilla/5.0 (Windows NT 10.0; Win64; x64) AppleWebKit/537.36 Edg/124.0.0.0"
93.86.92.207 - - [03/Jul/2026:15:15:17 +0000] "GET /robots.txt HTTP/1.1" 200 7070 "/contacts" "Mozilla/5.0 (Windows NT 10.0; Win64; x64) AppleWebKit/537.36 Chrome/123.0.0.0 Safari/537.36"
104.244.72.115 - - [03/Jul/2026:15:15:17 +0000] "GET /StyleCopReport.xml HTTP/1.1" 404 2079 "-" "Go-http-client/1.1"
157.55.39.7 - - [03/Jul/2026:15:15:17 +0000] "GET /api/products HTTP/1.1" 200 79161 "-" "Mozilla/5.0 (Linux; Android 13; SM-S918B) AppleWebKit/537.36 SamsungBrowser/24.0 Chrome/120.0 Mobile Safari/537.36"
141.8.153.222 - - [03/Jul/2026:15:15:17 +0000] "GET /favicon.ico HTTP/1.1" 200 35928 "/robots.txt" "Mozilla/5.0 (iPhone; CPU iPhone OS 17_4 like Mac OS X) AppleWebKit/605.1.15 Version/17.4 Mobile/15E148 Safari/604.1"
35.77.1.241 - - [03/Jul/2026:15:15:18 +0000] "GET /r57.php HTTP/1.1" 301 2097 "-" "Wfuzz/3.1.0"
10.42.1.253 - - [03/Jul/2026:15:15:18 +0000] "GET /healthz HTTP/1.1" 200 1364 "-" "curl/8.6.0"
157.55.39.7 - - [03/Jul/2026:15:15:18 +0000] "GET /assets/app.js HTTP/1.1" 200 7787 "-" "Mozilla/5.0 (Macintosh; Intel Mac OS X 14_5) AppleWebKit/605.1.15 Version/17.4 Safari/605.1.15"
46.188.19.142 - - [03/Jul/2026:15:15:19 +0000] "GET /about HTTP/1.1" 304 797 "/contacts" "Mozilla/5.0 (compatible; YandexBot/3.0; +http://yandex.com/bots)"
77.88.55.201 - - [03/Jul/2026:15:15:19 +0000] "GET /assets/logo.svg HTTP/1.1" 200 40469 "-" "Mozilla/5.0 (compatible; YandexBot/3.0; +http://yandex.com/bots)"
66.249.75.10 - - [03/Jul/2026:15:15:19 +0000] "GET /assets/app.js HTTP/1.1" 304 1035 "/api/news" "Mozilla/5.0 (iPhone; CPU iPhone OS 17_4 like Mac OS X) AppleWebKit/605.1.15 Version/17.4 Mobile/15E148 Safari/604.1"
77.88.55.201 - - [03/Jul/2026:15:15:20 +0000] "GET /favicon.ico HTTP/1.1" 200 84897 "-" "Mozilla/5.0 (X11; Linux x86_64) AppleWebKit/537.36 Chrome/122.0.0.0 Safari/537.36"
5.188.206.67 - - [03/Jul/2026:15:15:21 +0000] "OPTIONS /7.php HTTP/1.1" 301 1586 "-" "python-requests/2.31.0"
185.193.88.77 - - [03/Jul/2026:15:15:21 +0000] "HEAD /.sql.gz HTTP/1.1" 500 737 "-" "python-requests/2.31.0"
40.77.167.21 - - [03/Jul/2026:15:15:22 +0000] "GET /robots.txt HTTP/1.1" 200 70277 "-" "Mozilla/5.0 (Macintosh; Intel Mac OS X 14_5) AppleWebKit/537.36 Chrome/124.0.0.0 Safari/537.36"
66.249.75.10 - - [03/Jul/2026:15:15:23 +0000] "GET /metrics HTTP/1.1" 200 34045 "-" "Mozilla/5.0 (iPad; CPU OS 17_4 like Mac OS X) AppleWebKit/605.1.15 Version/17.4 Mobile/15E148 Safari/604.1"
45.146.164.12 - - [03/Jul/2026:15:15:23 +0000] "OPTIONS /app/ HTTP/1.1" 404 295 "-" "gobuster/3.6"
198.51.100.45 - - [03/Jul/2026:15:15:24 +0000] "GET /about HTTP/1.1" 200 49531 "-" "Mozilla/5.0 (Macintosh; Intel Mac OS X 14_5) AppleWebKit/605.1.15 Version/17.4 Safari/605.1.15"
171.25.193.20 - - [03/Jul/2026:15:15:24 +0000] "GET /debug HTTP/1.1" 302 235 "-" "dirsearch/0.4.3"
213.24.11.146 - - [03/Jul/2026:15:15:24 +0000] "GET /api/news HTTP/1.1" 200 38406 "-" "Mozilla/5.0 (iPhone; CPU iPhone OS 17_4 like Mac OS X) AppleWebKit/605.1.15 Version/17.4 Mobile/15E148 Safari/604.1"
156.146.62.11 - - [03/Jul/2026:15:15:25 +0000] "OPTIONS /conf/tomcat8.conf HTTP/1.1" 404 1035 "-" "dirsearch/0.4.3"
45.9.148.77 - - [03/Jul/2026:15:15:26 +0000] "OPTIONS /nginx-ssl.access.log HTTP/1.1" 404 1368 "-" "Wfuzz/3.1.0"
91.198.174.22 - - [03/Jul/2026:15:15:26 +0000] "GET /about HTTP/1.1" 200 22744 "-" "Mozilla/5.0 (Windows NT 10.0; Win64; x64) AppleWebKit/537.36 Chrome/123.0.0.0 Safari/537.36"
157.55.39.7 - - [03/Jul/2026:15:15:26 +0000] "GET /products HTTP/1.1" 200 18342 "/assets/site.css" "Mozilla/5.0 (Macintosh; Intel Mac OS X 14_5) AppleWebKit/537.36 Chrome/124.0.0.0 Safari/537.36"
154.84.208.23 - - [03/Jul/2026:15:15:27 +0000] "OPTIONS /lighttpd.access.log HTTP/1.1" 404 1617 "-" "feroxbuster/2.11.0"
40.77.167.21 - - [03/Jul/2026:15:15:27 +0000] "GET / HTTP/1.1" 200 13640 "-" "Mozilla/5.0 (Windows NT 10.0; Win64; x64) AppleWebKit/537.36 Chrome/123.0.0.0 Safari/537.36"
66.249.75.10 - - [03/Jul/2026:15:15:29 +0000] "GET /assets/logo.svg HTTP/1.1" 200 66656 "/favicon.ico" "Mozilla/5.0 (compatible; YandexBot/3.0; +http://yandex.com/bots)"
188.18.77.220 - - [03/Jul/2026:15:15:30 +0000] "HEAD /sitemap.xml HTTP/1.1" 200 7771 "/assets/app.js" "Mozilla/5.0 (iPad; CPU OS 17_4 like Mac OS X) AppleWebKit/605.1.15 Version/17.4 Mobile/15E148 Safari/604.1"
157.55.39.7 - - [03/Jul/2026:15:15:30 +0000] "HEAD /metrics HTTP/1.1" 200 53839 "/sitemap.xml" "Mozilla/5.0 (Windows NT 10.0; Win64; rv:124.0) Gecko/20100101 Firefox/124.0"
157.55.39.7 - - [03/Jul/2026:15:15:30 +0000] "GET /assets/app.js HTTP/1.1" 200 16226 "-" "Mozilla/5.0 (iPhone; CPU iPhone OS 17_4 like Mac OS X) AppleWebKit/605.1.15 Version/17.4 Mobile/15E148 Safari/604.1"
66.249.75.10 - - [03/Jul/2026:15:15:31 +0000] "HEAD /robots.txt HTTP/1.1" 304 3565 "-" "Mozilla/5.0 (X11; Linux x86_64) AppleWebKit/537.36 Chrome/122.0.0.0 Safari/537.36"
40.77.167.21 - - [03/Jul/2026:15:15:31 +0000] "GET /contacts HTTP/1.1" 304 3052 "-" "Mozilla/5.0 (Windows NT 10.0; Win64; x64) AppleWebKit/537.36 Edg/124.0.0.0"
198.51.100.45 - - [03/Jul/2026:15:15:32 +0000] "GET /articles/2026/q2 HTTP/1.1" 200 32586 "-" "Mozilla/5.0 (compatible; YandexBot/3.0; +http://yandex.com/bots)"
185.220.101.54 - - [03/Jul/2026:15:15:32 +0000] "GET /_debugbar/open HTTP/1.1" 500 2401 "-" "Nmap Scripting Engine"
78.145.18.1 - - [03/Jul/2026:15:15:33 +0000] "GET /assets/logo.svg HTTP/1.1" 200 51237 "-" "Mozilla/5.0 (Windows NT 10.0; Win64; x64) AppleWebKit/537.36 Edg/124.0.0.0"
40.77.167.21 - - [03/Jul/2026:15:15:33 +0000] "GET /api/news HTTP/1.1" 200 32101 "-" "Mozilla/5.0 (iPad; CPU OS 17_4 like Mac OS X) AppleWebKit/605.1.15 Version/17.4 Mobile/15E148 Safari/604.1"
141.8.153.222 - - [03/Jul/2026:15:15:33 +0000] "GET /favicon.ico HTTP/1.1" 200 44576 "-" "Mozilla/5.0 (Windows NT 10.0; Win64; x64) AppleWebKit/537.36 Chrome/123.0.0.0 Safari/537.36"
212.76.133.14 - - [03/Jul/2026:15:15:34 +0000] "GET /contacts HTTP/1.1" 200 57381 "-" "Mozilla/5.0 (compatible; YandexBot/3.0; +http://yandex.com/bots)"
213.24.11.146 - - [03/Jul/2026:15:15:34 +0000] "GET /assets/site.css HTTP/1.1" 200 84994 "-" "Mozilla/5.0 (X11; Linux x86_64) AppleWebKit/537.36 Chrome/122.0.0.0 Safari/537.36"
157.55.39.7 - - [03/Jul/2026:15:15:35 +0000] "GET /metrics HTTP/1.1" 200 11149 "/api/products" "Mozilla/5.0 (Linux; Android 13; SM-S918B) AppleWebKit/537.36 SamsungBrowser/24.0 Chrome/120.0 Mobile Safari/537.36"
185.193.88.77 - - [03/Jul/2026:15:15:35 +0000] "OPTIONS /typo3conf/AdditionalConfiguration.php HTTP/1.1" 405 655 "-" "DirBuster-1.0-RC1"
198.51.100.45 - - [03/Jul/2026:15:15:35 +0000] "GET / HTTP/1.1" 200 7185 "/about" "Mozilla/5.0 (Windows NT 10.0; Win64; rv:124.0) Gecko/20100101 Firefox/124.0"
91.198.174.22 - - [03/Jul/2026:15:15:35 +0000] "GET /assets/site.css HTTP/1.1" 200 59432 "-" "Mozilla/5.0 (Macintosh; Intel Mac OS X 14_5) AppleWebKit/605.1.15 Version/17.4 Safari/605.1.15"
194.26.29.89 - - [03/Jul/2026:15:15:36 +0000] "OPTIONS /_logs/access.log HTTP/1.1" 403 1494 "-" "DirBuster-1.0-RC1"
213.24.11.146 - - [03/Jul/2026:15:15:36 +0000] "GET /api/products HTTP/1.1" 304 2287 "/assets/logo.svg" "Mozilla/5.0 (X11; Linux x86_64) AppleWebKit/537.36 Chrome/122.0.0.0 Safari/537.36"
40.77.167.21 - - [03/Jul/2026:15:15:36 +0000] "GET /assets/logo.svg HTTP/1.1" 304 2638 "-" "Mozilla/5.0 (compatible; Googlebot/2.1; +http://www.google.com/bot.html)"
10.42.2.109 - - [03/Jul/2026:15:15:36 +0000] "GET /healthz HTTP/1.1" 200 5752 "-" "kube-probe/1.30"
224.13.190.30 - - [03/Jul/2026:15:15:38 +0000] "GET /api/products HTTP/1.1" 200 62510 "-" "Mozilla/5.0 (iPad; CPU OS 17_4 like Mac OS X) AppleWebKit/605.1.15 Version/17.4 Mobile/15E148 Safari/604.1"
212.76.133.14 - - [03/Jul/2026:15:15:38 +0000] "GET /sitemap.xml HTTP/1.1" 304 2372 "/robots.txt" "Mozilla/5.0 (compatible; Googlebot/2.1; +http://www.google.com/bot.html)"
104.244.72.115 - - [03/Jul/2026:15:15:39 +0000] "GET /buildNumber.properties HTTP/1.1" 403 1307 "-" "dirsearch/0.4.3"
213.24.11.146 - - [03/Jul/2026:15:15:40 +0000] "GET /favicon.ico HTTP/1.1" 200 17423 "/articles/2026/q2" "Mozilla/5.0 (Macintosh; Intel Mac OS X 14_5) AppleWebKit/605.1.15 Version/17.4 Safari/605.1.15"
104.244.72.115 - - [03/Jul/2026:15:15:41 +0000] "GET /Changelog HTTP/1.1" 404 385 "-" "gobuster/3.6"
213.24.11.146 - - [03/Jul/2026:15:15:41 +0000] "GET /metrics HTTP/1.1" 304 3674 "-" "Mozilla/5.0 (Windows NT 10.0; Win64; x64) AppleWebKit/537.36 Edg/124.0.0.0"
10.42.1.68 - - [03/Jul/2026:15:15:41 +0000] "GET /metrics HTTP/1.1" 200 4725 "-" "curl/8.6.0"
77.88.55.201 - - [03/Jul/2026:15:15:42 +0000] "GET /favicon.ico HTTP/1.1" 200 49442 "-" "Mozilla/5.0 (Windows NT 10.0; Win64; x64) AppleWebKit/537.36 Edg/124.0.0.0"
91.198.174.22 - - [03/Jul/2026:15:15:42 +0000] "GET /robots.txt HTTP/1.1" 200 20948 "-" "Mozilla/5.0 (iPad; CPU OS 17_4 like Mac OS X) AppleWebKit/605.1.15 Version/17.4 Mobile/15E148 Safari/604.1"
10.42.2.190 - - [03/Jul/2026:15:15:43 +0000] "GET /metrics HTTP/1.1" 503 5428 "-" "curl/8.6.0"
66.249.75.10 - - [03/Jul/2026:15:15:43 +0000] "GET /assets/app.js HTTP/1.1" 200 78629 "/" "Mozilla/5.0 (X11; Linux x86_64) AppleWebKit/537.36 Chrome/122.0.0.0 Safari/537.36"
91.198.174.22 - - [03/Jul/2026:15:15:43 +0000] "GET /assets/app.js HTTP/1.1" 200 49034 "-" "Mozilla/5.0 (Windows NT 10.0; Win64; x64) AppleWebKit/537.36 Chrome/123.0.0.0 Safari/537.36"
141.8.153.222 - - [03/Jul/2026:15:15:44 +0000] "HEAD /api/news HTTP/1.1" 200 9786 "-" "Mozilla/5.0 (X11; Linux x86_64) AppleWebKit/537.36 Chrome/122.0.0.0 Safari/537.36"
106.224.184.19 - - [03/Jul/2026:15:15:46 +0000] "GET /contacts HTTP/1.1" 200 64441 "-" "Mozilla/5.0 (Macintosh; Intel Mac OS X 14_5) AppleWebKit/537.36 Chrome/124.0.0.0 Safari/537.36"
66.249.75.10 - - [03/Jul/2026:15:15:47 +0000] "GET /api/products HTTP/1.1" 200 7838 "-" "Mozilla/5.0 (iPhone; CPU iPhone OS 17_4 like Mac OS X) AppleWebKit/605.1.15 Version/17.4 Mobile/15E148 Safari/604.1"
40.77.167.21 - - [03/Jul/2026:15:15:47 +0000] "GET /about HTTP/1.1" 200 62041 "/sitemap.xml" "Mozilla/5.0 (Linux; Android 13; SM-S918B) AppleWebKit/537.36 SamsungBrowser/24.0 Chrome/120.0 Mobile Safari/537.36"
203.0.113.77 - - [03/Jul/2026:15:15:47 +0000] "GET /assets/logo.svg HTTP/1.1" 200 73638 "/sitemap.xml" "Mozilla/5.0 (Macintosh; Intel Mac OS X 14_5) AppleWebKit/605.1.15 Version/17.4 Safari/605.1.15"
141.8.153.222 - - [03/Jul/2026:15:15:48 +0000] "GET /sitemap.xml HTTP/1.1" 304 3997 "-" "Mozilla/5.0 (Windows NT 10.0; Win64; rv:124.0) Gecko/20100101 Firefox/124.0"
