66.249.75.10 - - [03/Jul/2026:15:32:33 +0000] "GET /metrics HTTP/1.1" 200 20036 "-" "Mozilla/5.0 (Windows NT 10.0; Win64; x64) AppleWebKit/537.36 Edg/124.0.0.0"
213.24.11.146 - - [03/Jul/2026:15:32:33 +0000] "HEAD / HTTP/1.1" 200 30587 "-" "Mozilla/5.0 (Windows NT 10.0; Win64; x64) AppleWebKit/537.36 Chrome/123.0.0.0 Safari/537.36"
10.42.1.246 - - [03/Jul/2026:15:32:33 +0000] "GET /healthz HTTP/1.1" 200 195 "-" "kube-probe/1.30"
198.51.100.45 - - [03/Jul/2026:15:32:33 +0000] "GET /favicon.ico HTTP/1.1" 200 49606 "-" "Mozilla/5.0 (Windows NT 10.0; Win64; x64) AppleWebKit/537.36 Edg/124.0.0.0"
80.85.246.17 - - [03/Jul/2026:15:32:34 +0000] "GET /mailman/listinfo HTTP/1.1" 404 643 "-" "python-requests/2.31.0"
212.76.133.14 - - [03/Jul/2026:15:32:34 +0000] "GET /products HTTP/1.1" 200 68221 "/api/news" "Mozilla/5.0 (Macintosh; Intel Mac OS X 14_5) AppleWebKit/537.36 Chrome/124.0.0.0 Safari/537.36"
77.88.55.201 - - [03/Jul/2026:15:32:34 +0000] "GET /healthz HTTP/1.1" 200 24260 "/robots.txt" "Mozilla/5.0 (compatible; bingbot/2.0; +http://www.bing.com/bingbot.htm)"
157.55.39.7 - - [03/Jul/2026:15:32:35 +0000] "GET /api/news HTTP/1.1" 200 52601 "-" "Mozilla/5.0 (compatible; bingbot/2.0; +http://www.bing.com/bingbot.htm)"
160.10.96.185 - - [03/Jul/2026:15:32:35 +0000] "GET /contacts HTTP/1.1" 304 1140 "/sitemap.xml" "Mozilla/5.0 (Windows NT 10.0; Win64; rv:124.0) Gecko/20100101 Firefox/124.0"
157.55.39.7 - - [03/Jul/2026:15:32:36 +0000] "GET /about HTTP/1.1" 200 60754 "-" "Mozilla/5.0 (iPad; CPU OS 17_4 like Mac OS X) AppleWebKit/605.1.15 Version/17.4 Mobile/15E148 Safari/604.1"
40.77.167.21 - - [03/Jul/2026:15:32:36 +0000] "GET /assets/app.js HTTP/1.1" 200 22492 "/assets/site.css" "Mozilla/5.0 (Windows NT 10.0; Win64; x64) AppleWebKit/537.36 Edg/124.0.0.0"
141.8.153.222 - - [03/Jul/2026:15:32:37 +0000] "GET /assets/site.css HTTP/1.1" 200 33487 "/favicon.ico" "Mozilla/5.0 (compatible; Googlebot/2.1; +http://www.google.com/bot.html)"
213.24.11.146 - - [03/Jul/2026:15:32:38 +0000] "GET /contacts HTTP/1.1" 200 34498 "/favicon.ico" "Mozilla/5.0 (iPhone; CPU iPhone OS 17_4 like Mac OS X) AppleWebKit/605.1.15 Version/17.4 Mobile/15E148 Safari/604.1"
10.42.2.58 - - [03/Jul/2026:15:32:38 +0000] "GET /metrics HTTP/1.1" 200 1270 "-" "kube-probe/1.30"
66.249.75.10 - - [03/Jul/2026:15:32:38 +0000] "HEAD /healthz HTTP/1.1" 200 12290 "/articles/2026/q2" "Mozilla/5.0 (Macintosh; Intel Mac OS X 14_5) AppleWebKit/605.1.15 Version/17.4 Safari/605.1.15"
141.8.153.222 - - [03/Jul/2026:15:32:39 +0000] "GET / HTTP/1.1" 200 24819 "/healthz" "Mozilla/5.0 (Windows NT 10.0; Win64; rv:124.0) Gecko/20100101 Firefox/124.0"
40.77.167.21 - - [03/Jul/2026:15:32:40 +0000] "GET /api/products HTTP/1.1" 200 41165 "-" "Mozilla/5.0 (Macintosh; Intel Mac OS X 14_5) AppleWebKit/605.1.15 Version/17.4 Safari/605.1.15"
188.18.77.220 - - [03/Jul/2026:15:32:40 +0000] "GET /about HTTP/1.1" 200 21502 "-" "Mozilla/5.0 (compatible; Googlebot/2.1; +http://www.google.com/bot.html)"
126.126.9.60 - - [03/Jul/2026:15:32:40 +0000] "GET /metrics HTTP/1.1" 200 65270 "/assets/logo.svg" "Mozilla/5.0 (iPad; CPU OS 17_4 like Mac OS X) AppleWebKit/605.1.15 Version/17.4 Mobile/15E148 Safari/604.1"
213.24.11.146 - - [03/Jul/2026:15:32:41 +0000] "GET /metrics HTTP/1.1" 200 79372 "-" "Mozilla/5.0 (Macintosh; Intel Mac OS X 14_5) AppleWebKit/537.36 Chrome/124.0.0.0 Safari/537.36"
5.188.206.67 - - [03/Jul/2026:15:32:41 +0000] "GET /php.log HTTP/1.1" 500 469 "-" "Go-http-client/1.1"
10.42.2.231 - - [03/Jul/2026:15:32:43 +0000] "GET /healthz HTTP/1.1" 200 1805 "-" "curl/8.6.0"
104.244.72.115 - - [03/Jul/2026:15:32:44 +0000] "GET /2018.tar HTTP/1.1" 404 1721 "-" "python-requests/2.31.0"
91.198.174.22 - - [03/Jul/2026:15:32:45 +0000] "GET /about HTTP/1.1" 304 1492 "/sitemap.xml" "Mozilla/5.0 (Macintosh; Intel Mac OS X 14_5) AppleWebKit/605.1.15 Version/17.4 Safari/605.1.15"
213.24.11.146 - - [03/Jul/2026:15:32:45 +0000] "GET /robots.txt HTTP/1.1" 200 32278 "/healthz" "Mozilla/5.0 (Linux; Android 13; SM-S918B) AppleWebKit/537.36 SamsungBrowser/24.0 Chrome/120.0 Mobile Safari/537.36"
45.146.164.12 - - [03/Jul/2026:15:32:47 +0000] "OPTIONS /apache/logs/access.log HTTP/1.1" 302 2459 "-" "python-requests/2.31.0"
213.24.11.146 - - [03/Jul/2026:15:32:47 +0000] "GET /assets/logo.svg HTTP/1.1" 200 33437 "/" "Mozilla/5.0 (iPad; CPU OS 17_4 like Mac OS X) AppleWebKit/605.1.15 Version/17.4 Mobile/15E148 Safari/604.1"
173.147.169.205 - - [03/Jul/2026:15:32:47 +0000] "GET /articles/2026/q2 HTTP/1.1" 200 28296 "-" "Mozilla/5.0 (X11; Linux x86_64) AppleWebKit/537.36 Chrome/122.0.0.0 Safari/537.36"
203.0.113.77 - - [03/Jul/2026:15:32:47 +0000] "HEAD /metrics HTTP/1.1" 304 2779 "/api/news" "Mozilla/5.0 (Windows NT 10.0; Win64; rv:124.0) Gecko/20100101 Firefox/124.0"
188.18.77.220 - - [03/Jul/2026:15:32:47 +0000] "GET /robots.txt HTTP/1.1" 200 3936 "-" "Mozilla/5.0 (iPad; CPU OS 17_4 like Mac OS X) AppleWebKit/605.1.15 Version/17.4 Mobile/15E148 Safari/604.1"
157.55.39.7 - - [03/Jul/2026:15:32:47 +0000] "GET /about HTTP/1.1" 304 1977 "/contacts" "Mozilla/5.0 (Macintosh; Intel Mac OS X 14_5) AppleWebKit/537.36 Chrome/124.0.0.0 Safari/537.36"
156.146.62.11 - - [03/Jul/2026:15:32:48 +0000] "HEAD /xml/common.xml HTTP/1.1" 404 1467 "-" "Go-http-client/1.1"
157.55.39.7 - - [03/Jul/2026:15:32:48 +0000] "GET /assets/site.css HTTP/1.1" 304 531 "/robots.txt" "Mozilla/5.0 (Windows NT 10.0; Win64; rv:124.0) Gecko/20100101 Firefox/124.0"
157.55.39.7 - - [03/Jul/2026:15:32:49 +0000] "GET /articles/2026/q2 HTTP/1.1" 200 57467 "-" "Mozilla/5.0 (iPhone; CPU iPhone OS 17_4 like Mac OS X) AppleWebKit/605.1.15 Version/17.4 Mobile/15E148 Safari/604.1"
185.193.88.77 - - [03/Jul/2026:15:32:49 +0000] "HEAD /.rvmrc HTTP/1.1" 404 889 "-" "gobuster/3.6"
91.198.174.22 - - [03/Jul/2026:15:32:50 +0000] "GET /products HTTP/1.1" 200 19877 "/about" "Mozilla/5.0 (iPhone; CPU iPhone OS 17_4 like Mac OS X) AppleWebKit/605.1.15 Version/17.4 Mobile/15E148 Safari/604.1"
185.220.101.54 - - [03/Jul/2026:15:32:50 +0000] "GET /phpMyAdmin-2.11.5.1-all-languages/ HTTP/1.1" 403 1395 "-" "gobuster/3.6"
193.142.147.55 - - [03/Jul/2026:15:32:51 +0000] "HEAD /log/authorizenet.log HTTP/1.1" 404 2246 "-" "feroxbuster/2.11.0"
171.25.193.20 - - [03/Jul/2026:15:32:51 +0000] "GET /graphiql/ HTTP/1.1" 301 1830 "-" "Nmap Scripting Engine"
80.85.246.17 - - [03/Jul/2026:15:32:52 +0000] "GET /_logs/access-log HTTP/1.1" 500 1973 "-" "Go-http-client/1.1"
118.64.180.50 - - [03/Jul/2026:15:32:55 +0000] "GET /products HTTP/1.1" 200 20023 "-" "Mozilla/5.0 (Windows NT 10.0; Win64; x64) AppleWebKit/537.36 Edg/124.0.0.0"
66.249.75.10 - - [03/Jul/2026:15:32:55 +0000] "GET /articles/2026/q2 HTTP/1.1" 200 81842 "-" "Mozilla/5.0 (compatible; Googlebot/2.1; +http://www.google.com/bot.html)"
156.146.62.11 - - [03/Jul/2026:15:32:56 +0000] "OPTIONS /data.tsv HTTP/1.1" 500 308 "-" "sqlmap/1.8.4#stable"
66.249.75.10 - - [03/Jul/2026:15:32:56 +0000] "GET /articles/2026/q2 HTTP/1.1" 200 29816 "-" "Mozilla/5.0 (Macintosh; Intel Mac OS X 14_5) AppleWebKit/605.1.15 Version/17.4 Safari/605.1.15"
104.244.72.115 - - [03/Jul/2026:15:32:57 +0000] "GET /dotenv.env HTTP/1.1" 500 1158 "-" "Go-http-client/1.1"
80.85.246.17 - - [03/Jul/2026:15:32:57 +0000] "GET /assets/js/fckeditor HTTP/1.1" 404 1148 "-" "masscan/1.3 (https://github.com/robertdavidgraham/masscan)"
157.55.39.7 - - [03/Jul/2026:15:32:57 +0000] "GET /api/news HTTP/1.1" 200 37304 "-" "Mozilla/5.0 (X11; Linux x86_64) AppleWebKit/537.36 Chrome/122.0.0.0 Safari/537.36"
66.249.75.10 - - [03/Jul/2026:15:32:58 +0000] "GET /assets/logo.svg HTTP/1.1" 200 59896 "/robots.txt" "Mozilla/5.0 (iPhone; CPU iPhone OS 17_4 like Mac OS X) AppleWebKit/605.1.15 Version/17.4 Mobile/15E148 Safari/604.1"
10.42.1.200 - - [03/Jul/2026:15:32:58 +0000] "GET /healthz HTTP/1.1" 200 4096 "-" "curl/8.6.0"
212.76.133.14 - - [03/Jul/2026:15:33:01 +0000] "GET /healthz HTTP/1.1" 200 1458 "/metrics" "Mozilla/5.0 (compatible; YandexBot/3.0; +http://yandex.com/bots)"
79.49.70.241 - - [03/Jul/2026:15:33:02 +0000] "GET /robots.txt HTTP/1.1" 200 49547 "-" "Mozilla/5.0 (Windows NT 10.0; Win64; x64) AppleWebKit/537.36 Edg/124.0.0.0"
10.42.2.222 - - [03/Jul/2026:15:33:03 +0000] "GET /healthz HTTP/1.1" 200 3327 "-" "kube-probe/1.30"
188.18.77.220 - - [03/Jul/2026:15:33:04 +0000] "GET /api/news HTTP/1.1" 200 9009 "-" "Mozilla/5.0 (iPad; CPU OS 17_4 like Mac OS X) AppleWebKit/605.1.15 Version/17.4 Mobile/15E148 Safari/604.1"
57.183.96.15 - - [03/Jul/2026:15:33:04 +0000] "HEAD /assets/site.css HTTP/1.1" 304 3329 "-" "Mozilla/5.0 (Macintosh; Intel Mac OS X 14_5) AppleWebKit/537.36 Chrome/124.0.0.0 Safari/537.36"
45.9.148.77 - - [03/Jul/2026:15:33:04 +0000] "GET /sql/webadmin/ HTTP/1.1" 302 477 "-" "feroxbuster/2.11.0"
156.146.62.11 - - [03/Jul/2026:15:33:05 +0000] "GET /backup-2024.zip HTTP/1.1" 404 2452 "-" "dirsearch/0.4.3"
66.249.75.10 - - [03/Jul/2026:15:33:06 +0000] "HEAD /assets/logo.svg HTTP/1.1" 304 3675 "/" "Mozilla/5.0 (Windows NT 10.0; Win64; rv:124.0) Gecko/20100101 Firefox/124.0"
66.249.75.10 - - [03/Jul/2026:15:33:07 +0000] "GET /api/news HTTP/1.1" 200 29273 "/assets/logo.svg" "Mozilla/5.0 (iPhone; CPU iPhone OS 17_4 like Mac OS X) AppleWebKit/605.1.15 Version/17.4 Mobile/15E148 Safari/604.1"
46.188.19.142 - - [03/Jul/2026:15:33:08 +0000] "GET /api/news HTTP/1.1" 200 37945 "-" "Mozilla/5.0 (Macintosh; Intel Mac OS X 14_5) AppleWebKit/605.1.15 Version/17.4 Safari/605.1.15"
157.55.39.7 - - [03/Jul/2026:15:33:09 +0000] "GET /about HTTP/1.1" 200 16495 "-" "Mozilla/5.0 (Macintosh; Intel Mac OS X 14_5) AppleWebKit/605.1.15 Version/17.4 Safari/605.1.15"
156.146.62.11 - - [03/Jul/2026:15:33:09 +0000] "OPTIONS /httpd/logs/access.log HTTP/1.1" 405 347 "-" "python-requests/2.31.0"
171.25.193.20 - - [03/Jul/2026:15:33:10 +0000] "GET /heapdump.json HTTP/1.1" 404 2166 "-" "python-requests/2.31.0"
46.188.19.142 - - [03/Jul/2026:15:33:12 +0000] "GET /contacts HTTP/1.1" 304 1347 "/api/products" "DuckDuckBot/1.0; (+http://duckduckgo.com/duckduckbot)"
157.55.39.7 - - [03/Jul/2026:15:33:12 +0000] "GET /assets/app.js HTTP/1.1" 200 73474 "/assets/app.js" "Mozilla/5.0 (compatible; bingbot/2.0; +http://www.bing.com/bingbot.htm)"
157.55.39.7 - - [03/Jul/2026:15:33:12 +0000] "GET /sitemap.xml HTTP/1.1" 200 5682 "-" "Mozilla/5.0 (Macintosh; Intel Mac OS X 14_5) AppleWebKit/605.1.15 Version/17.4 Safari/605.1.15"
212.76.133.14 - - [03/Jul/2026:15:33:13 +0000] "GET /assets/logo.svg HTTP/1.1" 200 74582 "-" "Mozilla/5.0 (Macintosh; Intel Mac OS X 14_5) AppleWebKit/605.1.15 Version/17.4 Safari/605.1.15"
213.24.11.146 - - [03/Jul/2026:15:33:13 +0000] "GET /sitemap.xml HTTP/1.1" 304 178 "-" "Mozilla/5.0 (Linux; Android 13; SM-S918B) AppleWebKit/537.36 SamsungBrowser/24.0 Chrome/120.0 Mobile Safari/537.36"
156.146.62.11 - - [03/Jul/2026:15:33:13 +0000] "GET /access.log HTTP/1.1" 404 2201 "-" "gobuster/3.6"
80.85.246.17 - - [03/Jul/2026:15:33:14 +0000] "GET /app/storage/ HTTP/1.1" 500 2357 "-" "feroxbuster/2.11.0"
45.9.148.77 - - [03/Jul/2026:15:33:15 +0000] "GET /nginx-ssl.access.log HTTP/1.1" 302 2000 "-" "Nmap Scripting Engine"
40.77.167.21 - - [03/Jul/2026:15:33:15 +0000] "HEAD /about HTTP/1.1" 200 21447 "-" "DuckDuckBot/1.0; (+http://duckduckgo.com/duckduckbot)"
185.220.101.54 - - [03/Jul/2026:15:33:16 +0000] "GET /adminer-4.7.8.php HTTP/1.1" 404 2553 "-" "Nmap Scripting Engine"
46.188.19.142 - - [03/Jul/2026:15:33:16 +0000] "GET /assets/logo.svg HTTP/1.1" 304 3913 "-" "Mozilla/5.0 (Windows NT 10.0; Win64; x64) AppleWebKit/537.36 Chrome/123.0.0.0 Safari/537.36"
91.198.174.22 - - [03/Jul/2026:15:33:17 +0000] "GET /favicon.ico HTTP/1.1" 200 35751 "/robots.txt" "Mozilla/5.0 (Linux; Android 13; SM-S918B) AppleWebKit/537.36 SamsungBrowser/24.0 Chrome/120.0 Mobile Safari/537.36"
56.236.98.217 - - [03/Jul/2026:15:33:18 +0000] "GET /api/products HTTP/1.1" 200 437 "-" "Mozilla/5.0 (X11; Linux x86_64) AppleWebKit/537.36 Chrome/122.0.0.0 Safari/537.36"
45.146.164.12 - - [03/Jul/2026:15:33:19 +0000] "GET /debug/vars HTTP/1.1" 404 1914 "-" "dirsearch/0.4.3"
185.220.101.54 - - [03/Jul/2026:15:33:20 +0000] "HEAD /composer.json HTTP/1.1" 500 190 "-" "masscan/1.3 (https://github.com/robertdavidgraham/masscan)"
133.173.153.100 - - [03/Jul/2026:15:33:20 +0000] "GET /war/WEB-INF/deploy/ HTTP/1.1" 404 1206 "-" "gobuster/3.6"
171.25.193.20 - - [03/Jul/2026:15:33:20 +0000] "HEAD /phpMyAdmin-3.3.1/ HTTP/1.1" 404 2299 "-" "masscan/1.3 (https://github.com/robertdavidgraham/masscan)"
45.9.148.77 - - [03/Jul/2026:15:33:21 +0000] "GET /nginx-access.log HTTP/1.1" 403 775 "-" "DirBuster-1.0-RC1"
141.8.153.222 - - [03/Jul/2026:15:33:22 +0000] "GET /products HTTP/1.1" 200 63280 "-" "Mozilla/5.0 (Windows NT 10.0; Win64; rv:124.0) Gecko/20100101 Firefox/124.0"
157.55.39.7 - - [03/Jul/2026:15:33:22 +0000] "GET /robots.txt HTTP/1.1" 200 77200 "-" "Mozilla/5.0 (Windows NT 10.0; Win64; rv:124.0) Gecko/20100101 Firefox/124.0"
77.88.55.201 - - [03/Jul/2026:15:33:23 +0000] "GET / HTTP/1.1" 200 48049 "-" "Mozilla/5.0 (Linux; Android 13; SM-S918B) AppleWebKit/537.36 SamsungBrowser/24.0 Chrome/120.0 Mobile Safari/537.36"
10.42.3.99 - - [03/Jul/2026:15:33:23 +0000] "GET /metrics HTTP/1.1" 200 1002 "-" "kube-probe/1.30"
171.25.193.20 - - [03/Jul/2026:15:33:24 +0000] "OPTIONS /apache/logs/access.log HTTP/1.1" 403 869 "-" "masscan/1.3 (https://github.com/robertdavidgraham/masscan)"
40.77.167.21 - - [03/Jul/2026:15:33:24 +0000] "GET /healthz HTTP/1.1" 304 1594 "/robots.txt" "Mozilla/5.0 (Windows NT 10.0; Win64; rv:124.0) Gecko/20100101 Firefox/124.0"
80.85.246.17 - - [03/Jul/2026:15:33:24 +0000] "HEAD /localsettings.php.bak HTTP/1.1" 404 2270 "-" "gobuster/3.6"
40.77.167.21 - - [03/Jul/2026:15:33:24 +0000] "GET /assets/logo.svg HTTP/1.1" 304 722 "-" "Mozilla/5.0 (Windows NT 10.0; Win64; rv:124.0) Gecko/20100101 Firefox/124.0"
156.146.62.11 - - [03/Jul/2026:15:33:25 +0000] "GET /.listings HTTP/1.1" 301 1291 "-" "masscan/1.3 (https://github.com/robertdavidgraham/masscan)"
5.188.206.67 - - [03/Jul/2026:15:33:26 +0000] "HEAD /log/access.log HTTP/1.1" 404 1180 "-" "Wfuzz/3.1.0"
10.42.3.194 - - [03/Jul/2026:15:33:26 +0000] "GET /healthz HTTP/1.1" 200 5681 "-" "kube-probe/1.30"
23.129.64.112 - - [03/Jul/2026:15:33:26 +0000] "GET /fastlane/test_output HTTP/1.1" 302 223 "-" "ffuf/2.1.0"
10.42.2.88 - - [03/Jul/2026:15:33:27 +0000] "GET /metrics HTTP/1.1" 200 4198 "-" "curl/8.6.0"
40.77.167.21 - - [03/Jul/2026:15:33:27 +0000] "GET /healthz HTTP/1.1" 200 83468 "-" "Mozilla/5.0 (iPad; CPU OS 17_4 like Mac OS X) AppleWebKit/605.1.15 Version/17.4 Mobile/15E148 Safari/604.1"
66.249.75.10 - - [03/Jul/2026:15:33:29 +0000] "GET /assets/app.js HTTP/1.1" 200 79357 "/assets/logo.svg" "Mozilla/5.0 (X11; Linux x86_64) AppleWebKit/537.36 Chrome/122.0.0.0 Safari/537.36"
175.122.86.81 - - [03/Jul/2026:15:33:30 +0000] "GET /contacts HTTP/1.1" 200 41943 "-" "Mozilla/5.0 (Windows NT 10.0; Win64; x64) AppleWebKit/537.36 Chrome/123.0.0.0 Safari/537.36"
91.198.174.22 - - [03/Jul/2026:15:33:31 +0000] "GET /about HTTP/1.1" 200 60368 "/about" "Mozilla/5.0 (Macintosh; Intel Mac OS X 14_5) AppleWebKit/537.36 Chrome/124.0.0.0 Safari/537.36"
203.0.113.77 - - [03/Jul/2026:15:33:31 +0000] "GET /assets/app.js HTTP/1.1" 304 803 "/api/products" "Mozilla/5.0 (iPad; CPU OS 17_4 like Mac OS X) AppleWebKit/605.1.15 Version/17.4 Mobile/15E148 Safari/604.1"
188.18.77.220 - - [03/Jul/2026:15:33:32 +0000] "GET /api/products HTTP/1.1" 200 40368 "-" "Mozilla/5.0 (compatible; bingbot/2.0; +http://www.bing.com/bingbot.htm)"
40.77.167.21 - - [03/Jul/2026:15:33:32 +0000] "GET /api/news HTTP/1.1" 200 83349 "/assets/logo.svg" "Mozilla/5.0 (Windows NT 10.0; Win64; x64) AppleWebKit/537.36 Edg/124.0.0.0"
156.146.62.11 - - [03/Jul/2026:15:33:34 +0000] "GET /access.log HTTP/1.1" 404 1708 "-" "python-requests/2.31.0"
198.51.100.45 - - [03/Jul/2026:15:33:35 +0000] "GET /favicon.ico HTTP/1.1" 200 46200 "-" "Mozilla/5.0 (X11; Linux x86_64) AppleWebKit/537.36 Chrome/122.0.0.0 Safari/537.36"
91.198.174.22 - - [03/Jul/2026:15:33:35 +0000] "GET /products HTTP/1.1" 200 77066 "/assets/app.js" "Mozilla/5.0 (X11; Linux x86_64) AppleWebKit/537.36 Chrome/122.0.0.0 Safari/537.36"
198.51.100.45 - - [03/Jul/2026:15:33:35 +0000] "GET /metrics HTTP/1.1" 200 47612 "-" "Mozilla/5.0 (Windows NT 10.0; Win64; rv:124.0) Gecko/20100101 Firefox/124.0"
213.24.11.146 - - [03/Jul/2026:15:33:35 +0000] "GET /assets/logo.svg HTTP/1.1" 200 56228 "-" "Mozilla/5.0 (compatible; bingbot/2.0; +http://www.bing.com/bingbot.htm)"
80.85.246.17 - - [03/Jul/2026:15:33:36 +0000] "HEAD /.scrapy HTTP/1.1" 403 1374 "-" "dirsearch/0.4.3"
229.169.128.230 - - [03/Jul/2026:15:33:36 +0000] "HEAD / HTTP/1.1" 200 83995 "-" "Mozilla/5.0 (Windows NT 10.0; Win64; rv:124.0) Gecko/20100101 Firefox/124.0"
62.62.219.13 - - [03/Jul/2026:15:33:37 +0000] "GET /healthz HTTP/1.1" 200 46297 "-" "Mozilla/5.0 (X11; Linux x86_64) AppleWebKit/537.36 Chrome/122.0.0.0 Safari/537.36"
45.9.148.77 - - [03/Jul/2026:15:33:37 +0000] "OPTIONS /archive.tar.gz HTTP/1.1" 301 750 "-" "ffuf/2.1.0"
213.24.11.146 - - [03/Jul/2026:15:33:38 +0000] "HEAD /assets/logo.svg HTTP/1.1" 200 23298 "-" "DuckDuckBot/1.0; (+http://duckduckgo.com/duckduckbot)"
141.8.153.222 - - [03/Jul/2026:15:33:39 +0000] "GET /about HTTP/1.1" 304 1999 "/api/products" "DuckDuckBot/1.0; (+http://duckduckgo.com/duckduckbot)"
77.88.55.201 - - [03/Jul/2026:15:33:39 +0000] "GET /assets/logo.svg HTTP/1.1" 200 45019 "-" "Mozilla/5.0 (compatible; bingbot/2.0; +http://www.bing.com/bingbot.htm)"
40.77.167.21 - - [03/Jul/2026:15:33:39 +0000] "GET / HTTP/1.1" 200 49045 "-" "Mozilla/5.0 (Windows NT 10.0; Win64; x64) AppleWebKit/537.36 Edg/124.0.0.0"
45.9.148.77 - - [03/Jul/2026:15:33:40 +0000] "OPTIONS /php_error_log HTTP/1.1" 404 2170 "-" "Nmap Scripting Engine"
212.76.133.14 - - [03/Jul/2026:15:33:40 +0000] "GET /assets/app.js HTTP/1.1" 304 2379 "-" "Mozilla/5.0 (Windows NT 10.0; Win64; x64) AppleWebKit/537.36 Chrome/123.0.0.0 Safari/537.36"
213.24.11.146 - - [03/Jul/2026:15:33:40 +0000] "GET /products HTTP/1.1" 200 6339 "/about" "Mozilla/5.0 (Macintosh; Intel Mac OS X 14_5) AppleWebKit/605.1.15 Version/17.4 Safari/605.1.15"
198.51.100.45 - - [03/Jul/2026:15:33:42 +0000] "GET /assets/logo.svg HTTP/1.1" 200 83316 "-" "Mozilla/5.0 (Macintosh; Intel Mac OS X 14_5) AppleWebKit/605.1.15 Version/17.4 Safari/605.1.15"
198.51.100.45 - - [03/Jul/2026:15:33:42 +0000] "HEAD /assets/app.js HTTP/1.1" 304 3110 "/metrics" "Mozilla/5.0 (Macintosh; Intel Mac OS X 14_5) AppleWebKit/537.36 Chrome/124.0.0.0 Safari/537.36"
123.7.10.16 - - [03/Jul/2026:15:33:42 +0000] "GET /healthz HTTP/1.1" 200 73960 "/assets/logo.svg" "Mozilla/5.0 (Macintosh; Intel Mac OS X 14_5) AppleWebKit/605.1.15 Version/17.4 Safari/605.1.15"
141.8.153.222 - - [03/Jul/2026:15:33:43 +0000] "GET /metrics HTTP/1.1" 200 40472 "-" "Mozilla/5.0 (Linux; Android 13; SM-S918B) AppleWebKit/537.36 SamsungBrowser/24.0 Chrome/120.0 Mobile Safari/537.36"
77.88.55.201 - - [03/Jul/2026:15:33:43 +0000] "GET /contacts HTTP/1.1" 304 3144 "/assets/site.css" "Mozilla/5.0 (X11; Linux x86_64) AppleWebKit/537.36 Chrome/122.0.0.0 Safari/537.36"
157.55.39.7 - - [03/Jul/2026:15:33:44 +0000] "GET /metrics HTTP/1.1" 200 84590 "-" "Mozilla/5.0 (Macintosh; Intel Mac OS X 14_5) AppleWebKit/605.1.15 Version/17.4 Safari/605.1.15"
40.77.167.21 - - [03/Jul/2026:15:33:44 +0000] "GET / HTTP/1.1" 200 54293 "/favicon.ico" "Mozilla/5.0 (iPhone; CPU iPhone OS 17_4 like Mac OS X) AppleWebKit/605.1.15 Version/17.4 Mobile/15E148 Safari/604.1"
80.85.246.17 - - [03/Jul/2026:15:33:45 +0000] "GET /_logs/access.log HTTP/1.1" 404 441 "-" "DirBuster-1.0-RC1"
203.0.113.77 - - [03/Jul/2026:15:33:45 +0000] "GET /sitemap.xml HTTP/1.1" 304 2824 "-" "Mozilla/5.0 (X11; Linux x86_64) AppleWebKit/537.36 Chrome/122.0.0.0 Safari/537.36"
212.76.133.14 - - [03/Jul/2026:15:33:45 +0000] "HEAD /metrics HTTP/1.1" 304 214 "-" "Mozilla/5.0 (Linux; Android 13; SM-S918B) AppleWebKit/537.36 SamsungBrowser/24.0 Chrome/120.0 Mobile Safari/537.36"
156.146.62.11 - - [03/Jul/2026:15:33:46 +0000] "HEAD /prv/ HTTP/1.1" 405 139 "-" "Wfuzz/3.1.0"
213.24.11.146 - - [03/Jul/2026:15:33:47 +0000] "GET /assets/app.js HTTP/1.1" 200 48357 "-" "Mozilla/5.0 (Macintosh; Intel Mac OS X 14_5) AppleWebKit/537.36 Chrome/124.0.0.0 Safari/537.36"
106.114.125.150 - - [03/Jul/2026:15:33:47 +0000] "GET /assets/logo.svg HTTP/1.1" 304 442 "/robots.txt" "Mozilla/5.0 (Macintosh; Intel Mac OS X 14_5) AppleWebKit/605.1.15 Version/17.4 Safari/605.1.15"
134.105.162.184 - - [03/Jul/2026:15:33:47 +0000] "GET /assets/site.css HTTP/1.1" 200 64312 "/about" "Mozilla/5.0 (Windows NT 10.0; Win64; x64) AppleWebKit/537.36 Chrome/123.0.0.0 Safari/537.36"
193.142.147.55 - - [03/Jul/2026:15:33:48 +0000] "GET /webmail/src/configtest.php HTTP/1.1" 500 2024 "-" "Nmap Scripting Engine"
193.142.147.55 - - [03/Jul/2026:15:33:48 +0000] "GET /localsettings.php.save HTTP/1.1" 403 864 "-" "gobuster/3.6"
141.8.153.222 - - [03/Jul/2026:15:33:48 +0000] "GET /robots.txt HTTP/1.1" 200 6416 "/metrics" "Mozilla/5.0 (iPhone; CPU iPhone OS 17_4 like Mac OS X) AppleWebKit/605.1.15 Version/17.4 Mobile/15E148 Safari/604.1"
141.8.153.222 - - [03/Jul/2026:15:33:49 +0000] "GET /contacts HTTP/1.1" 200 35461 "/sitemap.xml" "Mozilla/5.0 (Windows NT 10.0; Win64; x64) AppleWebKit/537.36 Chrome/123.0.0.0 Safari/537.36"
46.188.19.142 - - [03/Jul/2026:15:33:49 +0000] "GET /sitemap.xml HTTP/1.1" 200 23557 "-" "Mozilla/5.0 (Macintosh; Intel Mac OS X 14_5) AppleWebKit/605.1.15 Version/17.4 Safari/605.1.15"
77.88.55.201 - - [03/Jul/2026:15:33:49 +0000] "GET /articles/2026/q2 HTTP/1.1" 200 64492 "-" "Mozilla/5.0 (compatible; Googlebot/2.1; +http://www.google.com/bot.html)"
185.220.101.54 - - [03/Jul/2026:15:33:50 +0000] "GET /Cargo.lock HTTP/1.1" 404 1713 "-" "ffuf/2.1.0"
5.188.206.67 - - [03/Jul/2026:15:33:50 +0000] "GET /tmp/access.log HTTP/1.1" 404 484 "-" "Nmap Scripting Engine"
188.18.77.220 - - [03/Jul/2026:15:33:50 +0000] "GET /metrics HTTP/1.1" 200 51049 "/assets/app.js" "Mozilla/5.0 (X11; Linux x86_64) AppleWebKit/537.36 Chrome/122.0.0.0 Safari/537.36"
188.18.77.220 - - [03/Jul/2026:15:33:50 +0000] "GET /assets/logo.svg HTTP/1.1" 200 79592 "/products" "Mozilla/5.0 (Windows NT 10.0; Win64; x64) AppleWebKit/537.36 Edg/124.0.0.0"
12.194.51.157 - - [03/Jul/2026:15:33:50 +0000] "GET /metrics HTTP/1.1" 200 64259 "/assets/site.css" "Mozilla/5.0 (Windows NT 10.0; Win64; rv:124.0) Gecko/20100101 Firefox/124.0"
46.188.19.142 - - [03/Jul/2026:15:33:51 +0000] "GET /assets/app.js HTTP/1.1" 200 788 "-" "Mozilla/5.0 (Macintosh; Intel Mac OS X 14_5) AppleWebKit/605.1.15 Version/17.4 Safari/605.1.15"
203.0.113.77 - - [03/Jul/2026:15:33:51 +0000] "GET /about HTTP/1.1" 304 2458 "-" "Mozilla/5.0 (Windows NT 10.0; Win64; x64) AppleWebKit/537.36 Edg/124.0.0.0"
77.88.55.201 - - [03/Jul/2026:15:33:52 +0000] "GET /assets/site.css HTTP/1.1" 200 43468 "-" "Mozilla/5.0 (Windows NT 10.0; Win64; rv:124.0) Gecko/20100101 Firefox/124.0"
46.188.19.142 - - [03/Jul/2026:15:33:52 +0000] "GET /sitemap.xml HTTP/1.1" 200 686 "-" "DuckDuckBot/1.0; (+http://duckduckgo.com/duckduckbot)"
10.42.3.105 - - [03/Jul/2026:15:33:54 +0000] "GET /metrics HTTP/1.1" 200 176 "-" "kube-probe/1.30"
194.26.29.89 - - [03/Jul/2026:15:33:54 +0000] "GET /pages/admin/admin-login.html HTTP/1.1" 404 1343 "-" "masscan/1.3 (https://github.com/robertdavidgraham/masscan)"
141.8.153.222 - - [03/Jul/2026:15:33:54 +0000] "GET /sitemap.xml HTTP/1.1" 200 2407 "-" "Mozilla/5.0 (Windows NT 10.0; Win64; rv:124.0) Gecko/20100101 Firefox/124.0"
91.198.174.22 - - [03/Jul/2026:15:33:54 +0000] "GET /assets/logo.svg HTTP/1.1" 200 68566 "-" "Mozilla/5.0 (Macintosh; Intel Mac OS X 14_5) AppleWebKit/605.1.15 Version/17.4 Safari/605.1.15"
212.76.133.14 - - [03/Jul/2026:15:33:55 +0000] "GET /favicon.ico HTTP/1.1" 304 3407 "-" "Mozilla/5.0 (Macintosh; Intel Mac OS X 14_5) AppleWebKit/605.1.15 Version/17.4 Safari/605.1.15"
40.77.167.21 - - [03/Jul/2026:15:33:56 +0000] "GET /articles/2026/q2 HTTP/1.1" 304 425 "-" "Mozilla/5.0 (Macintosh; Intel Mac OS X 14_5) AppleWebKit/537.36 Chrome/124.0.0.0 Safari/537.36"
104.244.72.115 - - [03/Jul/2026:15:33:56 +0000] "GET /dev.env HTTP/1.1" 404 919 "-" "Nmap Scripting Engine"
45.146.164.12 - - [03/Jul/2026:15:33:56 +0000] "OPTIONS /stats/ HTTP/1.1" 404 803 "-" "python-requests/2.31.0"
157.55.39.7 - - [03/Jul/2026:15:33:56 +0000] "GET / HTTP/1.1" 200 1580 "-" "Mozilla/5.0 (Windows NT 10.0; Win64; x64) AppleWebKit/537.36 Chrome/123.0.0.0 Safari/537.36"
157.55.39.7 - - [03/Jul/2026:15:33:57 +0000] "GET /assets/site.css HTTP/1.1" 200 7681 "/articles/2026/q2" "Mozilla/5.0 (Windows NT 10.0; Win64; x64) AppleWebKit/537.36 Chrome/123.0.0.0 Safari/537.36"
40.77.167.21 - - [03/Jul/2026:15:33:58 +0000] "GET /assets/logo.svg HTTP/1.1" 200 3814 "-" "Mozilla/5.0 (Windows NT 10.0; Win64; x64) AppleWebKit/537.36 Edg/124.0.0.0"
132.243.227.245 - - [03/Jul/2026:15:33:58 +0000] "GET /api/news HTTP/1.1" 200 25566 "/favicon.ico" "DuckDuckBot/1.0; (+http://duckduckgo.com/duckduckbot)"
10.42.0.202 - - [03/Jul/2026:15:33:58 +0000] "GET /metrics HTTP/1.1" 200 5829 "-" "kube-probe/1.30"
156.146.62.11 - - [03/Jul/2026:15:34:00 +0000] "OPTIONS /apache/logs/access.log HTTP/1.1" 404 2534 "-" "python-requests/2.31.0"
185.220.101.54 - - [03/Jul/2026:15:34:00 +0000] "GET /admrev/ HTTP/1.1" 403 1545 "-" "ffuf/2.1.0"
198.51.100.45 - - [03/Jul/2026:15:34:00 +0000] "HEAD /favicon.ico HTTP/1.1" 200 76588 "-" "Mozilla/5.0 (iPhone; CPU iPhone OS 17_4 like Mac OS X) AppleWebKit/605.1.15 Version/17.4 Mobile/15E148 Safari/604.1"
171.25.193.20 - - [03/Jul/2026:15:34:00 +0000] "OPTIONS /.htaccess.sample HTTP/1.1" 403 926 "-" "Nmap Scripting Engine"
10.42.1.148 - - [03/Jul/2026:15:34:00 +0000] "GET /healthz HTTP/1.1" 200 5102 "-" "kube-probe/1.30"
203.0.113.77 - - [03/Jul/2026:15:34:00 +0000] "GET /healthz HTTP/1.1" 200 83269 "-" "Mozilla/5.0 (Windows NT 10.0; Win64; x64) AppleWebKit/537.36 Chrome/123.0.0.0 Safari/537.36"
213.24.11.146 - - [03/Jul/2026:15:34:00 +0000] "GET /about HTTP/1.1" 200 74379 "-" "Mozilla/5.0 (Macintosh; Intel Mac OS X 14_5) AppleWebKit/605.1.15 Version/17.4 Safari/605.1.15"
10.42.1.58 - - [03/Jul/2026:15:34:01 +0000] "GET /healthz HTTP/1.1" 200 4868 "-" "curl/8.6.0"
52.254.238.51 - - [03/Jul/2026:15:34:01 +0000] "GET /api/news HTTP/1.1" 200 73438 "/api/products" "Mozilla/5.0 (Macintosh; Intel Mac OS X 14_5) AppleWebKit/537.36 Chrome/124.0.0.0 Safari/537.36"
203.0.113.77 - - [03/Jul/2026:15:34:02 +0000] "GET /products HTTP/1.1" 304 3703 "/healthz" "Mozilla/5.0 (Macintosh; Intel Mac OS X 14_5) AppleWebKit/605.1.15 Version/17.4 Safari/605.1.15"
119.200.93.43 - - [03/Jul/2026:15:34:02 +0000] "GET /metrics HTTP/1.1" 200 10652 "-" "Mozilla/5.0 (Macintosh; Intel Mac OS X 14_5) AppleWebKit/537.36 Chrome/124.0.0.0 Safari/537.36"
40.77.167.21 - - [03/Jul/2026:15:34:02 +0000] "GET /assets/logo.svg HTTP/1.1" 200 81828 "/products" "Mozilla/5.0 (Linux; Android 13; SM-S918B) AppleWebKit/537.36 SamsungBrowser/24.0 Chrome/120.0 Mobile Safari/537.36"
193.142.147.55 - - [03/Jul/2026:15:34:02 +0000] "OPTIONS /.env.development.local HTTP/1.1" 301 904 "-" "python-requests/2.31.0"
188.18.77.220 - - [03/Jul/2026:15:34:03 +0000] "GET /about HTTP/1.1" 200 55886 "-" "Mozilla/5.0 (iPhone; CPU iPhone OS 17_4 like Mac OS X) AppleWebKit/605.1.15 Version/17.4 Mobile/15E148 Safari/604.1"
40.77.167.21 - - [03/Jul/2026:15:34:03 +0000] "GET /assets/logo.svg HTTP/1.1" 200 19135 "/" "Mozilla/5.0 (iPad; CPU OS 17_4 like Mac OS X) AppleWebKit/605.1.15 Version/17.4 Mobile/15E148 Safari/604.1"
66.249.75.10 - - [03/Jul/2026:15:34:03 +0000] "GET /contacts HTTP/1.1" 200 62027 "/favicon.ico" "Mozilla/5.0 (Macintosh; Intel Mac OS X 14_5) AppleWebKit/537.36 Chrome/124.0.0.0 Safari/537.36"
66.249.75.10 - - [03/Jul/2026:15:34:04 +0000] "GET /healthz HTTP/1.1" 200 54046 "-" "Mozilla/5.0 (iPhone; CPU iPhone OS 17_4 like Mac OS X) AppleWebKit/605.1.15 Version/17.4 Mobile/15E148 Safari/604.1"
45.9.148.77 - - [03/Jul/2026:15:34:05 +0000] "GET /v1/test/js/console_ajax.js HTTP/1.1" 403 1318 "-" "gobuster/3.6"
45.146.164.12 - - [03/Jul/2026:15:34:05 +0000] "OPTIONS /wsadmin.valout HTTP/1.1" 404 186 "-" "python-requests/2.31.0"
77.88.55.201 - - [03/Jul/2026:15:34:05 +0000] "GET /articles/2026/q2 HTTP/1.1" 200 76246 "-" "Mozilla/5.0 (Linux; Android 13; SM-S918B) AppleWebKit/537.36 SamsungBrowser/24.0 Chrome/120.0 Mobile Safari/537.36"
77.88.55.201 - - [03/Jul/2026:15:34:05 +0000] "GET /api/products HTTP/1.1" 200 84130 "-" "Mozilla/5.0 (Macintosh; Intel Mac OS X 14_5) AppleWebKit/605.1.15 Version/17.4 Safari/605.1.15"
23.129.64.112 - - [03/Jul/2026:15:34:05 +0000] "GET /!.htaccess HTTP/1.1" 405 366 "-" "dirsearch/0.4.3"
185.193.88.77 - - [03/Jul/2026:15:34:05 +0000] "OPTIONS /phpfm-1.7.7/ HTTP/1.1" 404 649 "-" "python-requests/2.31.0"
66.249.75.10 - - [03/Jul/2026:15:34:06 +0000] "GET /metrics HTTP/1.1" 200 16719 "/products" "Mozilla/5.0 (X11; Linux x86_64) AppleWebKit/537.36 Chrome/122.0.0.0 Safari/537.36"
213.24.11.146 - - [03/Jul/2026:15:34:06 +0000] "GET /api/products HTTP/1.1" 304 1518 "/healthz" "Mozilla/5.0 (Windows NT 10.0; Win64; rv:124.0) Gecko/20100101 Firefox/124.0"
188.18.77.220 - - [03/Jul/2026:15:34:07 +0000] "GET /products HTTP/1.1" 200 63114 "/about" "Mozilla/5.0 (Macintosh; Intel Mac OS X 14_5) AppleWebKit/537.36 Chrome/124.0.0.0 Safari/537.36"
46.188.19.142 - - [03/Jul/2026:15:34:09 +0000] "GET /favicon.ico HTTP/1.1" 200 76806 "-" "Mozilla/5.0 (Windows NT 10.0; Win64; x64) AppleWebKit/537.36 Edg/124.0.0.0"
203.0.113.77 - - [03/Jul/2026:15:34:09 +0000] "GET /favicon.ico HTTP/1.1" 200 16729 "-" "Mozilla/5.0 (Macintosh; Intel Mac OS X 14_5) AppleWebKit/605.1.15 Version/17.4 Safari/605.1.15"
10.42.0.130 - - [03/Jul/2026:15:34:10 +0000] "GET /healthz HTTP/1.1" 200 5555 "-" "curl/8.6.0"
91.198.174.22 - - [03/Jul/2026:15:34:11 +0000] "GET /sitemap.xml HTTP/1.1" 200 45643 "-" "Mozilla/5.0 (X11; Linux x86_64) AppleWebKit/537.36 Chrome/122.0.0.0 Safari/537.36"
171.25.193.20 - - [03/Jul/2026:15:34:11 +0000] "GET /.svn/entries HTTP/1.1" 404 2401 "-" "python-requests/2.31.0"
45.9.148.77 - - [03/Jul/2026:15:34:12 +0000] "GET /.travis.yml HTTP/1.1" 404 488 "-" "masscan/1.3 (https://github.com/robertdavidgraham/masscan)"
40.77.167.21 - - [03/Jul/2026:15:34:12 +0000] "GET /assets/site.css HTTP/1.1" 304 3148 "-" "Mozilla/5.0 (Macintosh; Intel Mac OS X 14_5) AppleWebKit/605.1.15 Version/17.4 Safari/605.1.15"
57.108.60.136 - - [03/Jul/2026:15:34:12 +0000] "GET /products HTTP/1.1" 200 34097 "/favicon.ico" "Mozilla/5.0 (Macintosh; Intel Mac OS X 14_5) AppleWebKit/605.1.15 Version/17.4 Safari/605.1.15"
80.85.246.17 - - [03/Jul/2026:15:34:13 +0000] "GET /MANIFEST.MF HTTP/1.1" 405 1136 "-" "python-requests/2.31.0"
188.18.77.220 - - [03/Jul/2026:15:34:13 +0000] "GET /contacts HTTP/1.1" 200 18951 "-" "Mozilla/5.0 (Macintosh; Intel Mac OS X 14_5) AppleWebKit/537.36 Chrome/124.0.0.0 Safari/537.36"
10.42.0.97 - - [03/Jul/2026:15:34:13 +0000] "GET /healthz HTTP/1.1" 200 3889 "-" "kube-probe/1.30"
157.55.39.7 - - [03/Jul/2026:15:34:13 +0000] "GET /contacts HTTP/1.1" 200 49915 "-" "Mozilla/5.0 (Macintosh; Intel Mac OS X 14_5) AppleWebKit/605.1.15 Version/17.4 Safari/605.1.15"
104.244.72.115 - - [03/Jul/2026:15:34:13 +0000] "GET /httpd/logs/access.log HTTP/1.1" 404 1536 "-" "DirBuster-1.0-RC1"
185.220.101.54 - - [03/Jul/2026:15:34:14 +0000] "GET /RELEASE_NOTES.txt HTTP/1.1" 404 2107 "-" "masscan/1.3 (https://github.com/robertdavidgraham/masscan)"
141.8.153.222 - - [03/Jul/2026:15:34:14 +0000] "GET /assets/app.js HTTP/1.1" 200 63833 "/api/products" "Mozilla/5.0 (Macintosh; Intel Mac OS X 14_5) AppleWebKit/605.1.15 Version/17.4 Safari/605.1.15"
213.24.11.146 - - [03/Jul/2026:15:34:16 +0000] "HEAD /metrics HTTP/1.1" 304 2270 "-" "Mozilla/5.0 (Windows NT 10.0; Win64; rv:124.0) Gecko/20100101 Firefox/124.0"
130.11.88.248 - - [03/Jul/2026:15:34:16 +0000] "GET /node_modules/ HTTP/1.1" 500 1754 "-" "Go-http-client/1.1"
213.24.11.146 - - [03/Jul/2026:15:34:16 +0000] "GET /assets/site.css HTTP/1.1" 200 58417 "/" "Mozilla/5.0 (Linux; Android 13; SM-S918B) AppleWebKit/537.36 SamsungBrowser/24.0 Chrome/120.0 Mobile Safari/537.36"
157.55.39.7 - - [03/Jul/2026:15:34:16 +0000] "GET /about HTTP/1.1" 200 73985 "/" "Mozilla/5.0 (Windows NT 10.0; Win64; rv:124.0) Gecko/20100101 Firefox/124.0"
185.220.101.54 - - [03/Jul/2026:15:34:17 +0000] "GET /index.tar.bz2 HTTP/1.1" 404 593 "-" "Nmap Scripting Engine"
46.188.19.142 - - [03/Jul/2026:15:34:17 +0000] "GET /assets/site.css HTTP/1.1" 200 84077 "-" "Mozilla/5.0 (Windows NT 10.0; Win64; x64) AppleWebKit/537.36 Edg/124.0.0.0"
66.249.75.10 - - [03/Jul/2026:15:34:18 +0000] "GET /assets/logo.svg HTTP/1.1" 200 63763 "/products" "Mozilla/5.0 (X11; Linux x86_64) AppleWebKit/537.36 Chrome/122.0.0.0 Safari/537.36"
91.198.174.22 - - [03/Jul/2026:15:34:18 +0000] "GET /articles/2026/q2 HTTP/1.1" 200 62112 "-" "Mozilla/5.0 (Macintosh; Intel Mac OS X 14_5) AppleWebKit/605.1.15 Version/17.4 Safari/605.1.15"
5.188.206.67 - - [03/Jul/2026:15:34:19 +0000] "HEAD /prv/ HTTP/1.1" 404 170 "-" "masscan/1.3 (https://github.com/robertdavidgraham/masscan)"
79.178.118.88 - - [03/Jul/2026:15:34:19 +0000] "GET /articles/2026/q2 HTTP/1.1" 200 45328 "-" "Mozilla/5.0 (Windows NT 10.0; Win64; x64) AppleWebKit/537.36 Chrome/123.0.0.0 Safari/537.36"
157.55.39.7 - - [03/Jul/2026:15:34:20 +0000] "GET /api/news HTTP/1.1" 200 6788 "/favicon.ico" "Mozilla/5.0 (iPad; CPU OS 17_4 like Mac OS X) AppleWebKit/605.1.15 Version/17.4 Mobile/15E148 Safari/604.1"
141.8.153.222 - - [03/Jul/2026:15:34:20 +0000] "GET /api/products HTTP/1.1" 200 69516 "/contacts" "Mozilla/5.0 (Linux; Android 13; SM-S918B) AppleWebKit/537.36 SamsungBrowser/24.0 Chrome/120.0 Mobile Safari/537.36"
5.188.206.67 - - [03/Jul/2026:15:34:21 +0000] "HEAD /.SyncID HTTP/1.1" 500 2115 "-" "feroxbuster/2.11.0"
198.51.100.45 - - [03/Jul/2026:15:34:21 +0000] "HEAD /healthz HTTP/1.1" 304 3471 "-" "Mozilla/5.0 (Macintosh; Intel Mac OS X 14_5) AppleWebKit/537.36 Chrome/124.0.0.0 Safari/537.36"
77.88.55.201 - - [03/Jul/2026:15:34:22 +0000] "HEAD /assets/logo.svg HTTP/1.1" 200 14513 "-" "Mozilla/5.0 (Linux; Android 13; SM-S918B) AppleWebKit/537.36 SamsungBrowser/24.0 Chrome/120.0 Mobile Safari/537.36"
188.18.77.220 - - [03/Jul/2026:15:34:22 +0000] "GET /assets/site.css HTTP/1.1" 200 81124 "-" "Mozilla/5.0 (iPhone; CPU iPhone OS 17_4 like Mac OS X) AppleWebKit/605.1.15 Version/17.4 Mobile/15E148 Safari/604.1"
77.88.55.201 - - [03/Jul/2026:15:34:22 +0000] "GET /healthz HTTP/1.1" 304 3480 "/assets/logo.svg" "Mozilla/5.0 (iPhone; CPU iPhone OS 17_4 like Mac OS X) AppleWebKit/605.1.15 Version/17.4 Mobile/15E148 Safari/604.1"
203.0.113.77 - - [03/Jul/2026:15:34:22 +0000] "GET /products HTTP/1.1" 200 67440 "-" "Mozilla/5.0 (Macintosh; Intel Mac OS X 14_5) AppleWebKit/605.1.15 Version/17.4 Safari/605.1.15"
157.55.39.7 - - [03/Jul/2026:15:34:22 +0000] "GET /api/news HTTP/1.1" 304 1217 "/metrics" "Mozilla/5.0 (X11; Linux x86_64) AppleWebKit/537.36 Chrome/122.0.0.0 Safari/537.36"
45.9.148.77 - - [03/Jul/2026:15:34:23 +0000] "HEAD /bitrix/tools/vote/uf.php HTTP/1.1" 404 872 "-" "python-requests/2.31.0"
193.142.147.55 - - [03/Jul/2026:15:34:23 +0000] "OPTIONS /api/v3/graphql HTTP/1.1" 404 1599 "-" "dirsearch/0.4.3"
141.8.153.222 - - [03/Jul/2026:15:34:24 +0000] "GET /assets/logo.svg HTTP/1.1" 200 72866 "/healthz" "Mozilla/5.0 (Linux; Android 13; SM-S918B) AppleWebKit/537.36 SamsungBrowser/24.0 Chrome/120.0 Mobile Safari/537.36"
46.188.19.142 - - [03/Jul/2026:15:34:24 +0000] "GET /api/news HTTP/1.1" 304 2400 "-" "Mozilla/5.0 (Linux; Android 13; SM-S918B) AppleWebKit/537.36 SamsungBrowser/24.0 Chrome/120.0 Mobile Safari/537.36"
23.129.64.112 - - [03/Jul/2026:15:34:25 +0000] "HEAD /jboss/server/all/deploy/project.ext HTTP/1.1" 500 931 "-" "ffuf/2.1.0"
188.18.77.220 - - [03/Jul/2026:15:34:25 +0000] "GET /assets/site.css HTTP/1.1" 200 25927 "-" "Mozilla/5.0 (Linux; Android 13; SM-S918B) AppleWebKit/537.36 SamsungBrowser/24.0 Chrome/120.0 Mobile Safari/537.36"
91.198.174.22 - - [03/Jul/2026:15:34:25 +0000] "GET /about HTTP/1.1" 200 19448 "-" "Mozilla/5.0 (Windows NT 10.0; Win64; rv:124.0) Gecko/20100101 Firefox/124.0"
40.77.167.21 - - [03/Jul/2026:15:34:25 +0000] "GET /assets/site.css HTTP/1.1" 200 14101 "-" "Mozilla/5.0 (Windows NT 10.0; Win64; rv:124.0) Gecko/20100101 Firefox/124.0"
198.51.100.45 - - [03/Jul/2026:15:34:25 +0000] "GET /articles/2026/q2 HTTP/1.1" 200 59778 "/healthz" "Mozilla/5.0 (Windows NT 10.0; Win64; rv:124.0) Gecko/20100101 Firefox/124.0"
219.203.44.102 - - [03/Jul/2026:15:34:25 +0000] "GET /metrics HTTP/1.1" 200 36233 "-" "Mozilla/5.0 (Linux; Android 13; SM-S918B) AppleWebKit/537.36 SamsungBrowser/24.0 Chrome/120.0 Mobile Safari/537.36"
156.146.62.11 - - [03/Jul/2026:15:34:26 +0000] "GET /file_upload.php3 HTTP/1.1" 403 1380 "-" "ffuf/2.1.0"
91.198.174.22 - - [03/Jul/2026:15:34:26 +0000] "GET /api/news HTTP/1.1" 200 53290 "-" "Mozilla/5.0 (Windows NT 10.0; Win64; x64) AppleWebKit/537.36 Edg/124.0.0.0"
40.77.167.21 - - [03/Jul/2026:15:34:26 +0000] "GET /articles/2026/q2 HTTP/1.1" 200 27222 "/contacts" "Mozilla/5.0 (Windows NT 10.0; Win64; rv:124.0) Gecko/20100101 Firefox/124.0"
23.129.64.112 - - [03/Jul/2026:15:34:27 +0000] "GET /nginx-access.log HTTP/1.1" 404 2279 "-" "sqlmap/1.8.4#stable"
77.88.55.201 - - [03/Jul/2026:15:34:28 +0000] "GET /products HTTP/1.1" 200 80149 "-" "Mozilla/5.0 (Linux; Android 13; SM-S918B) AppleWebKit/537.36 SamsungBrowser/24.0 Chrome/120.0 Mobile Safari/537.36"
213.24.11.146 - - [03/Jul/2026:15:34:28 +0000] "GET /assets/logo.svg HTTP/1.1" 200 36918 "-" "Mozilla/5.0 (Windows NT 10.0; Win64; x64) AppleWebKit/537.36 Edg/124.0.0.0"
40.77.167.21 - - [03/Jul/2026:15:34:29 +0000] "GET /robots.txt HTTP/1.1" 200 18307 "-" "Mozilla/5.0 (Macintosh; Intel Mac OS X 14_5) AppleWebKit/537.36 Chrome/124.0.0.0 Safari/537.36"
188.18.77.220 - - [03/Jul/2026:15:34:30 +0000] "GET /assets/app.js HTTP/1.1" 304 2734 "-" "Mozilla/5.0 (Macintosh; Intel Mac OS X 14_5) AppleWebKit/537.36 Chrome/124.0.0.0 Safari/537.36"
40.77.167.21 - - [03/Jul/2026:15:34:30 +0000] "GET /assets/app.js HTTP/1.1" 200 14682 "/assets/site.css" "Mozilla/5.0 (iPhone; CPU iPhone OS 17_4 like Mac OS X) AppleWebKit/605.1.15 Version/17.4 Mobile/15E148 Safari/604.1"
91.198.174.22 - - [03/Jul/2026:15:34:31 +0000] "HEAD /robots.txt HTTP/1.1" 304 2323 "-" "Mozilla/5.0 (Linux; Android 13; SM-S918B) AppleWebKit/537.36 SamsungBrowser/24.0 Chrome/120.0 Mobile Safari/537.36"
213.24.11.146 - - [03/Jul/2026:15:34:32 +0000] "GET /about HTTP/1.1" 200 68938 "-" "Mozilla/5.0 (Macintosh; Intel Mac OS X 14_5) AppleWebKit/537.36 Chrome/124.0.0.0 Safari/537.36"
141.8.153.222 - - [03/Jul/2026:15:34:32 +0000] "GET /about HTTP/1.1" 200 67452 "-" "Mozilla/5.0 (Windows NT 10.0; Win64; rv:124.0) Gecko/20100101 Firefox/124.0"
77.88.55.201 - - [03/Jul/2026:15:34:33 +0000] "GET /api/news HTTP/1.1" 304 2224 "-" "DuckDuckBot/1.0; (+http://duckduckgo.com/duckduckbot)"
77.88.55.201 - - [03/Jul/2026:15:34:33 +0000] "GET /assets/logo.svg HTTP/1.1" 200 16475 "/favicon.ico" "Mozilla/5.0 (iPad; CPU OS 17_4 like Mac OS X) AppleWebKit/605.1.15 Version/17.4 Mobile/15E148 Safari/604.1"
141.8.153.222 - - [03/Jul/2026:15:34:34 +0000] "GET /healthz HTTP/1.1" 200 29439 "-" "Mozilla/5.0 (Linux; Android 13; SM-S918B) AppleWebKit/537.36 SamsungBrowser/24.0 Chrome/120.0 Mobile Safari/537.36"
5.188.206.67 - - [03/Jul/2026:15:34:34 +0000] "GET /adminer-4.8.0-en.php HTTP/1.1" 404 1654 "-" "gobuster/3.6"
203.0.113.77 - - [03/Jul/2026:15:34:35 +0000] "GET /healthz HTTP/1.1" 200 37958 "-" "Mozilla/5.0 (Windows NT 10.0; Win64; rv:124.0) Gecko/20100101 Firefox/124.0"
212.76.133.14 - - [03/Jul/2026:15:34:35 +0000] "GET /assets/logo.svg HTTP/1.1" 200 54024 "-" "DuckDuckBot/1.0; (+http://duckduckgo.com/duckduckbot)"
80.85.246.17 - - [03/Jul/2026:15:34:35 +0000] "HEAD /apache/logs/access.log HTTP/1.1" 404 457 "-" "gobuster/3.6"
23.129.64.112 - - [03/Jul/2026:15:34:36 +0000] "GET /data/DoctrineORMModule/cache/ HTTP/1.1" 500 137 "-" "Go-http-client/1.1"
213.24.11.146 - - [03/Jul/2026:15:34:36 +0000] "GET /sitemap.xml HTTP/1.1" 304 3247 "/metrics" "Mozilla/5.0 (Macintosh; Intel Mac OS X 14_5) AppleWebKit/537.36 Chrome/124.0.0.0 Safari/537.36"
66.249.75.10 - - [03/Jul/2026:15:34:37 +0000] "GET /favicon.ico HTTP/1.1" 200 23831 "-" "Mozilla/5.0 (X11; Linux x86_64) AppleWebKit/537.36 Chrome/122.0.0.0 Safari/537.36"
185.220.101.54 - - [03/Jul/2026:15:34:38 +0000] "GET /httpd/logs/access.log HTTP/1.1" 404 2467 "-" "feroxbuster/2.11.0"
198.51.100.45 - - [03/Jul/2026:15:34:39 +0000] "GET /assets/app.js HTTP/1.1" 304 948 "-" "Mozilla/5.0 (iPhone; CPU iPhone OS 17_4 like Mac OS X) AppleWebKit/605.1.15 Version/17.4 Mobile/15E148 Safari/604.1"
171.25.193.20 - - [03/Jul/2026:15:34:40 +0000] "GET /admin_pass HTTP/1.1" 404 1107 "-" "ffuf/2.1.0"
212.76.133.14 - - [03/Jul/2026:15:34:40 +0000] "GET /robots.txt HTTP/1.1" 200 17412 "-" "Mozilla/5.0 (Macintosh; Intel Mac OS X 14_5) AppleWebKit/605.1.15 Version/17.4 Safari/605.1.15"
80.85.246.17 - - [03/Jul/2026:15:34:40 +0000] "GET /blog/error_log HTTP/1.1" 403 1452 "-" "masscan/1.3 (https://github.com/robertdavidgraham/masscan)"
203.0.113.77 - - [03/Jul/2026:15:34:40 +0000] "GET /articles/2026/q2 HTTP/1.1" 200 76885 "/assets/app.js" "Mozilla/5.0 (iPad; CPU OS 17_4 like Mac OS X) AppleWebKit/605.1.15 Version/17.4 Mobile/15E148 Safari/604.1"
188.18.77.220 - - [03/Jul/2026:15:34:41 +0000] "GET /assets/site.css HTTP/1.1" 200 46412 "/about" "Mozilla/5.0 (compatible; bingbot/2.0; +http://www.bing.com/bingbot.htm)"
91.198.174.22 - - [03/Jul/2026:15:34:42 +0000] "GET /about HTTP/1.1" 304 1630 "/api/news" "Mozilla/5.0 (Macintosh; Intel Mac OS X 14_5) AppleWebKit/605.1.15 Version/17.4 Safari/605.1.15"
23.129.64.112 - - [03/Jul/2026:15:34:42 +0000] "GET /swagger/v2/api-docs HTTP/1.1" 404 827 "-" "ffuf/2.1.0"
46.188.19.142 - - [03/Jul/2026:15:34:42 +0000] "GET /assets/app.js HTTP/1.1" 304 1495 "-" "Mozilla/5.0 (Macintosh; Intel Mac OS X 14_5) AppleWebKit/605.1.15 Version/17.4 Safari/605.1.15"
66.249.75.10 - - [03/Jul/2026:15:34:44 +0000] "HEAD /api/products HTTP/1.1" 200 43362 "-" "Mozilla/5.0 (X11; Linux x86_64) AppleWebKit/537.36 Chrome/122.0.0.0 Safari/537.36"
91.198.174.22 - - [03/Jul/2026:15:34:45 +0000] "GET /assets/site.css HTTP/1.1" 200 12346 "-" "Mozilla/5.0 (Linux; Android 13; SM-S918B) AppleWebKit/537.36 SamsungBrowser/24.0 Chrome/120.0 Mobile Safari/537.36"
194.26.29.89 - - [03/Jul/2026:15:34:45 +0000] "GET /file_upload.htm HTTP/1.1" 405 2315 "-" "Wfuzz/3.1.0"
156.146.62.11 - - [03/Jul/2026:15:34:45 +0000] "GET /_logs/access.log HTTP/1.1" 302 1976 "-" "feroxbuster/2.11.0"
212.76.133.14 - - [03/Jul/2026:15:34:45 +0000] "GET /products HTTP/1.1" 304 3453 "-" "Mozilla/5.0 (compatible; Googlebot/2.1; +http://www.google.com/bot.html)"
188.18.77.220 - - [03/Jul/2026:15:34:46 +0000] "HEAD /api/news HTTP/1.1" 200 84360 "/assets/site.css" "Mozilla/5.0 (compatible; bingbot/2.0; +http://www.bing.com/bingbot.htm)"
212.76.133.14 - - [03/Jul/2026:15:34:47 +0000] "GET /healthz HTTP/1.1" 200 55238 "/about" "Mozilla/5.0 (Macintosh; Intel Mac OS X 14_5) AppleWebKit/537.36 Chrome/124.0.0.0 Safari/537.36"
141.8.153.222 - - [03/Jul/2026:15:34:48 +0000] "GET /about HTTP/1.1" 200 60571 "/api/products" "Mozilla/5.0 (Windows NT 10.0; Win64; x64) AppleWebKit/537.36 Edg/124.0.0.0"
104.244.72.115 - - [03/Jul/2026:15:34:48 +0000] "GET /bitrix/components/bitrix/desktop/admin_settings.php HTTP/1.1" 405 1569 "-" "python-requests/2.31.0"
141.8.153.222 - - [03/Jul/2026:15:34:48 +0000] "GET /sitemap.xml HTTP/1.1" 200 61941 "/assets/logo.svg" "Mozilla/5.0 (Windows NT 10.0; Win64; x64) AppleWebKit/537.36 Chrome/123.0.0.0 Safari/537.36"
5.188.206.67 - - [03/Jul/2026:15:34:48 +0000] "OPTIONS /.htpasswds HTTP/1.1" 404 1136 "-" "sqlmap/1.8.4#stable"
198.51.100.45 - - [03/Jul/2026:15:34:48 +0000] "GET /robots.txt HTTP/1.1" 200 54288 "-" "Mozilla/5.0 (compatible; bingbot/2.0; +http://www.bing.com/bingbot.htm)"
212.76.133.14 - - [03/Jul/2026:15:34:48 +0000] "GET /products HTTP/1.1" 200 66280 "-" "Mozilla/5.0 (Macintosh; Intel Mac OS X 14_5) AppleWebKit/605.1.15 Version/17.4 Safari/605.1.15"
250.126.52.126 - - [03/Jul/2026:15:34:48 +0000] "GET /tmp/access.log HTTP/1.1" 301 1385 "-" "Go-http-client/1.1"
203.0.113.77 - - [03/Jul/2026:15:34:49 +0000] "GET /products HTTP/1.1" 200 69629 "/assets/logo.svg" "Mozilla/5.0 (compatible; YandexBot/3.0; +http://yandex.com/bots)"
212.76.133.14 - - [03/Jul/2026:15:34:49 +0000] "GET /articles/2026/q2 HTTP/1.1" 304 2107 "-" "Mozilla/5.0 (Windows NT 10.0; Win64; x64) AppleWebKit/537.36 Chrome/123.0.0.0 Safari/537.36"
91.198.174.22 - - [03/Jul/2026:15:34:49 +0000] "GET /assets/site.css HTTP/1.1" 200 63986 "-" "Mozilla/5.0 (Windows NT 10.0; Win64; x64) AppleWebKit/537.36 Edg/124.0.0.0"
188.18.77.220 - - [03/Jul/2026:15:34:50 +0000] "GET / HTTP/1.1" 200 68088 "-" "Mozilla/5.0 (iPad; CPU OS 17_4 like Mac OS X) AppleWebKit/605.1.15 Version/17.4 Mobile/15E148 Safari/604.1"
46.188.19.142 - - [03/Jul/2026:15:34:51 +0000] "GET /metrics HTTP/1.1" 200 12013 "-" "Mozilla/5.0 (iPhone; CPU iPhone OS 17_4 like Mac OS X) AppleWebKit/605.1.15 Version/17.4 Mobile/15E148 Safari/604.1"
157.55.39.7 - - [03/Jul/2026:15:34:51 +0000] "GET /contacts HTTP/1.1" 304 867 "/healthz" "Mozilla/5.0 (iPad; CPU OS 17_4 like Mac OS X) AppleWebKit/605.1.15 Version/17.4 Mobile/15E148 Safari/604.1"
213.24.11.146 - - [03/Jul/2026:15:34:51 +0000] "GET /healthz HTTP/1.1" 200 63888 "/articles/2026/q2" "Mozilla/5.0 (Macintosh; Intel Mac OS X 14_5) AppleWebKit/537.36 Chrome/124.0.0.0 Safari/537.36"
10.42.2.55 - - [03/Jul/2026:15:34:52 +0000] "GET /healthz HTTP/1.1" 200 5314 "-" "kube-probe/1.30"
46.188.19.142 - - [03/Jul/2026:15:34:53 +0000] "GET /assets/site.css HTTP/1.1" 304 2796 "-" "Mozilla/5.0 (Linux; Android 13; SM-S918B) AppleWebKit/537.36 SamsungBrowser/24.0 Chrome/120.0 Mobile Safari/537.36"
213.24.11.146 - - [03/Jul/2026:15:34:53 +0000] "GET /sitemap.xml HTTP/1.1" 200 39990 "-" "Mozilla/5.0 (compatible; Googlebot/2.1; +http://www.google.com/bot.html)"
198.51.100.45 - - [03/Jul/2026:15:34:53 +0000] "GET /robots.txt HTTP/1.1" 200 44727 "-" "Mozilla/5.0 (Macintosh; Intel Mac OS X 14_5) AppleWebKit/537.36 Chrome/124.0.0.0 Safari/537.36"
10.42.0.135 - - [03/Jul/2026:15:34:54 +0000] "GET /healthz HTTP/1.1" 200 1742 "-" "curl/8.6.0"
46.188.19.142 - - [03/Jul/2026:15:34:55 +0000] "GET /assets/site.css HTTP/1.1" 200 9858 "-" "Mozilla/5.0 (Windows NT 10.0; Win64; x64) AppleWebKit/537.36 Chrome/123.0.0.0 Safari/537.36"
198.51.100.45 - - [03/Jul/2026:15:34:57 +0000] "GET /assets/site.css HTTP/1.1" 200 71477 "-" "Mozilla/5.0 (Windows NT 10.0; Win64; rv:124.0) Gecko/20100101 Firefox/124.0"
212.76.133.14 - - [03/Jul/2026:15:34:58 +0000] "HEAD /assets/logo.svg HTTP/1.1" 200 2508 "-" "Mozilla/5.0 (Windows NT 10.0; Win64; x64) AppleWebKit/537.36 Chrome/123.0.0.0 Safari/537.36"
185.193.88.77 - - [03/Jul/2026:15:34:59 +0000] "OPTIONS /httpd/logs/access.log HTTP/1.1" 404 2446 "-" "python-requests/2.31.0"
77.88.55.201 - - [03/Jul/2026:15:34:59 +0000] "HEAD /healthz HTTP/1.1" 200 34929 "-" "Mozilla/5.0 (iPhone; CPU iPhone OS 17_4 like Mac OS X) AppleWebKit/605.1.15 Version/17.4 Mobile/15E148 Safari/604.1"
157.55.39.7 - - [03/Jul/2026:15:35:00 +0000] "GET /assets/logo.svg HTTP/1.1" 200 73102 "/healthz" "Mozilla/5.0 (Macintosh; Intel Mac OS X 14_5) AppleWebKit/605.1.15 Version/17.4 Safari/605.1.15"
80.85.246.17 - - [03/Jul/2026:15:35:00 +0000] "GET /MyAdmin/scripts/setup.php HTTP/1.1" 302 1741 "-" "gobuster/3.6"
46.188.19.142 - - [03/Jul/2026:15:35:00 +0000] "GET /metrics HTTP/1.1" 200 19736 "/assets/logo.svg" "Mozilla/5.0 (iPad; CPU OS 17_4 like Mac OS X) AppleWebKit/605.1.15 Version/17.4 Mobile/15E148 Safari/604.1"
188.18.77.220 - - [03/Jul/2026:15:35:00 +0000] "GET /healthz HTTP/1.1" 200 83174 "-" "Mozilla/5.0 (X11; Linux x86_64) AppleWebKit/537.36 Chrome/122.0.0.0 Safari/537.36"
5.188.206.67 - - [03/Jul/2026:15:35:00 +0000] "GET /access.log HTTP/1.1" 404 1689 "-" "Wfuzz/3.1.0"
77.88.55.201 - - [03/Jul/2026:15:35:01 +0000] "GET /metrics HTTP/1.1" 304 2101 "/metrics" "Mozilla/5.0 (X11; Linux x86_64) AppleWebKit/537.36 Chrome/122.0.0.0 Safari/537.36"
212.76.133.14 - - [03/Jul/2026:15:35:02 +0000] "GET /api/news HTTP/1.1" 304 1183 "/robots.txt" "Mozilla/5.0 (iPhone; CPU iPhone OS 17_4 like Mac OS X) AppleWebKit/605.1.15 Version/17.4 Mobile/15E148 Safari/604.1"
40.77.167.21 - - [03/Jul/2026:15:35:02 +0000] "GET /favicon.ico HTTP/1.1" 200 12589 "-" "Mozilla/5.0 (X11; Linux x86_64) AppleWebKit/537.36 Chrome/122.0.0.0 Safari/537.36"
171.25.193.20 - - [03/Jul/2026:15:35:02 +0000] "GET /administrator/ HTTP/1.1" 403 341 "-" "ffuf/2.1.0"
66.249.75.10 - - [03/Jul/2026:15:35:02 +0000] "GET /healthz HTTP/1.1" 200 52386 "-" "DuckDuckBot/1.0; (+http://duckduckgo.com/duckduckbot)"
40.77.167.21 - - [03/Jul/2026:15:35:02 +0000] "GET /about HTTP/1.1" 200 59335 "/assets/site.css" "Mozilla/5.0 (iPad; CPU OS 17_4 like Mac OS X) AppleWebKit/605.1.15 Version/17.4 Mobile/15E148 Safari/604.1"
45.9.148.77 - - [03/Jul/2026:15:35:03 +0000] "GET /CMakeCache.txt HTTP/1.1" 404 2528 "-" "ffuf/2.1.0"
212.76.133.14 - - [03/Jul/2026:15:35:03 +0000] "GET /api/news HTTP/1.1" 200 81238 "/api/products" "Mozilla/5.0 (Macintosh; Intel Mac OS X 14_5) AppleWebKit/605.1.15 Version/17.4 Safari/605.1.15"
198.51.100.45 - - [03/Jul/2026:15:35:04 +0000] "GET / HTTP/1.1" 304 3425 "/about" "Mozilla/5.0 (X11; Linux x86_64) AppleWebKit/537.36 Chrome/122.0.0.0 Safari/537.36"
10.42.0.149 - - [03/Jul/2026:15:35:05 +0000] "GET /metrics HTTP/1.1" 200 5056 "-" "curl/8.6.0"
70.75.250.60 - - [03/Jul/2026:15:35:05 +0000] "GET /assets/site.css HTTP/1.1" 200 74226 "/assets/app.js" "Mozilla/5.0 (Windows NT 10.0; Win64; x64) AppleWebKit/537.36 Chrome/123.0.0.0 Safari/537.36"
203.0.113.77 - - [03/Jul/2026:15:35:06 +0000] "GET /favicon.ico HTTP/1.1" 200 13341 "/metrics" "Mozilla/5.0 (iPhone; CPU iPhone OS 17_4 like Mac OS X) AppleWebKit/605.1.15 Version/17.4 Mobile/15E148 Safari/604.1"
57.102.218.129 - - [03/Jul/2026:15:35:06 +0000] "GET /assets/logo.svg HTTP/1.1" 200 62248 "-" "Mozilla/5.0 (Macintosh; Intel Mac OS X 14_5) AppleWebKit/537.36 Chrome/124.0.0.0 Safari/537.36"
