104.244.72.115 - - [03/Jul/2026:16:12:30 +0000] "HEAD /2011.tar.bz2 HTTP/1.1" 404 1827 "-" "Go-http-client/1.1"
212.76.133.14 - - [03/Jul/2026:16:12:30 +0000] "GET /healthz HTTP/1.1" 200 48567 "-" "Mozilla/5.0 (iPhone; CPU iPhone OS 17_4 like Mac OS X) AppleWebKit/605.1.15 Version/17.4 Mobile/15E148 Safari/604.1"
213.24.11.146 - - [03/Jul/2026:16:12:31 +0000] "GET /api/products HTTP/1.1" 200 67294 "/api/news" "Mozilla/5.0 (Windows NT 10.0; Win64; rv:124.0) Gecko/20100101 Firefox/124.0"
10.42.3.211 - - [03/Jul/2026:16:12:31 +0000] "GET /healthz HTTP/1.1" 200 1517 "-" "kube-probe/1.30"
171.25.193.20 - - [03/Jul/2026:16:12:32 +0000] "GET /classes_gen HTTP/1.1" 403 1576 "-" "Nmap Scripting Engine"
91.198.174.22 - - [03/Jul/2026:16:12:32 +0000] "GET / HTTP/1.1" 304 660 "/assets/app.js" "Mozilla/5.0 (compatible; bingbot/2.0; +http://www.bing.com/bingbot.htm)"
171.25.193.20 - - [03/Jul/2026:16:12:32 +0000] "GET /_logs/access.log HTTP/1.1" 404 418 "-" "Wfuzz/3.1.0"
10.42.0.32 - - [03/Jul/2026:16:12:34 +0000] "GET /healthz HTTP/1.1" 200 3353 "-" "kube-probe/1.30"
206.237.22.201 - - [03/Jul/2026:16:12:34 +0000] "GET /sitemap.xml HTTP/1.1" 200 66810 "/about" "Mozilla/5.0 (Linux; Android 13; SM-S918B) AppleWebKit/537.36 SamsungBrowser/24.0 Chrome/120.0 Mobile Safari/537.36"
141.8.153.222 - - [03/Jul/2026:16:12:35 +0000] "GET /assets/logo.svg HTTP/1.1" 200 11664 "/favicon.ico" "Mozilla/5.0 (Windows NT 10.0; Win64; x64) AppleWebKit/537.36 Chrome/123.0.0.0 Safari/537.36"
188.18.77.220 - - [03/Jul/2026:16:12:36 +0000] "GET /api/news HTTP/1.1" 304 165 "-" "DuckDuckBot/1.0; (+http://duckduckgo.com/duckduckbot)"
219.171.1.75 - - [03/Jul/2026:16:12:37 +0000] "GET /about HTTP/1.1" 304 2042 "-" "Mozilla/5.0 (Windows NT 10.0; Win64; x64) AppleWebKit/537.36 Edg/124.0.0.0"
198.51.100.45 - - [03/Jul/2026:16:12:38 +0000] "GET /contacts HTTP/1.1" 200 24295 "-" "Mozilla/5.0 (compatible; Googlebot/2.1; +http://www.google.com/bot.html)"
23.129.64.112 - - [03/Jul/2026:16:12:39 +0000] "HEAD /ckeditor/ckfinder/core/connector/php/connector.php HTTP/1.1" 404 2554 "-" "feroxbuster/2.11.0"
80.85.246.17 - - [03/Jul/2026:16:12:39 +0000] "HEAD /databases.yml HTTP/1.1" 404 1127 "-" "masscan/1.3 (https://github.com/robertdavidgraham/masscan)"
213.24.11.146 - - [03/Jul/2026:16:12:39 +0000] "GET /sitemap.xml HTTP/1.1" 200 83830 "/favicon.ico" "Mozilla/5.0 (Macintosh; Intel Mac OS X 14_5) AppleWebKit/537.36 Chrome/124.0.0.0 Safari/537.36"
106.104.245.155 - - [03/Jul/2026:16:12:40 +0000] "GET /webapp/wm/runtime.jsp HTTP/1.1" 404 351 "-" "Go-http-client/1.1"
171.25.193.20 - - [03/Jul/2026:16:12:42 +0000] "HEAD /.gitmodules HTTP/1.1" 404 836 "-" "sqlmap/1.8.4#stable"
188.18.77.220 - - [03/Jul/2026:16:12:43 +0000] "GET /sitemap.xml HTTP/1.1" 304 231 "-" "Mozilla/5.0 (Macintosh; Intel Mac OS X 14_5) AppleWebKit/605.1.15 Version/17.4 Safari/605.1.15"
198.51.100.45 - - [03/Jul/2026:16:12:43 +0000] "HEAD /sitemap.xml HTTP/1.1" 200 17230 "-" "Mozilla/5.0 (compatible; bingbot/2.0; +http://www.bing.com/bingbot.htm)"
213.24.11.146 - - [03/Jul/2026:16:12:43 +0000] "GET /assets/logo.svg HTTP/1.1" 200 23677 "-" "Mozilla/5.0 (Macintosh; Intel Mac OS X 14_5) AppleWebKit/537.36 Chrome/124.0.0.0 Safari/537.36"
185.220.101.54 - - [03/Jul/2026:16:12:45 +0000] "GET /vorud/ HTTP/1.1" 404 252 "-" "DirBuster-1.0-RC1"
10.42.3.101 - - [03/Jul/2026:16:12:45 +0000] "GET /healthz HTTP/1.1" 200 4761 "-" "curl/8.6.0"
213.24.11.146 - - [03/Jul/2026:16:12:47 +0000] "GET /favicon.ico HTTP/1.1" 200 1104 "-" "Mozilla/5.0 (Macintosh; Intel Mac OS X 14_5) AppleWebKit/605.1.15 Version/17.4 Safari/605.1.15"
90.99.103.5 - - [03/Jul/2026:16:12:47 +0000] "GET /api/products HTTP/1.1" 304 1396 "/robots.txt" "Mozilla/5.0 (Windows NT 10.0; Win64; rv:124.0) Gecko/20100101 Firefox/124.0"
203.0.113.77 - - [03/Jul/2026:16:12:47 +0000] "GET /favicon.ico HTTP/1.1" 200 83055 "-" "Mozilla/5.0 (X11; Linux x86_64) AppleWebKit/537.36 Chrome/122.0.0.0 Safari/537.36"
40.77.167.21 - - [03/Jul/2026:16:12:47 +0000] "GET /about HTTP/1.1" 200 48707 "/favicon.ico" "Mozilla/5.0 (compatible; bingbot/2.0; +http://www.bing.com/bingbot.htm)"
91.198.174.22 - - [03/Jul/2026:16:12:48 +0000] "GET /metrics HTTP/1.1" 200 63136 "-" "Mozilla/5.0 (Windows NT 10.0; Win64; rv:124.0) Gecko/20100101 Firefox/124.0"
80.85.246.17 - - [03/Jul/2026:16:12:48 +0000] "GET /tresearch/happyaxis.jsp HTTP/1.1" 301 1872 "-" "gobuster/3.6"
213.24.11.146 - - [03/Jul/2026:16:12:49 +0000] "GET /contacts HTTP/1.1" 304 755 "/api/products" "Mozilla/5.0 (iPad; CPU OS 17_4 like Mac OS X) AppleWebKit/605.1.15 Version/17.4 Mobile/15E148 Safari/604.1"
10.42.2.239 - - [03/Jul/2026:16:12:49 +0000] "GET /metrics HTTP/1.1" 200 4597 "-" "curl/8.6.0"
46.188.19.142 - - [03/Jul/2026:16:12:49 +0000] "GET /healthz HTTP/1.1" 200 34575 "-" "Mozilla/5.0 (Windows NT 10.0; Win64; x64) AppleWebKit/537.36 Chrome/123.0.0.0 Safari/537.36"
141.8.153.222 - - [03/Jul/2026:16:12:49 +0000] "GET /assets/app.js HTTP/1.1" 200 68322 "-" "Mozilla/5.0 (Linux; Android 13; SM-S918B) AppleWebKit/537.36 SamsungBrowser/24.0 Chrome/120.0 Mobile Safari/537.36"
162.186.148.23 - - [03/Jul/2026:16:12:50 +0000] "GET / HTTP/1.1" 304 2591 "/assets/app.js" "Mozilla/5.0 (Macintosh; Intel Mac OS X 14_5) AppleWebKit/605.1.15 Version/17.4 Safari/605.1.15"
77.88.55.201 - - [03/Jul/2026:16:12:51 +0000] "GET / HTTP/1.1" 304 3948 "-" "Mozilla/5.0 (iPhone; CPU iPhone OS 17_4 like Mac OS X) AppleWebKit/605.1.15 Version/17.4 Mobile/15E148 Safari/604.1"
185.193.88.77 - - [03/Jul/2026:16:12:51 +0000] "GET /.config.php.swp HTTP/1.1" 404 2300 "-" "sqlmap/1.8.4#stable"
157.55.39.7 - - [03/Jul/2026:16:12:52 +0000] "GET /robots.txt HTTP/1.1" 304 1007 "-" "Mozilla/5.0 (Windows NT 10.0; Win64; x64) AppleWebKit/537.36 Chrome/123.0.0.0 Safari/537.36"
188.18.77.220 - - [03/Jul/2026:16:12:53 +0000] "GET /robots.txt HTTP/1.1" 304 2238 "/robots.txt" "Mozilla/5.0 (Macintosh; Intel Mac OS X 14_5) AppleWebKit/537.36 Chrome/124.0.0.0 Safari/537.36"
198.51.100.45 - - [03/Jul/2026:16:12:53 +0000] "GET /about HTTP/1.1" 200 76692 "-" "Mozilla/5.0 (Windows NT 10.0; Win64; rv:124.0) Gecko/20100101 Firefox/124.0"
71.42.218.232 - - [03/Jul/2026:16:12:54 +0000] "GET /api/products HTTP/1.1" 304 827 "/metrics" "Mozilla/5.0 (iPad; CPU OS 17_4 like Mac OS X) AppleWebKit/605.1.15 Version/17.4 Mobile/15E148 Safari/604.1"
40.77.167.21 - - [03/Jul/2026:16:12:54 +0000] "GET /sitemap.xml HTTP/1.1" 200 53856 "-" "Mozilla/5.0 (iPhone; CPU iPhone OS 17_4 like Mac OS X) AppleWebKit/605.1.15 Version/17.4 Mobile/15E148 Safari/604.1"
157.55.39.7 - - [03/Jul/2026:16:12:54 +0000] "GET /products HTTP/1.1" 200 26732 "-" "Mozilla/5.0 (Windows NT 10.0; Win64; x64) AppleWebKit/537.36 Chrome/123.0.0.0 Safari/537.36"
203.0.113.77 - - [03/Jul/2026:16:12:54 +0000] "GET /assets/site.css HTTP/1.1" 200 14609 "-" "Mozilla/5.0 (Windows NT 10.0; Win64; rv:124.0) Gecko/20100101 Firefox/124.0"
23.129.64.112 - - [03/Jul/2026:16:12:55 +0000] "OPTIONS /config/monkid.ini HTTP/1.1" 404 1346 "-" "Wfuzz/3.1.0"
141.8.153.222 - - [03/Jul/2026:16:12:56 +0000] "HEAD /products HTTP/1.1" 200 21628 "/healthz" "Mozilla/5.0 (compatible; YandexBot/3.0; +http://yandex.com/bots)"
203.0.113.77 - - [03/Jul/2026:16:12:56 +0000] "GET /contacts HTTP/1.1" 200 17066 "/healthz" "Mozilla/5.0 (Linux; Android 13; SM-S918B) AppleWebKit/537.36 SamsungBrowser/24.0 Chrome/120.0 Mobile Safari/537.36"
91.198.174.22 - - [03/Jul/2026:16:12:57 +0000] "GET /assets/site.css HTTP/1.1" 304 1672 "-" "Mozilla/5.0 (compatible; bingbot/2.0; +http://www.bing.com/bingbot.htm)"
40.77.167.21 - - [03/Jul/2026:16:12:59 +0000] "GET /api/products HTTP/1.1" 304 1154 "-" "Mozilla/5.0 (iPhone; CPU iPhone OS 17_4 like Mac OS X) AppleWebKit/605.1.15 Version/17.4 Mobile/15E148 Safari/604.1"
80.85.246.17 - - [03/Jul/2026:16:12:59 +0000] "GET /authuser HTTP/1.1" 301 1707 "-" "Nmap Scripting Engine"
185.220.101.54 - - [03/Jul/2026:16:12:59 +0000] "HEAD /adminitems HTTP/1.1" 403 1414 "-" "DirBuster-1.0-RC1"
208.146.225.160 - - [03/Jul/2026:16:13:00 +0000] "GET /products HTTP/1.1" 200 53572 "-" "Mozilla/5.0 (compatible; YandexBot/3.0; +http://yandex.com/bots)"
80.85.246.17 - - [03/Jul/2026:16:13:00 +0000] "GET /backups.sql HTTP/1.1" 404 385 "-" "ffuf/2.1.0"
62.171.176.30 - - [03/Jul/2026:16:13:00 +0000] "HEAD /manifest.yml HTTP/1.1" 404 1862 "-" "sqlmap/1.8.4#stable"
203.0.113.77 - - [03/Jul/2026:16:13:00 +0000] "GET /assets/site.css HTTP/1.1" 200 81816 "-" "Mozilla/5.0 (iPad; CPU OS 17_4 like Mac OS X) AppleWebKit/605.1.15 Version/17.4 Mobile/15E148 Safari/604.1"
198.51.100.45 - - [03/Jul/2026:16:13:01 +0000] "GET /about HTTP/1.1" 304 3242 "-" "Mozilla/5.0 (Windows NT 10.0; Win64; rv:124.0) Gecko/20100101 Firefox/124.0"
91.198.174.22 - - [03/Jul/2026:16:13:01 +0000] "GET /favicon.ico HTTP/1.1" 200 75584 "/metrics" "Mozilla/5.0 (X11; Linux x86_64) AppleWebKit/537.36 Chrome/122.0.0.0 Safari/537.36"
10.42.2.235 - - [03/Jul/2026:16:13:01 +0000] "GET /healthz HTTP/1.1" 200 4154 "-" "curl/8.6.0"
66.249.75.10 - - [03/Jul/2026:16:13:02 +0000] "GET /sitemap.xml HTTP/1.1" 304 2578 "-" "Mozilla/5.0 (compatible; YandexBot/3.0; +http://yandex.com/bots)"
47.73.40.246 - - [03/Jul/2026:16:13:02 +0000] "GET /sftp-config.json HTTP/1.1" 404 1867 "-" "ffuf/2.1.0"
91.198.174.22 - - [03/Jul/2026:16:13:03 +0000] "GET /api/news HTTP/1.1" 200 54473 "-" "Mozilla/5.0 (X11; Linux x86_64) AppleWebKit/537.36 Chrome/122.0.0.0 Safari/537.36"
141.8.153.222 - - [03/Jul/2026:16:13:04 +0000] "GET /api/news HTTP/1.1" 200 81559 "-" "Mozilla/5.0 (Windows NT 10.0; Win64; x64) AppleWebKit/537.36 Chrome/123.0.0.0 Safari/537.36"
10.42.3.185 - - [03/Jul/2026:16:13:04 +0000] "GET /healthz HTTP/1.1" 200 4049 "-" "curl/8.6.0"
45.146.164.12 - - [03/Jul/2026:16:13:04 +0000] "GET /web-console/ServerInfo.jsp HTTP/1.1" 403 200 "-" "python-requests/2.31.0"
198.51.100.45 - - [03/Jul/2026:16:13:05 +0000] "GET /api/products HTTP/1.1" 304 3405 "/contacts" "Mozilla/5.0 (iPad; CPU OS 17_4 like Mac OS X) AppleWebKit/605.1.15 Version/17.4 Mobile/15E148 Safari/604.1"
203.0.113.77 - - [03/Jul/2026:16:13:05 +0000] "GET /favicon.ico HTTP/1.1" 200 45571 "/healthz" "Mozilla/5.0 (iPad; CPU OS 17_4 like Mac OS X) AppleWebKit/605.1.15 Version/17.4 Mobile/15E148 Safari/604.1"
188.18.77.220 - - [03/Jul/2026:16:13:05 +0000] "GET /sitemap.xml HTTP/1.1" 304 3665 "/favicon.ico" "DuckDuckBot/1.0; (+http://duckduckgo.com/duckduckbot)"
193.142.147.55 - - [03/Jul/2026:16:13:06 +0000] "GET /phpsecinfo/ HTTP/1.1" 405 2568 "-" "Nmap Scripting Engine"
45.9.148.77 - - [03/Jul/2026:16:13:07 +0000] "HEAD /config.old HTTP/1.1" 404 1876 "-" "gobuster/3.6"
198.51.100.45 - - [03/Jul/2026:16:13:07 +0000] "GET /products HTTP/1.1" 304 1911 "-" "Mozilla/5.0 (Linux; Android 13; SM-S918B) AppleWebKit/537.36 SamsungBrowser/24.0 Chrome/120.0 Mobile Safari/537.36"
232.40.239.51 - - [03/Jul/2026:16:13:07 +0000] "GET /favicon.ico HTTP/1.1" 200 45784 "-" "Mozilla/5.0 (compatible; bingbot/2.0; +http://www.bing.com/bingbot.htm)"
91.198.174.22 - - [03/Jul/2026:16:13:07 +0000] "GET /assets/logo.svg HTTP/1.1" 304 1948 "/healthz" "Mozilla/5.0 (compatible; YandexBot/3.0; +http://yandex.com/bots)"
77.88.55.201 - - [03/Jul/2026:16:13:09 +0000] "GET /about HTTP/1.1" 200 56448 "-" "Mozilla/5.0 (compatible; Googlebot/2.1; +http://www.google.com/bot.html)"
77.88.55.201 - - [03/Jul/2026:16:13:09 +0000] "GET /robots.txt HTTP/1.1" 200 53690 "/assets/app.js" "Mozilla/5.0 (Macintosh; Intel Mac OS X 14_5) AppleWebKit/537.36 Chrome/124.0.0.0 Safari/537.36"
141.8.153.222 - - [03/Jul/2026:16:13:09 +0000] "GET /metrics HTTP/1.1" 200 69685 "/metrics" "Mozilla/5.0 (Linux; Android 13; SM-S918B) AppleWebKit/537.36 SamsungBrowser/24.0 Chrome/120.0 Mobile Safari/537.36"
108.30.88.185 - - [03/Jul/2026:16:13:10 +0000] "OPTIONS /CMakeLists.txt HTTP/1.1" 403 1532 "-" "Wfuzz/3.1.0"
193.142.147.55 - - [03/Jul/2026:16:13:11 +0000] "HEAD /.FBCIndex HTTP/1.1" 302 1813 "-" "dirsearch/0.4.3"
198.51.100.45 - - [03/Jul/2026:16:13:11 +0000] "HEAD /api/products HTTP/1.1" 200 65568 "-" "Mozilla/5.0 (Macintosh; Intel Mac OS X 14_5) AppleWebKit/537.36 Chrome/124.0.0.0 Safari/537.36"
203.0.113.77 - - [03/Jul/2026:16:13:11 +0000] "GET /robots.txt HTTP/1.1" 200 70925 "-" "Mozilla/5.0 (Windows NT 10.0; Win64; rv:124.0) Gecko/20100101 Firefox/124.0"
104.244.72.115 - - [03/Jul/2026:16:13:12 +0000] "OPTIONS /filerun.php HTTP/1.1" 405 1489 "-" "ffuf/2.1.0"
36.234.239.152 - - [03/Jul/2026:16:13:13 +0000] "HEAD /app.config HTTP/1.1" 500 1580 "-" "masscan/1.3 (https://github.com/robertdavidgraham/masscan)"
80.85.246.17 - - [03/Jul/2026:16:13:14 +0000] "OPTIONS /phpMyAdmin-2.5.5-pl1/ HTTP/1.1" 500 396 "-" "python-requests/2.31.0"
212.76.133.14 - - [03/Jul/2026:16:13:14 +0000] "GET /api/news HTTP/1.1" 200 20223 "/articles/2026/q2" "Mozilla/5.0 (Linux; Android 13; SM-S918B) AppleWebKit/537.36 SamsungBrowser/24.0 Chrome/120.0 Mobile Safari/537.36"
213.24.11.146 - - [03/Jul/2026:16:13:14 +0000] "GET /articles/2026/q2 HTTP/1.1" 200 38002 "-" "Mozilla/5.0 (iPad; CPU OS 17_4 like Mac OS X) AppleWebKit/605.1.15 Version/17.4 Mobile/15E148 Safari/604.1"
203.0.113.77 - - [03/Jul/2026:16:13:15 +0000] "GET /api/products HTTP/1.1" 304 3022 "-" "Mozilla/5.0 (iPad; CPU OS 17_4 like Mac OS X) AppleWebKit/605.1.15 Version/17.4 Mobile/15E148 Safari/604.1"
45.146.164.12 - - [03/Jul/2026:16:13:15 +0000] "GET /.vscode/sftp.json HTTP/1.1" 404 384 "-" "DirBuster-1.0-RC1"
91.198.174.22 - - [03/Jul/2026:16:13:15 +0000] "GET /metrics HTTP/1.1" 200 1657 "/assets/logo.svg" "Mozilla/5.0 (Windows NT 10.0; Win64; x64) AppleWebKit/537.36 Chrome/123.0.0.0 Safari/537.36"
185.220.101.54 - - [03/Jul/2026:16:13:15 +0000] "OPTIONS /brunch-config.js HTTP/1.1" 403 1706 "-" "DirBuster-1.0-RC1"
188.18.77.220 - - [03/Jul/2026:16:13:15 +0000] "GET / HTTP/1.1" 304 2538 "/about" "Mozilla/5.0 (Windows NT 10.0; Win64; x64) AppleWebKit/537.36 Chrome/123.0.0.0 Safari/537.36"
198.51.100.45 - - [03/Jul/2026:16:13:16 +0000] "GET /api/products HTTP/1.1" 200 54652 "-" "Mozilla/5.0 (Windows NT 10.0; Win64; rv:124.0) Gecko/20100101 Firefox/124.0"
10.42.2.35 - - [03/Jul/2026:16:13:16 +0000] "GET /metrics HTTP/1.1" 200 4026 "-" "curl/8.6.0"
198.51.100.45 - - [03/Jul/2026:16:13:16 +0000] "GET /assets/site.css HTTP/1.1" 200 70705 "-" "Mozilla/5.0 (Windows NT 10.0; Win64; x64) AppleWebKit/537.36 Edg/124.0.0.0"
141.8.153.222 - - [03/Jul/2026:16:13:17 +0000] "GET /contacts HTTP/1.1" 304 2545 "-" "Mozilla/5.0 (Windows NT 10.0; Win64; x64) AppleWebKit/537.36 Chrome/123.0.0.0 Safari/537.36"
194.26.29.89 - - [03/Jul/2026:16:13:17 +0000] "GET /.lein-deps-sum HTTP/1.1" 403 336 "-" "gobuster/3.6"
46.188.19.142 - - [03/Jul/2026:16:13:17 +0000] "GET /robots.txt HTTP/1.1" 200 31362 "/products" "Mozilla/5.0 (iPhone; CPU iPhone OS 17_4 like Mac OS X) AppleWebKit/605.1.15 Version/17.4 Mobile/15E148 Safari/604.1"
141.8.153.222 - - [03/Jul/2026:16:13:17 +0000] "GET /healthz HTTP/1.1" 200 62727 "-" "Mozilla/5.0 (X11; Linux x86_64) AppleWebKit/537.36 Chrome/122.0.0.0 Safari/537.36"
157.184.32.117 - - [03/Jul/2026:16:13:17 +0000] "GET /assets/logo.svg HTTP/1.1" 200 31382 "/favicon.ico" "Mozilla/5.0 (Macintosh; Intel Mac OS X 14_5) AppleWebKit/537.36 Chrome/124.0.0.0 Safari/537.36"
40.77.167.21 - - [03/Jul/2026:16:13:17 +0000] "GET /favicon.ico HTTP/1.1" 200 30920 "-" "DuckDuckBot/1.0; (+http://duckduckgo.com/duckduckbot)"
66.249.75.10 - - [03/Jul/2026:16:13:18 +0000] "GET /metrics HTTP/1.1" 304 822 "/api/news" "Mozilla/5.0 (Windows NT 10.0; Win64; x64) AppleWebKit/537.36 Edg/124.0.0.0"
80.85.246.17 - - [03/Jul/2026:16:13:18 +0000] "HEAD /Mercury/ HTTP/1.1" 405 2030 "-" "DirBuster-1.0-RC1"
141.8.153.222 - - [03/Jul/2026:16:13:18 +0000] "GET /metrics HTTP/1.1" 200 37035 "-" "Mozilla/5.0 (Windows NT 10.0; Win64; rv:124.0) Gecko/20100101 Firefox/124.0"
188.18.77.220 - - [03/Jul/2026:16:13:18 +0000] "GET /api/products HTTP/1.1" 200 9469 "-" "Mozilla/5.0 (iPad; CPU OS 17_4 like Mac OS X) AppleWebKit/605.1.15 Version/17.4 Mobile/15E148 Safari/604.1"
80.85.246.17 - - [03/Jul/2026:16:13:19 +0000] "GET /_logs/access.log HTTP/1.1" 500 1324 "-" "feroxbuster/2.11.0"
45.9.148.77 - - [03/Jul/2026:16:13:19 +0000] "GET /config.yml HTTP/1.1" 403 1909 "-" "feroxbuster/2.11.0"
157.55.39.7 - - [03/Jul/2026:16:13:20 +0000] "GET /contacts HTTP/1.1" 200 47527 "-" "Mozilla/5.0 (Linux; Android 13; SM-S918B) AppleWebKit/537.36 SamsungBrowser/24.0 Chrome/120.0 Mobile Safari/537.36"
171.25.193.20 - - [03/Jul/2026:16:13:20 +0000] "GET /.cache HTTP/1.1" 404 1197 "-" "gobuster/3.6"
40.77.167.21 - - [03/Jul/2026:16:13:21 +0000] "HEAD / HTTP/1.1" 200 82830 "/products" "Mozilla/5.0 (iPhone; CPU iPhone OS 17_4 like Mac OS X) AppleWebKit/605.1.15 Version/17.4 Mobile/15E148 Safari/604.1"
10.42.0.66 - - [03/Jul/2026:16:13:21 +0000] "GET /metrics HTTP/1.1" 200 3633 "-" "kube-probe/1.30"
203.0.113.77 - - [03/Jul/2026:16:13:22 +0000] "GET /healthz HTTP/1.1" 200 16563 "/contacts" "Mozilla/5.0 (X11; Linux x86_64) AppleWebKit/537.36 Chrome/122.0.0.0 Safari/537.36"
91.198.174.22 - - [03/Jul/2026:16:13:22 +0000] "HEAD /assets/logo.svg HTTP/1.1" 200 66995 "/api/products" "Mozilla/5.0 (iPad; CPU OS 17_4 like Mac OS X) AppleWebKit/605.1.15 Version/17.4 Mobile/15E148 Safari/604.1"
40.77.167.21 - - [03/Jul/2026:16:13:23 +0000] "GET /api/news HTTP/1.1" 304 3544 "-" "Mozilla/5.0 (Windows NT 10.0; Win64; x64) AppleWebKit/537.36 Edg/124.0.0.0"
193.142.147.55 - - [03/Jul/2026:16:13:23 +0000] "GET /.settings/ HTTP/1.1" 404 2307 "-" "python-requests/2.31.0"
213.24.11.146 - - [03/Jul/2026:16:13:24 +0000] "GET /contacts HTTP/1.1" 200 32491 "-" "Mozilla/5.0 (Windows NT 10.0; Win64; x64) AppleWebKit/537.36 Chrome/123.0.0.0 Safari/537.36"
66.249.75.10 - - [03/Jul/2026:16:13:24 +0000] "GET /contacts HTTP/1.1" 200 26494 "-" "Mozilla/5.0 (Windows NT 10.0; Win64; rv:124.0) Gecko/20100101 Firefox/124.0"
10.42.0.163 - - [03/Jul/2026:16:13:25 +0000] "GET /healthz HTTP/1.1" 200 5783 "-" "curl/8.6.0"
46.188.19.142 - - [03/Jul/2026:16:13:25 +0000] "GET /favicon.ico HTTP/1.1" 200 43198 "/products" "Mozilla/5.0 (Windows NT 10.0; Win64; x64) AppleWebKit/537.36 Edg/124.0.0.0"
10.42.1.184 - - [03/Jul/2026:16:13:27 +0000] "GET /healthz HTTP/1.1" 200 1837 "-" "kube-probe/1.30"
212.76.133.14 - - [03/Jul/2026:16:13:27 +0000] "GET /products HTTP/1.1" 304 410 "-" "Mozilla/5.0 (X11; Linux x86_64) AppleWebKit/537.36 Chrome/122.0.0.0 Safari/537.36"
91.198.174.22 - - [03/Jul/2026:16:13:28 +0000] "GET /products HTTP/1.1" 200 45085 "/favicon.ico" "Mozilla/5.0 (Windows NT 10.0; Win64; x64) AppleWebKit/537.36 Chrome/123.0.0.0 Safari/537.36"
104.244.72.115 - - [03/Jul/2026:16:13:28 +0000] "GET /apache/logs/access_log HTTP/1.1" 403 1935 "-" "DirBuster-1.0-RC1"
36.135.14.55 - - [03/Jul/2026:16:13:28 +0000] "OPTIONS /log/access.log HTTP/1.1" 500 305 "-" "Go-http-client/1.1"
198.51.100.45 - - [03/Jul/2026:16:13:29 +0000] "GET /products HTTP/1.1" 200 5460 "/articles/2026/q2" "Mozilla/5.0 (Windows NT 10.0; Win64; rv:124.0) Gecko/20100101 Firefox/124.0"
110.223.142.217 - - [03/Jul/2026:16:13:29 +0000] "GET /robots.txt HTTP/1.1" 304 3445 "/contacts" "Mozilla/5.0 (Linux; Android 13; SM-S918B) AppleWebKit/537.36 SamsungBrowser/24.0 Chrome/120.0 Mobile Safari/537.36"
66.249.75.10 - - [03/Jul/2026:16:13:31 +0000] "GET / HTTP/1.1" 304 832 "/favicon.ico" "Mozilla/5.0 (Linux; Android 13; SM-S918B) AppleWebKit/537.36 SamsungBrowser/24.0 Chrome/120.0 Mobile Safari/537.36"
45.146.164.12 - - [03/Jul/2026:16:13:32 +0000] "OPTIONS /usuarios/ HTTP/1.1" 302 808 "-" "Wfuzz/3.1.0"
10.42.2.89 - - [03/Jul/2026:16:13:33 +0000] "GET /healthz HTTP/1.1" 200 4858 "-" "curl/8.6.0"
188.18.77.220 - - [03/Jul/2026:16:13:33 +0000] "GET / HTTP/1.1" 200 8608 "-" "Mozilla/5.0 (Windows NT 10.0; Win64; x64) AppleWebKit/537.36 Chrome/123.0.0.0 Safari/537.36"
213.24.11.146 - - [03/Jul/2026:16:13:34 +0000] "GET / HTTP/1.1" 200 50422 "-" "Mozilla/5.0 (Windows NT 10.0; Win64; rv:124.0) Gecko/20100101 Firefox/124.0"
40.77.167.21 - - [03/Jul/2026:16:13:34 +0000] "GET /products HTTP/1.1" 304 1414 "/api/products" "Mozilla/5.0 (iPhone; CPU iPhone OS 17_4 like Mac OS X) AppleWebKit/605.1.15 Version/17.4 Mobile/15E148 Safari/604.1"
131.39.148.40 - - [03/Jul/2026:16:13:34 +0000] "HEAD /swagger-resources HTTP/1.1" 404 2224 "-" "python-requests/2.31.0"
66.249.75.10 - - [03/Jul/2026:16:13:35 +0000] "HEAD /about HTTP/1.1" 200 37327 "-" "Mozilla/5.0 (iPhone; CPU iPhone OS 17_4 like Mac OS X) AppleWebKit/605.1.15 Version/17.4 Mobile/15E148 Safari/604.1"
81.127.89.135 - - [03/Jul/2026:16:13:35 +0000] "GET /api/news HTTP/1.1" 200 3137 "/assets/app.js" "Mozilla/5.0 (Linux; Android 13; SM-S918B) AppleWebKit/537.36 SamsungBrowser/24.0 Chrome/120.0 Mobile Safari/537.36"
77.88.55.201 - - [03/Jul/2026:16:13:35 +0000] "GET /assets/logo.svg HTTP/1.1" 200 62648 "/assets/site.css" "Mozilla/5.0 (Windows NT 10.0; Win64; x64) AppleWebKit/537.36 Chrome/123.0.0.0 Safari/537.36"
188.18.77.220 - - [03/Jul/2026:16:13:35 +0000] "GET /contacts HTTP/1.1" 200 3059 "-" "Mozilla/5.0 (X11; Linux x86_64) AppleWebKit/537.36 Chrome/122.0.0.0 Safari/537.36"
45.146.164.12 - - [03/Jul/2026:16:13:36 +0000] "GET /olap/ HTTP/1.1" 500 2538 "-" "Wfuzz/3.1.0"
46.188.19.142 - - [03/Jul/2026:16:13:36 +0000] "GET /about HTTP/1.1" 200 39872 "-" "Mozilla/5.0 (iPad; CPU OS 17_4 like Mac OS X) AppleWebKit/605.1.15 Version/17.4 Mobile/15E148 Safari/604.1"
141.8.153.222 - - [03/Jul/2026:16:13:37 +0000] "GET / HTTP/1.1" 304 3457 "-" "DuckDuckBot/1.0; (+http://duckduckgo.com/duckduckbot)"
213.24.11.146 - - [03/Jul/2026:16:13:38 +0000] "GET /products HTTP/1.1" 200 5549 "-" "Mozilla/5.0 (Macintosh; Intel Mac OS X 14_5) AppleWebKit/537.36 Chrome/124.0.0.0 Safari/537.36"
40.77.167.21 - - [03/Jul/2026:16:13:39 +0000] "GET /contacts HTTP/1.1" 200 59985 "/assets/app.js" "Mozilla/5.0 (Windows NT 10.0; Win64; x64) AppleWebKit/537.36 Edg/124.0.0.0"
212.76.133.14 - - [03/Jul/2026:16:13:39 +0000] "GET /metrics HTTP/1.1" 200 73673 "/robots.txt" "Mozilla/5.0 (Macintosh; Intel Mac OS X 14_5) AppleWebKit/537.36 Chrome/124.0.0.0 Safari/537.36"
60.49.23.30 - - [03/Jul/2026:16:13:39 +0000] "GET /contacts HTTP/1.1" 200 78104 "-" "Mozilla/5.0 (compatible; YandexBot/3.0; +http://yandex.com/bots)"
66.249.75.10 - - [03/Jul/2026:16:13:40 +0000] "GET /api/products HTTP/1.1" 304 2480 "/healthz" "Mozilla/5.0 (iPhone; CPU iPhone OS 17_4 like Mac OS X) AppleWebKit/605.1.15 Version/17.4 Mobile/15E148 Safari/604.1"
157.55.39.7 - - [03/Jul/2026:16:13:40 +0000] "GET / HTTP/1.1" 200 47045 "-" "Mozilla/5.0 (Linux; Android 13; SM-S918B) AppleWebKit/537.36 SamsungBrowser/24.0 Chrome/120.0 Mobile Safari/537.36"
10.42.0.80 - - [03/Jul/2026:16:13:41 +0000] "GET /healthz HTTP/1.1" 200 2009 "-" "kube-probe/1.30"
213.24.11.146 - - [03/Jul/2026:16:13:42 +0000] "HEAD /assets/logo.svg HTTP/1.1" 200 54768 "-" "Mozilla/5.0 (Macintosh; Intel Mac OS X 14_5) AppleWebKit/605.1.15 Version/17.4 Safari/605.1.15"
46.188.19.142 - - [03/Jul/2026:16:13:45 +0000] "GET /healthz HTTP/1.1" 200 35595 "/assets/site.css" "Mozilla/5.0 (Windows NT 10.0; Win64; rv:124.0) Gecko/20100101 Firefox/124.0"
171.25.193.20 - - [03/Jul/2026:16:13:45 +0000] "GET /configs/conf_bdd.ini HTTP/1.1" 404 1339 "-" "dirsearch/0.4.3"
157.55.39.7 - - [03/Jul/2026:16:13:46 +0000] "GET /healthz HTTP/1.1" 200 77376 "/assets/app.js" "Mozilla/5.0 (Linux; Android 13; SM-S918B) AppleWebKit/537.36 SamsungBrowser/24.0 Chrome/120.0 Mobile Safari/537.36"
45.146.164.12 - - [03/Jul/2026:16:13:47 +0000] "GET /access.log HTTP/1.1" 403 1553 "-" "feroxbuster/2.11.0"
77.88.55.201 - - [03/Jul/2026:16:13:47 +0000] "GET /api/news HTTP/1.1" 304 3344 "-" "Mozilla/5.0 (Linux; Android 13; SM-S918B) AppleWebKit/537.36 SamsungBrowser/24.0 Chrome/120.0 Mobile Safari/537.36"
40.77.167.21 - - [03/Jul/2026:16:13:47 +0000] "GET /about HTTP/1.1" 200 17921 "-" "Mozilla/5.0 (Macintosh; Intel Mac OS X 14_5) AppleWebKit/537.36 Chrome/124.0.0.0 Safari/537.36"
193.142.147.55 - - [03/Jul/2026:16:13:48 +0000] "OPTIONS /site/ HTTP/1.1" 403 191 "-" "ffuf/2.1.0"
10.42.1.101 - - [03/Jul/2026:16:13:49 +0000] "GET /metrics HTTP/1.1" 200 1587 "-" "curl/8.6.0"
203.0.113.77 - - [03/Jul/2026:16:13:49 +0000] "GET /favicon.ico HTTP/1.1" 200 55015 "-" "Mozilla/5.0 (Windows NT 10.0; Win64; rv:124.0) Gecko/20100101 Firefox/124.0"
141.8.153.222 - - [03/Jul/2026:16:13:50 +0000] "GET /contacts HTTP/1.1" 304 2651 "-" "Mozilla/5.0 (compatible; bingbot/2.0; +http://www.bing.com/bingbot.htm)"
141.8.153.222 - - [03/Jul/2026:16:13:50 +0000] "GET /assets/site.css HTTP/1.1" 200 26614 "-" "Mozilla/5.0 (Windows NT 10.0; Win64; rv:124.0) Gecko/20100101 Firefox/124.0"
144.239.186.189 - - [03/Jul/2026:16:13:50 +0000] "GET /engine/ HTTP/1.1" 302 2200 "-" "sqlmap/1.8.4#stable"
10.42.3.209 - - [03/Jul/2026:16:13:50 +0000] "GET /metrics HTTP/1.1" 200 5523 "-" "curl/8.6.0"
203.0.113.77 - - [03/Jul/2026:16:13:51 +0000] "GET /healthz HTTP/1.1" 200 39900 "/assets/site.css" "Mozilla/5.0 (Windows NT 10.0; Win64; rv:124.0) Gecko/20100101 Firefox/124.0"
194.26.29.89 - - [03/Jul/2026:16:13:51 +0000] "GET /.scrutinizer.yml HTTP/1.1" 404 1765 "-" "Wfuzz/3.1.0"
66.249.75.10 - - [03/Jul/2026:16:13:51 +0000] "GET /products HTTP/1.1" 200 40107 "/robots.txt" "Mozilla/5.0 (iPad; CPU OS 17_4 like Mac OS X) AppleWebKit/605.1.15 Version/17.4 Mobile/15E148 Safari/604.1"
77.88.55.201 - - [03/Jul/2026:16:13:52 +0000] "GET /products HTTP/1.1" 200 17625 "/metrics" "Mozilla/5.0 (Linux; Android 13; SM-S918B) AppleWebKit/537.36 SamsungBrowser/24.0 Chrome/120.0 Mobile Safari/537.36"
23.129.64.112 - - [03/Jul/2026:16:13:52 +0000] "GET /backups.old HTTP/1.1" 301 1978 "-" "python-requests/2.31.0"
198.51.100.45 - - [03/Jul/2026:16:13:53 +0000] "GET /assets/app.js HTTP/1.1" 200 1675 "/favicon.ico" "Mozilla/5.0 (Windows NT 10.0; Win64; x64) AppleWebKit/537.36 Edg/124.0.0.0"
141.8.153.222 - - [03/Jul/2026:16:13:54 +0000] "GET /contacts HTTP/1.1" 200 21901 "-" "Mozilla/5.0 (Macintosh; Intel Mac OS X 14_5) AppleWebKit/537.36 Chrome/124.0.0.0 Safari/537.36"
212.76.133.14 - - [03/Jul/2026:16:13:54 +0000] "GET /assets/logo.svg HTTP/1.1" 200 52370 "-" "Mozilla/5.0 (Macintosh; Intel Mac OS X 14_5) AppleWebKit/537.36 Chrome/124.0.0.0 Safari/537.36"
23.129.64.112 - - [03/Jul/2026:16:13:55 +0000] "GET /admin/logs/error_log HTTP/1.1" 404 264 "-" "sqlmap/1.8.4#stable"
141.8.153.222 - - [03/Jul/2026:16:13:55 +0000] "GET /assets/app.js HTTP/1.1" 200 64359 "/sitemap.xml" "Mozilla/5.0 (Windows NT 10.0; Win64; x64) AppleWebKit/537.36 Chrome/123.0.0.0 Safari/537.36"
70.250.219.136 - - [03/Jul/2026:16:13:55 +0000] "GET /api/news HTTP/1.1" 304 3868 "-" "Mozilla/5.0 (Macintosh; Intel Mac OS X 14_5) AppleWebKit/605.1.15 Version/17.4 Safari/605.1.15"
185.193.88.77 - - [03/Jul/2026:16:13:55 +0000] "GET /tmp/access.log HTTP/1.1" 404 1717 "-" "gobuster/3.6"
40.77.167.21 - - [03/Jul/2026:16:13:56 +0000] "GET /products HTTP/1.1" 304 1500 "-" "Mozilla/5.0 (Macintosh; Intel Mac OS X 14_5) AppleWebKit/605.1.15 Version/17.4 Safari/605.1.15"
45.146.164.12 - - [03/Jul/2026:16:13:56 +0000] "HEAD /members.mdb HTTP/1.1" 403 2176 "-" "ffuf/2.1.0"
91.198.174.22 - - [03/Jul/2026:16:13:56 +0000] "GET /contacts HTTP/1.1" 200 76623 "-" "Mozilla/5.0 (iPad; CPU OS 17_4 like Mac OS X) AppleWebKit/605.1.15 Version/17.4 Mobile/15E148 Safari/604.1"
198.51.100.45 - - [03/Jul/2026:16:13:57 +0000] "GET /healthz HTTP/1.1" 200 43474 "/about" "Mozilla/5.0 (Linux; Android 13; SM-S918B) AppleWebKit/537.36 SamsungBrowser/24.0 Chrome/120.0 Mobile Safari/537.36"
23.129.64.112 - - [03/Jul/2026:16:13:58 +0000] "GET /vignettes/ HTTP/1.1" 500 1981 "-" "dirsearch/0.4.3"
171.25.193.20 - - [03/Jul/2026:16:13:58 +0000] "OPTIONS /log/log.log HTTP/1.1" 404 438 "-" "gobuster/3.6"
45.9.148.77 - - [03/Jul/2026:16:13:59 +0000] "OPTIONS /users.ini HTTP/1.1" 404 918 "-" "python-requests/2.31.0"
66.249.75.10 - - [03/Jul/2026:16:14:00 +0000] "GET /metrics HTTP/1.1" 200 6960 "-" "Mozilla/5.0 (Windows NT 10.0; Win64; x64) AppleWebKit/537.36 Edg/124.0.0.0"
77.88.55.201 - - [03/Jul/2026:16:14:00 +0000] "GET /products HTTP/1.1" 304 3722 "-" "Mozilla/5.0 (X11; Linux x86_64) AppleWebKit/537.36 Chrome/122.0.0.0 Safari/537.36"
250.5.63.60 - - [03/Jul/2026:16:14:00 +0000] "GET /assets/site.css HTTP/1.1" 200 62628 "-" "Mozilla/5.0 (X11; Linux x86_64) AppleWebKit/537.36 Chrome/122.0.0.0 Safari/537.36"
10.42.1.97 - - [03/Jul/2026:16:14:00 +0000] "GET /healthz HTTP/1.1" 200 2533 "-" "curl/8.6.0"
3.2.72.82 - - [03/Jul/2026:16:14:01 +0000] "GET /assets/logo.svg HTTP/1.1" 200 83840 "-" "Mozilla/5.0 (Windows NT 10.0; Win64; x64) AppleWebKit/537.36 Chrome/123.0.0.0 Safari/537.36"
46.188.19.142 - - [03/Jul/2026:16:14:01 +0000] "GET /api/news HTTP/1.1" 200 35393 "-" "Mozilla/5.0 (Windows NT 10.0; Win64; x64) AppleWebKit/537.36 Chrome/123.0.0.0 Safari/537.36"
187.200.190.249 - - [03/Jul/2026:16:14:01 +0000] "GET /api/products HTTP/1.1" 200 45153 "/favicon.ico" "Mozilla/5.0 (Linux; Android 13; SM-S918B) AppleWebKit/537.36 SamsungBrowser/24.0 Chrome/120.0 Mobile Safari/537.36"
40.77.167.21 - - [03/Jul/2026:16:14:02 +0000] "GET /assets/app.js HTTP/1.1" 200 16491 "-" "Mozilla/5.0 (iPhone; CPU iPhone OS 17_4 like Mac OS X) AppleWebKit/605.1.15 Version/17.4 Mobile/15E148 Safari/604.1"
46.188.19.142 - - [03/Jul/2026:16:14:02 +0000] "GET /favicon.ico HTTP/1.1" 200 19440 "/assets/logo.svg" "Mozilla/5.0 (Windows NT 10.0; Win64; x64) AppleWebKit/537.36 Chrome/123.0.0.0 Safari/537.36"
202.78.117.48 - - [03/Jul/2026:16:14:03 +0000] "GET /package/ HTTP/1.1" 404 2236 "-" "Wfuzz/3.1.0"
91.198.174.22 - - [03/Jul/2026:16:14:04 +0000] "HEAD /about HTTP/1.1" 200 60431 "/articles/2026/q2" "Mozilla/5.0 (Windows NT 10.0; Win64; rv:124.0) Gecko/20100101 Firefox/124.0"
66.249.75.10 - - [03/Jul/2026:16:14:04 +0000] "GET /products HTTP/1.1" 200 2566 "-" "Mozilla/5.0 (Windows NT 10.0; Win64; rv:124.0) Gecko/20100101 Firefox/124.0"
141.8.153.222 - - [03/Jul/2026:16:14:04 +0000] "GET /metrics HTTP/1.1" 200 5240 "-" "Mozilla/5.0 (Windows NT 10.0; Win64; rv:124.0) Gecko/20100101 Firefox/124.0"
45.146.164.12 - - [03/Jul/2026:16:14:04 +0000] "GET /weixiao.php HTTP/1.1" 405 2081 "-" "Wfuzz/3.1.0"
213.24.11.146 - - [03/Jul/2026:16:14:05 +0000] "GET /metrics HTTP/1.1" 200 27170 "-" "DuckDuckBot/1.0; (+http://duckduckgo.com/duckduckbot)"
23.129.64.112 - - [03/Jul/2026:16:14:06 +0000] "HEAD /UPGRADE HTTP/1.1" 301 601 "-" "DirBuster-1.0-RC1"
212.76.133.14 - - [03/Jul/2026:16:14:06 +0000] "GET /robots.txt HTTP/1.1" 304 2150 "/robots.txt" "Mozilla/5.0 (Windows NT 10.0; Win64; x64) AppleWebKit/537.36 Chrome/123.0.0.0 Safari/537.36"
185.193.88.77 - - [03/Jul/2026:16:14:06 +0000] "GET /.tags HTTP/1.1" 302 1159 "-" "Go-http-client/1.1"
56.253.65.93 - - [03/Jul/2026:16:14:07 +0000] "GET /healthz HTTP/1.1" 200 79306 "-" "Mozilla/5.0 (iPad; CPU OS 17_4 like Mac OS X) AppleWebKit/605.1.15 Version/17.4 Mobile/15E148 Safari/604.1"
77.88.55.201 - - [03/Jul/2026:16:14:07 +0000] "GET /about HTTP/1.1" 200 24905 "-" "Mozilla/5.0 (iPhone; CPU iPhone OS 17_4 like Mac OS X) AppleWebKit/605.1.15 Version/17.4 Mobile/15E148 Safari/604.1"
157.55.39.7 - - [03/Jul/2026:16:14:07 +0000] "GET /about HTTP/1.1" 304 815 "/assets/app.js" "Mozilla/5.0 (iPhone; CPU iPhone OS 17_4 like Mac OS X) AppleWebKit/605.1.15 Version/17.4 Mobile/15E148 Safari/604.1"
198.51.100.45 - - [03/Jul/2026:16:14:07 +0000] "GET /healthz HTTP/1.1" 200 84769 "/healthz" "Mozilla/5.0 (Windows NT 10.0; Win64; x64) AppleWebKit/537.36 Chrome/123.0.0.0 Safari/537.36"
198.51.100.45 - - [03/Jul/2026:16:14:09 +0000] "GET /about HTTP/1.1" 200 18641 "-" "Mozilla/5.0 (X11; Linux x86_64) AppleWebKit/537.36 Chrome/122.0.0.0 Safari/537.36"
10.42.2.237 - - [03/Jul/2026:16:14:09 +0000] "GET /metrics HTTP/1.1" 200 2118 "-" "kube-probe/1.30"
104.244.72.115 - - [03/Jul/2026:16:14:10 +0000] "GET /Server.php HTTP/1.1" 404 1915 "-" "Wfuzz/3.1.0"
66.249.75.10 - - [03/Jul/2026:16:14:10 +0000] "HEAD /api/products HTTP/1.1" 200 17186 "-" "Mozilla/5.0 (X11; Linux x86_64) AppleWebKit/537.36 Chrome/122.0.0.0 Safari/537.36"
198.51.100.45 - - [03/Jul/2026:16:14:11 +0000] "GET /assets/app.js HTTP/1.1" 200 70807 "/metrics" "Mozilla/5.0 (X11; Linux x86_64) AppleWebKit/537.36 Chrome/122.0.0.0 Safari/537.36"
91.198.174.22 - - [03/Jul/2026:16:14:12 +0000] "GET /articles/2026/q2 HTTP/1.1" 200 31682 "-" "Mozilla/5.0 (Linux; Android 13; SM-S918B) AppleWebKit/537.36 SamsungBrowser/24.0 Chrome/120.0 Mobile Safari/537.36"
23.129.64.112 - - [03/Jul/2026:16:14:12 +0000] "GET /.env.development HTTP/1.1" 302 1710 "-" "python-requests/2.31.0"
40.77.167.21 - - [03/Jul/2026:16:14:12 +0000] "GET /api/products HTTP/1.1" 200 13253 "-" "Mozilla/5.0 (X11; Linux x86_64) AppleWebKit/537.36 Chrome/122.0.0.0 Safari/537.36"
212.76.133.14 - - [03/Jul/2026:16:14:13 +0000] "GET /contacts HTTP/1.1" 200 16385 "/products" "Mozilla/5.0 (Macintosh; Intel Mac OS X 14_5) AppleWebKit/537.36 Chrome/124.0.0.0 Safari/537.36"
213.24.11.146 - - [03/Jul/2026:16:14:14 +0000] "GET /api/products HTTP/1.1" 200 41342 "-" "Mozilla/5.0 (Windows NT 10.0; Win64; x64) AppleWebKit/537.36 Chrome/123.0.0.0 Safari/537.36"
141.8.153.222 - - [03/Jul/2026:16:14:15 +0000] "GET /api/products HTTP/1.1" 304 387 "-" "Mozilla/5.0 (iPhone; CPU iPhone OS 17_4 like Mac OS X) AppleWebKit/605.1.15 Version/17.4 Mobile/15E148 Safari/604.1"
199.145.90.87 - - [03/Jul/2026:16:14:16 +0000] "HEAD / HTTP/1.1" 200 41231 "-" "Mozilla/5.0 (iPhone; CPU iPhone OS 17_4 like Mac OS X) AppleWebKit/605.1.15 Version/17.4 Mobile/15E148 Safari/604.1"
188.18.77.220 - - [03/Jul/2026:16:14:16 +0000] "GET /robots.txt HTTP/1.1" 200 32274 "-" "Mozilla/5.0 (Windows NT 10.0; Win64; x64) AppleWebKit/537.36 Chrome/123.0.0.0 Safari/537.36"
10.42.0.240 - - [03/Jul/2026:16:14:16 +0000] "GET /healthz HTTP/1.1" 200 853 "-" "kube-probe/1.30"
213.24.11.146 - - [03/Jul/2026:16:14:17 +0000] "GET /assets/site.css HTTP/1.1" 200 78434 "/assets/site.css" "Mozilla/5.0 (Windows NT 10.0; Win64; x64) AppleWebKit/537.36 Edg/124.0.0.0"
124.253.148.17 - - [03/Jul/2026:16:14:17 +0000] "GET /var/backups/ HTTP/1.1" 404 2236 "-" "python-requests/2.31.0"
203.0.113.77 - - [03/Jul/2026:16:14:18 +0000] "GET /assets/site.css HTTP/1.1" 200 81678 "-" "Mozilla/5.0 (compatible; YandexBot/3.0; +http://yandex.com/bots)"
212.76.133.14 - - [03/Jul/2026:16:14:18 +0000] "GET /assets/app.js HTTP/1.1" 200 83667 "-" "Mozilla/5.0 (iPhone; CPU iPhone OS 17_4 like Mac OS X) AppleWebKit/605.1.15 Version/17.4 Mobile/15E148 Safari/604.1"
188.18.77.220 - - [03/Jul/2026:16:14:19 +0000] "GET /assets/site.css HTTP/1.1" 200 79484 "-" "Mozilla/5.0 (iPhone; CPU iPhone OS 17_4 like Mac OS X) AppleWebKit/605.1.15 Version/17.4 Mobile/15E148 Safari/604.1"
193.142.147.55 - - [03/Jul/2026:16:14:20 +0000] "GET /users.mdb HTTP/1.1" 404 1603 "-" "Nmap Scripting Engine"
203.0.113.77 - - [03/Jul/2026:16:14:20 +0000] "GET /sitemap.xml HTTP/1.1" 200 83802 "-" "Mozilla/5.0 (iPhone; CPU iPhone OS 17_4 like Mac OS X) AppleWebKit/605.1.15 Version/17.4 Mobile/15E148 Safari/604.1"
193.142.147.55 - - [03/Jul/2026:16:14:21 +0000] "GET /classicapi/doc/ HTTP/1.1" 500 686 "-" "Nmap Scripting Engine"
80.85.246.17 - - [03/Jul/2026:16:14:21 +0000] "HEAD /bitrix/tools/mail_entry.php HTTP/1.1" 404 1855 "-" "DirBuster-1.0-RC1"
185.220.101.54 - - [03/Jul/2026:16:14:22 +0000] "GET /elfinder/ HTTP/1.1" 404 1314 "-" "Nmap Scripting Engine"
188.167.39.128 - - [03/Jul/2026:16:14:22 +0000] "GET / HTTP/1.1" 200 19230 "-" "Mozilla/5.0 (X11; Linux x86_64) AppleWebKit/537.36 Chrome/122.0.0.0 Safari/537.36"
198.51.100.45 - - [03/Jul/2026:16:14:23 +0000] "GET /about HTTP/1.1" 200 65040 "-" "Mozilla/5.0 (iPad; CPU OS 17_4 like Mac OS X) AppleWebKit/605.1.15 Version/17.4 Mobile/15E148 Safari/604.1"
185.193.88.77 - - [03/Jul/2026:16:14:24 +0000] "GET /.ssh/id_rsa.pub HTTP/1.1" 403 1154 "-" "dirsearch/0.4.3"
42.233.132.233 - - [03/Jul/2026:16:14:25 +0000] "GET /robots.txt HTTP/1.1" 304 2108 "/assets/site.css" "Mozilla/5.0 (Macintosh; Intel Mac OS X 14_5) AppleWebKit/537.36 Chrome/124.0.0.0 Safari/537.36"
212.76.133.14 - - [03/Jul/2026:16:14:25 +0000] "GET /products HTTP/1.1" 200 25953 "/assets/app.js" "Mozilla/5.0 (X11; Linux x86_64) AppleWebKit/537.36 Chrome/122.0.0.0 Safari/537.36"
46.188.19.142 - - [03/Jul/2026:16:14:26 +0000] "GET /articles/2026/q2 HTTP/1.1" 200 10449 "-" "Mozilla/5.0 (Windows NT 10.0; Win64; rv:124.0) Gecko/20100101 Firefox/124.0"
45.9.148.77 - - [03/Jul/2026:16:14:26 +0000] "HEAD /api.tgz HTTP/1.1" 404 416 "-" "dirsearch/0.4.3"
212.76.133.14 - - [03/Jul/2026:16:14:26 +0000] "GET /articles/2026/q2 HTTP/1.1" 200 36785 "/api/products" "Mozilla/5.0 (Windows NT 10.0; Win64; x64) AppleWebKit/537.36 Chrome/123.0.0.0 Safari/537.36"
46.188.19.142 - - [03/Jul/2026:16:14:26 +0000] "GET /assets/app.js HTTP/1.1" 200 58679 "-" "Mozilla/5.0 (Macintosh; Intel Mac OS X 14_5) AppleWebKit/537.36 Chrome/124.0.0.0 Safari/537.36"
203.0.113.77 - - [03/Jul/2026:16:14:27 +0000] "HEAD /assets/app.js HTTP/1.1" 200 59519 "-" "Mozilla/5.0 (iPad; CPU OS 17_4 like Mac OS X) AppleWebKit/605.1.15 Version/17.4 Mobile/15E148 Safari/604.1"
213.24.11.146 - - [03/Jul/2026:16:14:27 +0000] "GET /robots.txt HTTP/1.1" 200 10536 "/api/products" "Mozilla/5.0 (Windows NT 10.0; Win64; rv:124.0) Gecko/20100101 Firefox/124.0"
5.188.206.67 - - [03/Jul/2026:16:14:28 +0000] "GET /httpd.conf.backup HTTP/1.1" 301 1385 "-" "ffuf/2.1.0"
77.88.55.201 - - [03/Jul/2026:16:14:28 +0000] "GET /robots.txt HTTP/1.1" 200 53294 "-" "Mozilla/5.0 (X11; Linux x86_64) AppleWebKit/537.36 Chrome/122.0.0.0 Safari/537.36"
46.188.19.142 - - [03/Jul/2026:16:14:28 +0000] "GET /assets/app.js HTTP/1.1" 200 80550 "/contacts" "Mozilla/5.0 (Macintosh; Intel Mac OS X 14_5) AppleWebKit/537.36 Chrome/124.0.0.0 Safari/537.36"
77.88.55.201 - - [03/Jul/2026:16:14:29 +0000] "GET / HTTP/1.1" 200 83066 "/assets/logo.svg" "Mozilla/5.0 (iPhone; CPU iPhone OS 17_4 like Mac OS X) AppleWebKit/605.1.15 Version/17.4 Mobile/15E148 Safari/604.1"
141.8.153.222 - - [03/Jul/2026:16:14:29 +0000] "GET /assets/app.js HTTP/1.1" 200 34849 "/about" "Mozilla/5.0 (iPad; CPU OS 17_4 like Mac OS X) AppleWebKit/605.1.15 Version/17.4 Mobile/15E148 Safari/604.1"
198.51.100.45 - - [03/Jul/2026:16:14:30 +0000] "GET /metrics HTTP/1.1" 304 855 "/metrics" "Mozilla/5.0 (iPad; CPU OS 17_4 like Mac OS X) AppleWebKit/605.1.15 Version/17.4 Mobile/15E148 Safari/604.1"
66.249.75.10 - - [03/Jul/2026:16:14:30 +0000] "GET / HTTP/1.1" 200 32330 "-" "Mozilla/5.0 (Windows NT 10.0; Win64; x64) AppleWebKit/537.36 Chrome/123.0.0.0 Safari/537.36"
188.18.77.220 - - [03/Jul/2026:16:14:30 +0000] "GET /products HTTP/1.1" 200 21581 "-" "Mozilla/5.0 (compatible; bingbot/2.0; +http://www.bing.com/bingbot.htm)"
80.85.246.17 - - [03/Jul/2026:16:14:30 +0000] "GET /influxdb/ HTTP/1.1" 404 658 "-" "dirsearch/0.4.3"
77.88.55.201 - - [03/Jul/2026:16:14:31 +0000] "GET /articles/2026/q2 HTTP/1.1" 200 51761 "/healthz" "DuckDuckBot/1.0; (+http://duckduckgo.com/duckduckbot)"
193.142.147.55 - - [03/Jul/2026:16:14:32 +0000] "HEAD /admin/config.php HTTP/1.1" 301 795 "-" "feroxbuster/2.11.0"
77.88.55.201 - - [03/Jul/2026:16:14:34 +0000] "GET /favicon.ico HTTP/1.1" 200 23769 "-" "Mozilla/5.0 (Windows NT 10.0; Win64; x64) AppleWebKit/537.36 Chrome/123.0.0.0 Safari/537.36"
45.9.148.77 - - [03/Jul/2026:16:14:35 +0000] "HEAD /httpd/logs/access.log HTTP/1.1" 403 671 "-" "masscan/1.3 (https://github.com/robertdavidgraham/masscan)"
213.24.11.146 - - [03/Jul/2026:16:14:35 +0000] "GET /assets/app.js HTTP/1.1" 200 63947 "/assets/app.js" "Mozilla/5.0 (Windows NT 10.0; Win64; x64) AppleWebKit/537.36 Chrome/123.0.0.0 Safari/537.36"
46.188.19.142 - - [03/Jul/2026:16:14:35 +0000] "GET / HTTP/1.1" 200 10506 "-" "Mozilla/5.0 (compatible; Googlebot/2.1; +http://www.google.com/bot.html)"
66.249.75.10 - - [03/Jul/2026:16:14:36 +0000] "GET /favicon.ico HTTP/1.1" 200 45816 "-" "DuckDuckBot/1.0; (+http://duckduckgo.com/duckduckbot)"
40.77.167.21 - - [03/Jul/2026:16:14:39 +0000] "GET /assets/app.js HTTP/1.1" 200 55390 "-" "Mozilla/5.0 (iPhone; CPU iPhone OS 17_4 like Mac OS X) AppleWebKit/605.1.15 Version/17.4 Mobile/15E148 Safari/604.1"
141.8.153.222 - - [03/Jul/2026:16:14:40 +0000] "GET /sitemap.xml HTTP/1.1" 200 18563 "-" "Mozilla/5.0 (X11; Linux x86_64) AppleWebKit/537.36 Chrome/122.0.0.0 Safari/537.36"
171.25.193.20 - - [03/Jul/2026:16:14:41 +0000] "GET /.env.remote HTTP/1.1" 404 2245 "-" "sqlmap/1.8.4#stable"
147.248.228.54 - - [03/Jul/2026:16:14:41 +0000] "GET /about HTTP/1.1" 200 57130 "-" "Mozilla/5.0 (Macintosh; Intel Mac OS X 14_5) AppleWebKit/537.36 Chrome/124.0.0.0 Safari/537.36"
66.249.75.10 - - [03/Jul/2026:16:14:41 +0000] "GET /metrics HTTP/1.1" 200 4700 "-" "Mozilla/5.0 (Linux; Android 13; SM-S918B) AppleWebKit/537.36 SamsungBrowser/24.0 Chrome/120.0 Mobile Safari/537.36"
156.146.62.11 - - [03/Jul/2026:16:14:42 +0000] "GET /httpd/logs/access.log HTTP/1.1" 404 974 "-" "feroxbuster/2.11.0"
10.42.1.147 - - [03/Jul/2026:16:14:43 +0000] "GET /healthz HTTP/1.1" 503 5173 "-" "kube-probe/1.30"
203.0.113.77 - - [03/Jul/2026:16:14:44 +0000] "GET /assets/app.js HTTP/1.1" 304 3709 "/contacts" "Mozilla/5.0 (iPad; CPU OS 17_4 like Mac OS X) AppleWebKit/605.1.15 Version/17.4 Mobile/15E148 Safari/604.1"
141.8.153.222 - - [03/Jul/2026:16:14:44 +0000] "GET /assets/app.js HTTP/1.1" 304 209 "/metrics" "Mozilla/5.0 (Windows NT 10.0; Win64; x64) AppleWebKit/537.36 Chrome/123.0.0.0 Safari/537.36"
203.0.113.77 - - [03/Jul/2026:16:14:45 +0000] "GET /api/news HTTP/1.1" 200 76852 "/metrics" "Mozilla/5.0 (X11; Linux x86_64) AppleWebKit/537.36 Chrome/122.0.0.0 Safari/537.36"
213.24.11.146 - - [03/Jul/2026:16:14:45 +0000] "GET /metrics HTTP/1.1" 200 23309 "/assets/logo.svg" "Mozilla/5.0 (compatible; Googlebot/2.1; +http://www.google.com/bot.html)"
203.0.113.77 - - [03/Jul/2026:16:14:45 +0000] "GET /api/products HTTP/1.1" 304 1433 "-" "Mozilla/5.0 (iPad; CPU OS 17_4 like Mac OS X) AppleWebKit/605.1.15 Version/17.4 Mobile/15E148 Safari/604.1"
194.26.29.89 - - [03/Jul/2026:16:14:45 +0000] "OPTIONS /juju/ HTTP/1.1" 302 980 "-" "Nmap Scripting Engine"
46.188.19.142 - - [03/Jul/2026:16:14:46 +0000] "GET /assets/logo.svg HTTP/1.1" 304 566 "-" "Mozilla/5.0 (Windows NT 10.0; Win64; rv:124.0) Gecko/20100101 Firefox/124.0"
10.42.3.14 - - [03/Jul/2026:16:14:46 +0000] "GET /healthz HTTP/1.1" 200 3008 "-" "kube-probe/1.30"
66.249.75.10 - - [03/Jul/2026:16:14:46 +0000] "GET /assets/app.js HTTP/1.1" 200 32239 "-" "Mozilla/5.0 (compatible; bingbot/2.0; +http://www.bing.com/bingbot.htm)"
66.249.75.10 - - [03/Jul/2026:16:14:47 +0000] "GET /robots.txt HTTP/1.1" 200 47011 "-" "Mozilla/5.0 (iPad; CPU OS 17_4 like Mac OS X) AppleWebKit/605.1.15 Version/17.4 Mobile/15E148 Safari/604.1"
40.77.167.21 - - [03/Jul/2026:16:14:47 +0000] "GET /articles/2026/q2 HTTP/1.1" 304 2505 "-" "Mozilla/5.0 (iPhone; CPU iPhone OS 17_4 like Mac OS X) AppleWebKit/605.1.15 Version/17.4 Mobile/15E148 Safari/604.1"
212.76.133.14 - - [03/Jul/2026:16:14:48 +0000] "GET /about HTTP/1.1" 200 39017 "/assets/site.css" "Mozilla/5.0 (Windows NT 10.0; Win64; x64) AppleWebKit/537.36 Chrome/123.0.0.0 Safari/537.36"
212.76.133.14 - - [03/Jul/2026:16:14:48 +0000] "GET /assets/site.css HTTP/1.1" 200 7043 "-" "Mozilla/5.0 (compatible; Googlebot/2.1; +http://www.google.com/bot.html)"
46.188.19.142 - - [03/Jul/2026:16:14:48 +0000] "GET /healthz HTTP/1.1" 200 10220 "-" "Mozilla/5.0 (iPad; CPU OS 17_4 like Mac OS X) AppleWebKit/605.1.15 Version/17.4 Mobile/15E148 Safari/604.1"
66.249.75.10 - - [03/Jul/2026:16:14:49 +0000] "GET /assets/app.js HTTP/1.1" 200 21474 "/about" "Mozilla/5.0 (X11; Linux x86_64) AppleWebKit/537.36 Chrome/122.0.0.0 Safari/537.36"
104.244.72.115 - - [03/Jul/2026:16:14:50 +0000] "HEAD /config.codekit3 HTTP/1.1" 403 2597 "-" "feroxbuster/2.11.0"
216.191.129.225 - - [03/Jul/2026:16:14:51 +0000] "GET /sitemap.xml HTTP/1.1" 200 78557 "/sitemap.xml" "Mozilla/5.0 (Macintosh; Intel Mac OS X 14_5) AppleWebKit/605.1.15 Version/17.4 Safari/605.1.15"
185.220.101.54 - - [03/Jul/2026:16:14:51 +0000] "GET /wp-includes/ HTTP/1.1" 404 1921 "-" "feroxbuster/2.11.0"
234.233.31.115 - - [03/Jul/2026:16:14:53 +0000] "GET /assets/logo.svg HTTP/1.1" 200 26045 "-" "Mozilla/5.0 (iPhone; CPU iPhone OS 17_4 like Mac OS X) AppleWebKit/605.1.15 Version/17.4 Mobile/15E148 Safari/604.1"
212.76.133.14 - - [03/Jul/2026:16:14:53 +0000] "GET / HTTP/1.1" 200 13355 "-" "Mozilla/5.0 (Macintosh; Intel Mac OS X 14_5) AppleWebKit/605.1.15 Version/17.4 Safari/605.1.15"
213.24.11.146 - - [03/Jul/2026:16:14:53 +0000] "HEAD /contacts HTTP/1.1" 200 45399 "-" "Mozilla/5.0 (Macintosh; Intel Mac OS X 14_5) AppleWebKit/605.1.15 Version/17.4 Safari/605.1.15"
198.51.100.45 - - [03/Jul/2026:16:14:53 +0000] "GET /articles/2026/q2 HTTP/1.1" 200 80581 "/robots.txt" "Mozilla/5.0 (X11; Linux x86_64) AppleWebKit/537.36 Chrome/122.0.0.0 Safari/537.36"
10.42.2.74 - - [03/Jul/2026:16:14:54 +0000] "GET /healthz HTTP/1.1" 200 4968 "-" "kube-probe/1.30"
188.18.77.220 - - [03/Jul/2026:16:14:57 +0000] "GET /assets/site.css HTTP/1.1" 304 2850 "/favicon.ico" "Mozilla/5.0 (Macintosh; Intel Mac OS X 14_5) AppleWebKit/537.36 Chrome/124.0.0.0 Safari/537.36"
66.249.75.10 - - [03/Jul/2026:16:14:57 +0000] "GET /metrics HTTP/1.1" 200 39015 "/assets/app.js" "Mozilla/5.0 (X11; Linux x86_64) AppleWebKit/537.36 Chrome/122.0.0.0 Safari/537.36"
156.146.62.11 - - [03/Jul/2026:16:14:57 +0000] "OPTIONS /users HTTP/1.1" 403 171 "-" "dirsearch/0.4.3"
45.9.148.77 - - [03/Jul/2026:16:14:57 +0000] "GET /templates_c/ HTTP/1.1" 404 1052 "-" "sqlmap/1.8.4#stable"
141.8.153.222 - - [03/Jul/2026:16:14:58 +0000] "GET /favicon.ico HTTP/1.1" 200 58827 "/about" "Mozilla/5.0 (Macintosh; Intel Mac OS X 14_5) AppleWebKit/537.36 Chrome/124.0.0.0 Safari/537.36"
77.88.55.201 - - [03/Jul/2026:16:14:58 +0000] "GET /favicon.ico HTTP/1.1" 200 54256 "/" "Mozilla/5.0 (Windows NT 10.0; Win64; x64) AppleWebKit/537.36 Chrome/123.0.0.0 Safari/537.36"
157.55.39.7 - - [03/Jul/2026:16:14:58 +0000] "GET /metrics HTTP/1.1" 200 4725 "/assets/site.css" "Mozilla/5.0 (iPad; CPU OS 17_4 like Mac OS X) AppleWebKit/605.1.15 Version/17.4 Mobile/15E148 Safari/604.1"
91.198.174.22 - - [03/Jul/2026:16:14:59 +0000] "GET /assets/site.css HTTP/1.1" 200 54832 "-" "Mozilla/5.0 (Macintosh; Intel Mac OS X 14_5) AppleWebKit/537.36 Chrome/124.0.0.0 Safari/537.36"
45.9.148.77 - - [03/Jul/2026:16:14:59 +0000] "HEAD /admin/fckeditor/editor/filemanager/upload/asp/upload.asp HTTP/1.1" 404 1380 "-" "feroxbuster/2.11.0"
77.88.55.201 - - [03/Jul/2026:16:15:00 +0000] "GET /sitemap.xml HTTP/1.1" 200 43653 "-" "Mozilla/5.0 (Windows NT 10.0; Win64; x64) AppleWebKit/537.36 Edg/124.0.0.0"
171.25.193.20 - - [03/Jul/2026:16:15:00 +0000] "HEAD /adminer-4.6.0-en.php HTTP/1.1" 302 1344 "-" "masscan/1.3 (https://github.com/robertdavidgraham/masscan)"
193.142.147.55 - - [03/Jul/2026:16:15:01 +0000] "OPTIONS /stssys.htm HTTP/1.1" 404 572 "-" "DirBuster-1.0-RC1"
10.42.0.34 - - [03/Jul/2026:16:15:01 +0000] "GET /healthz HTTP/1.1" 200 2737 "-" "curl/8.6.0"
212.76.133.14 - - [03/Jul/2026:16:15:02 +0000] "GET /favicon.ico HTTP/1.1" 200 58095 "-" "Mozilla/5.0 (iPhone; CPU iPhone OS 17_4 like Mac OS X) AppleWebKit/605.1.15 Version/17.4 Mobile/15E148 Safari/604.1"
157.55.39.7 - - [03/Jul/2026:16:15:02 +0000] "GET /robots.txt HTTP/1.1" 200 76455 "/sitemap.xml" "Mozilla/5.0 (X11; Linux x86_64) AppleWebKit/537.36 Chrome/122.0.0.0 Safari/537.36"
212.76.133.14 - - [03/Jul/2026:16:15:02 +0000] "GET /assets/site.css HTTP/1.1" 200 18489 "-" "Mozilla/5.0 (compatible; bingbot/2.0; +http://www.bing.com/bingbot.htm)"
193.142.147.55 - - [03/Jul/2026:16:15:02 +0000] "GET /moderator/login HTTP/1.1" 403 2297 "-" "python-requests/2.31.0"
91.198.174.22 - - [03/Jul/2026:16:15:02 +0000] "GET /robots.txt HTTP/1.1" 200 13810 "/articles/2026/q2" "Mozilla/5.0 (Macintosh; Intel Mac OS X 14_5) AppleWebKit/605.1.15 Version/17.4 Safari/605.1.15"
198.51.100.45 - - [03/Jul/2026:16:15:02 +0000] "GET /articles/2026/q2 HTTP/1.1" 200 59724 "/sitemap.xml" "Mozilla/5.0 (compatible; YandexBot/3.0; +http://yandex.com/bots)"
157.55.39.7 - - [03/Jul/2026:16:15:02 +0000] "GET /robots.txt HTTP/1.1" 200 472 "/robots.txt" "Mozilla/5.0 (Windows NT 10.0; Win64; x64) AppleWebKit/537.36 Chrome/123.0.0.0 Safari/537.36"
203.0.113.77 - - [03/Jul/2026:16:15:04 +0000] "GET /products HTTP/1.1" 200 17596 "/about" "Mozilla/5.0 (iPhone; CPU iPhone OS 17_4 like Mac OS X) AppleWebKit/605.1.15 Version/17.4 Mobile/15E148 Safari/604.1"
171.25.193.20 - - [03/Jul/2026:16:15:05 +0000] "GET /server-info HTTP/1.1" 404 1681 "-" "Wfuzz/3.1.0"
198.51.100.45 - - [03/Jul/2026:16:15:06 +0000] "GET /assets/app.js HTTP/1.1" 200 9875 "-" "Mozilla/5.0 (Windows NT 10.0; Win64; x64) AppleWebKit/537.36 Chrome/123.0.0.0 Safari/537.36"
80.85.246.17 - - [03/Jul/2026:16:15:06 +0000] "HEAD /.idea/woaWordpress.iml HTTP/1.1" 301 1558 "-" "feroxbuster/2.11.0"
198.51.100.45 - - [03/Jul/2026:16:15:07 +0000] "GET /articles/2026/q2 HTTP/1.1" 304 2163 "-" "Mozilla/5.0 (X11; Linux x86_64) AppleWebKit/537.36 Chrome/122.0.0.0 Safari/537.36"
10.42.1.212 - - [03/Jul/2026:16:15:08 +0000] "GET /healthz HTTP/1.1" 200 5214 "-" "curl/8.6.0"
94.143.138.169 - - [03/Jul/2026:16:15:09 +0000] "GET /robots.txt HTTP/1.1" 304 3135 "-" "Mozilla/5.0 (iPad; CPU OS 17_4 like Mac OS X) AppleWebKit/605.1.15 Version/17.4 Mobile/15E148 Safari/604.1"
5.188.206.67 - - [03/Jul/2026:16:15:10 +0000] "HEAD /anchor/errors.log HTTP/1.1" 404 741 "-" "sqlmap/1.8.4#stable"
141.8.153.222 - - [03/Jul/2026:16:15:10 +0000] "GET / HTTP/1.1" 304 3776 "-" "Mozilla/5.0 (Windows NT 10.0; Win64; x64) AppleWebKit/537.36 Chrome/123.0.0.0 Safari/537.36"
193.142.147.55 - - [03/Jul/2026:16:15:10 +0000] "GET /access.log HTTP/1.1" 302 181 "-" "Go-http-client/1.1"
185.220.101.54 - - [03/Jul/2026:16:15:11 +0000] "OPTIONS /nginx-ssl.access.log HTTP/1.1" 302 1803 "-" "Wfuzz/3.1.0"
212.76.133.14 - - [03/Jul/2026:16:15:11 +0000] "GET /assets/app.js HTTP/1.1" 200 62672 "/assets/app.js" "Mozilla/5.0 (Macintosh; Intel Mac OS X 14_5) AppleWebKit/537.36 Chrome/124.0.0.0 Safari/537.36"
177.142.87.74 - - [03/Jul/2026:16:15:11 +0000] "GET /articles/2026/q2 HTTP/1.1" 200 45656 "-" "Mozilla/5.0 (X11; Linux x86_64) AppleWebKit/537.36 Chrome/122.0.0.0 Safari/537.36"
212.76.133.14 - - [03/Jul/2026:16:15:12 +0000] "GET /products HTTP/1.1" 200 75367 "/healthz" "Mozilla/5.0 (Macintosh; Intel Mac OS X 14_5) AppleWebKit/537.36 Chrome/124.0.0.0 Safari/537.36"
