213.24.11.146 - - [03/Jul/2026:15:26:59 +0000] "GET /healthz HTTP/1.1" 304 3661 "-" "Mozilla/5.0 (compatible; YandexBot/3.0; +http://yandex.com/bots)"
23.129.64.112 - - [03/Jul/2026:15:27:00 +0000] "OPTIONS /editor-4.2.4-mysql-en.php HTTP/1.1" 404 960 "-" "python-requests/2.31.0"
125.185.39.7 - - [03/Jul/2026:15:27:00 +0000] "GET /metrics/ HTTP/1.1" 301 1153 "-" "Nmap Scripting Engine"
10.42.1.92 - - [03/Jul/2026:15:27:01 +0000] "GET /healthz HTTP/1.1" 200 3435 "-" "curl/8.6.0"
46.188.19.142 - - [03/Jul/2026:15:27:02 +0000] "GET / HTTP/1.1" 200 19740 "-" "Mozilla/5.0 (Linux; Android 13; SM-S918B) AppleWebKit/537.36 SamsungBrowser/24.0 Chrome/120.0 Mobile Safari/537.36"
203.0.113.77 - - [03/Jul/2026:15:27:03 +0000] "GET /metrics HTTP/1.1" 304 3588 "-" "Mozilla/5.0 (iPhone; CPU iPhone OS 17_4 like Mac OS X) AppleWebKit/605.1.15 Version/17.4 Mobile/15E148 Safari/604.1"
205.171.166.119 - - [03/Jul/2026:15:27:03 +0000] "GET /assets/site.css HTTP/1.1" 200 80160 "-" "Mozilla/5.0 (Windows NT 10.0; Win64; x64) AppleWebKit/537.36 Chrome/123.0.0.0 Safari/537.36"
23.129.64.112 - - [03/Jul/2026:15:27:05 +0000] "GET /.sqlite_history HTTP/1.1" 302 374 "-" "gobuster/3.6"
104.244.72.115 - - [03/Jul/2026:15:27:05 +0000] "OPTIONS /DerivedData/ HTTP/1.1" 404 617 "-" "python-requests/2.31.0"
213.24.11.146 - - [03/Jul/2026:15:27:05 +0000] "GET /api/news HTTP/1.1" 200 29576 "-" "Mozilla/5.0 (X11; Linux x86_64) AppleWebKit/537.36 Chrome/122.0.0.0 Safari/537.36"
104.244.72.115 - - [03/Jul/2026:15:27:07 +0000] "OPTIONS /administrator/account.php HTTP/1.1" 404 2057 "-" "feroxbuster/2.11.0"
45.146.164.12 - - [03/Jul/2026:15:27:07 +0000] "HEAD /violations/ HTTP/1.1" 404 815 "-" "DirBuster-1.0-RC1"
80.85.246.17 - - [03/Jul/2026:15:27:10 +0000] "HEAD /cmsadmin/ HTTP/1.1" 302 1159 "-" "Wfuzz/3.1.0"
194.26.29.89 - - [03/Jul/2026:15:27:10 +0000] "OPTIONS /Http/DataLayCfg.xml HTTP/1.1" 301 245 "-" "Go-http-client/1.1"
23.129.64.112 - - [03/Jul/2026:15:27:11 +0000] "GET /administracion/ HTTP/1.1" 403 519 "-" "python-requests/2.31.0"
77.88.55.201 - - [03/Jul/2026:15:27:11 +0000] "GET /about HTTP/1.1" 304 186 "-" "Mozilla/5.0 (Windows NT 10.0; Win64; x64) AppleWebKit/537.36 Edg/124.0.0.0"
40.77.167.21 - - [03/Jul/2026:15:27:13 +0000] "GET /assets/site.css HTTP/1.1" 200 41272 "/favicon.ico" "Mozilla/5.0 (Linux; Android 13; SM-S918B) AppleWebKit/537.36 SamsungBrowser/24.0 Chrome/120.0 Mobile Safari/537.36"
203.0.113.77 - - [03/Jul/2026:15:27:14 +0000] "GET /assets/site.css HTTP/1.1" 304 1959 "/healthz" "Mozilla/5.0 (Windows NT 10.0; Win64; rv:124.0) Gecko/20100101 Firefox/124.0"
188.18.77.220 - - [03/Jul/2026:15:27:14 +0000] "HEAD /healthz HTTP/1.1" 200 1307 "/favicon.ico" "Mozilla/5.0 (compatible; Googlebot/2.1; +http://www.google.com/bot.html)"
46.188.19.142 - - [03/Jul/2026:15:27:14 +0000] "GET /sitemap.xml HTTP/1.1" 200 70118 "-" "Mozilla/5.0 (Macintosh; Intel Mac OS X 14_5) AppleWebKit/605.1.15 Version/17.4 Safari/605.1.15"
22.22.69.31 - - [03/Jul/2026:15:27:15 +0000] "GET /.idea/workspace(3).xml HTTP/1.1" 405 604 "-" "dirsearch/0.4.3"
188.18.77.220 - - [03/Jul/2026:15:27:15 +0000] "GET /assets/logo.svg HTTP/1.1" 200 42959 "-" "Mozilla/5.0 (Windows NT 10.0; Win64; x64) AppleWebKit/537.36 Edg/124.0.0.0"
40.77.167.21 - - [03/Jul/2026:15:27:15 +0000] "GET /assets/logo.svg HTTP/1.1" 200 81793 "-" "Mozilla/5.0 (Windows NT 10.0; Win64; x64) AppleWebKit/537.36 Chrome/123.0.0.0 Safari/537.36"
10.42.2.8 - - [03/Jul/2026:15:27:17 +0000] "GET /healthz HTTP/1.1" 200 5498 "-" "kube-probe/1.30"
5.188.206.67 - - [03/Jul/2026:15:27:18 +0000] "GET /tmp/access.log HTTP/1.1" 301 419 "-" "sqlmap/1.8.4#stable"
40.77.167.21 - - [03/Jul/2026:15:27:19 +0000] "GET /assets/site.css HTTP/1.1" 200 81284 "/sitemap.xml" "Mozilla/5.0 (iPhone; CPU iPhone OS 17_4 like Mac OS X) AppleWebKit/605.1.15 Version/17.4 Mobile/15E148 Safari/604.1"
31.228.140.23 - - [03/Jul/2026:15:27:19 +0000] "GET /api/news HTTP/1.1" 200 76504 "/about" "Mozilla/5.0 (Linux; Android 13; SM-S918B) AppleWebKit/537.36 SamsungBrowser/24.0 Chrome/120.0 Mobile Safari/537.36"
198.51.100.45 - - [03/Jul/2026:15:27:19 +0000] "GET /api/products HTTP/1.1" 304 451 "/metrics" "DuckDuckBot/1.0; (+http://duckduckgo.com/duckduckbot)"
194.26.29.89 - - [03/Jul/2026:15:27:20 +0000] "HEAD /login1/ HTTP/1.1" 405 185 "-" "Go-http-client/1.1"
212.76.133.14 - - [03/Jul/2026:15:27:20 +0000] "GET /api/news HTTP/1.1" 200 42246 "-" "Mozilla/5.0 (Macintosh; Intel Mac OS X 14_5) AppleWebKit/605.1.15 Version/17.4 Safari/605.1.15"
77.88.55.201 - - [03/Jul/2026:15:27:21 +0000] "GET /robots.txt HTTP/1.1" 200 60263 "-" "Mozilla/5.0 (iPhone; CPU iPhone OS 17_4 like Mac OS X) AppleWebKit/605.1.15 Version/17.4 Mobile/15E148 Safari/604.1"
10.42.2.142 - - [03/Jul/2026:15:27:22 +0000] "GET /healthz HTTP/1.1" 200 3646 "-" "kube-probe/1.30"
80.85.246.17 - - [03/Jul/2026:15:27:22 +0000] "GET /authadmin/ HTTP/1.1" 403 1015 "-" "sqlmap/1.8.4#stable"
141.8.153.222 - - [03/Jul/2026:15:27:22 +0000] "GET /articles/2026/q2 HTTP/1.1" 200 44463 "-" "Mozilla/5.0 (Macintosh; Intel Mac OS X 14_5) AppleWebKit/537.36 Chrome/124.0.0.0 Safari/537.36"
188.18.77.220 - - [03/Jul/2026:15:27:23 +0000] "GET /robots.txt HTTP/1.1" 200 16321 "/robots.txt" "Mozilla/5.0 (compatible; bingbot/2.0; +http://www.bing.com/bingbot.htm)"
91.198.174.22 - - [03/Jul/2026:15:27:23 +0000] "GET /api/news HTTP/1.1" 200 67035 "/assets/logo.svg" "Mozilla/5.0 (X11; Linux x86_64) AppleWebKit/537.36 Chrome/122.0.0.0 Safari/537.36"
104.244.72.115 - - [03/Jul/2026:15:27:23 +0000] "HEAD /awstats/ HTTP/1.1" 500 228 "-" "Nmap Scripting Engine"
5.188.206.67 - - [03/Jul/2026:15:27:23 +0000] "GET /app/cache/ HTTP/1.1" 404 1721 "-" "dirsearch/0.4.3"
213.24.11.146 - - [03/Jul/2026:15:27:24 +0000] "GET / HTTP/1.1" 200 68098 "-" "Mozilla/5.0 (Windows NT 10.0; Win64; x64) AppleWebKit/537.36 Edg/124.0.0.0"
40.77.167.21 - - [03/Jul/2026:15:27:24 +0000] "GET /assets/app.js HTTP/1.1" 304 1294 "-" "Mozilla/5.0 (X11; Linux x86_64) AppleWebKit/537.36 Chrome/122.0.0.0 Safari/537.36"
127.205.27.50 - - [03/Jul/2026:15:27:25 +0000] "GET /adminer-4.0.2.php HTTP/1.1" 302 1482 "-" "Go-http-client/1.1"
194.26.29.89 - - [03/Jul/2026:15:27:25 +0000] "GET /conf/tomcat-users.xml HTTP/1.1" 302 1391 "-" "Nmap Scripting Engine"
45.146.164.12 - - [03/Jul/2026:15:27:25 +0000] "GET /var/log/payment_authorizenet.log HTTP/1.1" 404 1038 "-" "Go-http-client/1.1"
91.198.174.22 - - [03/Jul/2026:15:27:26 +0000] "GET /assets/app.js HTTP/1.1" 200 40516 "/about" "Mozilla/5.0 (X11; Linux x86_64) AppleWebKit/537.36 Chrome/122.0.0.0 Safari/537.36"
128.185.89.60 - - [03/Jul/2026:15:27:26 +0000] "GET /metrics HTTP/1.1" 200 65366 "/about" "Mozilla/5.0 (Macintosh; Intel Mac OS X 14_5) AppleWebKit/537.36 Chrome/124.0.0.0 Safari/537.36"
203.0.113.77 - - [03/Jul/2026:15:27:26 +0000] "GET /healthz HTTP/1.1" 200 48894 "-" "Mozilla/5.0 (Macintosh; Intel Mac OS X 14_5) AppleWebKit/537.36 Chrome/124.0.0.0 Safari/537.36"
10.42.0.245 - - [03/Jul/2026:15:27:26 +0000] "GET /healthz HTTP/1.1" 200 4960 "-" "curl/8.6.0"
155.111.96.94 - - [03/Jul/2026:15:27:27 +0000] "GET /api/news HTTP/1.1" 304 1435 "-" "Mozilla/5.0 (iPad; CPU OS 17_4 like Mac OS X) AppleWebKit/605.1.15 Version/17.4 Mobile/15E148 Safari/604.1"
212.76.133.14 - - [03/Jul/2026:15:27:27 +0000] "GET /favicon.ico HTTP/1.1" 200 52777 "-" "Mozilla/5.0 (compatible; bingbot/2.0; +http://www.bing.com/bingbot.htm)"
156.146.62.11 - - [03/Jul/2026:15:27:29 +0000] "HEAD /admin4/ HTTP/1.1" 405 1705 "-" "sqlmap/1.8.4#stable"
46.188.19.142 - - [03/Jul/2026:15:27:30 +0000] "GET /healthz HTTP/1.1" 200 24572 "-" "Mozilla/5.0 (Linux; Android 13; SM-S918B) AppleWebKit/537.36 SamsungBrowser/24.0 Chrome/120.0 Mobile Safari/537.36"
77.88.55.201 - - [03/Jul/2026:15:27:30 +0000] "GET /favicon.ico HTTP/1.1" 304 2810 "/robots.txt" "Mozilla/5.0 (Linux; Android 13; SM-S918B) AppleWebKit/537.36 SamsungBrowser/24.0 Chrome/120.0 Mobile Safari/537.36"
45.9.148.77 - - [03/Jul/2026:15:27:30 +0000] "HEAD /adminer-4.7.8-en.php HTTP/1.1" 404 145 "-" "Go-http-client/1.1"
10.42.3.145 - - [03/Jul/2026:15:27:31 +0000] "GET /healthz HTTP/1.1" 200 5457 "-" "curl/8.6.0"
194.26.29.89 - - [03/Jul/2026:15:27:31 +0000] "HEAD /selenium/ HTTP/1.1" 403 336 "-" "masscan/1.3 (https://github.com/robertdavidgraham/masscan)"
213.24.11.146 - - [03/Jul/2026:15:27:32 +0000] "GET /assets/site.css HTTP/1.1" 200 77323 "/articles/2026/q2" "Mozilla/5.0 (Macintosh; Intel Mac OS X 14_5) AppleWebKit/605.1.15 Version/17.4 Safari/605.1.15"
213.24.11.146 - - [03/Jul/2026:15:27:32 +0000] "GET /metrics HTTP/1.1" 200 40625 "-" "Mozilla/5.0 (iPad; CPU OS 17_4 like Mac OS X) AppleWebKit/605.1.15 Version/17.4 Mobile/15E148 Safari/604.1"
212.76.133.14 - - [03/Jul/2026:15:27:32 +0000] "GET /metrics HTTP/1.1" 200 5515 "/favicon.ico" "Mozilla/5.0 (compatible; Googlebot/2.1; +http://www.google.com/bot.html)"
171.25.193.20 - - [03/Jul/2026:15:27:33 +0000] "OPTIONS /.architect HTTP/1.1" 404 630 "-" "sqlmap/1.8.4#stable"
171.25.193.20 - - [03/Jul/2026:15:27:34 +0000] "GET /httpd/logs/access.log HTTP/1.1" 404 613 "-" "ffuf/2.1.0"
40.77.167.21 - - [03/Jul/2026:15:27:34 +0000] "GET /robots.txt HTTP/1.1" 200 63797 "-" "Mozilla/5.0 (iPhone; CPU iPhone OS 17_4 like Mac OS X) AppleWebKit/605.1.15 Version/17.4 Mobile/15E148 Safari/604.1"
188.18.77.220 - - [03/Jul/2026:15:27:34 +0000] "GET /assets/site.css HTTP/1.1" 304 390 "/sitemap.xml" "Mozilla/5.0 (Linux; Android 13; SM-S918B) AppleWebKit/537.36 SamsungBrowser/24.0 Chrome/120.0 Mobile Safari/537.36"
141.8.153.222 - - [03/Jul/2026:15:27:34 +0000] "GET /healthz HTTP/1.1" 200 9826 "/assets/site.css" "Mozilla/5.0 (iPhone; CPU iPhone OS 17_4 like Mac OS X) AppleWebKit/605.1.15 Version/17.4 Mobile/15E148 Safari/604.1"
203.0.113.77 - - [03/Jul/2026:15:27:35 +0000] "GET /favicon.ico HTTP/1.1" 200 4798 "-" "Mozilla/5.0 (Windows NT 10.0; Win64; rv:124.0) Gecko/20100101 Firefox/124.0"
213.24.11.146 - - [03/Jul/2026:15:27:37 +0000] "GET /api/news HTTP/1.1" 200 22597 "/metrics" "Mozilla/5.0 (iPhone; CPU iPhone OS 17_4 like Mac OS X) AppleWebKit/605.1.15 Version/17.4 Mobile/15E148 Safari/604.1"
31.233.144.41 - - [03/Jul/2026:15:27:37 +0000] "GET /assets/app.js HTTP/1.1" 304 3780 "-" "Mozilla/5.0 (Windows NT 10.0; Win64; x64) AppleWebKit/537.36 Edg/124.0.0.0"
213.24.11.146 - - [03/Jul/2026:15:27:38 +0000] "GET /products HTTP/1.1" 200 67286 "-" "Mozilla/5.0 (X11; Linux x86_64) AppleWebKit/537.36 Chrome/122.0.0.0 Safari/537.36"
188.18.77.220 - - [03/Jul/2026:15:27:40 +0000] "GET /products HTTP/1.1" 200 49003 "/api/news" "Mozilla/5.0 (compatible; YandexBot/3.0; +http://yandex.com/bots)"
188.18.77.220 - - [03/Jul/2026:15:27:40 +0000] "GET /products HTTP/1.1" 200 52820 "/about" "Mozilla/5.0 (Macintosh; Intel Mac OS X 14_5) AppleWebKit/605.1.15 Version/17.4 Safari/605.1.15"
23.129.64.112 - - [03/Jul/2026:15:27:42 +0000] "OPTIONS /adm/ HTTP/1.1" 403 1322 "-" "feroxbuster/2.11.0"
29.24.99.124 - - [03/Jul/2026:15:27:42 +0000] "GET /access_log.1 HTTP/1.1" 403 635 "-" "dirsearch/0.4.3"
213.24.11.146 - - [03/Jul/2026:15:27:43 +0000] "GET /api/news HTTP/1.1" 200 50998 "-" "Mozilla/5.0 (Windows NT 10.0; Win64; x64) AppleWebKit/537.36 Edg/124.0.0.0"
203.0.113.77 - - [03/Jul/2026:15:27:44 +0000] "GET /products HTTP/1.1" 304 2470 "/about" "Mozilla/5.0 (compatible; Googlebot/2.1; +http://www.google.com/bot.html)"
77.88.55.201 - - [03/Jul/2026:15:27:45 +0000] "HEAD /sitemap.xml HTTP/1.1" 200 76592 "-" "Mozilla/5.0 (compatible; Googlebot/2.1; +http://www.google.com/bot.html)"
213.24.11.146 - - [03/Jul/2026:15:27:46 +0000] "GET /products HTTP/1.1" 200 45676 "/assets/app.js" "Mozilla/5.0 (Windows NT 10.0; Win64; x64) AppleWebKit/537.36 Chrome/123.0.0.0 Safari/537.36"
188.18.77.220 - - [03/Jul/2026:15:27:46 +0000] "GET /products HTTP/1.1" 200 1062 "-" "Mozilla/5.0 (Windows NT 10.0; Win64; x64) AppleWebKit/537.36 Edg/124.0.0.0"
91.198.174.22 - - [03/Jul/2026:15:27:46 +0000] "GET /favicon.ico HTTP/1.1" 200 43574 "/contacts" "Mozilla/5.0 (iPhone; CPU iPhone OS 17_4 like Mac OS X) AppleWebKit/605.1.15 Version/17.4 Mobile/15E148 Safari/604.1"
141.8.153.222 - - [03/Jul/2026:15:27:46 +0000] "GET /healthz HTTP/1.1" 200 16040 "/metrics" "Mozilla/5.0 (X11; Linux x86_64) AppleWebKit/537.36 Chrome/122.0.0.0 Safari/537.36"
188.18.77.220 - - [03/Jul/2026:15:27:46 +0000] "GET /about HTTP/1.1" 200 6744 "-" "Mozilla/5.0 (Linux; Android 13; SM-S918B) AppleWebKit/537.36 SamsungBrowser/24.0 Chrome/120.0 Mobile Safari/537.36"
10.42.1.120 - - [03/Jul/2026:15:27:46 +0000] "GET /healthz HTTP/1.1" 200 3284 "-" "kube-probe/1.30"
171.25.193.20 - - [03/Jul/2026:15:27:47 +0000] "OPTIONS /phpMyAdmin-2.8.1-rc1/ HTTP/1.1" 302 1399 "-" "ffuf/2.1.0"
157.55.39.7 - - [03/Jul/2026:15:27:47 +0000] "GET /about HTTP/1.1" 200 20693 "-" "Mozilla/5.0 (iPad; CPU OS 17_4 like Mac OS X) AppleWebKit/605.1.15 Version/17.4 Mobile/15E148 Safari/604.1"
203.0.113.77 - - [03/Jul/2026:15:27:47 +0000] "HEAD /assets/logo.svg HTTP/1.1" 304 3484 "/articles/2026/q2" "Mozilla/5.0 (compatible; bingbot/2.0; +http://www.bing.com/bingbot.htm)"
185.220.101.54 - - [03/Jul/2026:15:27:48 +0000] "HEAD /bamb/ HTTP/1.1" 403 1525 "-" "Nmap Scripting Engine"
157.55.39.7 - - [03/Jul/2026:15:27:49 +0000] "GET /sitemap.xml HTTP/1.1" 304 1213 "-" "Mozilla/5.0 (iPad; CPU OS 17_4 like Mac OS X) AppleWebKit/605.1.15 Version/17.4 Mobile/15E148 Safari/604.1"
203.0.113.77 - - [03/Jul/2026:15:27:49 +0000] "GET /assets/logo.svg HTTP/1.1" 200 45316 "-" "DuckDuckBot/1.0; (+http://duckduckgo.com/duckduckbot)"
194.26.29.89 - - [03/Jul/2026:15:27:50 +0000] "GET /admin-serv/config/admpw HTTP/1.1" 500 1417 "-" "python-requests/2.31.0"
141.8.153.222 - - [03/Jul/2026:15:27:50 +0000] "GET /assets/site.css HTTP/1.1" 200 79532 "-" "Mozilla/5.0 (Macintosh; Intel Mac OS X 14_5) AppleWebKit/605.1.15 Version/17.4 Safari/605.1.15"
91.198.174.22 - - [03/Jul/2026:15:27:50 +0000] "HEAD /metrics HTTP/1.1" 304 1969 "-" "Mozilla/5.0 (iPhone; CPU iPhone OS 17_4 like Mac OS X) AppleWebKit/605.1.15 Version/17.4 Mobile/15E148 Safari/604.1"
46.188.19.142 - - [03/Jul/2026:15:27:51 +0000] "GET /api/products HTTP/1.1" 304 688 "/" "Mozilla/5.0 (Windows NT 10.0; Win64; rv:124.0) Gecko/20100101 Firefox/124.0"
212.76.133.14 - - [03/Jul/2026:15:27:51 +0000] "GET /favicon.ico HTTP/1.1" 200 4078 "/assets/app.js" "Mozilla/5.0 (iPad; CPU OS 17_4 like Mac OS X) AppleWebKit/605.1.15 Version/17.4 Mobile/15E148 Safari/604.1"
171.25.193.20 - - [03/Jul/2026:15:27:51 +0000] "GET /users.sql HTTP/1.1" 403 132 "-" "ffuf/2.1.0"
228.35.30.39 - - [03/Jul/2026:15:27:51 +0000] "GET /favicon.ico HTTP/1.1" 200 44014 "-" "Mozilla/5.0 (Windows NT 10.0; Win64; x64) AppleWebKit/537.36 Chrome/123.0.0.0 Safari/537.36"
198.51.100.45 - - [03/Jul/2026:15:27:53 +0000] "GET /metrics HTTP/1.1" 304 844 "-" "DuckDuckBot/1.0; (+http://duckduckgo.com/duckduckbot)"
157.55.39.7 - - [03/Jul/2026:15:27:53 +0000] "GET /products HTTP/1.1" 304 2696 "/favicon.ico" "DuckDuckBot/1.0; (+http://duckduckgo.com/duckduckbot)"
157.55.39.7 - - [03/Jul/2026:15:27:54 +0000] "GET /sitemap.xml HTTP/1.1" 304 484 "-" "Mozilla/5.0 (compatible; YandexBot/3.0; +http://yandex.com/bots)"
194.26.29.89 - - [03/Jul/2026:15:27:54 +0000] "GET /power_user/ HTTP/1.1" 301 2145 "-" "DirBuster-1.0-RC1"
157.55.39.7 - - [03/Jul/2026:15:27:55 +0000] "GET /sitemap.xml HTTP/1.1" 304 1846 "/api/products" "Mozilla/5.0 (Macintosh; Intel Mac OS X 14_5) AppleWebKit/605.1.15 Version/17.4 Safari/605.1.15"
40.77.167.21 - - [03/Jul/2026:15:27:55 +0000] "GET /about HTTP/1.1" 200 1643 "-" "Mozilla/5.0 (compatible; bingbot/2.0; +http://www.bing.com/bingbot.htm)"
45.146.164.12 - - [03/Jul/2026:15:27:56 +0000] "GET /bx_1c_import.php HTTP/1.1" 404 1808 "-" "Wfuzz/3.1.0"
77.88.55.201 - - [03/Jul/2026:15:27:56 +0000] "GET /about HTTP/1.1" 200 28443 "/about" "Mozilla/5.0 (Windows NT 10.0; Win64; x64) AppleWebKit/537.36 Chrome/123.0.0.0 Safari/537.36"
142.47.19.83 - - [03/Jul/2026:15:27:57 +0000] "GET /products HTTP/1.1" 200 30894 "-" "Mozilla/5.0 (compatible; Googlebot/2.1; +http://www.google.com/bot.html)"
80.85.246.17 - - [03/Jul/2026:15:27:57 +0000] "GET /logs/mail.log HTTP/1.1" 404 2278 "-" "Nmap Scripting Engine"
198.51.100.45 - - [03/Jul/2026:15:27:58 +0000] "GET /healthz HTTP/1.1" 304 2169 "-" "Mozilla/5.0 (Windows NT 10.0; Win64; x64) AppleWebKit/537.36 Chrome/123.0.0.0 Safari/537.36"
141.8.153.222 - - [03/Jul/2026:15:27:59 +0000] "GET /assets/site.css HTTP/1.1" 200 55048 "/articles/2026/q2" "Mozilla/5.0 (Macintosh; Intel Mac OS X 14_5) AppleWebKit/537.36 Chrome/124.0.0.0 Safari/537.36"
171.25.193.20 - - [03/Jul/2026:15:27:59 +0000] "GET /adminer-4.7.7.php HTTP/1.1" 301 745 "-" "ffuf/2.1.0"
91.198.174.22 - - [03/Jul/2026:15:28:00 +0000] "GET /favicon.ico HTTP/1.1" 200 14197 "-" "Mozilla/5.0 (Windows NT 10.0; Win64; x64) AppleWebKit/537.36 Edg/124.0.0.0"
213.24.11.146 - - [03/Jul/2026:15:28:01 +0000] "GET /sitemap.xml HTTP/1.1" 200 72775 "/assets/logo.svg" "Mozilla/5.0 (Windows NT 10.0; Win64; rv:124.0) Gecko/20100101 Firefox/124.0"
10.42.2.138 - - [03/Jul/2026:15:28:01 +0000] "GET /healthz HTTP/1.1" 200 4665 "-" "kube-probe/1.30"
188.18.77.220 - - [03/Jul/2026:15:28:01 +0000] "GET /contacts HTTP/1.1" 304 991 "-" "Mozilla/5.0 (compatible; Googlebot/2.1; +http://www.google.com/bot.html)"
198.51.100.45 - - [03/Jul/2026:15:28:03 +0000] "GET /assets/site.css HTTP/1.1" 200 20849 "-" "Mozilla/5.0 (compatible; Googlebot/2.1; +http://www.google.com/bot.html)"
141.8.153.222 - - [03/Jul/2026:15:28:04 +0000] "GET /products HTTP/1.1" 200 66554 "-" "Mozilla/5.0 (iPhone; CPU iPhone OS 17_4 like Mac OS X) AppleWebKit/605.1.15 Version/17.4 Mobile/15E148 Safari/604.1"
77.88.55.201 - - [03/Jul/2026:15:28:04 +0000] "GET /assets/site.css HTTP/1.1" 200 81669 "/metrics" "Mozilla/5.0 (Linux; Android 13; SM-S918B) AppleWebKit/537.36 SamsungBrowser/24.0 Chrome/120.0 Mobile Safari/537.36"
45.9.148.77 - - [03/Jul/2026:15:28:04 +0000] "OPTIONS /2015.zip HTTP/1.1" 405 1083 "-" "Wfuzz/3.1.0"
194.26.29.89 - - [03/Jul/2026:15:28:05 +0000] "GET /editor-4.7.6-mysql-en.php HTTP/1.1" 404 2225 "-" "Go-http-client/1.1"
77.88.55.201 - - [03/Jul/2026:15:28:05 +0000] "GET /robots.txt HTTP/1.1" 200 8494 "-" "Mozilla/5.0 (iPhone; CPU iPhone OS 17_4 like Mac OS X) AppleWebKit/605.1.15 Version/17.4 Mobile/15E148 Safari/604.1"
10.42.3.139 - - [03/Jul/2026:15:28:05 +0000] "GET /metrics HTTP/1.1" 200 5468 "-" "kube-probe/1.30"
40.77.167.21 - - [03/Jul/2026:15:28:06 +0000] "GET /assets/logo.svg HTTP/1.1" 200 72287 "/about" "Mozilla/5.0 (Linux; Android 13; SM-S918B) AppleWebKit/537.36 SamsungBrowser/24.0 Chrome/120.0 Mobile Safari/537.36"
23.129.64.112 - - [03/Jul/2026:15:28:06 +0000] "OPTIONS /config/monkcheckout.ini HTTP/1.1" 403 378 "-" "ffuf/2.1.0"
213.24.11.146 - - [03/Jul/2026:15:28:08 +0000] "GET /sitemap.xml HTTP/1.1" 200 52435 "/robots.txt" "Mozilla/5.0 (Macintosh; Intel Mac OS X 14_5) AppleWebKit/605.1.15 Version/17.4 Safari/605.1.15"
45.146.164.12 - - [03/Jul/2026:15:28:08 +0000] "GET /.cvs HTTP/1.1" 302 2101 "-" "ffuf/2.1.0"
185.220.101.54 - - [03/Jul/2026:15:28:08 +0000] "GET /nginx-ssl.access.log HTTP/1.1" 403 2087 "-" "DirBuster-1.0-RC1"
40.77.167.21 - - [03/Jul/2026:15:28:08 +0000] "GET /healthz HTTP/1.1" 200 37699 "/favicon.ico" "Mozilla/5.0 (iPhone; CPU iPhone OS 17_4 like Mac OS X) AppleWebKit/605.1.15 Version/17.4 Mobile/15E148 Safari/604.1"
91.198.174.22 - - [03/Jul/2026:15:28:08 +0000] "GET /about HTTP/1.1" 200 39379 "-" "Mozilla/5.0 (Windows NT 10.0; Win64; x64) AppleWebKit/537.36 Chrome/123.0.0.0 Safari/537.36"
46.188.19.142 - - [03/Jul/2026:15:28:09 +0000] "GET / HTTP/1.1" 200 71572 "-" "Mozilla/5.0 (Windows NT 10.0; Win64; x64) AppleWebKit/537.36 Edg/124.0.0.0"
45.146.164.12 - - [03/Jul/2026:15:28:10 +0000] "OPTIONS /members HTTP/1.1" 301 1187 "-" "dirsearch/0.4.3"
10.42.3.42 - - [03/Jul/2026:15:28:10 +0000] "GET /healthz HTTP/1.1" 200 5617 "-" "curl/8.6.0"
188.18.77.220 - - [03/Jul/2026:15:28:10 +0000] "GET /articles/2026/q2 HTTP/1.1" 304 3381 "-" "Mozilla/5.0 (compatible; bingbot/2.0; +http://www.bing.com/bingbot.htm)"
157.55.39.7 - - [03/Jul/2026:15:28:11 +0000] "GET /favicon.ico HTTP/1.1" 200 8517 "/products" "Mozilla/5.0 (Linux; Android 13; SM-S918B) AppleWebKit/537.36 SamsungBrowser/24.0 Chrome/120.0 Mobile Safari/537.36"
141.8.153.222 - - [03/Jul/2026:15:28:12 +0000] "GET /healthz HTTP/1.1" 200 50746 "-" "Mozilla/5.0 (iPhone; CPU iPhone OS 17_4 like Mac OS X) AppleWebKit/605.1.15 Version/17.4 Mobile/15E148 Safari/604.1"
45.146.164.12 - - [03/Jul/2026:15:28:12 +0000] "GET /lib/fckeditor/ HTTP/1.1" 301 2448 "-" "Nmap Scripting Engine"
23.129.64.112 - - [03/Jul/2026:15:28:13 +0000] "GET /vorud HTTP/1.1" 301 2452 "-" "Wfuzz/3.1.0"
141.8.153.222 - - [03/Jul/2026:15:28:13 +0000] "GET /assets/app.js HTTP/1.1" 304 3650 "/assets/site.css" "DuckDuckBot/1.0; (+http://duckduckgo.com/duckduckbot)"
46.188.19.142 - - [03/Jul/2026:15:28:13 +0000] "GET /assets/app.js HTTP/1.1" 200 45506 "/favicon.ico" "Mozilla/5.0 (Macintosh; Intel Mac OS X 14_5) AppleWebKit/537.36 Chrome/124.0.0.0 Safari/537.36"
45.9.148.77 - - [03/Jul/2026:15:28:14 +0000] "HEAD /log/access.log HTTP/1.1" 404 1898 "-" "DirBuster-1.0-RC1"
212.76.133.14 - - [03/Jul/2026:15:28:14 +0000] "GET /api/products HTTP/1.1" 200 5932 "-" "Mozilla/5.0 (Macintosh; Intel Mac OS X 14_5) AppleWebKit/537.36 Chrome/124.0.0.0 Safari/537.36"
203.0.113.77 - - [03/Jul/2026:15:28:15 +0000] "GET /metrics HTTP/1.1" 200 1580 "-" "Mozilla/5.0 (compatible; YandexBot/3.0; +http://yandex.com/bots)"
83.31.211.103 - - [03/Jul/2026:15:28:15 +0000] "OPTIONS /PSUser/ HTTP/1.1" 405 1715 "-" "sqlmap/1.8.4#stable"
203.0.113.77 - - [03/Jul/2026:15:28:16 +0000] "GET /about HTTP/1.1" 200 25160 "-" "Mozilla/5.0 (Windows NT 10.0; Win64; x64) AppleWebKit/537.36 Edg/124.0.0.0"
91.198.174.22 - - [03/Jul/2026:15:28:17 +0000] "GET /api/products HTTP/1.1" 200 56983 "-" "Mozilla/5.0 (X11; Linux x86_64) AppleWebKit/537.36 Chrome/122.0.0.0 Safari/537.36"
186.79.95.73 - - [03/Jul/2026:15:28:17 +0000] "GET /articles/2026/q2 HTTP/1.1" 200 78084 "/healthz" "Mozilla/5.0 (Linux; Android 13; SM-S918B) AppleWebKit/537.36 SamsungBrowser/24.0 Chrome/120.0 Mobile Safari/537.36"
156.146.62.11 - - [03/Jul/2026:15:28:18 +0000] "GET /orders HTTP/1.1" 405 1549 "-" "ffuf/2.1.0"
193.142.147.55 - - [03/Jul/2026:15:28:18 +0000] "OPTIONS /wwwroot.tar.gz HTTP/1.1" 404 1933 "-" "Nmap Scripting Engine"
141.8.153.222 - - [03/Jul/2026:15:28:18 +0000] "GET /favicon.ico HTTP/1.1" 200 32731 "-" "Mozilla/5.0 (Macintosh; Intel Mac OS X 14_5) AppleWebKit/537.36 Chrome/124.0.0.0 Safari/537.36"
37.119.161.25 - - [03/Jul/2026:15:28:19 +0000] "OPTIONS /apache/logs/access.log HTTP/1.1" 500 1319 "-" "DirBuster-1.0-RC1"
198.51.100.45 - - [03/Jul/2026:15:28:19 +0000] "GET / HTTP/1.1" 200 71337 "-" "Mozilla/5.0 (Windows NT 10.0; Win64; x64) AppleWebKit/537.36 Chrome/123.0.0.0 Safari/537.36"
46.188.19.142 - - [03/Jul/2026:15:28:19 +0000] "GET /metrics HTTP/1.1" 200 7189 "/assets/logo.svg" "DuckDuckBot/1.0; (+http://duckduckgo.com/duckduckbot)"
156.146.62.11 - - [03/Jul/2026:15:28:19 +0000] "GET /nginx.conf HTTP/1.1" 404 1732 "-" "Wfuzz/3.1.0"
66.249.75.10 - - [03/Jul/2026:15:28:20 +0000] "GET /assets/app.js HTTP/1.1" 304 1019 "/robots.txt" "Mozilla/5.0 (X11; Linux x86_64) AppleWebKit/537.36 Chrome/122.0.0.0 Safari/537.36"
188.18.77.220 - - [03/Jul/2026:15:28:20 +0000] "GET /favicon.ico HTTP/1.1" 200 59133 "/sitemap.xml" "Mozilla/5.0 (Macintosh; Intel Mac OS X 14_5) AppleWebKit/605.1.15 Version/17.4 Safari/605.1.15"
188.18.77.220 - - [03/Jul/2026:15:28:21 +0000] "GET /robots.txt HTTP/1.1" 304 3376 "-" "Mozilla/5.0 (X11; Linux x86_64) AppleWebKit/537.36 Chrome/122.0.0.0 Safari/537.36"
80.85.246.17 - - [03/Jul/2026:15:28:21 +0000] "OPTIONS /tsconfig.json HTTP/1.1" 404 2458 "-" "DirBuster-1.0-RC1"
45.146.164.12 - - [03/Jul/2026:15:28:23 +0000] "HEAD /nginx-ssl.access.log HTTP/1.1" 302 1714 "-" "dirsearch/0.4.3"
23.129.64.112 - - [03/Jul/2026:15:28:24 +0000] "GET /access.log HTTP/1.1" 403 1097 "-" "ffuf/2.1.0"
213.24.11.146 - - [03/Jul/2026:15:28:24 +0000] "GET /favicon.ico HTTP/1.1" 200 51013 "-" "Mozilla/5.0 (Windows NT 10.0; Win64; rv:124.0) Gecko/20100101 Firefox/124.0"
141.8.153.222 - - [03/Jul/2026:15:28:24 +0000] "GET /assets/logo.svg HTTP/1.1" 200 66547 "-" "DuckDuckBot/1.0; (+http://duckduckgo.com/duckduckbot)"
203.0.113.77 - - [03/Jul/2026:15:28:24 +0000] "GET /metrics HTTP/1.1" 200 58738 "-" "Mozilla/5.0 (compatible; YandexBot/3.0; +http://yandex.com/bots)"
141.8.153.222 - - [03/Jul/2026:15:28:25 +0000] "GET /products HTTP/1.1" 200 49064 "-" "Mozilla/5.0 (Macintosh; Intel Mac OS X 14_5) AppleWebKit/537.36 Chrome/124.0.0.0 Safari/537.36"
77.88.55.201 - - [03/Jul/2026:15:28:26 +0000] "GET /assets/site.css HTTP/1.1" 200 22366 "-" "Mozilla/5.0 (compatible; bingbot/2.0; +http://www.bing.com/bingbot.htm)"
212.76.133.14 - - [03/Jul/2026:15:28:28 +0000] "GET / HTTP/1.1" 304 3828 "/articles/2026/q2" "Mozilla/5.0 (Macintosh; Intel Mac OS X 14_5) AppleWebKit/537.36 Chrome/124.0.0.0 Safari/537.36"
40.77.167.21 - - [03/Jul/2026:15:28:29 +0000] "GET /articles/2026/q2 HTTP/1.1" 200 11832 "/healthz" "Mozilla/5.0 (Macintosh; Intel Mac OS X 14_5) AppleWebKit/537.36 Chrome/124.0.0.0 Safari/537.36"
203.0.113.77 - - [03/Jul/2026:15:28:29 +0000] "GET /metrics HTTP/1.1" 200 26832 "-" "Mozilla/5.0 (Windows NT 10.0; Win64; x64) AppleWebKit/537.36 Edg/124.0.0.0"
212.76.133.14 - - [03/Jul/2026:15:28:29 +0000] "GET /healthz HTTP/1.1" 200 60082 "-" "Mozilla/5.0 (Windows NT 10.0; Win64; x64) AppleWebKit/537.36 Chrome/123.0.0.0 Safari/537.36"
91.198.174.22 - - [03/Jul/2026:15:28:29 +0000] "GET /metrics HTTP/1.1" 200 58628 "/healthz" "Mozilla/5.0 (X11; Linux x86_64) AppleWebKit/537.36 Chrome/122.0.0.0 Safari/537.36"
141.8.153.222 - - [03/Jul/2026:15:28:29 +0000] "GET /products HTTP/1.1" 304 2363 "-" "Mozilla/5.0 (X11; Linux x86_64) AppleWebKit/537.36 Chrome/122.0.0.0 Safari/537.36"
46.188.19.142 - - [03/Jul/2026:15:28:29 +0000] "GET /metrics HTTP/1.1" 200 32333 "-" "Mozilla/5.0 (Windows NT 10.0; Win64; x64) AppleWebKit/537.36 Chrome/123.0.0.0 Safari/537.36"
91.198.174.22 - - [03/Jul/2026:15:28:30 +0000] "GET /favicon.ico HTTP/1.1" 304 132 "/assets/logo.svg" "Mozilla/5.0 (Windows NT 10.0; Win64; rv:124.0) Gecko/20100101 Firefox/124.0"
91.198.174.22 - - [03/Jul/2026:15:28:31 +0000] "GET /articles/2026/q2 HTTP/1.1" 200 41956 "/assets/app.js" "Mozilla/5.0 (X11; Linux x86_64) AppleWebKit/537.36 Chrome/122.0.0.0 Safari/537.36"
80.85.246.17 - - [03/Jul/2026:15:28:31 +0000] "GET /blog/wp-content/backups/ HTTP/1.1" 302 1462 "-" "dirsearch/0.4.3"
194.26.29.89 - - [03/Jul/2026:15:28:31 +0000] "GET /editor-4.7.0-en.php HTTP/1.1" 403 1932 "-" "dirsearch/0.4.3"
46.188.19.142 - - [03/Jul/2026:15:28:31 +0000] "GET /sitemap.xml HTTP/1.1" 200 84696 "-" "Mozilla/5.0 (Macintosh; Intel Mac OS X 14_5) AppleWebKit/605.1.15 Version/17.4 Safari/605.1.15"
46.188.19.142 - - [03/Jul/2026:15:28:32 +0000] "GET /articles/2026/q2 HTTP/1.1" 200 27195 "-" "Mozilla/5.0 (iPad; CPU OS 17_4 like Mac OS X) AppleWebKit/605.1.15 Version/17.4 Mobile/15E148 Safari/604.1"
188.18.77.220 - - [03/Jul/2026:15:28:32 +0000] "GET /healthz HTTP/1.1" 200 55118 "-" "Mozilla/5.0 (X11; Linux x86_64) AppleWebKit/537.36 Chrome/122.0.0.0 Safari/537.36"
185.220.101.54 - - [03/Jul/2026:15:28:32 +0000] "OPTIONS /log_in/ HTTP/1.1" 404 1633 "-" "gobuster/3.6"
213.24.11.146 - - [03/Jul/2026:15:28:32 +0000] "GET /assets/site.css HTTP/1.1" 200 43663 "-" "Mozilla/5.0 (Windows NT 10.0; Win64; x64) AppleWebKit/537.36 Edg/124.0.0.0"
104.244.72.115 - - [03/Jul/2026:15:28:33 +0000] "HEAD /importcockpit/ HTTP/1.1" 302 992 "-" "feroxbuster/2.11.0"
46.188.19.142 - - [03/Jul/2026:15:28:34 +0000] "GET /favicon.ico HTTP/1.1" 200 81203 "/sitemap.xml" "Mozilla/5.0 (iPhone; CPU iPhone OS 17_4 like Mac OS X) AppleWebKit/605.1.15 Version/17.4 Mobile/15E148 Safari/604.1"
91.198.174.22 - - [03/Jul/2026:15:28:35 +0000] "GET /assets/app.js HTTP/1.1" 200 18488 "-" "Mozilla/5.0 (Windows NT 10.0; Win64; x64) AppleWebKit/537.36 Chrome/123.0.0.0 Safari/537.36"
198.51.100.45 - - [03/Jul/2026:15:28:36 +0000] "GET /assets/app.js HTTP/1.1" 200 29171 "/assets/site.css" "Mozilla/5.0 (iPad; CPU OS 17_4 like Mac OS X) AppleWebKit/605.1.15 Version/17.4 Mobile/15E148 Safari/604.1"
40.77.167.21 - - [03/Jul/2026:15:28:36 +0000] "GET /assets/logo.svg HTTP/1.1" 200 57696 "-" "Mozilla/5.0 (Windows NT 10.0; Win64; x64) AppleWebKit/537.36 Edg/124.0.0.0"
5.188.206.67 - - [03/Jul/2026:15:28:36 +0000] "GET /script/ HTTP/1.1" 405 2303 "-" "masscan/1.3 (https://github.com/robertdavidgraham/masscan)"
45.146.164.12 - - [03/Jul/2026:15:28:37 +0000] "GET /l0gs.txt HTTP/1.1" 405 1678 "-" "python-requests/2.31.0"
66.249.75.10 - - [03/Jul/2026:15:28:37 +0000] "GET /robots.txt HTTP/1.1" 200 3701 "-" "DuckDuckBot/1.0; (+http://duckduckgo.com/duckduckbot)"
198.51.100.45 - - [03/Jul/2026:15:28:38 +0000] "GET /healthz HTTP/1.1" 200 29394 "/healthz" "Mozilla/5.0 (X11; Linux x86_64) AppleWebKit/537.36 Chrome/122.0.0.0 Safari/537.36"
185.193.88.77 - - [03/Jul/2026:15:28:39 +0000] "GET /Jenkinsfile HTTP/1.1" 403 531 "-" "feroxbuster/2.11.0"
46.188.19.142 - - [03/Jul/2026:15:28:40 +0000] "GET /sitemap.xml HTTP/1.1" 200 15377 "-" "Mozilla/5.0 (X11; Linux x86_64) AppleWebKit/537.36 Chrome/122.0.0.0 Safari/537.36"
185.220.101.54 - - [03/Jul/2026:15:28:41 +0000] "OPTIONS /swagger/swagger-ui.html HTTP/1.1" 404 2388 "-" "python-requests/2.31.0"
5.188.206.67 - - [03/Jul/2026:15:28:42 +0000] "GET /Readme.html HTTP/1.1" 403 669 "-" "gobuster/3.6"
188.18.77.220 - - [03/Jul/2026:15:28:42 +0000] "GET /assets/app.js HTTP/1.1" 200 17230 "/articles/2026/q2" "Mozilla/5.0 (X11; Linux x86_64) AppleWebKit/537.36 Chrome/122.0.0.0 Safari/537.36"
198.51.100.45 - - [03/Jul/2026:15:28:42 +0000] "GET /assets/app.js HTTP/1.1" 200 8912 "/assets/app.js" "Mozilla/5.0 (X11; Linux x86_64) AppleWebKit/537.36 Chrome/122.0.0.0 Safari/537.36"
46.188.19.142 - - [03/Jul/2026:15:28:43 +0000] "GET /metrics HTTP/1.1" 200 52700 "/products" "Mozilla/5.0 (compatible; bingbot/2.0; +http://www.bing.com/bingbot.htm)"
65.39.92.249 - - [03/Jul/2026:15:28:43 +0000] "GET /assets/logo.svg HTTP/1.1" 200 77854 "-" "Mozilla/5.0 (X11; Linux x86_64) AppleWebKit/537.36 Chrome/122.0.0.0 Safari/537.36"
198.51.100.45 - - [03/Jul/2026:15:28:43 +0000] "GET /assets/app.js HTTP/1.1" 304 3617 "/assets/site.css" "Mozilla/5.0 (Windows NT 10.0; Win64; x64) AppleWebKit/537.36 Edg/124.0.0.0"
23.129.64.112 - - [03/Jul/2026:15:28:45 +0000] "GET /.passes HTTP/1.1" 301 580 "-" "dirsearch/0.4.3"
40.77.167.21 - - [03/Jul/2026:15:28:45 +0000] "GET /assets/app.js HTTP/1.1" 200 65046 "-" "Mozilla/5.0 (compatible; bingbot/2.0; +http://www.bing.com/bingbot.htm)"
23.129.64.112 - - [03/Jul/2026:15:28:46 +0000] "HEAD /.pylintrc HTTP/1.1" 404 2507 "-" "gobuster/3.6"
213.24.11.146 - - [03/Jul/2026:15:28:46 +0000] "GET /favicon.ico HTTP/1.1" 200 10992 "/assets/site.css" "Mozilla/5.0 (Macintosh; Intel Mac OS X 14_5) AppleWebKit/537.36 Chrome/124.0.0.0 Safari/537.36"
194.26.29.89 - - [03/Jul/2026:15:28:46 +0000] "HEAD /.travis.yml HTTP/1.1" 405 255 "-" "Wfuzz/3.1.0"
145.57.247.59 - - [03/Jul/2026:15:28:49 +0000] "GET /contacts HTTP/1.1" 200 73399 "-" "Mozilla/5.0 (compatible; Googlebot/2.1; +http://www.google.com/bot.html)"
185.193.88.77 - - [03/Jul/2026:15:28:49 +0000] "GET /.mypy_cache/ HTTP/1.1" 405 2174 "-" "Wfuzz/3.1.0"
185.220.101.54 - - [03/Jul/2026:15:28:50 +0000] "OPTIONS /api.yaml HTTP/1.1" 404 2598 "-" "gobuster/3.6"
230.209.205.149 - - [03/Jul/2026:15:28:50 +0000] "GET /api/products HTTP/1.1" 200 19619 "-" "Mozilla/5.0 (Windows NT 10.0; Win64; x64) AppleWebKit/537.36 Edg/124.0.0.0"
212.76.133.14 - - [03/Jul/2026:15:28:51 +0000] "GET / HTTP/1.1" 304 2176 "/metrics" "Mozilla/5.0 (Windows NT 10.0; Win64; x64) AppleWebKit/537.36 Edg/124.0.0.0"
66.249.75.10 - - [03/Jul/2026:15:28:51 +0000] "HEAD /metrics HTTP/1.1" 200 37079 "-" "Mozilla/5.0 (Windows NT 10.0; Win64; x64) AppleWebKit/537.36 Edg/124.0.0.0"
194.26.29.89 - - [03/Jul/2026:15:28:52 +0000] "OPTIONS /tmp/access.log HTTP/1.1" 301 889 "-" "feroxbuster/2.11.0"
125.195.225.241 - - [03/Jul/2026:15:28:52 +0000] "GET /assets/site.css HTTP/1.1" 200 38279 "-" "Mozilla/5.0 (compatible; YandexBot/3.0; +http://yandex.com/bots)"
10.42.2.157 - - [03/Jul/2026:15:28:52 +0000] "GET /healthz HTTP/1.1" 200 484 "-" "curl/8.6.0"
157.55.39.7 - - [03/Jul/2026:15:28:52 +0000] "GET / HTTP/1.1" 304 2151 "-" "Mozilla/5.0 (compatible; bingbot/2.0; +http://www.bing.com/bingbot.htm)"
203.0.113.77 - - [03/Jul/2026:15:28:53 +0000] "HEAD /api/products HTTP/1.1" 200 77737 "/healthz" "DuckDuckBot/1.0; (+http://duckduckgo.com/duckduckbot)"
5.188.206.67 - - [03/Jul/2026:15:28:53 +0000] "GET /log/access.log HTTP/1.1" 403 1039 "-" "python-requests/2.31.0"
91.198.174.22 - - [03/Jul/2026:15:28:53 +0000] "GET /products HTTP/1.1" 304 1675 "-" "Mozilla/5.0 (iPad; CPU OS 17_4 like Mac OS X) AppleWebKit/605.1.15 Version/17.4 Mobile/15E148 Safari/604.1"
157.55.39.7 - - [03/Jul/2026:15:28:53 +0000] "GET /api/news HTTP/1.1" 304 127 "-" "Mozilla/5.0 (compatible; YandexBot/3.0; +http://yandex.com/bots)"
10.42.0.122 - - [03/Jul/2026:15:28:53 +0000] "GET /metrics HTTP/1.1" 200 3784 "-" "curl/8.6.0"
203.0.113.77 - - [03/Jul/2026:15:28:54 +0000] "GET /favicon.ico HTTP/1.1" 304 1512 "-" "Mozilla/5.0 (iPad; CPU OS 17_4 like Mac OS X) AppleWebKit/605.1.15 Version/17.4 Mobile/15E148 Safari/604.1"
213.24.11.146 - - [03/Jul/2026:15:28:54 +0000] "GET /sitemap.xml HTTP/1.1" 304 260 "-" "Mozilla/5.0 (X11; Linux x86_64) AppleWebKit/537.36 Chrome/122.0.0.0 Safari/537.36"
198.51.100.45 - - [03/Jul/2026:15:28:54 +0000] "GET /articles/2026/q2 HTTP/1.1" 200 50412 "-" "Mozilla/5.0 (Windows NT 10.0; Win64; x64) AppleWebKit/537.36 Chrome/123.0.0.0 Safari/537.36"
141.8.153.222 - - [03/Jul/2026:15:28:55 +0000] "GET /articles/2026/q2 HTTP/1.1" 200 55633 "/assets/logo.svg" "Mozilla/5.0 (Linux; Android 13; SM-S918B) AppleWebKit/537.36 SamsungBrowser/24.0 Chrome/120.0 Mobile Safari/537.36"
127.251.223.248 - - [03/Jul/2026:15:28:55 +0000] "GET /contacts HTTP/1.1" 200 27560 "-" "Mozilla/5.0 (compatible; Googlebot/2.1; +http://www.google.com/bot.html)"
157.55.39.7 - - [03/Jul/2026:15:28:55 +0000] "GET /api/news HTTP/1.1" 200 81172 "/metrics" "Mozilla/5.0 (compatible; YandexBot/3.0; +http://yandex.com/bots)"
46.188.19.142 - - [03/Jul/2026:15:28:55 +0000] "GET /articles/2026/q2 HTTP/1.1" 200 48593 "/sitemap.xml" "Mozilla/5.0 (Linux; Android 13; SM-S918B) AppleWebKit/537.36 SamsungBrowser/24.0 Chrome/120.0 Mobile Safari/537.36"
45.146.164.12 - - [03/Jul/2026:15:28:56 +0000] "GET /manager/html HTTP/1.1" 404 1131 "-" "DirBuster-1.0-RC1"
104.244.72.115 - - [03/Jul/2026:15:28:56 +0000] "GET /box.json HTTP/1.1" 500 450 "-" "feroxbuster/2.11.0"
194.26.29.89 - - [03/Jul/2026:15:28:58 +0000] "HEAD /apiserver-aggregator.cert HTTP/1.1" 301 1402 "-" "ffuf/2.1.0"
198.51.100.45 - - [03/Jul/2026:15:28:58 +0000] "GET /assets/app.js HTTP/1.1" 304 2881 "-" "Mozilla/5.0 (Windows NT 10.0; Win64; x64) AppleWebKit/537.36 Chrome/123.0.0.0 Safari/537.36"
45.146.164.12 - - [03/Jul/2026:15:28:58 +0000] "GET /macadmin/ HTTP/1.1" 404 1585 "-" "python-requests/2.31.0"
188.18.77.220 - - [03/Jul/2026:15:28:58 +0000] "GET /metrics HTTP/1.1" 200 30991 "-" "Mozilla/5.0 (Macintosh; Intel Mac OS X 14_5) AppleWebKit/537.36 Chrome/124.0.0.0 Safari/537.36"
171.25.193.20 - - [03/Jul/2026:15:29:00 +0000] "GET /log/access.log HTTP/1.1" 302 1736 "-" "Nmap Scripting Engine"
203.0.113.77 - - [03/Jul/2026:15:29:00 +0000] "GET /favicon.ico HTTP/1.1" 200 17639 "-" "Mozilla/5.0 (iPad; CPU OS 17_4 like Mac OS X) AppleWebKit/605.1.15 Version/17.4 Mobile/15E148 Safari/604.1"
58.53.212.200 - - [03/Jul/2026:15:29:01 +0000] "GET /articles/2026/q2 HTTP/1.1" 200 68903 "-" "Mozilla/5.0 (Macintosh; Intel Mac OS X 14_5) AppleWebKit/537.36 Chrome/124.0.0.0 Safari/537.36"
131.28.24.104 - - [03/Jul/2026:15:29:01 +0000] "HEAD /sitemap.xml HTTP/1.1" 200 79556 "/api/news" "Mozilla/5.0 (Linux; Android 13; SM-S918B) AppleWebKit/537.36 SamsungBrowser/24.0 Chrome/120.0 Mobile Safari/537.36"
213.24.11.146 - - [03/Jul/2026:15:29:01 +0000] "GET /assets/logo.svg HTTP/1.1" 200 14505 "/robots.txt" "Mozilla/5.0 (iPhone; CPU iPhone OS 17_4 like Mac OS X) AppleWebKit/605.1.15 Version/17.4 Mobile/15E148 Safari/604.1"
23.129.64.112 - - [03/Jul/2026:15:29:02 +0000] "GET /access.log HTTP/1.1" 500 1470 "-" "Wfuzz/3.1.0"
251.154.48.213 - - [03/Jul/2026:15:29:02 +0000] "GET /admin.passwd HTTP/1.1" 302 1054 "-" "sqlmap/1.8.4#stable"
91.198.174.22 - - [03/Jul/2026:15:29:02 +0000] "GET /healthz HTTP/1.1" 200 37365 "-" "Mozilla/5.0 (Windows NT 10.0; Win64; rv:124.0) Gecko/20100101 Firefox/124.0"
46.188.19.142 - - [03/Jul/2026:15:29:02 +0000] "GET /api/news HTTP/1.1" 200 30719 "/about" "Mozilla/5.0 (Linux; Android 13; SM-S918B) AppleWebKit/537.36 SamsungBrowser/24.0 Chrome/120.0 Mobile Safari/537.36"
3.131.95.98 - - [03/Jul/2026:15:29:03 +0000] "GET /healthz HTTP/1.1" 200 67074 "-" "Mozilla/5.0 (X11; Linux x86_64) AppleWebKit/537.36 Chrome/122.0.0.0 Safari/537.36"
66.249.75.10 - - [03/Jul/2026:15:29:03 +0000] "GET /about HTTP/1.1" 200 77423 "/metrics" "Mozilla/5.0 (Linux; Android 13; SM-S918B) AppleWebKit/537.36 SamsungBrowser/24.0 Chrome/120.0 Mobile Safari/537.36"
209.6.11.51 - - [03/Jul/2026:15:29:06 +0000] "GET / HTTP/1.1" 200 21680 "/robots.txt" "Mozilla/5.0 (X11; Linux x86_64) AppleWebKit/537.36 Chrome/122.0.0.0 Safari/537.36"
156.146.62.11 - - [03/Jul/2026:15:29:06 +0000] "GET /pages/admin/ HTTP/1.1" 500 833 "-" "Go-http-client/1.1"
198.51.100.45 - - [03/Jul/2026:15:29:07 +0000] "GET /assets/app.js HTTP/1.1" 200 59414 "/sitemap.xml" "Mozilla/5.0 (Windows NT 10.0; Win64; x64) AppleWebKit/537.36 Edg/124.0.0.0"
10.42.0.197 - - [03/Jul/2026:15:29:08 +0000] "GET /healthz HTTP/1.1" 200 4240 "-" "kube-probe/1.30"
141.8.153.222 - - [03/Jul/2026:15:29:09 +0000] "GET /assets/site.css HTTP/1.1" 304 2680 "/api/news" "DuckDuckBot/1.0; (+http://duckduckgo.com/duckduckbot)"
156.146.62.11 - - [03/Jul/2026:15:29:09 +0000] "GET /pkg/ HTTP/1.1" 403 227 "-" "Wfuzz/3.1.0"
141.8.153.222 - - [03/Jul/2026:15:29:10 +0000] "GET /assets/site.css HTTP/1.1" 304 1677 "-" "Mozilla/5.0 (Macintosh; Intel Mac OS X 14_5) AppleWebKit/605.1.15 Version/17.4 Safari/605.1.15"
46.188.19.142 - - [03/Jul/2026:15:29:10 +0000] "GET /robots.txt HTTP/1.1" 200 39904 "/favicon.ico" "Mozilla/5.0 (Macintosh; Intel Mac OS X 14_5) AppleWebKit/537.36 Chrome/124.0.0.0 Safari/537.36"
157.55.39.7 - - [03/Jul/2026:15:29:11 +0000] "GET /healthz HTTP/1.1" 200 43137 "/favicon.ico" "Mozilla/5.0 (Macintosh; Intel Mac OS X 14_5) AppleWebKit/537.36 Chrome/124.0.0.0 Safari/537.36"
203.0.113.77 - - [03/Jul/2026:15:29:11 +0000] "GET /favicon.ico HTTP/1.1" 200 55995 "/metrics" "Mozilla/5.0 (iPad; CPU OS 17_4 like Mac OS X) AppleWebKit/605.1.15 Version/17.4 Mobile/15E148 Safari/604.1"
10.42.1.181 - - [03/Jul/2026:15:29:12 +0000] "GET /healthz HTTP/1.1" 200 5595 "-" "curl/8.6.0"
40.77.167.21 - - [03/Jul/2026:15:29:12 +0000] "GET /contacts HTTP/1.1" 200 67453 "-" "Mozilla/5.0 (compatible; bingbot/2.0; +http://www.bing.com/bingbot.htm)"
236.184.218.25 - - [03/Jul/2026:15:29:14 +0000] "OPTIONS /admin/controlpanel.php HTTP/1.1" 404 1329 "-" "DirBuster-1.0-RC1"
162.20.199.133 - - [03/Jul/2026:15:29:15 +0000] "GET /assets/app.js HTTP/1.1" 200 19796 "-" "Mozilla/5.0 (iPad; CPU OS 17_4 like Mac OS X) AppleWebKit/605.1.15 Version/17.4 Mobile/15E148 Safari/604.1"
188.18.77.220 - - [03/Jul/2026:15:29:15 +0000] "GET /articles/2026/q2 HTTP/1.1" 304 2354 "-" "Mozilla/5.0 (iPhone; CPU iPhone OS 17_4 like Mac OS X) AppleWebKit/605.1.15 Version/17.4 Mobile/15E148 Safari/604.1"
194.26.29.89 - - [03/Jul/2026:15:29:16 +0000] "OPTIONS /dkms.conf HTTP/1.1" 405 2108 "-" "python-requests/2.31.0"
104.244.72.115 - - [03/Jul/2026:15:29:16 +0000] "HEAD /bitrix/web.config HTTP/1.1" 403 465 "-" "ffuf/2.1.0"
185.220.101.54 - - [03/Jul/2026:15:29:17 +0000] "GET /error.tpl HTTP/1.1" 404 2266 "-" "DirBuster-1.0-RC1"
198.51.100.45 - - [03/Jul/2026:15:29:17 +0000] "GET /products HTTP/1.1" 200 44788 "-" "Mozilla/5.0 (compatible; Googlebot/2.1; +http://www.google.com/bot.html)"
213.24.11.146 - - [03/Jul/2026:15:29:17 +0000] "GET /about HTTP/1.1" 200 19642 "/contacts" "Mozilla/5.0 (iPad; CPU OS 17_4 like Mac OS X) AppleWebKit/605.1.15 Version/17.4 Mobile/15E148 Safari/604.1"
67.231.229.175 - - [03/Jul/2026:15:29:18 +0000] "GET / HTTP/1.1" 304 3788 "-" "Mozilla/5.0 (Windows NT 10.0; Win64; rv:124.0) Gecko/20100101 Firefox/124.0"
46.188.19.142 - - [03/Jul/2026:15:29:18 +0000] "GET /products HTTP/1.1" 200 78883 "-" "Mozilla/5.0 (Windows NT 10.0; Win64; rv:124.0) Gecko/20100101 Firefox/124.0"
148.207.110.253 - - [03/Jul/2026:15:29:18 +0000] "GET /log/access.log HTTP/1.1" 301 1439 "-" "gobuster/3.6"
198.51.100.45 - - [03/Jul/2026:15:29:19 +0000] "GET /api/products HTTP/1.1" 200 46910 "/metrics" "Mozilla/5.0 (Macintosh; Intel Mac OS X 14_5) AppleWebKit/537.36 Chrome/124.0.0.0 Safari/537.36"
165.83.57.102 - - [03/Jul/2026:15:29:19 +0000] "HEAD /sitemap.xml HTTP/1.1" 304 1094 "-" "Mozilla/5.0 (Windows NT 10.0; Win64; x64) AppleWebKit/537.36 Chrome/123.0.0.0 Safari/537.36"
212.76.133.14 - - [03/Jul/2026:15:29:20 +0000] "HEAD /assets/site.css HTTP/1.1" 200 45153 "-" "Mozilla/5.0 (iPhone; CPU iPhone OS 17_4 like Mac OS X) AppleWebKit/605.1.15 Version/17.4 Mobile/15E148 Safari/604.1"
91.198.174.22 - - [03/Jul/2026:15:29:20 +0000] "GET /articles/2026/q2 HTTP/1.1" 200 43831 "/assets/app.js" "Mozilla/5.0 (Linux; Android 13; SM-S918B) AppleWebKit/537.36 SamsungBrowser/24.0 Chrome/120.0 Mobile Safari/537.36"
194.26.29.89 - - [03/Jul/2026:15:29:21 +0000] "GET /wsadminListener.out HTTP/1.1" 404 2041 "-" "dirsearch/0.4.3"
198.51.100.45 - - [03/Jul/2026:15:29:21 +0000] "GET / HTTP/1.1" 304 1208 "/articles/2026/q2" "Mozilla/5.0 (Windows NT 10.0; Win64; x64) AppleWebKit/537.36 Chrome/123.0.0.0 Safari/537.36"
203.0.113.77 - - [03/Jul/2026:15:29:21 +0000] "GET /sitemap.xml HTTP/1.1" 200 30277 "-" "Mozilla/5.0 (X11; Linux x86_64) AppleWebKit/537.36 Chrome/122.0.0.0 Safari/537.36"
46.188.19.142 - - [03/Jul/2026:15:29:21 +0000] "GET /contacts HTTP/1.1" 304 761 "/about" "Mozilla/5.0 (X11; Linux x86_64) AppleWebKit/537.36 Chrome/122.0.0.0 Safari/537.36"
77.88.55.201 - - [03/Jul/2026:15:29:22 +0000] "GET /favicon.ico HTTP/1.1" 200 12212 "/about" "Mozilla/5.0 (compatible; bingbot/2.0; +http://www.bing.com/bingbot.htm)"
157.55.39.7 - - [03/Jul/2026:15:29:23 +0000] "GET /robots.txt HTTP/1.1" 200 71203 "-" "Mozilla/5.0 (iPad; CPU OS 17_4 like Mac OS X) AppleWebKit/605.1.15 Version/17.4 Mobile/15E148 Safari/604.1"
188.18.77.220 - - [03/Jul/2026:15:29:23 +0000] "GET /api/news HTTP/1.1" 200 30347 "-" "Mozilla/5.0 (Macintosh; Intel Mac OS X 14_5) AppleWebKit/605.1.15 Version/17.4 Safari/605.1.15"
45.146.164.12 - - [03/Jul/2026:15:29:24 +0000] "OPTIONS /config.inc.php~ HTTP/1.1" 301 977 "-" "Nmap Scripting Engine"
198.51.100.45 - - [03/Jul/2026:15:29:24 +0000] "GET /api/products HTTP/1.1" 200 53834 "-" "Mozilla/5.0 (compatible; YandexBot/3.0; +http://yandex.com/bots)"
23.129.64.112 - - [03/Jul/2026:15:29:24 +0000] "HEAD /joomla.xml HTTP/1.1" 404 2179 "-" "Go-http-client/1.1"
212.76.133.14 - - [03/Jul/2026:15:29:24 +0000] "GET /about HTTP/1.1" 304 3872 "-" "Mozilla/5.0 (Linux; Android 13; SM-S918B) AppleWebKit/537.36 SamsungBrowser/24.0 Chrome/120.0 Mobile Safari/537.36"
91.198.174.22 - - [03/Jul/2026:15:29:25 +0000] "GET /articles/2026/q2 HTTP/1.1" 304 1731 "-" "Mozilla/5.0 (Windows NT 10.0; Win64; rv:124.0) Gecko/20100101 Firefox/124.0"
194.26.29.89 - - [03/Jul/2026:15:29:25 +0000] "GET /host-manager/ HTTP/1.1" 404 561 "-" "masscan/1.3 (https://github.com/robertdavidgraham/masscan)"
46.188.19.142 - - [03/Jul/2026:15:29:25 +0000] "GET / HTTP/1.1" 304 230 "-" "Mozilla/5.0 (iPhone; CPU iPhone OS 17_4 like Mac OS X) AppleWebKit/605.1.15 Version/17.4 Mobile/15E148 Safari/604.1"
194.26.29.89 - - [03/Jul/2026:15:29:25 +0000] "GET /access.log HTTP/1.1" 404 725 "-" "Nmap Scripting Engine"
141.8.153.222 - - [03/Jul/2026:15:29:26 +0000] "GET /healthz HTTP/1.1" 200 18718 "/sitemap.xml" "Mozilla/5.0 (Windows NT 10.0; Win64; rv:124.0) Gecko/20100101 Firefox/124.0"
213.24.11.146 - - [03/Jul/2026:15:29:27 +0000] "HEAD /assets/site.css HTTP/1.1" 200 78971 "/assets/logo.svg" "Mozilla/5.0 (iPad; CPU OS 17_4 like Mac OS X) AppleWebKit/605.1.15 Version/17.4 Mobile/15E148 Safari/604.1"
5.188.206.67 - - [03/Jul/2026:15:29:27 +0000] "HEAD /httpd/logs/access.log HTTP/1.1" 404 2150 "-" "sqlmap/1.8.4#stable"
185.220.101.54 - - [03/Jul/2026:15:29:27 +0000] "HEAD /user_guide_src/cilexer/dist/ HTTP/1.1" 405 138 "-" "python-requests/2.31.0"
104.244.72.115 - - [03/Jul/2026:15:29:27 +0000] "OPTIONS /access.log HTTP/1.1" 301 1749 "-" "Wfuzz/3.1.0"
215.137.156.186 - - [03/Jul/2026:15:29:28 +0000] "GET /users.json HTTP/1.1" 403 2271 "-" "feroxbuster/2.11.0"
157.55.39.7 - - [03/Jul/2026:15:29:28 +0000] "GET /assets/site.css HTTP/1.1" 200 67901 "-" "Mozilla/5.0 (Windows NT 10.0; Win64; x64) AppleWebKit/537.36 Edg/124.0.0.0"
213.24.11.146 - - [03/Jul/2026:15:29:29 +0000] "GET /api/news HTTP/1.1" 304 942 "-" "Mozilla/5.0 (Macintosh; Intel Mac OS X 14_5) AppleWebKit/537.36 Chrome/124.0.0.0 Safari/537.36"
46.188.19.142 - - [03/Jul/2026:15:29:30 +0000] "GET /robots.txt HTTP/1.1" 200 43776 "-" "Mozilla/5.0 (compatible; Googlebot/2.1; +http://www.google.com/bot.html)"
187.156.114.243 - - [03/Jul/2026:15:29:30 +0000] "GET /api/news HTTP/1.1" 200 64746 "/contacts" "Mozilla/5.0 (Linux; Android 13; SM-S918B) AppleWebKit/537.36 SamsungBrowser/24.0 Chrome/120.0 Mobile Safari/537.36"
104.244.72.115 - - [03/Jul/2026:15:29:31 +0000] "OPTIONS /.style.yapf HTTP/1.1" 404 1942 "-" "sqlmap/1.8.4#stable"
10.42.3.145 - - [03/Jul/2026:15:29:31 +0000] "GET /healthz HTTP/1.1" 200 1777 "-" "curl/8.6.0"
193.142.147.55 - - [03/Jul/2026:15:29:31 +0000] "GET /examples/jsp/%252e%252e/%252e%252e/manager/html/ HTTP/1.1" 403 1768 "-" "sqlmap/1.8.4#stable"
212.76.133.14 - - [03/Jul/2026:15:29:31 +0000] "GET /assets/logo.svg HTTP/1.1" 200 4208 "-" "Mozilla/5.0 (X11; Linux x86_64) AppleWebKit/537.36 Chrome/122.0.0.0 Safari/537.36"
80.85.246.17 - - [03/Jul/2026:15:29:32 +0000] "GET /documentation/swagger-ui HTTP/1.1" 301 373 "-" "dirsearch/0.4.3"
91.198.174.22 - - [03/Jul/2026:15:29:33 +0000] "GET /contacts HTTP/1.1" 200 68600 "-" "Mozilla/5.0 (Windows NT 10.0; Win64; x64) AppleWebKit/537.36 Edg/124.0.0.0"
77.88.55.201 - - [03/Jul/2026:15:29:33 +0000] "GET / HTTP/1.1" 200 51998 "-" "Mozilla/5.0 (iPad; CPU OS 17_4 like Mac OS X) AppleWebKit/605.1.15 Version/17.4 Mobile/15E148 Safari/604.1"
80.85.246.17 - - [03/Jul/2026:15:29:34 +0000] "HEAD /New%20Folder HTTP/1.1" 302 299 "-" "masscan/1.3 (https://github.com/robertdavidgraham/masscan)"
193.142.147.55 - - [03/Jul/2026:15:29:35 +0000] "GET /phpMyAdmin-3.3.4-rc1/ HTTP/1.1" 302 2600 "-" "ffuf/2.1.0"
40.77.167.21 - - [03/Jul/2026:15:29:36 +0000] "GET / HTTP/1.1" 200 67482 "/api/products" "Mozilla/5.0 (Macintosh; Intel Mac OS X 14_5) AppleWebKit/605.1.15 Version/17.4 Safari/605.1.15"
77.88.55.201 - - [03/Jul/2026:15:29:37 +0000] "GET /articles/2026/q2 HTTP/1.1" 200 36324 "-" "Mozilla/5.0 (iPhone; CPU iPhone OS 17_4 like Mac OS X) AppleWebKit/605.1.15 Version/17.4 Mobile/15E148 Safari/604.1"
42.39.23.96 - - [03/Jul/2026:15:29:37 +0000] "GET /assets/logo.svg HTTP/1.1" 304 3304 "/healthz" "Mozilla/5.0 (Windows NT 10.0; Win64; x64) AppleWebKit/537.36 Edg/124.0.0.0"
212.76.133.14 - - [03/Jul/2026:15:29:38 +0000] "GET /products HTTP/1.1" 200 76354 "-" "Mozilla/5.0 (compatible; bingbot/2.0; +http://www.bing.com/bingbot.htm)"
45.9.148.77 - - [03/Jul/2026:15:29:39 +0000] "GET /configuration.php.bak HTTP/1.1" 404 1610 "-" "dirsearch/0.4.3"
185.220.101.54 - - [03/Jul/2026:15:29:40 +0000] "GET /editor-4.7.7.php HTTP/1.1" 404 1032 "-" "Wfuzz/3.1.0"
141.8.153.222 - - [03/Jul/2026:15:29:40 +0000] "GET /robots.txt HTTP/1.1" 200 9826 "/assets/app.js" "Mozilla/5.0 (iPad; CPU OS 17_4 like Mac OS X) AppleWebKit/605.1.15 Version/17.4 Mobile/15E148 Safari/604.1"
125.45.12.228 - - [03/Jul/2026:15:29:40 +0000] "OPTIONS /test1 HTTP/1.1" 302 2410 "-" "ffuf/2.1.0"
40.77.167.21 - - [03/Jul/2026:15:29:41 +0000] "GET /assets/site.css HTTP/1.1" 304 2350 "-" "Mozilla/5.0 (Macintosh; Intel Mac OS X 14_5) AppleWebKit/605.1.15 Version/17.4 Safari/605.1.15"
46.188.19.142 - - [03/Jul/2026:15:29:41 +0000] "GET /assets/site.css HTTP/1.1" 200 55335 "/api/news" "Mozilla/5.0 (Windows NT 10.0; Win64; x64) AppleWebKit/537.36 Edg/124.0.0.0"
188.18.77.220 - - [03/Jul/2026:15:29:41 +0000] "GET /about HTTP/1.1" 200 26829 "-" "DuckDuckBot/1.0; (+http://duckduckgo.com/duckduckbot)"
203.0.113.77 - - [03/Jul/2026:15:29:41 +0000] "HEAD /contacts HTTP/1.1" 200 38839 "-" "Mozilla/5.0 (iPhone; CPU iPhone OS 17_4 like Mac OS X) AppleWebKit/605.1.15 Version/17.4 Mobile/15E148 Safari/604.1"
212.76.133.14 - - [03/Jul/2026:15:29:42 +0000] "GET /robots.txt HTTP/1.1" 200 81425 "-" "Mozilla/5.0 (Windows NT 10.0; Win64; x64) AppleWebKit/537.36 Edg/124.0.0.0"
185.193.88.77 - - [03/Jul/2026:15:29:42 +0000] "OPTIONS /_logs/access.log HTTP/1.1" 405 1290 "-" "Nmap Scripting Engine"
106.168.157.19 - - [03/Jul/2026:15:29:43 +0000] "GET /contacts HTTP/1.1" 200 40171 "-" "Mozilla/5.0 (X11; Linux x86_64) AppleWebKit/537.36 Chrome/122.0.0.0 Safari/537.36"
77.88.55.201 - - [03/Jul/2026:15:29:44 +0000] "GET /assets/site.css HTTP/1.1" 200 73752 "-" "Mozilla/5.0 (X11; Linux x86_64) AppleWebKit/537.36 Chrome/122.0.0.0 Safari/537.36"
193.142.147.55 - - [03/Jul/2026:15:29:44 +0000] "HEAD /apache/logs/access.log HTTP/1.1" 302 1795 "-" "masscan/1.3 (https://github.com/robertdavidgraham/masscan)"
6.73.83.20 - - [03/Jul/2026:15:29:46 +0000] "HEAD /.ntvs_analysis.dat HTTP/1.1" 403 966 "-" "Wfuzz/3.1.0"
77.88.55.201 - - [03/Jul/2026:15:29:46 +0000] "GET /assets/logo.svg HTTP/1.1" 200 47844 "/contacts" "Mozilla/5.0 (Windows NT 10.0; Win64; rv:124.0) Gecko/20100101 Firefox/124.0"
66.249.75.10 - - [03/Jul/2026:15:29:47 +0000] "GET / HTTP/1.1" 200 32248 "/products" "Mozilla/5.0 (Macintosh; Intel Mac OS X 14_5) AppleWebKit/537.36 Chrome/124.0.0.0 Safari/537.36"
188.18.77.220 - - [03/Jul/2026:15:29:48 +0000] "GET /products HTTP/1.1" 200 14949 "-" "Mozilla/5.0 (iPhone; CPU iPhone OS 17_4 like Mac OS X) AppleWebKit/605.1.15 Version/17.4 Mobile/15E148 Safari/604.1"
